This is the mail archive of the
gcc-testresults@gcc.gnu.org
mailing list for the GCC project.
Results for 4.9.0 20131111 (experimental) (GCC) testsuite on armv7l-unknown-linux-gnueabihf
- From: Robert Nelson <robertcnelson at gmail dot com>
- To: gcc-testresults at gcc dot gnu dot org
- Date: Tue, 12 Nov 2013 06:34:02 -0600
- Subject: Results for 4.9.0 20131111 (experimental) (GCC) testsuite on armv7l-unknown-linux-gnueabihf
- Authentication-results: sourceware.org; auth=none
Native configuration is armv7l-unknown-linux-gnueabihf
=== libatomic tests ===
Running target unix
=== libatomic Summary ===
# of expected passes 44
# of unsupported tests 5
=== libgomp tests ===
Running target unix
FAIL: libgomp.graphite/bounds.c scan-tree-dump-times graphite "0 loops carried no dependency" 1
FAIL: libgomp.graphite/force-parallel-4.c execution test
FAIL: libgomp.graphite/force-parallel-4.c scan-tree-dump-times graphite "2 loops carried no dependency" 1
FAIL: libgomp.graphite/force-parallel-6.c scan-tree-dump-times graphite "1 loops carried no dependency" 1
FAIL: libgomp.graphite/pr41118.c scan-tree-dump-times optimized "loopfn" 0
=== libgomp Summary ===
# of expected passes 663
# of unexpected failures 5
# of unsupported tests 1
=== libitm tests ===
Running target unix
=== libitm Summary ===
# of expected passes 26
# of expected failures 3
# of unsupported tests 1
=== libstdc++ tests ===
Running target unix
=== libstdc++ Summary ===
# of expected passes 8800
# of expected failures 40
# of unsupported tests 551
=== gcc tests ===
Running target unix
FAIL: c-c++-common/asan/clone-test-1.c -O1 (test for excess errors)
UNRESOLVED: c-c++-common/asan/clone-test-1.c -O1 compilation failed to produce executable
FAIL: c-c++-common/asan/clone-test-1.c -O2 (test for excess errors)
UNRESOLVED: c-c++-common/asan/clone-test-1.c -O2 compilation failed to produce executable
FAIL: c-c++-common/asan/clone-test-1.c -O3 -fomit-frame-pointer (test for excess errors)
UNRESOLVED: c-c++-common/asan/clone-test-1.c -O3 -fomit-frame-pointer compilation failed to produce executable
FAIL: c-c++-common/asan/clone-test-1.c -O3 -fomit-frame-pointer -funroll-loops (test for excess errors)
UNRESOLVED: c-c++-common/asan/clone-test-1.c -O3 -fomit-frame-pointer -funroll-loops compilation failed to produce executable
FAIL: c-c++-common/asan/clone-test-1.c -O3 -fomit-frame-pointer -funroll-all-loops -finline-functions (test for excess errors)
UNRESOLVED: c-c++-common/asan/clone-test-1.c -O3 -fomit-frame-pointer -funroll-all-loops -finline-functions compilation failed to produce executable
FAIL: c-c++-common/asan/clone-test-1.c -O3 -g (test for excess errors)
UNRESOLVED: c-c++-common/asan/clone-test-1.c -O3 -g compilation failed to produce executable
FAIL: c-c++-common/asan/clone-test-1.c -Os (test for excess errors)
UNRESOLVED: c-c++-common/asan/clone-test-1.c -Os compilation failed to produce executable
FAIL: c-c++-common/asan/clone-test-1.c -O2 -flto -fno-use-linker-plugin -flto-partition=none (test for excess errors)
UNRESOLVED: c-c++-common/asan/clone-test-1.c -O2 -flto -fno-use-linker-plugin -flto-partition=none compilation failed to produce executable
FAIL: c-c++-common/asan/clone-test-1.c -O2 -flto -fuse-linker-plugin -fno-fat-lto-objects (test for excess errors)
UNRESOLVED: c-c++-common/asan/clone-test-1.c -O2 -flto -fuse-linker-plugin -fno-fat-lto-objects compilation failed to produce executable
FAIL: c-c++-common/asan/memcmp-1.c -O1 (test for excess errors)
UNRESOLVED: c-c++-common/asan/memcmp-1.c -O1 compilation failed to produce executable
FAIL: c-c++-common/asan/memcmp-1.c -O2 (test for excess errors)
UNRESOLVED: c-c++-common/asan/memcmp-1.c -O2 compilation failed to produce executable
FAIL: c-c++-common/asan/memcmp-1.c -O3 -fomit-frame-pointer (test for excess errors)
UNRESOLVED: c-c++-common/asan/memcmp-1.c -O3 -fomit-frame-pointer compilation failed to produce executable
FAIL: c-c++-common/asan/memcmp-1.c -O3 -g (test for excess errors)
UNRESOLVED: c-c++-common/asan/memcmp-1.c -O3 -g compilation failed to produce executable
FAIL: c-c++-common/asan/memcmp-1.c -Os (test for excess errors)
UNRESOLVED: c-c++-common/asan/memcmp-1.c -Os compilation failed to produce executable
FAIL: c-c++-common/asan/memcmp-1.c -O2 -flto -fno-use-linker-plugin -flto-partition=none (test for excess errors)
UNRESOLVED: c-c++-common/asan/memcmp-1.c -O2 -flto -fno-use-linker-plugin -flto-partition=none compilation failed to produce executable
FAIL: c-c++-common/asan/memcmp-1.c -O2 -flto -fuse-linker-plugin -fno-fat-lto-objects (test for excess errors)
UNRESOLVED: c-c++-common/asan/memcmp-1.c -O2 -flto -fuse-linker-plugin -fno-fat-lto-objects compilation failed to produce executable
FAIL: c-c++-common/asan/stack-overflow-1.c -O1 (test for excess errors)
UNRESOLVED: c-c++-common/asan/stack-overflow-1.c -O1 compilation failed to produce executable
FAIL: c-c++-common/asan/stack-overflow-1.c -O2 (test for excess errors)
UNRESOLVED: c-c++-common/asan/stack-overflow-1.c -O2 compilation failed to produce executable
FAIL: c-c++-common/asan/stack-overflow-1.c -O3 -fomit-frame-pointer (test for excess errors)
UNRESOLVED: c-c++-common/asan/stack-overflow-1.c -O3 -fomit-frame-pointer compilation failed to produce executable
FAIL: c-c++-common/asan/stack-overflow-1.c -O3 -g (test for excess errors)
UNRESOLVED: c-c++-common/asan/stack-overflow-1.c -O3 -g compilation failed to produce executable
FAIL: c-c++-common/asan/stack-overflow-1.c -Os (test for excess errors)
UNRESOLVED: c-c++-common/asan/stack-overflow-1.c -Os compilation failed to produce executable
FAIL: c-c++-common/asan/stack-overflow-1.c -O2 -flto -fno-use-linker-plugin -flto-partition=none (test for excess errors)
UNRESOLVED: c-c++-common/asan/stack-overflow-1.c -O2 -flto -fno-use-linker-plugin -flto-partition=none compilation failed to produce executable
FAIL: c-c++-common/asan/stack-overflow-1.c -O2 -flto -fuse-linker-plugin -fno-fat-lto-objects (test for excess errors)
UNRESOLVED: c-c++-common/asan/stack-overflow-1.c -O2 -flto -fuse-linker-plugin -fno-fat-lto-objects compilation failed to produce executable
FAIL: c-c++-common/asan/swapcontext-test-1.c -O1 (test for excess errors)
UNRESOLVED: c-c++-common/asan/swapcontext-test-1.c -O1 compilation failed to produce executable
FAIL: c-c++-common/asan/swapcontext-test-1.c -O2 (test for excess errors)
UNRESOLVED: c-c++-common/asan/swapcontext-test-1.c -O2 compilation failed to produce executable
FAIL: c-c++-common/asan/swapcontext-test-1.c -O3 -fomit-frame-pointer (test for excess errors)
UNRESOLVED: c-c++-common/asan/swapcontext-test-1.c -O3 -fomit-frame-pointer compilation failed to produce executable
FAIL: c-c++-common/asan/swapcontext-test-1.c -O3 -fomit-frame-pointer -funroll-loops (test for excess errors)
UNRESOLVED: c-c++-common/asan/swapcontext-test-1.c -O3 -fomit-frame-pointer -funroll-loops compilation failed to produce executable
FAIL: c-c++-common/asan/swapcontext-test-1.c -O3 -fomit-frame-pointer -funroll-all-loops -finline-functions (test for excess errors)
UNRESOLVED: c-c++-common/asan/swapcontext-test-1.c -O3 -fomit-frame-pointer -funroll-all-loops -finline-functions compilation failed to produce executable
FAIL: c-c++-common/asan/swapcontext-test-1.c -O3 -g (test for excess errors)
UNRESOLVED: c-c++-common/asan/swapcontext-test-1.c -O3 -g compilation failed to produce executable
FAIL: c-c++-common/asan/swapcontext-test-1.c -Os (test for excess errors)
UNRESOLVED: c-c++-common/asan/swapcontext-test-1.c -Os compilation failed to produce executable
FAIL: c-c++-common/asan/swapcontext-test-1.c -O2 -flto -fno-use-linker-plugin -flto-partition=none (test for excess errors)
UNRESOLVED: c-c++-common/asan/swapcontext-test-1.c -O2 -flto -fno-use-linker-plugin -flto-partition=none compilation failed to produce executable
FAIL: c-c++-common/asan/swapcontext-test-1.c -O2 -flto -fuse-linker-plugin -fno-fat-lto-objects (test for excess errors)
UNRESOLVED: c-c++-common/asan/swapcontext-test-1.c -O2 -flto -fuse-linker-plugin -fno-fat-lto-objects compilation failed to produce executable
FAIL: gcc.dg/atomic/c11-atomic-exec-5.c -O0 execution test
FAIL: gcc.dg/atomic/c11-atomic-exec-5.c -O1 execution test
FAIL: gcc.dg/atomic/c11-atomic-exec-5.c -O2 execution test
FAIL: gcc.dg/atomic/c11-atomic-exec-5.c -O3 -fomit-frame-pointer execution test
FAIL: gcc.dg/atomic/c11-atomic-exec-5.c -O3 -fomit-frame-pointer -funroll-loops execution test
FAIL: gcc.dg/atomic/c11-atomic-exec-5.c -O3 -fomit-frame-pointer -funroll-all-loops -finline-functions execution test
FAIL: gcc.dg/atomic/c11-atomic-exec-5.c -O3 -g execution test
FAIL: gcc.dg/atomic/c11-atomic-exec-5.c -Os execution test
FAIL: gcc.dg/atomic/c11-atomic-exec-5.c -O2 -flto -fno-use-linker-plugin -flto-partition=none execution test
FAIL: gcc.dg/atomic/c11-atomic-exec-5.c -O2 -flto -fuse-linker-plugin -fno-fat-lto-objects execution test
XPASS: gcc.dg/binop-xor1.c scan-tree-dump-times optimized "\\\\^" 1
FAIL: gcc.dg/uninit-pred-8_b.c bogus warning (test for bogus messages, line 20)
FAIL: gcc.dg/uninit-pred-9_b.c bogus warning (test for bogus messages, line 24)
FAIL: gcc.dg/gomp/openmp-simd-1.c (internal compiler error)
FAIL: gcc.dg/gomp/openmp-simd-1.c (test for excess errors)
FAIL: gcc.dg/gomp/openmp-simd-1.c scan-tree-dump-times original "pragma omp simd" 9
FAIL: gcc.dg/torture/Wsizeof-pointer-memaccess1.c -O2 (test for excess errors)
FAIL: gcc.dg/tree-ssa/loop-31.c scan-tree-dump-times optimized " \\\\+ 2" 1
FAIL: gcc.dg/tree-ssa/sra-12.c scan-tree-dump-times release_ssa "l;" 0
FAIL: gcc.dg/vect/pr56787.c scan-tree-dump vect "vectorized 1 loops"
FAIL: gcc.dg/vect/vect-alias-check.c scan-tree-dump-times vect "vectorized 1 loops" 1
FAIL: gcc.dg/vect/pr56787.c -flto scan-tree-dump vect "vectorized 1 loops"
FAIL: gcc.dg/vect/vect-alias-check.c -flto scan-tree-dump-times vect "vectorized 1 loops" 1
FAIL: gcc.target/arm/pr42575.c scan-assembler-not mov
FAIL: gcc.target/arm/unsigned-extend-1.c scan-assembler-not uxtb
FAIL: gcc.target/arm/volatile-bitfields-1.c scan-assembler ldrb[\\\\t ]+[^\\n]*,[\\\\t ]*\\\\[[^\\n]*\\\\]
=== gcc Summary ===
# of expected passes 95872
# of unexpected failures 57
# of unexpected successes 1
# of expected failures 251
# of unresolved testcases 32
# of unsupported tests 1468
/opt/gcc-build/gcc/xgcc version 4.9.0 20131111 (experimental) (GCC)
=== g++ tests ===
Running target unix
FAIL: c-c++-common/asan/clone-test-1.c -O1 (test for excess errors)
UNRESOLVED: c-c++-common/asan/clone-test-1.c -O1 compilation failed to produce executable
FAIL: c-c++-common/asan/clone-test-1.c -O2 (test for excess errors)
UNRESOLVED: c-c++-common/asan/clone-test-1.c -O2 compilation failed to produce executable
FAIL: c-c++-common/asan/clone-test-1.c -O3 -fomit-frame-pointer (test for excess errors)
UNRESOLVED: c-c++-common/asan/clone-test-1.c -O3 -fomit-frame-pointer compilation failed to produce executable
FAIL: c-c++-common/asan/clone-test-1.c -O3 -fomit-frame-pointer -funroll-loops (test for excess errors)
UNRESOLVED: c-c++-common/asan/clone-test-1.c -O3 -fomit-frame-pointer -funroll-loops compilation failed to produce executable
FAIL: c-c++-common/asan/clone-test-1.c -O3 -fomit-frame-pointer -funroll-all-loops -finline-functions (test for excess errors)
UNRESOLVED: c-c++-common/asan/clone-test-1.c -O3 -fomit-frame-pointer -funroll-all-loops -finline-functions compilation failed to produce executable
FAIL: c-c++-common/asan/clone-test-1.c -O3 -g (test for excess errors)
UNRESOLVED: c-c++-common/asan/clone-test-1.c -O3 -g compilation failed to produce executable
FAIL: c-c++-common/asan/clone-test-1.c -Os (test for excess errors)
UNRESOLVED: c-c++-common/asan/clone-test-1.c -Os compilation failed to produce executable
FAIL: c-c++-common/asan/clone-test-1.c -O2 -flto -fno-use-linker-plugin -flto-partition=none (test for excess errors)
UNRESOLVED: c-c++-common/asan/clone-test-1.c -O2 -flto -fno-use-linker-plugin -flto-partition=none compilation failed to produce executable
FAIL: c-c++-common/asan/clone-test-1.c -O2 -flto -fuse-linker-plugin -fno-fat-lto-objects (test for excess errors)
UNRESOLVED: c-c++-common/asan/clone-test-1.c -O2 -flto -fuse-linker-plugin -fno-fat-lto-objects compilation failed to produce executable
FAIL: c-c++-common/asan/memcmp-1.c -O1 (test for excess errors)
UNRESOLVED: c-c++-common/asan/memcmp-1.c -O1 compilation failed to produce executable
FAIL: c-c++-common/asan/memcmp-1.c -O2 (test for excess errors)
UNRESOLVED: c-c++-common/asan/memcmp-1.c -O2 compilation failed to produce executable
FAIL: c-c++-common/asan/memcmp-1.c -O3 -fomit-frame-pointer (test for excess errors)
UNRESOLVED: c-c++-common/asan/memcmp-1.c -O3 -fomit-frame-pointer compilation failed to produce executable
FAIL: c-c++-common/asan/memcmp-1.c -O3 -g (test for excess errors)
UNRESOLVED: c-c++-common/asan/memcmp-1.c -O3 -g compilation failed to produce executable
FAIL: c-c++-common/asan/memcmp-1.c -Os (test for excess errors)
UNRESOLVED: c-c++-common/asan/memcmp-1.c -Os compilation failed to produce executable
FAIL: c-c++-common/asan/memcmp-1.c -O2 -flto -fno-use-linker-plugin -flto-partition=none (test for excess errors)
UNRESOLVED: c-c++-common/asan/memcmp-1.c -O2 -flto -fno-use-linker-plugin -flto-partition=none compilation failed to produce executable
FAIL: c-c++-common/asan/memcmp-1.c -O2 -flto -fuse-linker-plugin -fno-fat-lto-objects (test for excess errors)
UNRESOLVED: c-c++-common/asan/memcmp-1.c -O2 -flto -fuse-linker-plugin -fno-fat-lto-objects compilation failed to produce executable
FAIL: c-c++-common/asan/stack-overflow-1.c -O1 (test for excess errors)
UNRESOLVED: c-c++-common/asan/stack-overflow-1.c -O1 compilation failed to produce executable
FAIL: c-c++-common/asan/stack-overflow-1.c -O2 (test for excess errors)
UNRESOLVED: c-c++-common/asan/stack-overflow-1.c -O2 compilation failed to produce executable
FAIL: c-c++-common/asan/stack-overflow-1.c -O3 -fomit-frame-pointer (test for excess errors)
UNRESOLVED: c-c++-common/asan/stack-overflow-1.c -O3 -fomit-frame-pointer compilation failed to produce executable
FAIL: c-c++-common/asan/stack-overflow-1.c -O3 -g (test for excess errors)
UNRESOLVED: c-c++-common/asan/stack-overflow-1.c -O3 -g compilation failed to produce executable
FAIL: c-c++-common/asan/stack-overflow-1.c -Os (test for excess errors)
UNRESOLVED: c-c++-common/asan/stack-overflow-1.c -Os compilation failed to produce executable
FAIL: c-c++-common/asan/stack-overflow-1.c -O2 -flto -fno-use-linker-plugin -flto-partition=none (test for excess errors)
UNRESOLVED: c-c++-common/asan/stack-overflow-1.c -O2 -flto -fno-use-linker-plugin -flto-partition=none compilation failed to produce executable
FAIL: c-c++-common/asan/stack-overflow-1.c -O2 -flto -fuse-linker-plugin -fno-fat-lto-objects (test for excess errors)
UNRESOLVED: c-c++-common/asan/stack-overflow-1.c -O2 -flto -fuse-linker-plugin -fno-fat-lto-objects compilation failed to produce executable
FAIL: c-c++-common/asan/swapcontext-test-1.c -O1 (test for excess errors)
UNRESOLVED: c-c++-common/asan/swapcontext-test-1.c -O1 compilation failed to produce executable
FAIL: c-c++-common/asan/swapcontext-test-1.c -O2 (test for excess errors)
UNRESOLVED: c-c++-common/asan/swapcontext-test-1.c -O2 compilation failed to produce executable
FAIL: c-c++-common/asan/swapcontext-test-1.c -O3 -fomit-frame-pointer (test for excess errors)
UNRESOLVED: c-c++-common/asan/swapcontext-test-1.c -O3 -fomit-frame-pointer compilation failed to produce executable
FAIL: c-c++-common/asan/swapcontext-test-1.c -O3 -fomit-frame-pointer -funroll-loops (test for excess errors)
UNRESOLVED: c-c++-common/asan/swapcontext-test-1.c -O3 -fomit-frame-pointer -funroll-loops compilation failed to produce executable
FAIL: c-c++-common/asan/swapcontext-test-1.c -O3 -fomit-frame-pointer -funroll-all-loops -finline-functions (test for excess errors)
UNRESOLVED: c-c++-common/asan/swapcontext-test-1.c -O3 -fomit-frame-pointer -funroll-all-loops -finline-functions compilation failed to produce executable
FAIL: c-c++-common/asan/swapcontext-test-1.c -O3 -g (test for excess errors)
UNRESOLVED: c-c++-common/asan/swapcontext-test-1.c -O3 -g compilation failed to produce executable
FAIL: c-c++-common/asan/swapcontext-test-1.c -Os (test for excess errors)
UNRESOLVED: c-c++-common/asan/swapcontext-test-1.c -Os compilation failed to produce executable
FAIL: c-c++-common/asan/swapcontext-test-1.c -O2 -flto -fno-use-linker-plugin -flto-partition=none (test for excess errors)
UNRESOLVED: c-c++-common/asan/swapcontext-test-1.c -O2 -flto -fno-use-linker-plugin -flto-partition=none compilation failed to produce executable
FAIL: c-c++-common/asan/swapcontext-test-1.c -O2 -flto -fuse-linker-plugin -fno-fat-lto-objects (test for excess errors)
UNRESOLVED: c-c++-common/asan/swapcontext-test-1.c -O2 -flto -fuse-linker-plugin -fno-fat-lto-objects compilation failed to produce executable
FAIL: g++.dg/asan/deep-thread-stack-1.C -O1 (test for excess errors)
UNRESOLVED: g++.dg/asan/deep-thread-stack-1.C -O1 compilation failed to produce executable
FAIL: g++.dg/asan/deep-thread-stack-1.C -O2 (test for excess errors)
UNRESOLVED: g++.dg/asan/deep-thread-stack-1.C -O2 compilation failed to produce executable
FAIL: g++.dg/asan/deep-thread-stack-1.C -O3 -fomit-frame-pointer (test for excess errors)
UNRESOLVED: g++.dg/asan/deep-thread-stack-1.C -O3 -fomit-frame-pointer compilation failed to produce executable
FAIL: g++.dg/asan/deep-thread-stack-1.C -O3 -g (test for excess errors)
UNRESOLVED: g++.dg/asan/deep-thread-stack-1.C -O3 -g compilation failed to produce executable
FAIL: g++.dg/asan/deep-thread-stack-1.C -Os (test for excess errors)
UNRESOLVED: g++.dg/asan/deep-thread-stack-1.C -Os compilation failed to produce executable
FAIL: g++.dg/asan/deep-thread-stack-1.C -O2 -flto -fno-use-linker-plugin -flto-partition=none (test for excess errors)
UNRESOLVED: g++.dg/asan/deep-thread-stack-1.C -O2 -flto -fno-use-linker-plugin -flto-partition=none compilation failed to produce executable
FAIL: g++.dg/asan/deep-thread-stack-1.C -O2 -flto -fuse-linker-plugin -fno-fat-lto-objects (test for excess errors)
UNRESOLVED: g++.dg/asan/deep-thread-stack-1.C -O2 -flto -fuse-linker-plugin -fno-fat-lto-objects compilation failed to produce executable
FAIL: g++.dg/ext/sync-4.C -std=gnu++98 execution test
FAIL: g++.dg/ext/sync-4.C -std=gnu++11 execution test
=== g++ Summary ===
# of expected passes 55645
# of unexpected failures 41
# of expected failures 293
# of unresolved testcases 39
# of unsupported tests 1119
/opt/gcc-build/gcc/testsuite/g++/../../xg++ version 4.9.0 20131111 (experimental) (GCC)
Compiler version: 4.9.0 20131111 (experimental) (GCC)
Platform: armv7l-unknown-linux-gnueabihf
configure flags: --enable-languages=c,c++ --with-cpu=cortex-a9 --with-fpu=vfpv3 --with-float=hard
Build Logs: http://rcn-ee.homeip.net:81/dl/gcc/archive/20131111-08:07-gitb052c02-trunk-imx6q-sabrelite-1gb-0/