This is the mail archive of the
gcc-testresults@gcc.gnu.org
mailing list for the GCC project.
Results for 4.7.4 20131108 (prerelease) [gcc-4_7-branch revision 204552] (GCC) testsuite on sparc-sun-solaris2.11
- From: Rainer Orth <ro at CeBiTec dot Uni-Bielefeld dot DE>
- To: gcc-testresults at gcc dot gnu dot org
- Date: Mon, 11 Nov 2013 13:04:13 +0100 (MET)
- Subject: Results for 4.7.4 20131108 (prerelease) [gcc-4_7-branch revision 204552] (GCC) testsuite on sparc-sun-solaris2.11
- Authentication-results: sourceware.org; auth=none
LAST_UPDATED: Fri Nov 8 11:05:18 UTC 2013 (revision 204552)
=== acats tests ===
=== acats Summary ===
# of expected passes 2320
# of unexpected failures 0
Native configuration is sparc-sun-solaris2.11
=== g++ tests ===
Running target unix
=== g++ Summary for unix ===
# of expected passes 46814
# of expected failures 288
# of unsupported tests 738
Running target unix/-m64
FAIL: g++.dg/debug/debug4.C -gstabs+3 -O3 (test for excess errors)
FAIL: g++.dg/cpp0x/nullptr28.C -std=c++11 execution test
FAIL: g++.old-deja/g++.brendan/operators8.C -std=c++98 (test for excess errors)
=== g++ Summary for unix/-m64 ===
# of expected passes 48048
# of unexpected failures 3
# of expected failures 288
# of unsupported tests 731
=== g++ Summary ===
# of expected passes 94862
# of unexpected failures 3
# of expected failures 576
# of unsupported tests 1469
/var/gcc/regression/gcc-4.7-branch/11-gcc/build/gcc/testsuite/g++/../../g++ version 4.7.4 20131108 (prerelease) [gcc-4_7-branch revision 204552] (GCC)
=== gcc tests ===
Running target unix
FAIL: gcc.c-torture/compile/pr44707.c -O1 (test for excess errors)
FAIL: gcc.c-torture/compile/pr44707.c -O2 (test for excess errors)
FAIL: gcc.c-torture/execute/20080604-1.c compilation, -O2 -flto -flto-partition=none
UNRESOLVED: gcc.c-torture/execute/20080604-1.c execution, -O2 -flto -flto-partition=none
FAIL: gcc.dg/simulate-thread/atomic-other-int.c -O2 -g thread simulation test
FAIL: gcc.dg/simulate-thread/atomic-other-int.c -O3 -g thread simulation test
FAIL: gcc.dg/simulate-thread/atomic-other-short.c -O2 -g thread simulation test
FAIL: gcc.dg/simulate-thread/atomic-other-short.c -O3 -g thread simulation test
FAIL: gcc.dg/simulate-thread/speculative-store.c -O0 -g thread simulation test
FAIL: gcc.dg/torture/pr27603.c -O3 -fomit-frame-pointer (test for excess errors)
WARNING: gcc.dg/torture/pr27603.c -O3 -fomit-frame-pointer compilation failed to produce executable
FAIL: gcc.dg/torture/stackalign/setjmp-3.c -O3 -fomit-frame-pointer -funroll-loops (test for excess errors)
WARNING: gcc.dg/torture/stackalign/setjmp-3.c -O3 -fomit-frame-pointer -funroll-loops compilation failed to produce executable
FAIL: gcc.dg/tree-prof/val-prof-2.c compilation, -fprofile-generate -D_PROFILE_GENERATE
UNRESOLVED: gcc.dg/tree-prof/val-prof-2.c execution, -fprofile-generate -D_PROFILE_GENERATE
UNRESOLVED: gcc.dg/tree-prof/val-prof-2.c compilation, -fprofile-use -D_PROFILE_USE
UNRESOLVED: gcc.dg/tree-prof/val-prof-2.c execution, -fprofile-use -D_PROFILE_USE
FAIL: gcc.dg/vect/vect-cselim-1.c (test for excess errors)
WARNING: gcc.dg/vect/vect-cselim-1.c compilation failed to produce executable
FAIL: gcc.dg/vect/vect-double-reduc-3.c execution test
=== gcc Summary for unix ===
# of expected passes 76127
# of unexpected failures 13
# of expected failures 319
# of unresolved testcases 4
# of unsupported tests 1592
Running target unix/-m64
=== gcc Summary for unix/-m64 ===
# of expected passes 76824
# of expected failures 306
# of unsupported tests 1577
=== gcc Summary ===
# of expected passes 152951
# of unexpected failures 13
# of expected failures 625
# of unresolved testcases 4
# of unsupported tests 3169
/var/gcc/regression/gcc-4.7-branch/11-gcc/build/gcc/xgcc version 4.7.4 20131108 (prerelease) [gcc-4_7-branch revision 204552] (GCC)
=== gfortran tests ===
Running target unix
=== gfortran Summary for unix ===
# of expected passes 40845
# of expected failures 44
# of unsupported tests 257
Running target unix/-m64
FAIL: gfortran.dg/char_result_3.f90 -O3 -fomit-frame-pointer (test for excess errors)
WARNING: gfortran.dg/char_result_3.f90 -O3 -fomit-frame-pointer compilation failed to produce executable
FAIL: gfortran.dg/host_assoc_function_9.f90 -O1 (test for excess errors)
WARNING: gfortran.dg/host_assoc_function_9.f90 -O1 compilation failed to produce executable
ERROR: gfortran.dg/host_assoc_function_9.f90 -O3 -fomit-frame-pointer -funroll-loops : error executing dg-final: couldn't fork child process: not enough memory
UNRESOLVED: gfortran.dg/host_assoc_function_9.f90 -O3 -fomit-frame-pointer -funroll-loops : error executing dg-final: couldn't fork child process: not enough memory
FAIL: gfortran.dg/mapping_3.f90 -O3 -fomit-frame-pointer execution test
FAIL: gfortran.dg/mapping_3.f90 -O3 -fomit-frame-pointer -funroll-loops (test for excess errors)
WARNING: gfortran.dg/mapping_3.f90 -O3 -fomit-frame-pointer -funroll-loops compilation failed to produce executable
FAIL: gfortran.dg/mapping_3.f90 -O3 -g execution test
FAIL: gfortran.dg/popcnt_poppar_2.F90 -Os (test for excess errors)
WARNING: gfortran.dg/popcnt_poppar_2.F90 -Os compilation failed to produce executable
FAIL: gfortran.dg/power.f90 -Os (test for excess errors)
WARNING: gfortran.dg/power.f90 -Os compilation failed to produce executable
FAIL: gfortran.dg/select_char_2.f90 -O3 -fomit-frame-pointer (test for excess errors)
WARNING: gfortran.dg/select_char_2.f90 -O3 -fomit-frame-pointer compilation failed to produce executable
FAIL: gfortran.dg/select_char_2.f90 -O3 -fomit-frame-pointer -funroll-all-loops -finline-functions (test for excess errors)
WARNING: gfortran.dg/select_char_2.f90 -O3 -fomit-frame-pointer -funroll-all-loops -finline-functions compilation failed to produce executable
UNRESOLVED: gfortran.dg/select_char_2.f90 -O3 -fomit-frame-pointer -funroll-all-loops -finline-functions scan-tree-dump-not original "_gfortran_select_string"
=== gfortran Summary for unix/-m64 ===
# of expected passes 41155
# of unexpected failures 9
# of expected failures 44
# of unresolved testcases 2
# of unsupported tests 96
=== gfortran Summary ===
# of expected passes 82000
# of unexpected failures 9
# of expected failures 88
# of unresolved testcases 2
# of unsupported tests 353
/var/gcc/regression/gcc-4.7-branch/11-gcc/build/gcc/testsuite/gfortran/../../gfortran version 4.7.4 20131108 (prerelease) [gcc-4_7-branch revision 204552] (GCC)
=== gnat tests ===
Running target unix
=== gnat Summary for unix ===
# of expected passes 1109
# of expected failures 14
# of unsupported tests 13
Running target unix/-m64
=== gnat Summary for unix/-m64 ===
# of expected passes 1109
# of expected failures 14
# of unsupported tests 13
=== gnat Summary ===
# of expected passes 2218
# of expected failures 28
# of unsupported tests 26
/var/gcc/regression/gcc-4.7-branch/11-gcc/build/gcc/gnatmake version 4.7.4 20131108 (prerelease) [gcc-4_7-branch revision 204552]
=== go tests ===
Running target unix
=== go Summary for unix ===
# of expected passes 3288
# of expected failures 4
# of untested testcases 7
Running target unix/-m64
=== go Summary for unix/-m64 ===
# of expected passes 3288
# of expected failures 4
# of untested testcases 7
=== go Summary ===
# of expected passes 6576
# of expected failures 8
# of untested testcases 14
/var/gcc/regression/gcc-4.7-branch/11-gcc/build/gcc/testsuite/go/../../gccgo version 4.7.4 20131108 (prerelease) [gcc-4_7-branch revision 204552] (GCC)
=== obj-c++ tests ===
Running target unix
=== obj-c++ Summary for unix ===
# of expected passes 1450
# of expected failures 2
# of unsupported tests 86
Running target unix/-m64
=== obj-c++ Summary for unix/-m64 ===
# of expected passes 1442
# of expected failures 10
# of unsupported tests 86
=== obj-c++ Summary ===
# of expected passes 2892
# of expected failures 12
# of unsupported tests 172
/var/gcc/regression/gcc-4.7-branch/11-gcc/build/gcc/testsuite/obj-c++/../../g++ version 4.7.4 20131108 (prerelease) [gcc-4_7-branch revision 204552] (GCC)
=== objc tests ===
Running target unix
=== objc Summary for unix ===
# of expected passes 2994
# of unsupported tests 74
Running target unix/-m64
=== objc Summary for unix/-m64 ===
# of expected passes 2994
# of unsupported tests 74
=== objc Summary ===
# of expected passes 5988
# of unsupported tests 148
/var/gcc/regression/gcc-4.7-branch/11-gcc/build/gcc/xgcc version 4.7.4 20131108 (prerelease) [gcc-4_7-branch revision 204552] (GCC)
=== boehm-gc tests ===
Running target unix
=== boehm-gc Summary for unix ===
# of expected passes 12
# of unsupported tests 1
Running target unix/-m64
=== boehm-gc Summary for unix/-m64 ===
# of expected passes 12
# of unsupported tests 1
=== boehm-gc Summary ===
# of expected passes 24
# of unsupported tests 2
=== libffi tests ===
Running target unix
=== libffi Summary for unix ===
# of expected passes 1634
# of expected failures 10
# of unsupported tests 55
Running target unix/-m64
=== libffi Summary for unix/-m64 ===
# of expected passes 1634
# of expected failures 10
# of unsupported tests 55
=== libffi Summary ===
# of expected passes 3268
# of expected failures 20
# of unsupported tests 110
=== libgo tests ===
Running target unix
FAIL: os/exec
FAIL: os/user
FAIL: path/filepath
FAIL: runtime/pprof
=== libgo Summary for unix ===
# of expected passes 120
# of unexpected failures 4
Running target unix/-m64
=== libgo Summary for unix/-m64 ===
# of expected passes 124
=== libgo Summary ===
# of expected passes 244
# of unexpected failures 4
/var/gcc/regression/gcc-4.7-branch/11-gcc/build/./gcc/gccgo version 4.7.4 20131108 (prerelease) [gcc-4_7-branch revision 204552] (GCC)
=== libgomp tests ===
Running target unix
=== libgomp Summary for unix ===
# of expected passes 2940
# of unsupported tests 3
Running target unix/-m64
=== libgomp Summary for unix/-m64 ===
# of expected passes 2940
# of unsupported tests 3
=== libgomp Summary ===
# of expected passes 5880
# of unsupported tests 6
=== libitm tests ===
Running target unix
=== libitm Summary for unix ===
# of expected passes 26
# of expected failures 3
# of unsupported tests 1
Running target unix/-m64
=== libitm Summary for unix/-m64 ===
# of expected passes 26
# of expected failures 3
# of unsupported tests 1
=== libitm Summary ===
# of expected passes 52
# of expected failures 6
# of unsupported tests 2
=== libjava tests ===
Running target unix
=== libjava Summary for unix ===
# of expected passes 2574
Running target unix/-m64
=== libjava Summary for unix/-m64 ===
# of expected passes 2574
=== libjava Summary ===
# of expected passes 5148
=== libmudflap tests ===
Running target unix
=== libmudflap Summary for unix ===
# of expected passes 1442
Running target unix/-m64
FAIL: libmudflap.c++/pass55-frag.cxx ( -O) execution test
=== libmudflap Summary for unix/-m64 ===
# of expected passes 1441
# of unexpected failures 1
=== libmudflap Summary ===
# of expected passes 2883
# of unexpected failures 1
=== libstdc++ tests ===
Running target unix
=== libstdc++ Summary for unix ===
# of expected passes 8008
# of expected failures 45
# of unsupported tests 511
Running target unix/-m64
=== libstdc++ Summary for unix/-m64 ===
# of expected passes 8008
# of expected failures 45
# of unsupported tests 511
=== libstdc++ Summary ===
# of expected passes 16016
# of expected failures 90
# of unsupported tests 1022
Compiler version: 4.7.4 20131108 (prerelease) [gcc-4_7-branch revision 204552] (GCC)
Platform: sparc-sun-solaris2.11
configure flags: --prefix=/vol/gcc --target=sparc-sun-solaris2.11 --enable-objc-gc --disable-libcilkrts --enable-libmudflap --with-gmp-include=/vol/gcc/include --with-gmp-lib=/vol/gcc/lib --with-mpfr-include=/vol/gcc/include --with-mpfr-lib=/vol/gcc/lib --with-mpc-include=/vol/gcc/include --with-mpc-lib=/vol/gcc/lib --enable-languages=all,ada,obj-c++,go --without-ppl --without-isl --without-cloog
BOOT_CFLAGS=-g -O2