This is the mail archive of the
gcc-testresults@gcc.gnu.org
mailing list for the GCC project.
Results for 4.9.020131110(experimental)[trunkrevision204654](GCC) testsuite on mmix-knuth-mmixware
- From: Hans-Peter Nilsson <hp at bitrange dot com>
- To: gcc-testresults at gcc dot gnu dot org
- Date: Mon, 11 Nov 2013 02:22:02 -0500 (EST)
- Subject: Results for 4.9.020131110(experimental)[trunkrevision204654](GCC) testsuite on mmix-knuth-mmixware
- Authentication-results: sourceware.org; auth=none
Note: using binutils from CVS a year ago, as ToT binutils fails
most or all tests that uses the linker (despite an active
binutils autotester for binutils including mmix).
To be investigated.
LAST_UPDATED: Sun Nov 10 23:36:14 UTC 2013 (revision 204654)
Target is mmix-knuth-mmixware
Host is x86_64-unknown-linux-gnu
=== g++ tests ===
Running target mmixware-sim
FAIL: g++.dg/debug/dwarf2/accessibility1.C -std=gnu++98 scan-assembler-times 3[^\\\\r\\\\n]* DW_AT_accessibility 6
FAIL: g++.dg/debug/dwarf2/accessibility1.C -std=gnu++98 scan-assembler-times 2[^\\\\r\\\\n]* DW_AT_accessibility 2
FAIL: g++.dg/debug/dwarf2/accessibility1.C -std=gnu++11 scan-assembler-times 3[^\\\\r\\\\n]* DW_AT_accessibility 6
FAIL: g++.dg/debug/dwarf2/accessibility1.C -std=gnu++11 scan-assembler-times 2[^\\\\r\\\\n]* DW_AT_accessibility 2
FAIL: g++.dg/debug/dwarf2/lineno-simple1.C -std=gnu++98 scan-assembler _ZN1CC[12]Ev:[^\\\\t]*(\\\\t.(fnstart|frame|mask|file)[^\\\\t]*)*\\\\t[^:]+:4\\\\n
FAIL: g++.dg/debug/dwarf2/lineno-simple1.C -std=gnu++98 scan-assembler _ZN1C3fooEv:[^\\\\t]*(\\\\t.(fnstart|frame|mask|file)[^\\\\t]*)*\\\\t[^:]+:7\\\\n
FAIL: g++.dg/debug/dwarf2/lineno-simple1.C -std=gnu++98 scan-assembler main:[^\\\\t]*(\\\\t.(fnstart|frame|mask|file)[^\\\\t]*)*\\\\t[^:]+:13\\\\n
FAIL: g++.dg/debug/dwarf2/lineno-simple1.C -std=gnu++11 scan-assembler _ZN1CC[12]Ev:[^\\\\t]*(\\\\t.(fnstart|frame|mask|file)[^\\\\t]*)*\\\\t[^:]+:4\\\\n
FAIL: g++.dg/debug/dwarf2/lineno-simple1.C -std=gnu++11 scan-assembler _ZN1C3fooEv:[^\\\\t]*(\\\\t.(fnstart|frame|mask|file)[^\\\\t]*)*\\\\t[^:]+:7\\\\n
FAIL: g++.dg/debug/dwarf2/lineno-simple1.C -std=gnu++11 scan-assembler main:[^\\\\t]*(\\\\t.(fnstart|frame|mask|file)[^\\\\t]*)*\\\\t[^:]+:13\\\\n
FAIL: g++.dg/debug/dwarf2/nested-2.C -std=gnu++98 scan-assembler [^\\n\\r]*\\\\(DIE[^\\n\\r]*DW_TAG_structure_type\\\\)[\\n\\r]+[^\\n\\r]*"S\\\\\\\\0"[ \\t]+([@|#;!]+|//?)[ \\t]+DW_AT_name[\\n\\r]+(.*)?\\\\(DIE[^\\n\\r]*DW_TAG_structure_type\\\\)[\\n\\r]+[^\\n\\r]*"T<int>\\\\\\\\0"[ \\t]+(.*)?\\\\(DIE[^\\n\\r]*DW_TAG_template_type_param\\\\)[\\n\\r]+[^\\n\\r]*[\\n\\r]+[^\\n\\r]*[\\n\\r]+[^\\n\\r]*([@|#;!]+|//?)[ \\t]+end of children of DIE[^\\n\\r]*[\\n\\r]+[^\\n\\r]*end of children of DIE[^\\n\\r]*
FAIL: g++.dg/debug/dwarf2/nested-2.C -std=gnu++11 scan-assembler [^\\n\\r]*\\\\(DIE[^\\n\\r]*DW_TAG_structure_type\\\\)[\\n\\r]+[^\\n\\r]*"S\\\\\\\\0"[ \\t]+([@|#;!]+|//?)[ \\t]+DW_AT_name[\\n\\r]+(.*)?\\\\(DIE[^\\n\\r]*DW_TAG_structure_type\\\\)[\\n\\r]+[^\\n\\r]*"T<int>\\\\\\\\0"[ \\t]+(.*)?\\\\(DIE[^\\n\\r]*DW_TAG_template_type_param\\\\)[\\n\\r]+[^\\n\\r]*[\\n\\r]+[^\\n\\r]*[\\n\\r]+[^\\n\\r]*([@|#;!]+|//?)[ \\t]+end of children of DIE[^\\n\\r]*[\\n\\r]+[^\\n\\r]*end of children of DIE[^\\n\\r]*
FAIL: g++.dg/debug/dwarf2/nested-3.C -std=gnu++98 scan-assembler [^\\n\\r]*\\\\(DIE \\\\(0x([0-9a-f]+)\\\\) DW_TAG_namespace\\\\)[\\n\\r]+[^\\n\\r]*"thread[^\\n\\r]+[\\n\\r]+([^\\n\\r]*[\\n\\r]+)+[^\\n\\r]*\\\\(DIE \\\\(0x([0-9a-f]+)\\\\) DW_TAG_class_type\\\\)([\\n\\r]+[^\\n\\r]*)+"Executor[^\\n\\r]+[\\n\\r]+[^\\n\\r]*DW_AT_declaration[\\n\\r]+[^\\n\\r]*DW_AT_signature[^#;/!|@]*[#;/!|@]+ [^\\n\\r]*\\\\(DIE[^\\n\\r]*DW_TAG_subprogram\\\\)[\\n\\r]+([^\\n\\r]*[\\n\\r]+)+[^\\n\\r]*"CurrentExecutor[^\\n\\r]+[\\n\\r]+([^\\n\\r]*[\\n\\r]+)+([^\\n\\r]*[\\n\\r]+)+[^\\n\\r]*end of children of DIE 0x\\\\3[\\n\\r]+[^\\n\\r]*end of children of DIE 0x\\\\1[\\n\\r]+
FAIL: g++.dg/debug/dwarf2/nested-3.C -std=gnu++11 scan-assembler [^\\n\\r]*\\\\(DIE \\\\(0x([0-9a-f]+)\\\\) DW_TAG_namespace\\\\)[\\n\\r]+[^\\n\\r]*"thread[^\\n\\r]+[\\n\\r]+([^\\n\\r]*[\\n\\r]+)+[^\\n\\r]*\\\\(DIE \\\\(0x([0-9a-f]+)\\\\) DW_TAG_class_type\\\\)([\\n\\r]+[^\\n\\r]*)+"Executor[^\\n\\r]+[\\n\\r]+[^\\n\\r]*DW_AT_declaration[\\n\\r]+[^\\n\\r]*DW_AT_signature[^#;/!|@]*[#;/!|@]+ [^\\n\\r]*\\\\(DIE[^\\n\\r]*DW_TAG_subprogram\\\\)[\\n\\r]+([^\\n\\r]*[\\n\\r]+)+[^\\n\\r]*"CurrentExecutor[^\\n\\r]+[\\n\\r]+([^\\n\\r]*[\\n\\r]+)+([^\\n\\r]*[\\n\\r]+)+[^\\n\\r]*end of children of DIE 0x\\\\3[\\n\\r]+[^\\n\\r]*end of children of DIE 0x\\\\1[\\n\\r]+
FAIL: g++.dg/debug/dwarf2/non-virtual-thunk.C -std=gnu++98 scan-assembler thunk.C:30
FAIL: g++.dg/debug/dwarf2/non-virtual-thunk.C -std=gnu++11 scan-assembler thunk.C:30
FAIL: g++.dg/debug/dwarf2/pr44641.C -std=gnu++98 scan-assembler _ZN12MisplacedDbgI4FullEC[12]Ev:[^\\\\t]*(\\\\t.(fnstart|frame|mask|file)[^\\\\t]*)*\\\\t[^:]+:22\\\\n
FAIL: g++.dg/debug/dwarf2/pr44641.C -std=gnu++98 scan-assembler _ZN12MisplacedDbgI4FullED0Ev:[^\\\\t]*(\\\\t.(fnstart|frame|mask|file)[^\\\\t]*)*\\\\t[^:]+:22\\\\n
FAIL: g++.dg/debug/dwarf2/pr44641.C -std=gnu++98 scan-assembler _ZN12MisplacedDbgIP3ArgEC[12]Ev:[^\\\\t]*(\\\\t.(fnstart|frame|mask|file)[^\\\\t]*)*\\\\t[^:]+:29\\\\n
FAIL: g++.dg/debug/dwarf2/pr44641.C -std=gnu++98 scan-assembler _ZN12MisplacedDbgIP3ArgED0Ev:[^\\\\t]*(\\\\t.(fnstart|frame|mask|file)[^\\\\t]*)*\\\\t[^:]+:29\\\\n
FAIL: g++.dg/debug/dwarf2/pr44641.C -std=gnu++98 scan-assembler _ZN12MisplacedDbgI3ArgEC[12]Ev:[^\\\\t]*(\\\\t.(fnstart|frame|mask|file)[^\\\\t]*)*\\\\t[^:]+:35\\\\n
FAIL: g++.dg/debug/dwarf2/pr44641.C -std=gnu++98 scan-assembler _ZN12MisplacedDbgI3ArgED0Ev:[^\\\\t]*(\\\\t.(fnstart|frame|mask|file)[^\\\\t]*)*\\\\t[^:]+:35\\\\n
FAIL: g++.dg/debug/dwarf2/pr44641.C -std=gnu++11 scan-assembler _ZN12MisplacedDbgI4FullEC[12]Ev:[^\\\\t]*(\\\\t.(fnstart|frame|mask|file)[^\\\\t]*)*\\\\t[^:]+:22\\\\n
FAIL: g++.dg/debug/dwarf2/pr44641.C -std=gnu++11 scan-assembler _ZN12MisplacedDbgI4FullED0Ev:[^\\\\t]*(\\\\t.(fnstart|frame|mask|file)[^\\\\t]*)*\\\\t[^:]+:22\\\\n
FAIL: g++.dg/debug/dwarf2/pr44641.C -std=gnu++11 scan-assembler _ZN12MisplacedDbgIP3ArgEC[12]Ev:[^\\\\t]*(\\\\t.(fnstart|frame|mask|file)[^\\\\t]*)*\\\\t[^:]+:29\\\\n
FAIL: g++.dg/debug/dwarf2/pr44641.C -std=gnu++11 scan-assembler _ZN12MisplacedDbgIP3ArgED0Ev:[^\\\\t]*(\\\\t.(fnstart|frame|mask|file)[^\\\\t]*)*\\\\t[^:]+:29\\\\n
FAIL: g++.dg/debug/dwarf2/pr44641.C -std=gnu++11 scan-assembler _ZN12MisplacedDbgI3ArgEC[12]Ev:[^\\\\t]*(\\\\t.(fnstart|frame|mask|file)[^\\\\t]*)*\\\\t[^:]+:35\\\\n
FAIL: g++.dg/debug/dwarf2/pr44641.C -std=gnu++11 scan-assembler _ZN12MisplacedDbgI3ArgED0Ev:[^\\\\t]*(\\\\t.(fnstart|frame|mask|file)[^\\\\t]*)*\\\\t[^:]+:35\\\\n
FAIL: g++.dg/debug/dwarf2/pr46527.C -std=gnu++98 scan-assembler _ZN6StructIdE13defined_laterEv:[^\\\\t]*(\\\\t.(fnstart|frame|mask|file)[^\\\\t]*)*\\\\t[^:]+:12\\\\n
FAIL: g++.dg/debug/dwarf2/pr46527.C -std=gnu++11 scan-assembler _ZN6StructIdE13defined_laterEv:[^\\\\t]*(\\\\t.(fnstart|frame|mask|file)[^\\\\t]*)*\\\\t[^:]+:12\\\\n
FAIL: g++.dg/debug/dwarf2/self-ref-1.C -std=gnu++98 scan-assembler-times [^\\n\\r]*\\\\(DIE[^\\n\\r]*DW_TAG_pointer_type\\\\)[\\n\\r]{1,2}[^\\n\\r]*DW_AT_byte_size[\\n\\r]{1,2}[^\\n\\r]*DW_AT_type 4
FAIL: g++.dg/debug/dwarf2/self-ref-1.C -std=gnu++11 scan-assembler-times [^\\n\\r]*\\\\(DIE[^\\n\\r]*DW_TAG_pointer_type\\\\)[\\n\\r]{1,2}[^\\n\\r]*DW_AT_byte_size[\\n\\r]{1,2}[^\\n\\r]*DW_AT_type 4
FAIL: g++.dg/debug/dwarf2/self-ref-2.C -std=gnu++98 scan-assembler-times [^\\n\\r]*\\\\(DIE[^\\n\\r]*DW_TAG_pointer_type\\\\)[\\n\\r]{1,2}[^\\n\\r]*DW_AT_byte_size[\\n\\r]{1,2}[^\\n\\r]*DW_AT_type 4
FAIL: g++.dg/debug/dwarf2/self-ref-2.C -std=gnu++11 scan-assembler-times [^\\n\\r]*\\\\(DIE[^\\n\\r]*DW_TAG_pointer_type\\\\)[\\n\\r]{1,2}[^\\n\\r]*DW_AT_byte_size[\\n\\r]{1,2}[^\\n\\r]*DW_AT_type 4
FAIL: g++.dg/debug/dwarf2/template-func-params-3.C -std=gnu++98 scan-assembler DW_AT_location[^\\\\r\\\\n]*[\\\\r\\\\n]*[^\\\\r\\\\n]*DW_OP_addr[^\\\\r\\\\n]*[\\\\r\\\\n]*[^\\\\r\\\\n]*_Z4blehv[^\\\\r\\\\n]*[\\\\r\\\\n]*[^\\\\r\\\\n]*DW_OP_stack_value
FAIL: g++.dg/debug/dwarf2/template-func-params-3.C -std=gnu++11 scan-assembler DW_AT_location[^\\\\r\\\\n]*[\\\\r\\\\n]*[^\\\\r\\\\n]*DW_OP_addr[^\\\\r\\\\n]*[\\\\r\\\\n]*[^\\\\r\\\\n]*_Z4blehv[^\\\\r\\\\n]*[\\\\r\\\\n]*[^\\\\r\\\\n]*DW_OP_stack_value
FAIL: g++.dg/debug/dwarf2/template-params-3.C -std=gnu++98 scan-assembler DW_AT_location[^\\\\r\\\\n]*[\\\\r\\\\n]*[^\\\\r\\\\n]*DW_OP_addr[^\\\\r\\\\n]*[\\\\r\\\\n]*[^\\\\r\\\\n]*_Z4blehv[^\\\\r\\\\n]*[\\\\r\\\\n]*[^\\\\r\\\\n]*DW_OP_stack_value
FAIL: g++.dg/debug/dwarf2/template-params-3.C -std=gnu++11 scan-assembler DW_AT_location[^\\\\r\\\\n]*[\\\\r\\\\n]*[^\\\\r\\\\n]*DW_OP_addr[^\\\\r\\\\n]*[\\\\r\\\\n]*[^\\\\r\\\\n]*_Z4blehv[^\\\\r\\\\n]*[\\\\r\\\\n]*[^\\\\r\\\\n]*DW_OP_stack_value
FAIL: g++.dg/debug/dwarf2/template-params-8.C -std=gnu++98 scan-assembler-times [^\\n\\r]*DIE \\\\([^\\n\\r]*\\\\) DW_TAG_template_value_param[^\\n\\r]*[\\n\\r]{1,2}[^\\n\\r]*DW_AT_name[\\n\\r]{1,2}[^\\n\\r]*DW_AT_type[\\n\\r]{1,2}[^\\n\\r]*DW_AT_const_value[\\n\\r]{1,2} 1
FAIL: g++.dg/debug/dwarf2/template-params-8.C -std=gnu++11 scan-assembler-times [^\\n\\r]*DIE \\\\([^\\n\\r]*\\\\) DW_TAG_template_value_param[^\\n\\r]*[\\n\\r]{1,2}[^\\n\\r]*DW_AT_name[\\n\\r]{1,2}[^\\n\\r]*DW_AT_type[\\n\\r]{1,2}[^\\n\\r]*DW_AT_const_value[\\n\\r]{1,2} 1
FAIL: g++.dg/debug/dwarf2/typedef6.C -std=gnu++98 scan-assembler-times [^\\n\\r]*\\\\(DIE [^\\n\\r]* DW_TAG_typedef\\\\)[\\n\\r]{1,2}[^\\n\\r].*"t\\\\\\\\0"[^\\n\\r]*DW_AT_name[\\n\\r]{1,2}[^\\n\\r]*[\\n\\r]{1,2}[^\\n\\r]*[\\n\\r]{1,2}[^\\n\\r]*DW_AT_type[\\n\\r]{1,2}[^\\n\\r]*\\\\(DIE 1
FAIL: g++.dg/debug/dwarf2/typedef6.C -std=gnu++11 scan-assembler-times [^\\n\\r]*\\\\(DIE [^\\n\\r]* DW_TAG_typedef\\\\)[\\n\\r]{1,2}[^\\n\\r].*"t\\\\\\\\0"[^\\n\\r]*DW_AT_name[\\n\\r]{1,2}[^\\n\\r]*[\\n\\r]{1,2}[^\\n\\r]*[\\n\\r]{1,2}[^\\n\\r]*DW_AT_type[\\n\\r]{1,2}[^\\n\\r]*\\\\(DIE 1
XPASS: g++.dg/abi/empty6.C -std=gnu++98 (test for warnings, line 6)
XPASS: g++.dg/abi/empty6.C -std=gnu++11 (test for warnings, line 6)
FAIL: g++.dg/cpp/ucn-1.C (test for excess errors)
FAIL: g++.dg/cpp1y/pr58708.C execution test
FAIL: g++.dg/ext/java-1.C -std=gnu++98 (test for excess errors)
FAIL: g++.dg/ext/java-1.C -std=gnu++11 (test for excess errors)
FAIL: g++.dg/ext/java-2.C -std=gnu++98 (test for excess errors)
FAIL: g++.dg/ext/java-2.C -std=gnu++11 (test for excess errors)
FAIL: g++.dg/ext/utf-mangle.C scan-assembler _Z2f0Ds:
FAIL: g++.dg/ext/utf-mangle.C scan-assembler _Z2f1Di:
FAIL: g++.dg/ext/utf-mangle.C scan-assembler _Z2f2PDs:
FAIL: g++.dg/ext/utf-mangle.C scan-assembler _Z2f3PDi:
FAIL: g++.dg/other/unused1.C -std=gnu++98 scan-assembler (string|ascii?)z?[\\t ]"printer("|\\\\\\\\0)
FAIL: g++.dg/other/unused1.C -std=gnu++11 scan-assembler (string|ascii?)z?[\\t ]"printer("|\\\\\\\\0)
FAIL: g++.dg/warn/Wunused-3.C -std=gnu++98 (test for excess errors)
FAIL: g++.dg/warn/Wunused-3.C -std=gnu++11 (test for excess errors)
FAIL: g++.dg/tls/thread_local6.C execution test
FAIL: c-c++-common/torture/complex-sign-add.c -O2 -flto -fuse-linker-plugin -fno-fat-lto-objects (test for excess errors)
FAIL: c-c++-common/torture/complex-sign-mixed-add.c -O2 -flto -fuse-linker-plugin -fno-fat-lto-objects (test for excess errors)
FAIL: c-c++-common/torture/complex-sign-mixed-mul.c -O2 -flto -fuse-linker-plugin -fno-fat-lto-objects (test for excess errors)
FAIL: c-c++-common/torture/complex-sign-mixed-sub.c -O2 -flto -fuse-linker-plugin -fno-fat-lto-objects (test for excess errors)
FAIL: c-c++-common/torture/complex-sign-mul.c -O2 -flto -fuse-linker-plugin -fno-fat-lto-objects (test for excess errors)
FAIL: c-c++-common/torture/complex-sign-sub.c -O2 -flto -fuse-linker-plugin -fno-fat-lto-objects (test for excess errors)
FAIL: g++.dg/torture/pr45580.C -O1 (internal compiler error)
FAIL: g++.dg/torture/pr45580.C -O1 (test for excess errors)
FAIL: g++.dg/torture/pr45580.C -O2 (internal compiler error)
FAIL: g++.dg/torture/pr45580.C -O2 (test for excess errors)
FAIL: g++.dg/torture/pr45580.C -O3 -fomit-frame-pointer (internal compiler error)
FAIL: g++.dg/torture/pr45580.C -O3 -fomit-frame-pointer (test for excess errors)
FAIL: g++.dg/torture/pr45580.C -O3 -g (internal compiler error)
FAIL: g++.dg/torture/pr45580.C -O3 -g (test for excess errors)
FAIL: g++.dg/torture/pr45580.C -Os (internal compiler error)
FAIL: g++.dg/torture/pr45580.C -Os (test for excess errors)
FAIL: g++.dg/torture/pr45580.C -O2 -flto -fno-use-linker-plugin -flto-partition=none (internal compiler error)
FAIL: g++.dg/torture/pr45580.C -O2 -flto -fno-use-linker-plugin -flto-partition=none (test for excess errors)
FAIL: g++.dg/torture/stackalign/eh-alloca-1.C -O2 -flto -fuse-linker-plugin -fno-fat-lto-objects execution test
FAIL: g++.dg/torture/stackalign/eh-vararg-1.C -O2 execution test
FAIL: g++.dg/torture/stackalign/eh-vararg-1.C -O3 -fomit-frame-pointer execution test
FAIL: g++.dg/torture/stackalign/eh-vararg-1.C -O3 -g execution test
FAIL: g++.dg/torture/stackalign/eh-vararg-1.C -Os execution test
FAIL: g++.dg/torture/stackalign/eh-vararg-1.C -O2 -flto -fno-use-linker-plugin -flto-partition=none execution test
FAIL: g++.dg/torture/stackalign/eh-vararg-1.C -O2 -flto -fuse-linker-plugin -fno-fat-lto-objects execution test
FAIL: g++.dg/torture/stackalign/eh-vararg-2.C -O2 execution test
FAIL: g++.dg/torture/stackalign/eh-vararg-2.C -O3 -fomit-frame-pointer execution test
FAIL: g++.dg/torture/stackalign/eh-vararg-2.C -O3 -g execution test
FAIL: g++.dg/torture/stackalign/eh-vararg-2.C -Os execution test
FAIL: g++.dg/torture/stackalign/eh-vararg-2.C -O2 -flto -fno-use-linker-plugin -flto-partition=none execution test
FAIL: g++.dg/torture/stackalign/eh-vararg-2.C -O2 -flto -fuse-linker-plugin -fno-fat-lto-objects execution test
FAIL: g++.dg/torture/stackalign/throw-1.C -O2 execution test
FAIL: g++.dg/torture/stackalign/throw-1.C -O3 -fomit-frame-pointer execution test
FAIL: g++.dg/torture/stackalign/throw-1.C -O3 -fomit-frame-pointer -funroll-loops execution test
FAIL: g++.dg/torture/stackalign/throw-1.C -O3 -fomit-frame-pointer -funroll-all-loops -finline-functions execution test
FAIL: g++.dg/torture/stackalign/throw-1.C -O3 -g execution test
FAIL: g++.dg/torture/stackalign/throw-1.C -Os execution test
FAIL: g++.dg/torture/stackalign/throw-1.C -O2 -flto -fno-use-linker-plugin -flto-partition=none execution test
FAIL: g++.dg/torture/stackalign/throw-2.C -O2 execution test
FAIL: g++.dg/torture/stackalign/throw-2.C -O3 -fomit-frame-pointer execution test
FAIL: g++.dg/torture/stackalign/throw-2.C -O3 -fomit-frame-pointer -funroll-loops execution test
FAIL: g++.dg/torture/stackalign/throw-2.C -O3 -fomit-frame-pointer -funroll-all-loops -finline-functions execution test
FAIL: g++.dg/torture/stackalign/throw-2.C -O3 -g execution test
FAIL: g++.dg/torture/stackalign/throw-2.C -Os execution test
FAIL: g++.dg/torture/stackalign/throw-2.C -O2 -flto -fno-use-linker-plugin -flto-partition=none execution test
FAIL: g++.dg/torture/stackalign/throw-3.C -O2 execution test
FAIL: g++.dg/torture/stackalign/throw-3.C -O3 -fomit-frame-pointer execution test
FAIL: g++.dg/torture/stackalign/throw-3.C -O3 -fomit-frame-pointer -funroll-loops execution test
FAIL: g++.dg/torture/stackalign/throw-3.C -O3 -fomit-frame-pointer -funroll-all-loops -finline-functions execution test
FAIL: g++.dg/torture/stackalign/throw-3.C -O3 -g execution test
FAIL: g++.dg/torture/stackalign/throw-3.C -Os execution test
FAIL: g++.dg/torture/stackalign/throw-3.C -O2 -flto -fno-use-linker-plugin -flto-partition=none execution test
FAIL: g++.old-deja/g++.abi/vtable2.C -std=gnu++98 (test for excess errors)
UNRESOLVED: g++.old-deja/g++.abi/vtable2.C -std=gnu++98 compilation failed to produce executable
FAIL: g++.old-deja/g++.abi/vtable2.C -std=gnu++11 (test for excess errors)
UNRESOLVED: g++.old-deja/g++.abi/vtable2.C -std=gnu++11 compilation failed to produce executable
=== g++ Summary ===
# of expected passes 50481
# of unexpected failures 111
# of unexpected successes 2
# of expected failures 290
# of unresolved testcases 2
# of unsupported tests 1316
/tmp/pr24842a/gccobj/gcc/testsuite/g++/../../xg++ version 4.9.0 20131110 (experimental) [trunk revision 204654] (GCC)
Host is x86_64-unknown-linux-gnu
=== gcc tests ===
Running target mmixware-sim
FAIL: gcc.c-torture/execute/builtins/20010124-1.c compilation, -O2 -flto -fuse-linker-plugin -fno-fat-lto-objects
UNRESOLVED: gcc.c-torture/execute/builtins/20010124-1.c execution, -O2 -flto -fuse-linker-plugin -fno-fat-lto-objects
FAIL: gcc.c-torture/execute/builtins/memchr.c compilation, -O2 -flto -fuse-linker-plugin -fno-fat-lto-objects
UNRESOLVED: gcc.c-torture/execute/builtins/memchr.c execution, -O2 -flto -fuse-linker-plugin -fno-fat-lto-objects
FAIL: gcc.c-torture/execute/builtins/memcpy-chk.c compilation, -O2 -flto -fuse-linker-plugin -fno-fat-lto-objects
UNRESOLVED: gcc.c-torture/execute/builtins/memcpy-chk.c execution, -O2 -flto -fuse-linker-plugin -fno-fat-lto-objects
FAIL: gcc.c-torture/execute/builtins/memmove-2.c compilation, -O2 -flto -fuse-linker-plugin -fno-fat-lto-objects
UNRESOLVED: gcc.c-torture/execute/builtins/memmove-2.c execution, -O2 -flto -fuse-linker-plugin -fno-fat-lto-objects
FAIL: gcc.c-torture/execute/builtins/memmove-chk.c compilation, -O2 -flto -fuse-linker-plugin -fno-fat-lto-objects
UNRESOLVED: gcc.c-torture/execute/builtins/memmove-chk.c execution, -O2 -flto -fuse-linker-plugin -fno-fat-lto-objects
FAIL: gcc.c-torture/execute/builtins/memmove.c compilation, -O2 -flto -fuse-linker-plugin -fno-fat-lto-objects
UNRESOLVED: gcc.c-torture/execute/builtins/memmove.c execution, -O2 -flto -fuse-linker-plugin -fno-fat-lto-objects
FAIL: gcc.c-torture/execute/builtins/memops-asm.c compilation, -O2 -flto -fuse-linker-plugin -fno-fat-lto-objects
UNRESOLVED: gcc.c-torture/execute/builtins/memops-asm.c execution, -O2 -flto -fuse-linker-plugin -fno-fat-lto-objects
FAIL: gcc.c-torture/execute/builtins/mempcpy-chk.c compilation, -O2 -flto -fuse-linker-plugin -fno-fat-lto-objects
UNRESOLVED: gcc.c-torture/execute/builtins/mempcpy-chk.c execution, -O2 -flto -fuse-linker-plugin -fno-fat-lto-objects
FAIL: gcc.c-torture/execute/builtins/memset-chk.c compilation, -O2 -flto -fuse-linker-plugin -fno-fat-lto-objects
UNRESOLVED: gcc.c-torture/execute/builtins/memset-chk.c execution, -O2 -flto -fuse-linker-plugin -fno-fat-lto-objects
FAIL: gcc.c-torture/execute/builtins/memset.c compilation, -O2 -flto -fuse-linker-plugin -fno-fat-lto-objects
UNRESOLVED: gcc.c-torture/execute/builtins/memset.c execution, -O2 -flto -fuse-linker-plugin -fno-fat-lto-objects
FAIL: gcc.c-torture/execute/builtins/pr22237.c compilation, -O2 -flto -fuse-linker-plugin -fno-fat-lto-objects
UNRESOLVED: gcc.c-torture/execute/builtins/pr22237.c execution, -O2 -flto -fuse-linker-plugin -fno-fat-lto-objects
FAIL: gcc.c-torture/execute/builtins/pr23484-chk.c compilation, -O2 -flto -fuse-linker-plugin -fno-fat-lto-objects
UNRESOLVED: gcc.c-torture/execute/builtins/pr23484-chk.c execution, -O2 -flto -fuse-linker-plugin -fno-fat-lto-objects
FAIL: gcc.c-torture/execute/builtins/snprintf-chk.c compilation, -O2 -flto -fuse-linker-plugin -fno-fat-lto-objects
UNRESOLVED: gcc.c-torture/execute/builtins/snprintf-chk.c execution, -O2 -flto -fuse-linker-plugin -fno-fat-lto-objects
FAIL: gcc.c-torture/execute/builtins/sprintf-chk.c compilation, -O2 -flto -fuse-linker-plugin -fno-fat-lto-objects
UNRESOLVED: gcc.c-torture/execute/builtins/sprintf-chk.c execution, -O2 -flto -fuse-linker-plugin -fno-fat-lto-objects
FAIL: gcc.c-torture/execute/builtins/sprintf.c compilation, -O2 -flto -fuse-linker-plugin -fno-fat-lto-objects
UNRESOLVED: gcc.c-torture/execute/builtins/sprintf.c execution, -O2 -flto -fuse-linker-plugin -fno-fat-lto-objects
FAIL: gcc.c-torture/execute/builtins/stpcpy-chk.c compilation, -O2 -flto -fuse-linker-plugin -fno-fat-lto-objects
UNRESOLVED: gcc.c-torture/execute/builtins/stpcpy-chk.c execution, -O2 -flto -fuse-linker-plugin -fno-fat-lto-objects
FAIL: gcc.c-torture/execute/builtins/stpncpy-chk.c compilation, -O2 -flto -fuse-linker-plugin -fno-fat-lto-objects
UNRESOLVED: gcc.c-torture/execute/builtins/stpncpy-chk.c execution, -O2 -flto -fuse-linker-plugin -fno-fat-lto-objects
FAIL: gcc.c-torture/execute/builtins/strcat-chk.c compilation, -O2 -flto -fuse-linker-plugin -fno-fat-lto-objects
UNRESOLVED: gcc.c-torture/execute/builtins/strcat-chk.c execution, -O2 -flto -fuse-linker-plugin -fno-fat-lto-objects
FAIL: gcc.c-torture/execute/builtins/strcmp.c compilation, -O2 -flto -fuse-linker-plugin -fno-fat-lto-objects
UNRESOLVED: gcc.c-torture/execute/builtins/strcmp.c execution, -O2 -flto -fuse-linker-plugin -fno-fat-lto-objects
FAIL: gcc.c-torture/execute/builtins/strcpy-chk.c compilation, -O2 -flto -fuse-linker-plugin -fno-fat-lto-objects
UNRESOLVED: gcc.c-torture/execute/builtins/strcpy-chk.c execution, -O2 -flto -fuse-linker-plugin -fno-fat-lto-objects
FAIL: gcc.c-torture/execute/builtins/strlen-2.c compilation, -O2 -flto -fuse-linker-plugin -fno-fat-lto-objects
UNRESOLVED: gcc.c-torture/execute/builtins/strlen-2.c execution, -O2 -flto -fuse-linker-plugin -fno-fat-lto-objects
FAIL: gcc.c-torture/execute/builtins/strlen-3.c compilation, -O2 -flto -fuse-linker-plugin -fno-fat-lto-objects
UNRESOLVED: gcc.c-torture/execute/builtins/strlen-3.c execution, -O2 -flto -fuse-linker-plugin -fno-fat-lto-objects
FAIL: gcc.c-torture/execute/builtins/strlen.c compilation, -O2 -flto -fuse-linker-plugin -fno-fat-lto-objects
UNRESOLVED: gcc.c-torture/execute/builtins/strlen.c execution, -O2 -flto -fuse-linker-plugin -fno-fat-lto-objects
FAIL: gcc.c-torture/execute/builtins/strncat-chk.c compilation, -O2 -flto -fuse-linker-plugin -fno-fat-lto-objects
UNRESOLVED: gcc.c-torture/execute/builtins/strncat-chk.c execution, -O2 -flto -fuse-linker-plugin -fno-fat-lto-objects
FAIL: gcc.c-torture/execute/builtins/strncpy-chk.c compilation, -O2 -flto -fuse-linker-plugin -fno-fat-lto-objects
UNRESOLVED: gcc.c-torture/execute/builtins/strncpy-chk.c execution, -O2 -flto -fuse-linker-plugin -fno-fat-lto-objects
FAIL: gcc.c-torture/execute/builtins/vsnprintf-chk.c compilation, -O2 -flto -fuse-linker-plugin -fno-fat-lto-objects
UNRESOLVED: gcc.c-torture/execute/builtins/vsnprintf-chk.c execution, -O2 -flto -fuse-linker-plugin -fno-fat-lto-objects
FAIL: gcc.c-torture/execute/builtins/vsprintf-chk.c compilation, -O2 -flto -fuse-linker-plugin -fno-fat-lto-objects
UNRESOLVED: gcc.c-torture/execute/builtins/vsprintf-chk.c execution, -O2 -flto -fuse-linker-plugin -fno-fat-lto-objects
FAIL: gcc.c-torture/execute/20101011-1.c execution, -O0
FAIL: gcc.c-torture/execute/20101011-1.c execution, -O1
FAIL: gcc.c-torture/execute/20101011-1.c execution, -O2
FAIL: gcc.c-torture/execute/20101011-1.c execution, -O3 -fomit-frame-pointer
FAIL: gcc.c-torture/execute/20101011-1.c execution, -O3 -g
FAIL: gcc.c-torture/execute/20101011-1.c execution, -Os
FAIL: gcc.c-torture/execute/20101011-1.c execution, -Og -g
FAIL: gcc.c-torture/execute/20101011-1.c execution, -O2 -flto -fno-use-linker-plugin -flto-partition=none
FAIL: gcc.c-torture/execute/20101011-1.c execution, -O2 -flto -fuse-linker-plugin -fno-fat-lto-objects
FAIL: gcc.dg/debug/debug-1.c -gdwarf-2 -O scan-assembler xyzzy
FAIL: gcc.dg/debug/debug-1.c -gdwarf-2 -O3 scan-assembler xyzzy
FAIL: gcc.dg/debug/debug-1.c -gdwarf-2 -g3 -O scan-assembler xyzzy
FAIL: gcc.dg/debug/debug-1.c -gdwarf-2 -g3 -O3 scan-assembler xyzzy
FAIL: gcc.dg/debug/debug-2.c -gdwarf-2 -O scan-assembler xyzzy
FAIL: gcc.dg/debug/debug-2.c -gdwarf-2 -O3 scan-assembler xyzzy
FAIL: gcc.dg/debug/debug-2.c -gdwarf-2 -g3 -O scan-assembler xyzzy
FAIL: gcc.dg/debug/debug-2.c -gdwarf-2 -g3 -O3 scan-assembler xyzzy
FAIL: gcc.dg/debug/dwarf2/inline2.c scan-assembler-times (?:byte|data1)[^\\n]*0x3[^\\n]* DW_AT_inline 3
FAIL: gcc.dg/debug/dwarf2/pr41445-1.c scan-assembler DW_TAG_variable[^\\\\r\\\\n]*[\\\\r\\\\n]+[^\\\\r\\\\n]*"varh[^\\\\r\\\\n]*DW_AT_name([^\\\\r\\\\n]*[\\\\r\\\\n]+[^\\\\r\\\\n]*DW_AT_)*[^\\\\r\\\\n]*[\\\\r\\\\n]+[^\\\\r\\\\n]*[^0-9a-fA-FxX](0x)?8[^0-9a-fA-FxX][^\\\\r\\\\n]*DW_AT_decl_line
FAIL: gcc.dg/debug/dwarf2/pr41445-1.c scan-assembler DW_TAG_variable[^\\\\r\\\\n]*[\\\\r\\\\n]+[^\\\\r\\\\n]*"vari[^\\\\r\\\\n]*DW_AT_name([^\\\\r\\\\n]*[\\\\r\\\\n]+[^\\\\r\\\\n]*DW_AT_)*[^\\\\r\\\\n]*[\\\\r\\\\n]+[^\\\\r\\\\n]*[^0-9a-fA-FxX](0xc|12)[^0-9a-fA-FxX][^\\\\r\\\\n]*DW_AT_decl_line
FAIL: gcc.dg/debug/dwarf2/pr41445-1.c scan-assembler DW_TAG_variable[^\\\\r\\\\n]*[\\\\r\\\\n]+[^\\\\r\\\\n]*"varj[^\\\\r\\\\n]*DW_AT_name([^\\\\r\\\\n]*[\\\\r\\\\n]+[^\\\\r\\\\n]*DW_AT_)*[^\\\\r\\\\n]*[\\\\r\\\\n]+[^\\\\r\\\\n]*[^0-9a-fA-FxX](0xd|13)[^0-9a-fA-FxX][^\\\\r\\\\n]*DW_AT_decl_line
FAIL: gcc.dg/debug/dwarf2/pr41445-2.c scan-assembler DW_TAG_variable[^\\\\r\\\\n]*[\\\\r\\\\n]+[^\\\\r\\\\n]*"varh[^\\\\r\\\\n]*DW_AT_name([^\\\\r\\\\n]*[\\\\r\\\\n]+[^\\\\r\\\\n]*DW_AT_)*[^\\\\r\\\\n]*[\\\\r\\\\n]+[^\\\\r\\\\n]*[^0-9a-fA-FxX](0x)?8[^0-9a-fA-FxX][^\\\\r\\\\n]*DW_AT_decl_line
FAIL: gcc.dg/debug/dwarf2/pr41445-2.c scan-assembler DW_TAG_variable[^\\\\r\\\\n]*[\\\\r\\\\n]+[^\\\\r\\\\n]*"vari[^\\\\r\\\\n]*DW_AT_name([^\\\\r\\\\n]*[\\\\r\\\\n]+[^\\\\r\\\\n]*DW_AT_)*[^\\\\r\\\\n]*[\\\\r\\\\n]+[^\\\\r\\\\n]*[^0-9a-fA-FxX](0xc|12)[^0-9a-fA-FxX][^\\\\r\\\\n]*DW_AT_decl_line
FAIL: gcc.dg/debug/dwarf2/pr41445-2.c scan-assembler DW_TAG_variable[^\\\\r\\\\n]*[\\\\r\\\\n]+[^\\\\r\\\\n]*"varj[^\\\\r\\\\n]*DW_AT_name([^\\\\r\\\\n]*[\\\\r\\\\n]+[^\\\\r\\\\n]*DW_AT_)*[^\\\\r\\\\n]*[\\\\r\\\\n]+[^\\\\r\\\\n]*[^0-9a-fA-FxX](0xd|13)[^0-9a-fA-FxX][^\\\\r\\\\n]*DW_AT_decl_line
FAIL: gcc.dg/debug/dwarf2/pr41445-3.c scan-assembler DW_TAG_variable[^\\\\r\\\\n]*[\\\\r\\\\n]+[^\\\\r\\\\n]*"varh[^\\\\r\\\\n]*DW_AT_name([^\\\\r\\\\n]*[\\\\r\\\\n]+[^\\\\r\\\\n]*DW_AT_)*[^\\\\r\\\\n]*[\\\\r\\\\n]+[^\\\\r\\\\n]*[^0-9a-fA-FxX](0x)?8[^0-9a-fA-FxX][^\\\\r\\\\n]*DW_AT_decl_line
FAIL: gcc.dg/debug/dwarf2/pr41445-3.c scan-assembler DW_TAG_variable[^\\\\r\\\\n]*[\\\\r\\\\n]+[^\\\\r\\\\n]*"vari[^\\\\r\\\\n]*DW_AT_name([^\\\\r\\\\n]*[\\\\r\\\\n]+[^\\\\r\\\\n]*DW_AT_)*[^\\\\r\\\\n]*[\\\\r\\\\n]+[^\\\\r\\\\n]*[^0-9a-fA-FxX](0xc|12)[^0-9a-fA-FxX][^\\\\r\\\\n]*DW_AT_decl_line
FAIL: gcc.dg/debug/dwarf2/pr41445-3.c scan-assembler DW_TAG_variable[^\\\\r\\\\n]*[\\\\r\\\\n]+[^\\\\r\\\\n]*"varj[^\\\\r\\\\n]*DW_AT_name([^\\\\r\\\\n]*[\\\\r\\\\n]+[^\\\\r\\\\n]*DW_AT_)*[^\\\\r\\\\n]*[\\\\r\\\\n]+[^\\\\r\\\\n]*[^0-9a-fA-FxX](0xd|13)[^0-9a-fA-FxX][^\\\\r\\\\n]*DW_AT_decl_line
FAIL: gcc.dg/debug/dwarf2/pr41445-4.c scan-assembler DW_TAG_variable[^\\\\r\\\\n]*[\\\\r\\\\n]+[^\\\\r\\\\n]*"varh[^\\\\r\\\\n]*DW_AT_name([^\\\\r\\\\n]*[\\\\r\\\\n]+[^\\\\r\\\\n]*DW_AT_)*[^\\\\r\\\\n]*[\\\\r\\\\n]+[^\\\\r\\\\n]*[^0-9a-fA-FxX](0x)?8[^0-9a-fA-FxX][^\\\\r\\\\n]*DW_AT_decl_line
FAIL: gcc.dg/debug/dwarf2/pr41445-4.c scan-assembler DW_TAG_variable[^\\\\r\\\\n]*[\\\\r\\\\n]+[^\\\\r\\\\n]*"vari[^\\\\r\\\\n]*DW_AT_name([^\\\\r\\\\n]*[\\\\r\\\\n]+[^\\\\r\\\\n]*DW_AT_)*[^\\\\r\\\\n]*[\\\\r\\\\n]+[^\\\\r\\\\n]*[^0-9a-fA-FxX](0xc|12)[^0-9a-fA-FxX][^\\\\r\\\\n]*DW_AT_decl_line
FAIL: gcc.dg/debug/dwarf2/pr41445-4.c scan-assembler DW_TAG_variable[^\\\\r\\\\n]*[\\\\r\\\\n]+[^\\\\r\\\\n]*"varj[^\\\\r\\\\n]*DW_AT_name([^\\\\r\\\\n]*[\\\\r\\\\n]+[^\\\\r\\\\n]*DW_AT_)*[^\\\\r\\\\n]*[\\\\r\\\\n]+[^\\\\r\\\\n]*[^0-9a-fA-FxX](0xd|13)[^0-9a-fA-FxX][^\\\\r\\\\n]*DW_AT_decl_line
FAIL: gcc.dg/debug/dwarf2/pr41445-5.c scan-assembler DW_TAG_variable[^\\\\r\\\\n]*[\\\\r\\\\n]+[^\\\\r\\\\n]*"vari[^\\\\r\\\\n]*DW_AT_name([^\\\\r\\\\n]*[\\\\r\\\\n]+[^\\\\r\\\\n]*DW_AT_)*[^\\\\r\\\\n]*[\\\\r\\\\n]+[^\\\\r\\\\n]*[^0-9a-fA-FxX](0xa|10)[^0-9a-fA-FxX][^\\\\r\\\\n]*DW_AT_decl_line
FAIL: gcc.dg/debug/dwarf2/pr41445-5.c scan-assembler DW_TAG_variable[^\\\\r\\\\n]*[\\\\r\\\\n]+[^\\\\r\\\\n]*"varj[^\\\\r\\\\n]*DW_AT_name([^\\\\r\\\\n]*[\\\\r\\\\n]+[^\\\\r\\\\n]*DW_AT_)*[^\\\\r\\\\n]*[\\\\r\\\\n]+[^\\\\r\\\\n]*[^0-9a-fA-FxX](0xa|10)[^0-9a-fA-FxX][^\\\\r\\\\n]*DW_AT_decl_line
FAIL: gcc.dg/debug/dwarf2/pr41445-6.c scan-assembler DW_TAG_variable[^\\\\r\\\\n]*[\\\\r\\\\n]+[^\\\\r\\\\n]*"vari[^\\\\r\\\\n]*DW_AT_name([^\\\\r\\\\n]*[\\\\r\\\\n]+[^\\\\r\\\\n]*DW_AT_)*[^\\\\r\\\\n]*[\\\\r\\\\n]+[^\\\\r\\\\n]*[^0-9a-fA-FxX](0xa|10)?[^0-9a-fA-FxX][^\\\\r\\\\n]*DW_AT_decl_line
FAIL: gcc.dg/debug/dwarf2/pr41445-6.c scan-assembler DW_TAG_variable[^\\\\r\\\\n]*[\\\\r\\\\n]+[^\\\\r\\\\n]*"varj[^\\\\r\\\\n]*DW_AT_name([^\\\\r\\\\n]*[\\\\r\\\\n]+[^\\\\r\\\\n]*DW_AT_)*[^\\\\r\\\\n]*[\\\\r\\\\n]+[^\\\\r\\\\n]*[^0-9a-fA-FxX](0xa|10)[^0-9a-fA-FxX][^\\\\r\\\\n]*DW_AT_decl_line
FAIL: gcc.dg/debug/dwarf2/struct-loc1.c scan-assembler DW_TAG_structure_type[^\\\\r\\\\n]*[\\\\r\\\\n]+[^\\\\r\\\\n]*"foo[^\\\\r\\\\n]*DW_AT_name([^\\\\r\\\\n]*[\\\\r\\\\n]+[^\\\\r\\\\n]*DW_AT_)*[^\\\\r\\\\n]*[\\\\r\\\\n]+[^\\\\r\\\\n]*[^0-9a-fA-FxX](0x)?6[^0-9a-fA-FxX][^\\\\r\\\\n]*DW_AT_decl_line
FAIL: gcc.dg/attr-weakref-1.c execution test
FAIL: gcc.dg/const-uniq-1.c scan-tree-dump-times gimple "L\\\\\$?C\\\\.*0" 2
XPASS: gcc.dg/pr30957-1.c execution test
FAIL: gcc.dg/pr30957-1.c scan-rtl-dump loop2_unroll "Expanding Accumulator"
FAIL: gcc.dg/pr42629.c (test for excess errors)
FAIL: gcc.dg/pr44194-1.c scan-rtl-dump dse1 "global deletions = (2|3)"
FAIL: gcc.dg/stack-usage-1.c (test for excess errors)
FAIL: gcc.dg/stack-usage-1.c scan-file foo\\t(256|264)\\tstatic
FAIL: gcc.dg/stack-usage-2.c (test for bogus messages, line 9)
FAIL: gcc.dg/stack-usage-2.c (test for warnings, line 16)
FAIL: gcc.dg/stack-usage-2.c (test for warnings, line 26)
FAIL: gcc.dg/stack-usage-2.c (test for warnings, line 33)
FAIL: gcc.dg/ucnid-11.c (internal compiler error)
FAIL: gcc.dg/ucnid-11.c (test for excess errors)
UNRESOLVED: gcc.dg/ucnid-11.c compilation failed to produce executable
FAIL: gcc.dg/ucnid-12.c (internal compiler error)
FAIL: gcc.dg/ucnid-12.c (test for excess errors)
UNRESOLVED: gcc.dg/ucnid-12.c compilation failed to produce executable
FAIL: gcc.dg/ucnid-2.c (internal compiler error)
FAIL: gcc.dg/ucnid-2.c (test for excess errors)
UNRESOLVED: gcc.dg/ucnid-2.c compilation failed to produce executable
FAIL: gcc.dg/ucnid-3.c (internal compiler error)
FAIL: gcc.dg/ucnid-3.c (test for excess errors)
UNRESOLVED: gcc.dg/ucnid-3.c compilation failed to produce executable
FAIL: gcc.dg/ucnid-4.c (internal compiler error)
FAIL: gcc.dg/ucnid-4.c (test for excess errors)
UNRESOLVED: gcc.dg/ucnid-4.c compilation failed to produce executable
FAIL: gcc.dg/ucnid-6.c (internal compiler error)
FAIL: gcc.dg/ucnid-6.c (test for excess errors)
UNRESOLVED: gcc.dg/ucnid-6.c compilation failed to produce executable
FAIL: gcc.dg/var-expand1.c scan-rtl-dump loop2_unroll "Expanding Accumulator"
FAIL: gcc.dg/ipa/iinline-4.c scan-ipa-dump inline "hooray4[^\\\\n]*inline copy in test4"
FAIL: gcc.dg/ipa/inline-5.c scan-ipa-dump-times inline "Will be eliminated" 4
FAIL: c-c++-common/torture/complex-sign-add.c -O2 -flto -fuse-linker-plugin -fno-fat-lto-objects (test for excess errors)
FAIL: c-c++-common/torture/complex-sign-mixed-add.c -O2 -flto -fuse-linker-plugin -fno-fat-lto-objects (test for excess errors)
FAIL: c-c++-common/torture/complex-sign-mixed-mul.c -O2 -flto -fuse-linker-plugin -fno-fat-lto-objects (test for excess errors)
FAIL: c-c++-common/torture/complex-sign-mixed-sub.c -O2 -flto -fuse-linker-plugin -fno-fat-lto-objects (test for excess errors)
FAIL: c-c++-common/torture/complex-sign-mul.c -O2 -flto -fuse-linker-plugin -fno-fat-lto-objects (test for excess errors)
FAIL: c-c++-common/torture/complex-sign-sub.c -O2 -flto -fuse-linker-plugin -fno-fat-lto-objects (test for excess errors)
FAIL: gcc.dg/torture/pr39074-2.c -O1 scan-tree-dump alias "y.._. = { i }"
FAIL: gcc.dg/torture/pr39074-2.c -O1 scan-tree-dump alias "y.._., points-to vars: { D..... }"
FAIL: gcc.dg/torture/pr39074-2.c -O2 scan-tree-dump alias "y.._. = { i }"
FAIL: gcc.dg/torture/pr39074-2.c -O2 scan-tree-dump alias "y.._., points-to vars: { D..... }"
FAIL: gcc.dg/torture/pr39074-2.c -O3 -fomit-frame-pointer scan-tree-dump alias "y.._. = { i }"
FAIL: gcc.dg/torture/pr39074-2.c -O3 -fomit-frame-pointer scan-tree-dump alias "y.._., points-to vars: { D..... }"
FAIL: gcc.dg/torture/pr39074-2.c -O3 -g scan-tree-dump alias "y.._. = { i }"
FAIL: gcc.dg/torture/pr39074-2.c -O3 -g scan-tree-dump alias "y.._., points-to vars: { D..... }"
FAIL: gcc.dg/torture/pr39074-2.c -Os scan-tree-dump alias "y.._. = { i }"
FAIL: gcc.dg/torture/pr39074-2.c -Os scan-tree-dump alias "y.._., points-to vars: { D..... }"
FAIL: gcc.dg/torture/pr39074-2.c -O2 -flto -fno-use-linker-plugin -flto-partition=none scan-tree-dump alias "y.._. = { i }"
FAIL: gcc.dg/torture/pr39074-2.c -O2 -flto -fno-use-linker-plugin -flto-partition=none scan-tree-dump alias "y.._., points-to vars: { D..... }"
FAIL: gcc.dg/torture/pr39074.c -O1 scan-tree-dump alias "y.._. = { i }"
FAIL: gcc.dg/torture/pr39074.c -O1 scan-tree-dump alias "y.._., points-to vars: { D..... }"
FAIL: gcc.dg/torture/pr39074.c -O2 scan-tree-dump alias "y.._. = { i }"
FAIL: gcc.dg/torture/pr39074.c -O2 scan-tree-dump alias "y.._., points-to vars: { D..... }"
FAIL: gcc.dg/torture/pr39074.c -O3 -fomit-frame-pointer scan-tree-dump alias "y.._. = { i }"
FAIL: gcc.dg/torture/pr39074.c -O3 -fomit-frame-pointer scan-tree-dump alias "y.._., points-to vars: { D..... }"
FAIL: gcc.dg/torture/pr39074.c -O3 -g scan-tree-dump alias "y.._. = { i }"
FAIL: gcc.dg/torture/pr39074.c -O3 -g scan-tree-dump alias "y.._., points-to vars: { D..... }"
FAIL: gcc.dg/torture/pr39074.c -Os scan-tree-dump alias "y.._. = { i }"
FAIL: gcc.dg/torture/pr39074.c -Os scan-tree-dump alias "y.._., points-to vars: { D..... }"
FAIL: gcc.dg/torture/pr39074.c -O2 -flto -fno-use-linker-plugin -flto-partition=none scan-tree-dump alias "y.._. = { i }"
FAIL: gcc.dg/torture/pr39074.c -O2 -flto -fno-use-linker-plugin -flto-partition=none scan-tree-dump alias "y.._., points-to vars: { D..... }"
FAIL: gcc.dg/torture/pta-callused-1.c -O1 scan-tree-dump alias "p.._. = { i j }"
FAIL: gcc.dg/torture/pta-callused-1.c -O2 scan-tree-dump alias "p.._. = { i j }"
FAIL: gcc.dg/torture/pta-callused-1.c -O3 -fomit-frame-pointer scan-tree-dump alias "p.._. = { i j }"
FAIL: gcc.dg/torture/pta-callused-1.c -O3 -g scan-tree-dump alias "p.._. = { i j }"
FAIL: gcc.dg/torture/pta-callused-1.c -Os scan-tree-dump alias "p.._. = { i j }"
FAIL: gcc.dg/torture/pta-callused-1.c -O2 -flto -fno-use-linker-plugin -flto-partition=none scan-tree-dump alias "p.._. = { i j }"
FAIL: gcc.dg/torture/vec-cvt-1.c -O2 -flto -fuse-linker-plugin -fno-fat-lto-objects (test for excess errors)
FAIL: gcc.dg/tree-ssa/loop-1.c scan-assembler-times foo 5
FAIL: gcc.dg/tree-ssa/reassoc-20.c scan-tree-dump-times optimized "b.._. \\\\+ a.._." 1
FAIL: gcc.dg/tree-ssa/ssa-dom-thread-4.c scan-tree-dump-times dom1 "Threaded" 3
FAIL: gcc.dg/tree-ssa/vector-4.c scan-tree-dump-times gimple "VEC_PERM_EXPR <a, b, { 0, 4, 1, 5 }>;" 1
FAIL: gcc.dg/tree-ssa/vrp47.c scan-tree-dump-times vrp1 "[xy][^ ]* !=" 0
FAIL: gcc.dg/tree-ssa/vrp47.c scan-tree-dump-times vrp1 "x[^ ]* [|] y" 1
FAIL: gcc.dg/weak/typeof-2.c scan-assembler baz3.*baz3.*baz3.*baz3.*baz3.*baz3
=== gcc Summary ===
# of expected passes 80063
# of unexpected failures 132
# of unexpected successes 1
# of expected failures 100
# of unresolved testcases 33
# of unsupported tests 1529
/tmp/pr24842a/gccobj/gcc/xgcc version 4.9.0 20131110 (experimental) [trunk revision 204654] (GCC)
Host is x86_64-unknown-linux-gnu
=== objc tests ===
Running target mmixware-sim
FAIL: objc/execute/exceptions/matcher-1.m execution, -O0 -fgnu-runtime
FAIL: objc/execute/exceptions/matcher-1.m execution, -O1 -fgnu-runtime
FAIL: objc/execute/exceptions/matcher-1.m execution, -O2 -fgnu-runtime
FAIL: objc/execute/exceptions/matcher-1.m execution, -O3 -fomit-frame-pointer -fgnu-runtime
FAIL: objc/execute/exceptions/matcher-1.m execution, -O3 -g -fgnu-runtime
FAIL: objc/execute/exceptions/matcher-1.m execution, -Os -fgnu-runtime
FAIL: objc.dg/dwarf-2.m -fgnu-runtime scan-assembler 0x10[^0-9a-f].*DW_AT_language
=== objc Summary ===
# of expected passes 2985
# of unexpected failures 7
# of unsupported tests 75
/tmp/pr24842a/gccobj/gcc/xgcc version 4.9.0 20131110 (experimental) [trunk revision 204654] (GCC)
Host is x86_64-unknown-linux-gnu
=== newlib tests ===
Running target mmixware-sim
FAIL: newlib.iconv/iconvjp.c execution
FAIL: newlib.iconv/iconvru.c execution
FAIL: newlib.iconv/iconvnm.c execution
FAIL: newlib.locale/UTF-8.c output
FAIL: newlib.search/hsearchtest.c execution
FAIL: newlib.stdio/swprintf.c execution
FAIL: newlib.stdlib/atexit.c output
FAIL: newlib.stdlib/size_max.c execution
FAIL: newlib.string/memmove1.c execution
FAIL: newlib.string/strcmp-1.c execution
FAIL: newlib.string/tstring.c execution
FAIL: newlib.string/memcpy-1.c execution
FAIL: newlib.wctype/tiswctype.c execution
FAIL: newlib.wctype/twctrans.c execution
FAIL: newlib.wctype/twctype.c execution
=== newlib Summary ===
# of expected passes 15
# of unexpected failures 15
Host is mmix-knuth-mmixware
=== libstdc++ tests ===
Running target mmixware-sim
FAIL: 20_util/hash/chi2_quality.cc execution test
FAIL: 20_util/shared_ptr/cons/58659.cc execution test
FAIL: 27_io/basic_istream/peek/char/6414.cc execution test
FAIL: 27_io/basic_istream/peek/wchar_t/6414.cc execution test
XPASS: 27_io/ios_base/sync_with_stdio/1.cc execution test
FAIL: tr1/5_numerical_facilities/special_functions/14_ellint_3/check_value.cc (test for excess errors)
UNRESOLVED: tr1/5_numerical_facilities/special_functions/14_ellint_3/check_value.cc compilation failed to produce executable
FAIL: tr1/5_numerical_facilities/special_functions/17_hyperg/check_value.cc (test for excess errors)
UNRESOLVED: tr1/5_numerical_facilities/special_functions/17_hyperg/check_value.cc compilation failed to produce executable
=== libstdc++ Summary ===
# of expected passes 7510
# of unexpected failures 6
# of unexpected successes 1
# of expected failures 39
# of unresolved testcases 2
# of unsupported tests 676
Host is x86_64-unknown-linux-gnu
=== newlib tests ===
Running target mmixware-sim
FAIL: newlib.locale/UTF-8.c output
WARNING: program timed out.
FAIL: newlib.string/strcmp-1.c execution
=== newlib Summary ===
# of expected passes 28
# of unexpected failures 2
Compiler version: 4.9.020131110(experimental)[trunkrevision204654](GCC)
Platform: mmix-knuth-mmixware
configure flags: --prefix=/tmp/pr24842a/pre --target=mmix --with-gnu-ld --with-gnu-as --with-newlib