This is the mail archive of the
gcc-testresults@gcc.gnu.org
mailing list for the GCC project.
Results for 4.9.0 20131102 (experimental/-mlra) [trunk revision 204319] (GCC) testsuite on powerpc64-unknown-linux-gnu
- From: stevenb at gcc1-power7 dot osuosl dot org
- To: gcc-testresults at gcc dot gnu dot org
- Date: Sat, 02 Nov 2013 14:26:05 -0700
- Subject: Results for 4.9.0 20131102 (experimental/-mlra) [trunk revision 204319] (GCC) testsuite on powerpc64-unknown-linux-gnu
- Authentication-results: sourceware.org; auth=none
LAST_UPDATED: Sat Nov 2 14:58:30 UTC 2013 (revision 204319)
Native configuration is powerpc64-unknown-linux-gnu (-mlra)
=== gcc tests ===
Running target unix
FAIL: c-c++-common/asan/clone-test-1.c -O0 execution test
FAIL: c-c++-common/asan/clone-test-1.c -O1 execution test
FAIL: c-c++-common/asan/clone-test-1.c -O2 execution test
FAIL: c-c++-common/asan/clone-test-1.c -O3 -fomit-frame-pointer execution test
FAIL: c-c++-common/asan/clone-test-1.c -O3 -fomit-frame-pointer -funroll-loops execution test
FAIL: c-c++-common/asan/clone-test-1.c -O3 -fomit-frame-pointer -funroll-all-loops -finline-functions execution test
FAIL: c-c++-common/asan/clone-test-1.c -O3 -g execution test
FAIL: c-c++-common/asan/clone-test-1.c -Os execution test
FAIL: c-c++-common/asan/clone-test-1.c -O2 -flto -fno-use-linker-plugin -flto-partition=none execution test
FAIL: c-c++-common/asan/clone-test-1.c -O2 -flto -fuse-linker-plugin -fno-fat-lto-objects execution test
FAIL: c-c++-common/asan/global-overflow-1.c -O0 output pattern test, is ==17004== AddressSanitizer CHECK failed: ../../../../trunk/libsanitizer/asan/asan_thread.cc:74 "((AddrIsInMem(stack_bottom_))) != (0)" (0x0, 0x0)
FAIL: c-c++-common/asan/global-overflow-1.c -O1 output pattern test, is ==17433== AddressSanitizer CHECK failed: ../../../../trunk/libsanitizer/asan/asan_thread.cc:74 "((AddrIsInMem(stack_bottom_))) != (0)" (0x0, 0x0)
FAIL: c-c++-common/asan/global-overflow-1.c -O2 output pattern test, is ==17903== AddressSanitizer CHECK failed: ../../../../trunk/libsanitizer/asan/asan_thread.cc:74 "((AddrIsInMem(stack_bottom_))) != (0)" (0x0, 0x0)
FAIL: c-c++-common/asan/global-overflow-1.c -O3 -fomit-frame-pointer output pattern test, is ==18310== AddressSanitizer CHECK failed: ../../../../trunk/libsanitizer/asan/asan_thread.cc:74 "((AddrIsInMem(stack_bottom_))) != (0)" (0x0, 0x0)
FAIL: c-c++-common/asan/global-overflow-1.c -O3 -g output pattern test, is ==18764== AddressSanitizer CHECK failed: ../../../../trunk/libsanitizer/asan/asan_thread.cc:74 "((AddrIsInMem(stack_bottom_))) != (0)" (0x0, 0x0)
FAIL: c-c++-common/asan/global-overflow-1.c -Os output pattern test, is ==19193== AddressSanitizer CHECK failed: ../../../../trunk/libsanitizer/asan/asan_thread.cc:74 "((AddrIsInMem(stack_bottom_))) != (0)" (0x0, 0x0)
FAIL: c-c++-common/asan/global-overflow-1.c -O2 -flto -fno-use-linker-plugin -flto-partition=none output pattern test, is ==20136== AddressSanitizer CHECK failed: ../../../../trunk/libsanitizer/asan/asan_thread.cc:74 "((AddrIsInMem(stack_bottom_))) != (0)" (0x0, 0x0)
FAIL: c-c++-common/asan/global-overflow-1.c -O2 -flto -fuse-linker-plugin -fno-fat-lto-objects output pattern test, is ==20743== AddressSanitizer CHECK failed: ../../../../trunk/libsanitizer/asan/asan_thread.cc:74 "((AddrIsInMem(stack_bottom_))) != (0)" (0x0, 0x0)
FAIL: c-c++-common/asan/heap-overflow-1.c -O0 output pattern test, is ==21086== AddressSanitizer CHECK failed: ../../../../trunk/libsanitizer/asan/asan_thread.cc:74 "((AddrIsInMem(stack_bottom_))) != (0)" (0x0, 0x0)
FAIL: c-c++-common/asan/heap-overflow-1.c -O1 output pattern test, is ==21483== AddressSanitizer CHECK failed: ../../../../trunk/libsanitizer/asan/asan_thread.cc:74 "((AddrIsInMem(stack_bottom_))) != (0)" (0x0, 0x0)
FAIL: c-c++-common/asan/heap-overflow-1.c -O2 output pattern test, is ==21828== AddressSanitizer CHECK failed: ../../../../trunk/libsanitizer/asan/asan_thread.cc:74 "((AddrIsInMem(stack_bottom_))) != (0)" (0x0, 0x0)
FAIL: c-c++-common/asan/heap-overflow-1.c -O3 -fomit-frame-pointer output pattern test, is ==22185== AddressSanitizer CHECK failed: ../../../../trunk/libsanitizer/asan/asan_thread.cc:74 "((AddrIsInMem(stack_bottom_))) != (0)" (0x0, 0x0)
FAIL: c-c++-common/asan/heap-overflow-1.c -O3 -g output pattern test, is ==22537== AddressSanitizer CHECK failed: ../../../../trunk/libsanitizer/asan/asan_thread.cc:74 "((AddrIsInMem(stack_bottom_))) != (0)" (0x0, 0x0)
FAIL: c-c++-common/asan/heap-overflow-1.c -Os output pattern test, is ==22876== AddressSanitizer CHECK failed: ../../../../trunk/libsanitizer/asan/asan_thread.cc:74 "((AddrIsInMem(stack_bottom_))) != (0)" (0x0, 0x0)
FAIL: c-c++-common/asan/heap-overflow-1.c -O2 -flto -fno-use-linker-plugin -flto-partition=none output pattern test, is ==23671== AddressSanitizer CHECK failed: ../../../../trunk/libsanitizer/asan/asan_thread.cc:74 "((AddrIsInMem(stack_bottom_))) != (0)" (0x0, 0x0)
FAIL: c-c++-common/asan/heap-overflow-1.c -O2 -flto -fuse-linker-plugin -fno-fat-lto-objects output pattern test, is ==24226== AddressSanitizer CHECK failed: ../../../../trunk/libsanitizer/asan/asan_thread.cc:74 "((AddrIsInMem(stack_bottom_))) != (0)" (0x0, 0x0)
FAIL: c-c++-common/asan/memcmp-1.c -O0 output pattern test, is ==24833== AddressSanitizer CHECK failed: ../../../../trunk/libsanitizer/asan/asan_thread.cc:74 "((AddrIsInMem(stack_bottom_))) != (0)" (0x0, 0x0)
FAIL: c-c++-common/asan/memcmp-1.c -O1 output pattern test, is ==25231== AddressSanitizer CHECK failed: ../../../../trunk/libsanitizer/asan/asan_thread.cc:74 "((AddrIsInMem(stack_bottom_))) != (0)" (0x0, 0x0)
FAIL: c-c++-common/asan/memcmp-1.c -O2 output pattern test, is ==25663== AddressSanitizer CHECK failed: ../../../../trunk/libsanitizer/asan/asan_thread.cc:74 "((AddrIsInMem(stack_bottom_))) != (0)" (0x0, 0x0)
FAIL: c-c++-common/asan/memcmp-1.c -O3 -fomit-frame-pointer output pattern test, is ==26090== AddressSanitizer CHECK failed: ../../../../trunk/libsanitizer/asan/asan_thread.cc:74 "((AddrIsInMem(stack_bottom_))) != (0)" (0x0, 0x0)
FAIL: c-c++-common/asan/memcmp-1.c -O3 -g output pattern test, is ==26544== AddressSanitizer CHECK failed: ../../../../trunk/libsanitizer/asan/asan_thread.cc:74 "((AddrIsInMem(stack_bottom_))) != (0)" (0x0, 0x0)
FAIL: c-c++-common/asan/memcmp-1.c -Os output pattern test, is ==27035== AddressSanitizer CHECK failed: ../../../../trunk/libsanitizer/asan/asan_thread.cc:74 "((AddrIsInMem(stack_bottom_))) != (0)" (0x0, 0x0)
FAIL: c-c++-common/asan/memcmp-1.c -O2 -flto -fno-use-linker-plugin -flto-partition=none output pattern test, is ==27988== AddressSanitizer CHECK failed: ../../../../trunk/libsanitizer/asan/asan_thread.cc:74 "((AddrIsInMem(stack_bottom_))) != (0)" (0x0, 0x0)
FAIL: c-c++-common/asan/memcmp-1.c -O2 -flto -fuse-linker-plugin -fno-fat-lto-objects output pattern test, is ==28733== AddressSanitizer CHECK failed: ../../../../trunk/libsanitizer/asan/asan_thread.cc:74 "((AddrIsInMem(stack_bottom_))) != (0)" (0x0, 0x0)
FAIL: c-c++-common/asan/null-deref-1.c -O0 output pattern test, is ==31577== AddressSanitizer CHECK failed: ../../../../trunk/libsanitizer/asan/asan_thread.cc:74 "((AddrIsInMem(stack_bottom_))) != (0)" (0x0, 0x0)
FAIL: c-c++-common/asan/null-deref-1.c -O1 output pattern test, is ==31988== AddressSanitizer CHECK failed: ../../../../trunk/libsanitizer/asan/asan_thread.cc:74 "((AddrIsInMem(stack_bottom_))) != (0)" (0x0, 0x0)
FAIL: c-c++-common/asan/null-deref-1.c -O2 output pattern test, is ==32460== AddressSanitizer CHECK failed: ../../../../trunk/libsanitizer/asan/asan_thread.cc:74 "((AddrIsInMem(stack_bottom_))) != (0)" (0x0, 0x0)
FAIL: c-c++-common/asan/null-deref-1.c -O3 -fomit-frame-pointer output pattern test, is ==32780== AddressSanitizer CHECK failed: ../../../../trunk/libsanitizer/asan/asan_thread.cc:74 "((AddrIsInMem(stack_bottom_))) != (0)" (0x0, 0x0)
FAIL: c-c++-common/asan/null-deref-1.c -O3 -g output pattern test, is ==33248== AddressSanitizer CHECK failed: ../../../../trunk/libsanitizer/asan/asan_thread.cc:74 "((AddrIsInMem(stack_bottom_))) != (0)" (0x0, 0x0)
FAIL: c-c++-common/asan/null-deref-1.c -Os output pattern test, is ==33595== AddressSanitizer CHECK failed: ../../../../trunk/libsanitizer/asan/asan_thread.cc:74 "((AddrIsInMem(stack_bottom_))) != (0)" (0x0, 0x0)
FAIL: c-c++-common/asan/null-deref-1.c -O2 -flto -fno-use-linker-plugin -flto-partition=none output pattern test, is ==34372== AddressSanitizer CHECK failed: ../../../../trunk/libsanitizer/asan/asan_thread.cc:74 "((AddrIsInMem(stack_bottom_))) != (0)" (0x0, 0x0)
FAIL: c-c++-common/asan/null-deref-1.c -O2 -flto -fuse-linker-plugin -fno-fat-lto-objects output pattern test, is ==35073== AddressSanitizer CHECK failed: ../../../../trunk/libsanitizer/asan/asan_thread.cc:74 "((AddrIsInMem(stack_bottom_))) != (0)" (0x0, 0x0)
FAIL: c-c++-common/asan/rlimit-mmap-test-1.c -O0 output pattern test, is ==37246== AddressSanitizer CHECK failed: ../../../../trunk/libsanitizer/asan/asan_thread.cc:74 "((AddrIsInMem(stack_bottom_))) != (0)" (0x0, 0x0)
FAIL: c-c++-common/asan/sanity-check-pure-c-1.c -O0 output pattern test, is ==37760== AddressSanitizer CHECK failed: ../../../../trunk/libsanitizer/asan/asan_thread.cc:74 "((AddrIsInMem(stack_bottom_))) != (0)" (0x0, 0x0)
FAIL: c-c++-common/asan/sanity-check-pure-c-1.c -O1 output pattern test, is ==38152== AddressSanitizer CHECK failed: ../../../../trunk/libsanitizer/asan/asan_thread.cc:74 "((AddrIsInMem(stack_bottom_))) != (0)" (0x0, 0x0)
FAIL: c-c++-common/asan/sanity-check-pure-c-1.c -O2 output pattern test, is ==38426== AddressSanitizer CHECK failed: ../../../../trunk/libsanitizer/asan/asan_thread.cc:74 "((AddrIsInMem(stack_bottom_))) != (0)" (0x0, 0x0)
FAIL: c-c++-common/asan/sanity-check-pure-c-1.c -O3 -fomit-frame-pointer output pattern test, is ==38736== AddressSanitizer CHECK failed: ../../../../trunk/libsanitizer/asan/asan_thread.cc:74 "((AddrIsInMem(stack_bottom_))) != (0)" (0x0, 0x0)
FAIL: c-c++-common/asan/sanity-check-pure-c-1.c -O3 -g output pattern test, is ==39092== AddressSanitizer CHECK failed: ../../../../trunk/libsanitizer/asan/asan_thread.cc:74 "((AddrIsInMem(stack_bottom_))) != (0)" (0x0, 0x0)
FAIL: c-c++-common/asan/sanity-check-pure-c-1.c -Os output pattern test, is ==39462== AddressSanitizer CHECK failed: ../../../../trunk/libsanitizer/asan/asan_thread.cc:74 "((AddrIsInMem(stack_bottom_))) != (0)" (0x0, 0x0)
FAIL: c-c++-common/asan/sanity-check-pure-c-1.c -O2 -flto -fno-use-linker-plugin -flto-partition=none output pattern test, is ==40457== AddressSanitizer CHECK failed: ../../../../trunk/libsanitizer/asan/asan_thread.cc:74 "((AddrIsInMem(stack_bottom_))) != (0)" (0x0, 0x0)
FAIL: c-c++-common/asan/sanity-check-pure-c-1.c -O2 -flto -fuse-linker-plugin -fno-fat-lto-objects output pattern test, is ==40980== AddressSanitizer CHECK failed: ../../../../trunk/libsanitizer/asan/asan_thread.cc:74 "((AddrIsInMem(stack_bottom_))) != (0)" (0x0, 0x0)
FAIL: c-c++-common/asan/sleep-before-dying-1.c -O2 output pattern test, is ==41390== AddressSanitizer CHECK failed: ../../../../trunk/libsanitizer/asan/asan_thread.cc:74 "((AddrIsInMem(stack_bottom_))) != (0)" (0x0, 0x0)
FAIL: c-c++-common/asan/sleep-before-dying-1.c -O2 -flto -fno-use-linker-plugin -flto-partition=none output pattern test, is ==42259== AddressSanitizer CHECK failed: ../../../../trunk/libsanitizer/asan/asan_thread.cc:74 "((AddrIsInMem(stack_bottom_))) != (0)" (0x0, 0x0)
FAIL: c-c++-common/asan/sleep-before-dying-1.c -O2 -flto -fuse-linker-plugin -fno-fat-lto-objects output pattern test, is ==42799== AddressSanitizer CHECK failed: ../../../../trunk/libsanitizer/asan/asan_thread.cc:74 "((AddrIsInMem(stack_bottom_))) != (0)" (0x0, 0x0)
FAIL: c-c++-common/asan/stack-overflow-1.c -O0 output pattern test, is ==43163== AddressSanitizer CHECK failed: ../../../../trunk/libsanitizer/asan/asan_thread.cc:74 "((AddrIsInMem(stack_bottom_))) != (0)" (0x0, 0x0)
FAIL: c-c++-common/asan/stack-overflow-1.c -O1 output pattern test, is ==43517== AddressSanitizer CHECK failed: ../../../../trunk/libsanitizer/asan/asan_thread.cc:74 "((AddrIsInMem(stack_bottom_))) != (0)" (0x0, 0x0)
FAIL: c-c++-common/asan/stack-overflow-1.c -O2 output pattern test, is ==43853== AddressSanitizer CHECK failed: ../../../../trunk/libsanitizer/asan/asan_thread.cc:74 "((AddrIsInMem(stack_bottom_))) != (0)" (0x0, 0x0)
FAIL: c-c++-common/asan/stack-overflow-1.c -O3 -fomit-frame-pointer output pattern test, is ==44292== AddressSanitizer CHECK failed: ../../../../trunk/libsanitizer/asan/asan_thread.cc:74 "((AddrIsInMem(stack_bottom_))) != (0)" (0x0, 0x0)
FAIL: c-c++-common/asan/stack-overflow-1.c -O3 -g output pattern test, is ==44646== AddressSanitizer CHECK failed: ../../../../trunk/libsanitizer/asan/asan_thread.cc:74 "((AddrIsInMem(stack_bottom_))) != (0)" (0x0, 0x0)
FAIL: c-c++-common/asan/stack-overflow-1.c -Os output pattern test, is ==45053== AddressSanitizer CHECK failed: ../../../../trunk/libsanitizer/asan/asan_thread.cc:74 "((AddrIsInMem(stack_bottom_))) != (0)" (0x0, 0x0)
FAIL: c-c++-common/asan/stack-overflow-1.c -O2 -flto -fno-use-linker-plugin -flto-partition=none output pattern test, is ==46238== AddressSanitizer CHECK failed: ../../../../trunk/libsanitizer/asan/asan_thread.cc:74 "((AddrIsInMem(stack_bottom_))) != (0)" (0x0, 0x0)
FAIL: c-c++-common/asan/stack-overflow-1.c -O2 -flto -fuse-linker-plugin -fno-fat-lto-objects output pattern test, is ==47034== AddressSanitizer CHECK failed: ../../../../trunk/libsanitizer/asan/asan_thread.cc:74 "((AddrIsInMem(stack_bottom_))) != (0)" (0x0, 0x0)
FAIL: c-c++-common/asan/strip-path-prefix-1.c -O2 output pattern test, is ==47524== AddressSanitizer CHECK failed: ../../../../trunk/libsanitizer/asan/asan_thread.cc:74 "((AddrIsInMem(stack_bottom_))) != (0)" (0x0, 0x0)
FAIL: c-c++-common/asan/strip-path-prefix-1.c -O2 -flto -fno-use-linker-plugin -flto-partition=none output pattern test, is ==48491== AddressSanitizer CHECK failed: ../../../../trunk/libsanitizer/asan/asan_thread.cc:74 "((AddrIsInMem(stack_bottom_))) != (0)" (0x0, 0x0)
FAIL: c-c++-common/asan/strip-path-prefix-1.c -O2 -flto -fuse-linker-plugin -fno-fat-lto-objects output pattern test, is ==49066== AddressSanitizer CHECK failed: ../../../../trunk/libsanitizer/asan/asan_thread.cc:74 "((AddrIsInMem(stack_bottom_))) != (0)" (0x0, 0x0)
FAIL: c-c++-common/asan/strncpy-overflow-1.c -O0 output pattern test, is ==49460== AddressSanitizer CHECK failed: ../../../../trunk/libsanitizer/asan/asan_thread.cc:74 "((AddrIsInMem(stack_bottom_))) != (0)" (0x0, 0x0)
FAIL: c-c++-common/asan/strncpy-overflow-1.c -O1 output pattern test, is ==49887== AddressSanitizer CHECK failed: ../../../../trunk/libsanitizer/asan/asan_thread.cc:74 "((AddrIsInMem(stack_bottom_))) != (0)" (0x0, 0x0)
FAIL: c-c++-common/asan/strncpy-overflow-1.c -O2 output pattern test, is ==50273== AddressSanitizer CHECK failed: ../../../../trunk/libsanitizer/asan/asan_thread.cc:74 "((AddrIsInMem(stack_bottom_))) != (0)" (0x0, 0x0)
FAIL: c-c++-common/asan/strncpy-overflow-1.c -O3 -fomit-frame-pointer output pattern test, is ==50638== AddressSanitizer CHECK failed: ../../../../trunk/libsanitizer/asan/asan_thread.cc:74 "((AddrIsInMem(stack_bottom_))) != (0)" (0x0, 0x0)
FAIL: c-c++-common/asan/strncpy-overflow-1.c -O3 -g output pattern test, is ==51197== AddressSanitizer CHECK failed: ../../../../trunk/libsanitizer/asan/asan_thread.cc:74 "((AddrIsInMem(stack_bottom_))) != (0)" (0x0, 0x0)
FAIL: c-c++-common/asan/strncpy-overflow-1.c -Os output pattern test, is ==51541== AddressSanitizer CHECK failed: ../../../../trunk/libsanitizer/asan/asan_thread.cc:74 "((AddrIsInMem(stack_bottom_))) != (0)" (0x0, 0x0)
FAIL: c-c++-common/asan/strncpy-overflow-1.c -O2 -flto -fno-use-linker-plugin -flto-partition=none output pattern test, is ==52271== AddressSanitizer CHECK failed: ../../../../trunk/libsanitizer/asan/asan_thread.cc:74 "((AddrIsInMem(stack_bottom_))) != (0)" (0x0, 0x0)
FAIL: c-c++-common/asan/strncpy-overflow-1.c -O2 -flto -fuse-linker-plugin -fno-fat-lto-objects output pattern test, is ==52834== AddressSanitizer CHECK failed: ../../../../trunk/libsanitizer/asan/asan_thread.cc:74 "((AddrIsInMem(stack_bottom_))) != (0)" (0x0, 0x0)
FAIL: c-c++-common/asan/swapcontext-test-1.c -O0 execution test
FAIL: c-c++-common/asan/swapcontext-test-1.c -O1 execution test
FAIL: c-c++-common/asan/swapcontext-test-1.c -O2 execution test
FAIL: c-c++-common/asan/swapcontext-test-1.c -O3 -fomit-frame-pointer execution test
FAIL: c-c++-common/asan/swapcontext-test-1.c -O3 -fomit-frame-pointer -funroll-loops execution test
FAIL: c-c++-common/asan/swapcontext-test-1.c -O3 -fomit-frame-pointer -funroll-all-loops -finline-functions execution test
FAIL: c-c++-common/asan/swapcontext-test-1.c -O3 -g execution test
FAIL: c-c++-common/asan/swapcontext-test-1.c -Os execution test
FAIL: c-c++-common/asan/swapcontext-test-1.c -O2 -flto -fno-use-linker-plugin -flto-partition=none execution test
FAIL: c-c++-common/asan/swapcontext-test-1.c -O2 -flto -fuse-linker-plugin -fno-fat-lto-objects execution test
FAIL: c-c++-common/asan/use-after-free-1.c -O0 output pattern test, is ==58787== AddressSanitizer CHECK failed: ../../../../trunk/libsanitizer/asan/asan_thread.cc:74 "((AddrIsInMem(stack_bottom_))) != (0)" (0x0, 0x0)
FAIL: c-c++-common/asan/use-after-free-1.c -O1 output pattern test, is ==59143== AddressSanitizer CHECK failed: ../../../../trunk/libsanitizer/asan/asan_thread.cc:74 "((AddrIsInMem(stack_bottom_))) != (0)" (0x0, 0x0)
FAIL: c-c++-common/asan/use-after-free-1.c -O2 output pattern test, is ==59441== AddressSanitizer CHECK failed: ../../../../trunk/libsanitizer/asan/asan_thread.cc:74 "((AddrIsInMem(stack_bottom_))) != (0)" (0x0, 0x0)
FAIL: c-c++-common/asan/use-after-free-1.c -O3 -fomit-frame-pointer output pattern test, is ==59736== AddressSanitizer CHECK failed: ../../../../trunk/libsanitizer/asan/asan_thread.cc:74 "((AddrIsInMem(stack_bottom_))) != (0)" (0x0, 0x0)
FAIL: c-c++-common/asan/use-after-free-1.c -O3 -g output pattern test, is ==60098== AddressSanitizer CHECK failed: ../../../../trunk/libsanitizer/asan/asan_thread.cc:74 "((AddrIsInMem(stack_bottom_))) != (0)" (0x0, 0x0)
FAIL: c-c++-common/asan/use-after-free-1.c -Os output pattern test, is ==60414== AddressSanitizer CHECK failed: ../../../../trunk/libsanitizer/asan/asan_thread.cc:74 "((AddrIsInMem(stack_bottom_))) != (0)" (0x0, 0x0)
FAIL: c-c++-common/asan/use-after-free-1.c -O2 -flto -fno-use-linker-plugin -flto-partition=none output pattern test, is ==61197== AddressSanitizer CHECK failed: ../../../../trunk/libsanitizer/asan/asan_thread.cc:74 "((AddrIsInMem(stack_bottom_))) != (0)" (0x0, 0x0)
FAIL: c-c++-common/asan/use-after-free-1.c -O2 -flto -fuse-linker-plugin -fno-fat-lto-objects output pattern test, is ==61792== AddressSanitizer CHECK failed: ../../../../trunk/libsanitizer/asan/asan_thread.cc:74 "((AddrIsInMem(stack_bottom_))) != (0)" (0x0, 0x0)
FAIL: gcc.dg/and-1.c scan-assembler-not nand
FAIL: gcc.dg/pr44194-1.c scan-rtl-dump dse1 "global deletions = (2|3)"
XPASS: gcc.dg/guality/example.c -O0 execution test
XPASS: gcc.dg/guality/example.c -O1 execution test
XPASS: gcc.dg/guality/guality.c -O0 execution test
XPASS: gcc.dg/guality/guality.c -O1 execution test
XPASS: gcc.dg/guality/guality.c -O2 execution test
XPASS: gcc.dg/guality/guality.c -O3 -fomit-frame-pointer execution test
XPASS: gcc.dg/guality/guality.c -O3 -g execution test
XPASS: gcc.dg/guality/guality.c -Os execution test
XPASS: gcc.dg/guality/guality.c -O2 -flto -fno-use-linker-plugin -flto-partition=none execution test
XPASS: gcc.dg/guality/guality.c -O2 -flto -fuse-linker-plugin -fno-fat-lto-objects execution test
XPASS: gcc.dg/guality/inline-params.c -O2 execution test
XPASS: gcc.dg/guality/inline-params.c -O3 -fomit-frame-pointer execution test
XPASS: gcc.dg/guality/inline-params.c -O3 -g execution test
XPASS: gcc.dg/guality/inline-params.c -Os execution test
XPASS: gcc.dg/guality/inline-params.c -O2 -flto -fno-use-linker-plugin -flto-partition=none execution test
FAIL: gcc.dg/guality/pr36728-1.c -O1 line 16 arg6 == 6
FAIL: gcc.dg/guality/pr36728-1.c -O1 line 16 arg7 == 30
FAIL: gcc.dg/guality/pr36728-1.c -O1 line 18 arg5 == 5
FAIL: gcc.dg/guality/pr36728-1.c -O1 line 18 arg6 == 6
FAIL: gcc.dg/guality/pr36728-1.c -O1 line 18 arg7 == 30
FAIL: gcc.dg/guality/pr36728-1.c -O2 line 16 arg4 == 4
FAIL: gcc.dg/guality/pr36728-1.c -O2 line 16 arg7 == 30
FAIL: gcc.dg/guality/pr36728-1.c -O2 line 16 y == 2
FAIL: gcc.dg/guality/pr36728-1.c -O2 line 18 arg4 == 4
FAIL: gcc.dg/guality/pr36728-1.c -O2 line 18 arg5 == 5
FAIL: gcc.dg/guality/pr36728-1.c -O2 line 18 arg6 == 6
FAIL: gcc.dg/guality/pr36728-1.c -O2 line 18 arg7 == 30
FAIL: gcc.dg/guality/pr36728-1.c -O3 -fomit-frame-pointer line 16 arg4 == 4
FAIL: gcc.dg/guality/pr36728-1.c -O3 -fomit-frame-pointer line 16 arg7 == 30
FAIL: gcc.dg/guality/pr36728-1.c -O3 -fomit-frame-pointer line 16 y == 2
FAIL: gcc.dg/guality/pr36728-1.c -O3 -fomit-frame-pointer line 18 arg4 == 4
FAIL: gcc.dg/guality/pr36728-1.c -O3 -fomit-frame-pointer line 18 arg5 == 5
FAIL: gcc.dg/guality/pr36728-1.c -O3 -fomit-frame-pointer line 18 arg6 == 6
FAIL: gcc.dg/guality/pr36728-1.c -O3 -fomit-frame-pointer line 18 arg7 == 30
FAIL: gcc.dg/guality/pr36728-1.c -O3 -g line 16 arg4 == 4
FAIL: gcc.dg/guality/pr36728-1.c -O3 -g line 16 arg7 == 30
FAIL: gcc.dg/guality/pr36728-1.c -O3 -g line 16 y == 2
FAIL: gcc.dg/guality/pr36728-1.c -O3 -g line 18 arg4 == 4
FAIL: gcc.dg/guality/pr36728-1.c -O3 -g line 18 arg5 == 5
FAIL: gcc.dg/guality/pr36728-1.c -O3 -g line 18 arg6 == 6
FAIL: gcc.dg/guality/pr36728-1.c -O3 -g line 18 arg7 == 30
FAIL: gcc.dg/guality/pr36728-1.c -Os line 16 arg5 == 5
FAIL: gcc.dg/guality/pr36728-1.c -Os line 16 arg6 == 6
FAIL: gcc.dg/guality/pr36728-1.c -Os line 16 arg7 == 30
FAIL: gcc.dg/guality/pr36728-1.c -Os line 18 arg5 == 5
FAIL: gcc.dg/guality/pr36728-1.c -Os line 18 arg6 == 6
FAIL: gcc.dg/guality/pr36728-1.c -Os line 18 arg7 == 30
FAIL: gcc.dg/guality/pr36728-1.c -O2 -flto -fno-use-linker-plugin -flto-partition=none line 16 arg4 == 4
FAIL: gcc.dg/guality/pr36728-1.c -O2 -flto -fno-use-linker-plugin -flto-partition=none line 16 arg7 == 30
FAIL: gcc.dg/guality/pr36728-1.c -O2 -flto -fno-use-linker-plugin -flto-partition=none line 16 y == 2
FAIL: gcc.dg/guality/pr36728-1.c -O2 -flto -fno-use-linker-plugin -flto-partition=none line 18 arg4 == 4
FAIL: gcc.dg/guality/pr36728-1.c -O2 -flto -fno-use-linker-plugin -flto-partition=none line 18 arg5 == 5
FAIL: gcc.dg/guality/pr36728-1.c -O2 -flto -fno-use-linker-plugin -flto-partition=none line 18 arg6 == 6
FAIL: gcc.dg/guality/pr36728-1.c -O2 -flto -fno-use-linker-plugin -flto-partition=none line 18 arg7 == 30
FAIL: gcc.dg/guality/pr36728-1.c -O2 -flto -fuse-linker-plugin -fno-fat-lto-objects line 16 arg6 == 6
FAIL: gcc.dg/guality/pr36728-1.c -O2 -flto -fuse-linker-plugin -fno-fat-lto-objects line 16 arg7 == 30
FAIL: gcc.dg/guality/pr36728-1.c -O2 -flto -fuse-linker-plugin -fno-fat-lto-objects line 18 arg6 == 6
FAIL: gcc.dg/guality/pr36728-1.c -O2 -flto -fuse-linker-plugin -fno-fat-lto-objects line 18 arg7 == 30
FAIL: gcc.dg/guality/pr36728-2.c -O1 line 16 arg7 == 30
FAIL: gcc.dg/guality/pr36728-2.c -O1 line 18 arg6 == 6
FAIL: gcc.dg/guality/pr36728-2.c -O1 line 18 arg7 == 30
FAIL: gcc.dg/guality/pr36728-2.c -O2 line 16 arg5 == 5
FAIL: gcc.dg/guality/pr36728-2.c -O2 line 16 arg7 == 30
FAIL: gcc.dg/guality/pr36728-2.c -O2 line 16 y == 2
FAIL: gcc.dg/guality/pr36728-2.c -O2 line 18 arg5 == 5
FAIL: gcc.dg/guality/pr36728-2.c -O2 line 18 arg7 == 30
FAIL: gcc.dg/guality/pr36728-2.c -O3 -fomit-frame-pointer line 16 arg5 == 5
FAIL: gcc.dg/guality/pr36728-2.c -O3 -fomit-frame-pointer line 16 arg7 == 30
FAIL: gcc.dg/guality/pr36728-2.c -O3 -fomit-frame-pointer line 16 y == 2
FAIL: gcc.dg/guality/pr36728-2.c -O3 -fomit-frame-pointer line 18 arg5 == 5
FAIL: gcc.dg/guality/pr36728-2.c -O3 -fomit-frame-pointer line 18 arg7 == 30
FAIL: gcc.dg/guality/pr36728-2.c -O3 -g line 16 arg5 == 5
FAIL: gcc.dg/guality/pr36728-2.c -O3 -g line 16 arg7 == 30
FAIL: gcc.dg/guality/pr36728-2.c -O3 -g line 16 y == 2
FAIL: gcc.dg/guality/pr36728-2.c -O3 -g line 18 arg5 == 5
FAIL: gcc.dg/guality/pr36728-2.c -O3 -g line 18 arg7 == 30
FAIL: gcc.dg/guality/pr36728-2.c -Os line 16 arg6 == 6
FAIL: gcc.dg/guality/pr36728-2.c -Os line 16 arg7 == 30
FAIL: gcc.dg/guality/pr36728-2.c -Os line 18 arg6 == 6
FAIL: gcc.dg/guality/pr36728-2.c -Os line 18 arg7 == 30
FAIL: gcc.dg/guality/pr36728-2.c -Os line 18 y == 2
FAIL: gcc.dg/guality/pr36728-2.c -O2 -flto -fno-use-linker-plugin -flto-partition=none line 16 arg5 == 5
FAIL: gcc.dg/guality/pr36728-2.c -O2 -flto -fno-use-linker-plugin -flto-partition=none line 16 arg7 == 30
FAIL: gcc.dg/guality/pr36728-2.c -O2 -flto -fno-use-linker-plugin -flto-partition=none line 16 y == 2
FAIL: gcc.dg/guality/pr36728-2.c -O2 -flto -fno-use-linker-plugin -flto-partition=none line 18 arg5 == 5
FAIL: gcc.dg/guality/pr36728-2.c -O2 -flto -fno-use-linker-plugin -flto-partition=none line 18 arg7 == 30
FAIL: gcc.dg/guality/pr36728-2.c -O2 -flto -fuse-linker-plugin -fno-fat-lto-objects line 16 arg6 == 6
FAIL: gcc.dg/guality/pr36728-2.c -O2 -flto -fuse-linker-plugin -fno-fat-lto-objects line 16 arg7 == 30
FAIL: gcc.dg/guality/pr36728-2.c -O2 -flto -fuse-linker-plugin -fno-fat-lto-objects line 18 *x == (char) 25
FAIL: gcc.dg/guality/pr36728-3.c -O1 line 14 arg6 == 6
FAIL: gcc.dg/guality/pr36728-3.c -O1 line 14 arg7 == 30
FAIL: gcc.dg/guality/pr36728-3.c -O1 line 16 arg6 == 6
FAIL: gcc.dg/guality/pr36728-3.c -O1 line 16 arg7 == 30
FAIL: gcc.dg/guality/pr36728-3.c -O2 line 14 arg6 == 6
FAIL: gcc.dg/guality/pr36728-3.c -O2 line 14 arg7 == 30
FAIL: gcc.dg/guality/pr36728-3.c -O2 line 16 arg6 == 6
FAIL: gcc.dg/guality/pr36728-3.c -O2 line 16 arg7 == 30
FAIL: gcc.dg/guality/pr36728-3.c -O3 -fomit-frame-pointer line 14 arg6 == 6
FAIL: gcc.dg/guality/pr36728-3.c -O3 -fomit-frame-pointer line 14 arg7 == 30
FAIL: gcc.dg/guality/pr36728-3.c -O3 -fomit-frame-pointer line 16 arg6 == 6
FAIL: gcc.dg/guality/pr36728-3.c -O3 -fomit-frame-pointer line 16 arg7 == 30
FAIL: gcc.dg/guality/pr36728-3.c -O3 -g line 14 arg6 == 6
FAIL: gcc.dg/guality/pr36728-3.c -O3 -g line 14 arg7 == 30
FAIL: gcc.dg/guality/pr36728-3.c -O3 -g line 16 arg6 == 6
FAIL: gcc.dg/guality/pr36728-3.c -O3 -g line 16 arg7 == 30
FAIL: gcc.dg/guality/pr36728-3.c -Os line 14 arg6 == 6
FAIL: gcc.dg/guality/pr36728-3.c -Os line 14 arg7 == 30
FAIL: gcc.dg/guality/pr36728-3.c -Os line 16 arg6 == 6
FAIL: gcc.dg/guality/pr36728-3.c -Os line 16 arg7 == 30
FAIL: gcc.dg/guality/pr36728-3.c -O2 -flto -fno-use-linker-plugin -flto-partition=none line 14 arg6 == 6
FAIL: gcc.dg/guality/pr36728-3.c -O2 -flto -fno-use-linker-plugin -flto-partition=none line 14 arg7 == 30
FAIL: gcc.dg/guality/pr36728-3.c -O2 -flto -fno-use-linker-plugin -flto-partition=none line 16 arg6 == 6
FAIL: gcc.dg/guality/pr36728-3.c -O2 -flto -fno-use-linker-plugin -flto-partition=none line 16 arg7 == 30
FAIL: gcc.dg/guality/pr36728-3.c -O2 -flto -fuse-linker-plugin -fno-fat-lto-objects line 14 arg6 == 6
FAIL: gcc.dg/guality/pr36728-3.c -O2 -flto -fuse-linker-plugin -fno-fat-lto-objects line 14 arg7 == 30
FAIL: gcc.dg/guality/pr36728-3.c -O2 -flto -fuse-linker-plugin -fno-fat-lto-objects line 16 arg6 == 6
FAIL: gcc.dg/guality/pr36728-3.c -O2 -flto -fuse-linker-plugin -fno-fat-lto-objects line 16 arg7 == 30
FAIL: gcc.dg/guality/pr36728-4.c -O1 line 14 arg7 == 30
FAIL: gcc.dg/guality/pr36728-4.c -O1 line 16 arg7 == 30
FAIL: gcc.dg/guality/pr36728-4.c -O2 line 14 arg7 == 30
FAIL: gcc.dg/guality/pr36728-4.c -O2 line 16 arg7 == 30
FAIL: gcc.dg/guality/pr36728-4.c -O3 -fomit-frame-pointer line 14 arg7 == 30
FAIL: gcc.dg/guality/pr36728-4.c -O3 -fomit-frame-pointer line 16 arg7 == 30
FAIL: gcc.dg/guality/pr36728-4.c -O3 -g line 14 arg7 == 30
FAIL: gcc.dg/guality/pr36728-4.c -O3 -g line 16 arg7 == 30
FAIL: gcc.dg/guality/pr36728-4.c -Os line 14 arg7 == 30
FAIL: gcc.dg/guality/pr36728-4.c -Os line 16 arg7 == 30
FAIL: gcc.dg/guality/pr36728-4.c -O2 -flto -fno-use-linker-plugin -flto-partition=none line 14 arg7 == 30
FAIL: gcc.dg/guality/pr36728-4.c -O2 -flto -fno-use-linker-plugin -flto-partition=none line 16 arg7 == 30
FAIL: gcc.dg/guality/pr36728-4.c -O2 -flto -fuse-linker-plugin -fno-fat-lto-objects line 14 arg7 == 30
FAIL: gcc.dg/guality/pr36728-4.c -O2 -flto -fuse-linker-plugin -fno-fat-lto-objects line 16 arg7 == 30
XPASS: gcc.dg/guality/pr41353-1.c -O0 line 28 j == 28 + 37
FAIL: gcc.dg/guality/pr41353-1.c -O1 line 28 i == 37
XPASS: gcc.dg/guality/pr41353-1.c -O1 line 28 j == 28 + 37
FAIL: gcc.dg/guality/pr41353-1.c -O1 line 28 i1 == 2 * 37
FAIL: gcc.dg/guality/pr41353-1.c -O1 line 28 i2 == 3 * 37
FAIL: gcc.dg/guality/pr41353-1.c -O2 line 28 i == 37
XPASS: gcc.dg/guality/pr41353-1.c -O2 line 28 j == 28 + 37
FAIL: gcc.dg/guality/pr41353-1.c -O2 line 28 i1 == 2 * 37
FAIL: gcc.dg/guality/pr41353-1.c -O2 line 28 i2 == 3 * 37
FAIL: gcc.dg/guality/pr41353-1.c -O3 -fomit-frame-pointer line 28 i == 37
XPASS: gcc.dg/guality/pr41353-1.c -O3 -fomit-frame-pointer line 28 j == 28 + 37
FAIL: gcc.dg/guality/pr41353-1.c -O3 -fomit-frame-pointer line 28 i1 == 2 * 37
FAIL: gcc.dg/guality/pr41353-1.c -O3 -fomit-frame-pointer line 28 i2 == 3 * 37
FAIL: gcc.dg/guality/pr41353-1.c -O3 -g line 28 i == 37
XPASS: gcc.dg/guality/pr41353-1.c -O3 -g line 28 j == 28 + 37
FAIL: gcc.dg/guality/pr41353-1.c -O3 -g line 28 i1 == 2 * 37
FAIL: gcc.dg/guality/pr41353-1.c -O3 -g line 28 i2 == 3 * 37
FAIL: gcc.dg/guality/pr41353-1.c -Os line 28 i == 37
XPASS: gcc.dg/guality/pr41353-1.c -Os line 28 j == 28 + 37
FAIL: gcc.dg/guality/pr41353-1.c -Os line 28 i1 == 2 * 37
FAIL: gcc.dg/guality/pr41353-1.c -Os line 28 i2 == 3 * 37
FAIL: gcc.dg/guality/pr41353-1.c -O2 -flto -fno-use-linker-plugin -flto-partition=none line 28 i == 37
XPASS: gcc.dg/guality/pr41353-1.c -O2 -flto -fno-use-linker-plugin -flto-partition=none line 28 j == 28 + 37
FAIL: gcc.dg/guality/pr41353-1.c -O2 -flto -fno-use-linker-plugin -flto-partition=none line 28 i1 == 2 * 37
FAIL: gcc.dg/guality/pr41353-1.c -O2 -flto -fno-use-linker-plugin -flto-partition=none line 28 i2 == 3 * 37
FAIL: gcc.dg/guality/pr41353-1.c -O2 -flto -fuse-linker-plugin -fno-fat-lto-objects line 28 i == 37
XPASS: gcc.dg/guality/pr41353-1.c -O2 -flto -fuse-linker-plugin -fno-fat-lto-objects line 28 j == 28 + 37
FAIL: gcc.dg/guality/pr41353-1.c -O2 -flto -fuse-linker-plugin -fno-fat-lto-objects line 28 i1 == 2 * 37
FAIL: gcc.dg/guality/pr41353-1.c -O2 -flto -fuse-linker-plugin -fno-fat-lto-objects line 28 i2 == 3 * 37
FAIL: gcc.dg/guality/pr41404-1.c -O2 -flto -fuse-linker-plugin -fno-fat-lto-objects line 10 *foo == 'f'
FAIL: gcc.dg/guality/pr41404-1.c -O2 -flto -fuse-linker-plugin -fno-fat-lto-objects line 14 *foo == 'b'
FAIL: gcc.dg/guality/pr41404-1.c -O2 -flto -fuse-linker-plugin -fno-fat-lto-objects line 24 *foo == 'f'
XPASS: gcc.dg/guality/pr41447-1.c -O0 execution test
XPASS: gcc.dg/guality/pr41447-1.c -O1 execution test
XPASS: gcc.dg/guality/pr41447-1.c -O2 execution test
XPASS: gcc.dg/guality/pr41447-1.c -O3 -fomit-frame-pointer execution test
XPASS: gcc.dg/guality/pr41447-1.c -O3 -g execution test
XPASS: gcc.dg/guality/pr41447-1.c -Os execution test
XPASS: gcc.dg/guality/pr41447-1.c -O2 -flto -fno-use-linker-plugin -flto-partition=none execution test
XPASS: gcc.dg/guality/pr41447-1.c -O2 -flto -fuse-linker-plugin -fno-fat-lto-objects execution test
XPASS: gcc.dg/guality/pr41616-1.c -O0 execution test
XPASS: gcc.dg/guality/pr41616-1.c -O1 execution test
XPASS: gcc.dg/guality/pr41616-1.c -O2 execution test
XPASS: gcc.dg/guality/pr41616-1.c -O3 -fomit-frame-pointer execution test
XPASS: gcc.dg/guality/pr41616-1.c -O3 -g execution test
XPASS: gcc.dg/guality/pr41616-1.c -Os execution test
XPASS: gcc.dg/guality/pr41616-1.c -O2 -flto -fno-use-linker-plugin -flto-partition=none execution test
FAIL: gcc.dg/guality/pr43051-1.c -O1 line 40 v == 1
FAIL: gcc.dg/guality/pr43051-1.c -O2 line 40 v == 1
FAIL: gcc.dg/guality/pr43051-1.c -O3 -fomit-frame-pointer line 35 v == 1
FAIL: gcc.dg/guality/pr43051-1.c -O3 -fomit-frame-pointer line 40 v == 1
FAIL: gcc.dg/guality/pr43051-1.c -O3 -fomit-frame-pointer -funroll-loops line 35 v == 1
FAIL: gcc.dg/guality/pr43051-1.c -O3 -fomit-frame-pointer -funroll-loops line 40 v == 1
FAIL: gcc.dg/guality/pr43051-1.c -O3 -fomit-frame-pointer -funroll-all-loops -finline-functions line 35 v == 1
FAIL: gcc.dg/guality/pr43051-1.c -O3 -fomit-frame-pointer -funroll-all-loops -finline-functions line 40 v == 1
FAIL: gcc.dg/guality/pr43051-1.c -O3 -g line 35 v == 1
FAIL: gcc.dg/guality/pr43051-1.c -O3 -g line 40 v == 1
FAIL: gcc.dg/guality/pr43051-1.c -Os line 40 v == 1
FAIL: gcc.dg/guality/pr43051-1.c -O2 -flto -fno-use-linker-plugin -flto-partition=none line 40 v == 1
FAIL: gcc.dg/guality/pr43051-1.c -O2 -flto -fuse-linker-plugin -fno-fat-lto-objects line 40 v == 1
FAIL: gcc.dg/guality/pr48437.c -O2 -flto -fno-use-linker-plugin -flto-partition=none line 14 i == 0
FAIL: gcc.dg/guality/pr48437.c -O2 -flto -fuse-linker-plugin -fno-fat-lto-objects line 14 i == 0
FAIL: gcc.dg/guality/pr54200.c -O1 line 20 z == 3
FAIL: gcc.dg/guality/pr54200.c -O2 line 20 z == 3
FAIL: gcc.dg/guality/pr54200.c -O3 -fomit-frame-pointer line 20 z == 3
FAIL: gcc.dg/guality/pr54200.c -O3 -g line 20 z == 3
FAIL: gcc.dg/guality/pr54200.c -Os line 20 z == 3
FAIL: gcc.dg/guality/pr54200.c -O2 -flto -fno-use-linker-plugin -flto-partition=none line 20 z == 3
FAIL: gcc.dg/guality/pr54200.c -O2 -flto -fuse-linker-plugin -fno-fat-lto-objects line 20 z == 3
FAIL: gcc.dg/guality/pr54519-1.c -O1 line 20 x == 36
FAIL: gcc.dg/guality/pr54519-1.c -O1 line 20 y == 25
FAIL: gcc.dg/guality/pr54519-1.c -O1 line 23 x == 98
FAIL: gcc.dg/guality/pr54519-1.c -O1 line 23 y == 117
FAIL: gcc.dg/guality/pr54519-1.c -O2 line 20 x == 36
FAIL: gcc.dg/guality/pr54519-1.c -O2 line 23 x == 98
FAIL: gcc.dg/guality/pr54519-1.c -Os line 20 x == 36
FAIL: gcc.dg/guality/pr54519-1.c -Os line 23 x == 98
FAIL: gcc.dg/guality/pr54519-1.c -O2 -flto -fno-use-linker-plugin -flto-partition=none line 20 x == 36
FAIL: gcc.dg/guality/pr54519-1.c -O2 -flto -fno-use-linker-plugin -flto-partition=none line 20 y == 25
FAIL: gcc.dg/guality/pr54519-1.c -O2 -flto -fno-use-linker-plugin -flto-partition=none line 20 z == 6
FAIL: gcc.dg/guality/pr54519-1.c -O2 -flto -fno-use-linker-plugin -flto-partition=none line 23 x == 98
FAIL: gcc.dg/guality/pr54519-1.c -O2 -flto -fno-use-linker-plugin -flto-partition=none line 23 y == 117
FAIL: gcc.dg/guality/pr54519-1.c -O2 -flto -fno-use-linker-plugin -flto-partition=none line 23 z == 8
FAIL: gcc.dg/guality/pr54519-1.c -O2 -flto -fuse-linker-plugin -fno-fat-lto-objects line 20 y == 25
FAIL: gcc.dg/guality/pr54519-1.c -O2 -flto -fuse-linker-plugin -fno-fat-lto-objects line 20 z == 6
FAIL: gcc.dg/guality/pr54519-2.c -O1 line 17 x == 6
FAIL: gcc.dg/guality/pr54519-2.c -O2 -flto -fno-use-linker-plugin -flto-partition=none line 17 y == 25
FAIL: gcc.dg/guality/pr54519-2.c -O2 -flto -fuse-linker-plugin -fno-fat-lto-objects line 17 y == 25
FAIL: gcc.dg/guality/pr54519-3.c -O1 line 20 x == 36
FAIL: gcc.dg/guality/pr54519-3.c -O1 line 20 y == 25
FAIL: gcc.dg/guality/pr54519-3.c -O1 line 20 z == 6
FAIL: gcc.dg/guality/pr54519-3.c -O1 line 23 x == 98
FAIL: gcc.dg/guality/pr54519-3.c -O1 line 23 y == 117
FAIL: gcc.dg/guality/pr54519-3.c -O1 line 23 z == 8
FAIL: gcc.dg/guality/pr54519-3.c -O2 line 20 z == 6
FAIL: gcc.dg/guality/pr54519-3.c -O2 line 23 z == 8
FAIL: gcc.dg/guality/pr54519-3.c -O3 -fomit-frame-pointer line 20 z == 6
FAIL: gcc.dg/guality/pr54519-3.c -O3 -fomit-frame-pointer line 23 z == 8
FAIL: gcc.dg/guality/pr54519-3.c -O3 -g line 20 z == 6
FAIL: gcc.dg/guality/pr54519-3.c -O3 -g line 23 z == 8
FAIL: gcc.dg/guality/pr54519-3.c -Os line 20 z == 6
FAIL: gcc.dg/guality/pr54519-3.c -Os line 23 z == 8
FAIL: gcc.dg/guality/pr54519-3.c -O2 -flto -fno-use-linker-plugin -flto-partition=none line 20 y == 25
FAIL: gcc.dg/guality/pr54519-3.c -O2 -flto -fno-use-linker-plugin -flto-partition=none line 20 z == 6
FAIL: gcc.dg/guality/pr54519-3.c -O2 -flto -fno-use-linker-plugin -flto-partition=none line 23 y == 117
FAIL: gcc.dg/guality/pr54519-3.c -O2 -flto -fno-use-linker-plugin -flto-partition=none line 23 z == 8
FAIL: gcc.dg/guality/pr54519-3.c -O2 -flto -fuse-linker-plugin -fno-fat-lto-objects line 20 y == 25
FAIL: gcc.dg/guality/pr54519-3.c -O2 -flto -fuse-linker-plugin -fno-fat-lto-objects line 20 z == 6
FAIL: gcc.dg/guality/pr54519-3.c -O2 -flto -fuse-linker-plugin -fno-fat-lto-objects line 23 y == 117
FAIL: gcc.dg/guality/pr54519-3.c -O2 -flto -fuse-linker-plugin -fno-fat-lto-objects line 23 z == 8
FAIL: gcc.dg/guality/pr54519-4.c -O1 line 17 x == 6
FAIL: gcc.dg/guality/pr54519-4.c -O1 line 17 y == 25
FAIL: gcc.dg/guality/pr54519-4.c -O2 line 17 y == 25
FAIL: gcc.dg/guality/pr54519-4.c -O3 -fomit-frame-pointer line 17 y == 25
FAIL: gcc.dg/guality/pr54519-4.c -O3 -g line 17 y == 25
FAIL: gcc.dg/guality/pr54519-4.c -Os line 17 y == 25
FAIL: gcc.dg/guality/pr54519-4.c -O2 -flto -fno-use-linker-plugin -flto-partition=none line 17 y == 25
FAIL: gcc.dg/guality/pr54519-4.c -O2 -flto -fuse-linker-plugin -fno-fat-lto-objects line 17 y == 25
FAIL: gcc.dg/guality/pr54519-5.c -O1 line 17 x == 6
FAIL: gcc.dg/guality/pr54519-5.c -O1 line 17 y == 25
FAIL: gcc.dg/guality/pr54519-5.c -O2 line 17 y == 25
FAIL: gcc.dg/guality/pr54519-5.c -O3 -fomit-frame-pointer line 17 y == 25
FAIL: gcc.dg/guality/pr54519-5.c -O3 -g line 17 y == 25
FAIL: gcc.dg/guality/pr54519-5.c -Os line 17 y == 25
FAIL: gcc.dg/guality/pr54519-5.c -O2 -flto -fno-use-linker-plugin -flto-partition=none line 17 y == 25
FAIL: gcc.dg/guality/pr54519-5.c -O2 -flto -fuse-linker-plugin -fno-fat-lto-objects line 17 y == 25
FAIL: gcc.dg/guality/pr54551.c -O1 line 18 a == 4
FAIL: gcc.dg/guality/pr54551.c -O2 line 18 a == 4
FAIL: gcc.dg/guality/pr54551.c -O3 -fomit-frame-pointer line 18 a == 4
FAIL: gcc.dg/guality/pr54551.c -O3 -g line 18 a == 4
FAIL: gcc.dg/guality/pr54551.c -Os line 18 a == 4
FAIL: gcc.dg/guality/pr54551.c -O2 -flto -fno-use-linker-plugin -flto-partition=none line 18 a == 4
FAIL: gcc.dg/guality/pr54693-2.c -O1 line 21 x == 10 - i
FAIL: gcc.dg/guality/pr54693-2.c -O1 line 21 y == 20 - 2 * i
FAIL: gcc.dg/guality/pr54693-2.c -O2 line 21 x == 10 - i
FAIL: gcc.dg/guality/pr54693-2.c -O2 line 21 y == 20 - 2 * i
FAIL: gcc.dg/guality/pr54693-2.c -O3 -fomit-frame-pointer line 21 x == 10 - i
FAIL: gcc.dg/guality/pr54693-2.c -O3 -fomit-frame-pointer line 21 y == 20 - 2 * i
FAIL: gcc.dg/guality/pr54693-2.c -O3 -fomit-frame-pointer -funroll-loops line 21 x == 10 - i
FAIL: gcc.dg/guality/pr54693-2.c -O3 -fomit-frame-pointer -funroll-loops line 21 y == 20 - 2 * i
FAIL: gcc.dg/guality/pr54693-2.c -O3 -fomit-frame-pointer -funroll-all-loops -finline-functions line 21 x == 10 - i
FAIL: gcc.dg/guality/pr54693-2.c -O3 -fomit-frame-pointer -funroll-all-loops -finline-functions line 21 y == 20 - 2 * i
FAIL: gcc.dg/guality/pr54693-2.c -O3 -g line 21 x == 10 - i
FAIL: gcc.dg/guality/pr54693-2.c -O3 -g line 21 y == 20 - 2 * i
FAIL: gcc.dg/guality/pr54693-2.c -Os line 21 y == 20 - 2 * i
FAIL: gcc.dg/guality/pr54693-2.c -Os line 21 z == 30 - 3 * i
FAIL: gcc.dg/guality/pr54693-2.c -O2 -flto -fno-use-linker-plugin -flto-partition=none line 21 x == 10 - i
FAIL: gcc.dg/guality/pr54693-2.c -O2 -flto -fno-use-linker-plugin -flto-partition=none line 21 y == 20 - 2 * i
FAIL: gcc.dg/guality/pr54693-2.c -O2 -flto -fuse-linker-plugin -fno-fat-lto-objects line 21 x == 10 - i
FAIL: gcc.dg/guality/pr54693-2.c -O2 -flto -fuse-linker-plugin -fno-fat-lto-objects line 21 y == 20 - 2 * i
FAIL: gcc.dg/guality/pr54693.c -O1 line 22 i == c - 48
FAIL: gcc.dg/guality/pr54693.c -O2 line 22 i == c - 48
FAIL: gcc.dg/guality/pr54693.c -O3 -fomit-frame-pointer line 22 i == c - 48
FAIL: gcc.dg/guality/pr54693.c -O3 -fomit-frame-pointer -funroll-loops line 22 i == c - 48
FAIL: gcc.dg/guality/pr54693.c -O3 -fomit-frame-pointer -funroll-all-loops -finline-functions line 22 i == c - 48
FAIL: gcc.dg/guality/pr54693.c -O3 -g line 22 i == c - 48
FAIL: gcc.dg/guality/pr54693.c -O2 -flto -fno-use-linker-plugin -flto-partition=none line 22 i == c - 48
FAIL: gcc.dg/guality/pr54693.c -O2 -flto -fuse-linker-plugin -fno-fat-lto-objects line 22 i == c - 48
FAIL: gcc.dg/guality/pr54970.c -O1 line 15 a[0] == 1
FAIL: gcc.dg/guality/pr54970.c -O1 line 15 a[1] == 2
FAIL: gcc.dg/guality/pr54970.c -O1 line 15 a[2] == 3
FAIL: gcc.dg/guality/pr54970.c -O1 line 15 *p == 3
FAIL: gcc.dg/guality/pr54970.c -O1 line 15 *q == 2
FAIL: gcc.dg/guality/pr54970.c -O1 line 20 a[0] == 1
FAIL: gcc.dg/guality/pr54970.c -O1 line 20 a[1] == 2
FAIL: gcc.dg/guality/pr54970.c -O1 line 20 a[2] == 13
FAIL: gcc.dg/guality/pr54970.c -O1 line 20 *p == 13
FAIL: gcc.dg/guality/pr54970.c -O1 line 20 *q == 2
FAIL: gcc.dg/guality/pr54970.c -O1 line 25 a[0] == 1
FAIL: gcc.dg/guality/pr54970.c -O1 line 25 a[1] == 12
FAIL: gcc.dg/guality/pr54970.c -O1 line 25 a[2] == 13
FAIL: gcc.dg/guality/pr54970.c -O1 line 25 *p == 13
FAIL: gcc.dg/guality/pr54970.c -O1 line 25 *q == 12
FAIL: gcc.dg/guality/pr54970.c -O1 line 31 *p == 6
FAIL: gcc.dg/guality/pr54970.c -O1 line 31 *q == 5
FAIL: gcc.dg/guality/pr54970.c -O1 line 36 *p == 26
FAIL: gcc.dg/guality/pr54970.c -O1 line 36 *q == 5
FAIL: gcc.dg/guality/pr54970.c -O1 line 45 *p == 26
FAIL: gcc.dg/guality/pr54970.c -O1 line 45 p[-1] == 25
FAIL: gcc.dg/guality/pr54970.c -O1 line 45 p[-2] == 4
FAIL: gcc.dg/guality/pr54970.c -O1 line 45 q[-1] == 4
FAIL: gcc.dg/guality/pr54970.c -O1 line 45 q[1] == 26
FAIL: gcc.dg/guality/pr54970.c -O1 line 45 *q == 25
FAIL: gcc.dg/guality/pr54970.c -O2 line 15 a[0] == 1
FAIL: gcc.dg/guality/pr54970.c -O2 line 15 a[1] == 2
FAIL: gcc.dg/guality/pr54970.c -O2 line 15 a[2] == 3
FAIL: gcc.dg/guality/pr54970.c -O2 line 15 *p == 3
FAIL: gcc.dg/guality/pr54970.c -O2 line 15 *q == 2
FAIL: gcc.dg/guality/pr54970.c -O2 line 20 a[0] == 1
FAIL: gcc.dg/guality/pr54970.c -O2 line 20 a[1] == 2
FAIL: gcc.dg/guality/pr54970.c -O2 line 20 a[2] == 13
FAIL: gcc.dg/guality/pr54970.c -O2 line 20 *p == 13
FAIL: gcc.dg/guality/pr54970.c -O2 line 20 *q == 2
FAIL: gcc.dg/guality/pr54970.c -O2 line 25 a[0] == 1
FAIL: gcc.dg/guality/pr54970.c -O2 line 25 a[1] == 12
FAIL: gcc.dg/guality/pr54970.c -O2 line 25 a[2] == 13
FAIL: gcc.dg/guality/pr54970.c -O2 line 25 *p == 13
FAIL: gcc.dg/guality/pr54970.c -O2 line 25 *q == 12
FAIL: gcc.dg/guality/pr54970.c -O2 line 31 *p == 6
FAIL: gcc.dg/guality/pr54970.c -O2 line 31 *q == 5
FAIL: gcc.dg/guality/pr54970.c -O2 line 36 *p == 26
FAIL: gcc.dg/guality/pr54970.c -O2 line 36 *q == 5
FAIL: gcc.dg/guality/pr54970.c -O2 line 45 *p == 26
FAIL: gcc.dg/guality/pr54970.c -O2 line 45 p[-1] == 25
FAIL: gcc.dg/guality/pr54970.c -O2 line 45 p[-2] == 4
FAIL: gcc.dg/guality/pr54970.c -O2 line 45 q[-1] == 4
FAIL: gcc.dg/guality/pr54970.c -O2 line 45 q[1] == 26
FAIL: gcc.dg/guality/pr54970.c -O2 line 45 *q == 25
FAIL: gcc.dg/guality/pr54970.c -O3 -fomit-frame-pointer line 15 a[0] == 1
FAIL: gcc.dg/guality/pr54970.c -O3 -fomit-frame-pointer line 15 a[1] == 2
FAIL: gcc.dg/guality/pr54970.c -O3 -fomit-frame-pointer line 15 a[2] == 3
FAIL: gcc.dg/guality/pr54970.c -O3 -fomit-frame-pointer line 15 *p == 3
FAIL: gcc.dg/guality/pr54970.c -O3 -fomit-frame-pointer line 15 *q == 2
FAIL: gcc.dg/guality/pr54970.c -O3 -fomit-frame-pointer line 20 a[0] == 1
FAIL: gcc.dg/guality/pr54970.c -O3 -fomit-frame-pointer line 20 a[1] == 2
FAIL: gcc.dg/guality/pr54970.c -O3 -fomit-frame-pointer line 20 a[2] == 13
FAIL: gcc.dg/guality/pr54970.c -O3 -fomit-frame-pointer line 20 *p == 13
FAIL: gcc.dg/guality/pr54970.c -O3 -fomit-frame-pointer line 20 *q == 2
FAIL: gcc.dg/guality/pr54970.c -O3 -fomit-frame-pointer line 25 a[0] == 1
FAIL: gcc.dg/guality/pr54970.c -O3 -fomit-frame-pointer line 25 a[1] == 12
FAIL: gcc.dg/guality/pr54970.c -O3 -fomit-frame-pointer line 25 a[2] == 13
FAIL: gcc.dg/guality/pr54970.c -O3 -fomit-frame-pointer line 25 *p == 13
FAIL: gcc.dg/guality/pr54970.c -O3 -fomit-frame-pointer line 25 *q == 12
FAIL: gcc.dg/guality/pr54970.c -O3 -fomit-frame-pointer line 31 *p == 6
FAIL: gcc.dg/guality/pr54970.c -O3 -fomit-frame-pointer line 31 *q == 5
FAIL: gcc.dg/guality/pr54970.c -O3 -fomit-frame-pointer line 36 *p == 26
FAIL: gcc.dg/guality/pr54970.c -O3 -fomit-frame-pointer line 36 *q == 5
FAIL: gcc.dg/guality/pr54970.c -O3 -fomit-frame-pointer line 45 *p == 26
FAIL: gcc.dg/guality/pr54970.c -O3 -fomit-frame-pointer line 45 p[-1] == 25
FAIL: gcc.dg/guality/pr54970.c -O3 -fomit-frame-pointer line 45 p[-2] == 4
FAIL: gcc.dg/guality/pr54970.c -O3 -fomit-frame-pointer line 45 q[-1] == 4
FAIL: gcc.dg/guality/pr54970.c -O3 -fomit-frame-pointer line 45 q[1] == 26
FAIL: gcc.dg/guality/pr54970.c -O3 -fomit-frame-pointer line 45 *q == 25
FAIL: gcc.dg/guality/pr54970.c -O3 -g line 15 a[0] == 1
FAIL: gcc.dg/guality/pr54970.c -O3 -g line 15 a[1] == 2
FAIL: gcc.dg/guality/pr54970.c -O3 -g line 15 a[2] == 3
FAIL: gcc.dg/guality/pr54970.c -O3 -g line 15 *p == 3
FAIL: gcc.dg/guality/pr54970.c -O3 -g line 15 *q == 2
FAIL: gcc.dg/guality/pr54970.c -O3 -g line 20 a[0] == 1
FAIL: gcc.dg/guality/pr54970.c -O3 -g line 20 a[1] == 2
FAIL: gcc.dg/guality/pr54970.c -O3 -g line 20 a[2] == 13
FAIL: gcc.dg/guality/pr54970.c -O3 -g line 20 *p == 13
FAIL: gcc.dg/guality/pr54970.c -O3 -g line 20 *q == 2
FAIL: gcc.dg/guality/pr54970.c -O3 -g line 25 a[0] == 1
FAIL: gcc.dg/guality/pr54970.c -O3 -g line 25 a[1] == 12
FAIL: gcc.dg/guality/pr54970.c -O3 -g line 25 a[2] == 13
FAIL: gcc.dg/guality/pr54970.c -O3 -g line 25 *p == 13
FAIL: gcc.dg/guality/pr54970.c -O3 -g line 25 *q == 12
FAIL: gcc.dg/guality/pr54970.c -O3 -g line 31 *p == 6
FAIL: gcc.dg/guality/pr54970.c -O3 -g line 31 *q == 5
FAIL: gcc.dg/guality/pr54970.c -O3 -g line 36 *p == 26
FAIL: gcc.dg/guality/pr54970.c -O3 -g line 36 *q == 5
FAIL: gcc.dg/guality/pr54970.c -O3 -g line 45 *p == 26
FAIL: gcc.dg/guality/pr54970.c -O3 -g line 45 p[-1] == 25
FAIL: gcc.dg/guality/pr54970.c -O3 -g line 45 p[-2] == 4
FAIL: gcc.dg/guality/pr54970.c -O3 -g line 45 q[-1] == 4
FAIL: gcc.dg/guality/pr54970.c -O3 -g line 45 q[1] == 26
FAIL: gcc.dg/guality/pr54970.c -O3 -g line 45 *q == 25
FAIL: gcc.dg/guality/pr54970.c -Os line 15 a[0] == 1
FAIL: gcc.dg/guality/pr54970.c -Os line 15 a[1] == 2
FAIL: gcc.dg/guality/pr54970.c -Os line 15 a[2] == 3
FAIL: gcc.dg/guality/pr54970.c -Os line 15 *p == 3
FAIL: gcc.dg/guality/pr54970.c -Os line 15 *q == 2
FAIL: gcc.dg/guality/pr54970.c -Os line 20 a[0] == 1
FAIL: gcc.dg/guality/pr54970.c -Os line 20 a[1] == 2
FAIL: gcc.dg/guality/pr54970.c -Os line 20 a[2] == 13
FAIL: gcc.dg/guality/pr54970.c -Os line 20 *p == 13
FAIL: gcc.dg/guality/pr54970.c -Os line 20 *q == 2
FAIL: gcc.dg/guality/pr54970.c -Os line 25 a[0] == 1
FAIL: gcc.dg/guality/pr54970.c -Os line 25 a[1] == 12
FAIL: gcc.dg/guality/pr54970.c -Os line 25 a[2] == 13
FAIL: gcc.dg/guality/pr54970.c -Os line 25 *p == 13
FAIL: gcc.dg/guality/pr54970.c -Os line 25 *q == 12
FAIL: gcc.dg/guality/pr54970.c -Os line 31 *p == 6
FAIL: gcc.dg/guality/pr54970.c -Os line 31 *q == 5
FAIL: gcc.dg/guality/pr54970.c -Os line 36 *p == 26
FAIL: gcc.dg/guality/pr54970.c -Os line 36 *q == 5
FAIL: gcc.dg/guality/pr54970.c -Os line 45 *p == 26
FAIL: gcc.dg/guality/pr54970.c -Os line 45 p[-1] == 25
FAIL: gcc.dg/guality/pr54970.c -Os line 45 p[-2] == 4
FAIL: gcc.dg/guality/pr54970.c -Os line 45 q[-1] == 4
FAIL: gcc.dg/guality/pr54970.c -Os line 45 q[1] == 26
FAIL: gcc.dg/guality/pr54970.c -Os line 45 *q == 25
FAIL: gcc.dg/guality/pr54970.c -O2 -flto -fno-use-linker-plugin -flto-partition=none line 15 a[0] == 1
FAIL: gcc.dg/guality/pr54970.c -O2 -flto -fno-use-linker-plugin -flto-partition=none line 15 a[1] == 2
FAIL: gcc.dg/guality/pr54970.c -O2 -flto -fno-use-linker-plugin -flto-partition=none line 15 a[2] == 3
FAIL: gcc.dg/guality/pr54970.c -O2 -flto -fno-use-linker-plugin -flto-partition=none line 15 *p == 3
FAIL: gcc.dg/guality/pr54970.c -O2 -flto -fno-use-linker-plugin -flto-partition=none line 15 *q == 2
FAIL: gcc.dg/guality/pr54970.c -O2 -flto -fno-use-linker-plugin -flto-partition=none line 20 a[0] == 1
FAIL: gcc.dg/guality/pr54970.c -O2 -flto -fno-use-linker-plugin -flto-partition=none line 20 a[1] == 2
FAIL: gcc.dg/guality/pr54970.c -O2 -flto -fno-use-linker-plugin -flto-partition=none line 20 a[2] == 13
FAIL: gcc.dg/guality/pr54970.c -O2 -flto -fno-use-linker-plugin -flto-partition=none line 20 *p == 13
FAIL: gcc.dg/guality/pr54970.c -O2 -flto -fno-use-linker-plugin -flto-partition=none line 20 *q == 2
FAIL: gcc.dg/guality/pr54970.c -O2 -flto -fno-use-linker-plugin -flto-partition=none line 25 a[0] == 1
FAIL: gcc.dg/guality/pr54970.c -O2 -flto -fno-use-linker-plugin -flto-partition=none line 25 a[1] == 12
FAIL: gcc.dg/guality/pr54970.c -O2 -flto -fno-use-linker-plugin -flto-partition=none line 25 a[2] == 13
FAIL: gcc.dg/guality/pr54970.c -O2 -flto -fno-use-linker-plugin -flto-partition=none line 25 *p == 13
FAIL: gcc.dg/guality/pr54970.c -O2 -flto -fno-use-linker-plugin -flto-partition=none line 25 *q == 12
FAIL: gcc.dg/guality/pr54970.c -O2 -flto -fno-use-linker-plugin -flto-partition=none line 31 *p == 6
FAIL: gcc.dg/guality/pr54970.c -O2 -flto -fno-use-linker-plugin -flto-partition=none line 31 *q == 5
FAIL: gcc.dg/guality/pr54970.c -O2 -flto -fno-use-linker-plugin -flto-partition=none line 36 *p == 26
FAIL: gcc.dg/guality/pr54970.c -O2 -flto -fno-use-linker-plugin -flto-partition=none line 36 *q == 5
FAIL: gcc.dg/guality/pr54970.c -O2 -flto -fno-use-linker-plugin -flto-partition=none line 45 *p == 26
FAIL: gcc.dg/guality/pr54970.c -O2 -flto -fno-use-linker-plugin -flto-partition=none line 45 p[-1] == 25
FAIL: gcc.dg/guality/pr54970.c -O2 -flto -fno-use-linker-plugin -flto-partition=none line 45 p[-2] == 4
FAIL: gcc.dg/guality/pr54970.c -O2 -flto -fno-use-linker-plugin -flto-partition=none line 45 q[-1] == 4
FAIL: gcc.dg/guality/pr54970.c -O2 -flto -fno-use-linker-plugin -flto-partition=none line 45 q[1] == 26
FAIL: gcc.dg/guality/pr54970.c -O2 -flto -fno-use-linker-plugin -flto-partition=none line 45 *q == 25
FAIL: gcc.dg/guality/pr54970.c -O2 -flto -fuse-linker-plugin -fno-fat-lto-objects line 15 a[0] == 1
FAIL: gcc.dg/guality/pr54970.c -O2 -flto -fuse-linker-plugin -fno-fat-lto-objects line 15 a[1] == 2
FAIL: gcc.dg/guality/pr54970.c -O2 -flto -fuse-linker-plugin -fno-fat-lto-objects line 15 a[2] == 3
FAIL: gcc.dg/guality/pr54970.c -O2 -flto -fuse-linker-plugin -fno-fat-lto-objects line 15 *p == 3
FAIL: gcc.dg/guality/pr54970.c -O2 -flto -fuse-linker-plugin -fno-fat-lto-objects line 15 *q == 2
FAIL: gcc.dg/guality/pr54970.c -O2 -flto -fuse-linker-plugin -fno-fat-lto-objects line 20 a[0] == 1
FAIL: gcc.dg/guality/pr54970.c -O2 -flto -fuse-linker-plugin -fno-fat-lto-objects line 20 a[1] == 2
FAIL: gcc.dg/guality/pr54970.c -O2 -flto -fuse-linker-plugin -fno-fat-lto-objects line 20 a[2] == 13
FAIL: gcc.dg/guality/pr54970.c -O2 -flto -fuse-linker-plugin -fno-fat-lto-objects line 20 *p == 13
FAIL: gcc.dg/guality/pr54970.c -O2 -flto -fuse-linker-plugin -fno-fat-lto-objects line 20 *q == 2
FAIL: gcc.dg/guality/pr54970.c -O2 -flto -fuse-linker-plugin -fno-fat-lto-objects line 25 a[0] == 1
FAIL: gcc.dg/guality/pr54970.c -O2 -flto -fuse-linker-plugin -fno-fat-lto-objects line 25 a[1] == 12
FAIL: gcc.dg/guality/pr54970.c -O2 -flto -fuse-linker-plugin -fno-fat-lto-objects line 25 a[2] == 13
FAIL: gcc.dg/guality/pr54970.c -O2 -flto -fuse-linker-plugin -fno-fat-lto-objects line 25 *p == 13
FAIL: gcc.dg/guality/pr54970.c -O2 -flto -fuse-linker-plugin -fno-fat-lto-objects line 25 *q == 12
FAIL: gcc.dg/guality/pr54970.c -O2 -flto -fuse-linker-plugin -fno-fat-lto-objects line 31 *p == 6
FAIL: gcc.dg/guality/pr54970.c -O2 -flto -fuse-linker-plugin -fno-fat-lto-objects line 31 *q == 5
FAIL: gcc.dg/guality/pr54970.c -O2 -flto -fuse-linker-plugin -fno-fat-lto-objects line 36 *p == 26
FAIL: gcc.dg/guality/pr54970.c -O2 -flto -fuse-linker-plugin -fno-fat-lto-objects line 36 *q == 5
FAIL: gcc.dg/guality/pr54970.c -O2 -flto -fuse-linker-plugin -fno-fat-lto-objects line 45 *p == 26
FAIL: gcc.dg/guality/pr54970.c -O2 -flto -fuse-linker-plugin -fno-fat-lto-objects line 45 p[-1] == 25
FAIL: gcc.dg/guality/pr54970.c -O2 -flto -fuse-linker-plugin -fno-fat-lto-objects line 45 p[-2] == 4
FAIL: gcc.dg/guality/pr54970.c -O2 -flto -fuse-linker-plugin -fno-fat-lto-objects line 45 q[-1] == 4
FAIL: gcc.dg/guality/pr54970.c -O2 -flto -fuse-linker-plugin -fno-fat-lto-objects line 45 q[1] == 26
FAIL: gcc.dg/guality/pr54970.c -O2 -flto -fuse-linker-plugin -fno-fat-lto-objects line 45 *q == 25
FAIL: gcc.dg/guality/pr56154-1.c -O1 line pr56154-1.c:20 x.a == 6
FAIL: gcc.dg/guality/pr56154-1.c -Os line pr56154-1.c:20 x.a == 6
FAIL: gcc.dg/guality/pr56154-1.c -O2 -flto -fuse-linker-plugin -fno-fat-lto-objects line pr56154-1.c:20 x.a == 6
FAIL: gcc.dg/guality/sra-1.c -O1 line 43 a.j == 14
FAIL: gcc.dg/guality/sra-1.c -O2 line 43 a.j == 14
FAIL: gcc.dg/guality/sra-1.c -O3 -fomit-frame-pointer line 43 a.j == 14
FAIL: gcc.dg/guality/sra-1.c -O3 -g line 43 a.j == 14
FAIL: gcc.dg/guality/sra-1.c -Os line 43 a.j == 14
FAIL: gcc.dg/guality/sra-1.c -O2 -flto -fno-use-linker-plugin -flto-partition=none line 43 a.j == 14
FAIL: gcc.dg/guality/sra-1.c -O2 -flto -fuse-linker-plugin -fno-fat-lto-objects line 43 a.j == 14
FAIL: gcc.dg/tree-ssa/ssa-dom-thread-4.c scan-tree-dump-times dom1 "Threaded" 3
FAIL: gcc.dg/tree-ssa/vrp47.c scan-tree-dump-times vrp1 "[xy][^ ]* !=" 0
FAIL: gcc.dg/vect/costmodel/ppc/costmodel-bb-slp-9a.c scan-tree-dump-times slp "basic block vectorized using SLP" 1
FAIL: gcc.dg/vect/vect-96.c scan-tree-dump-times vect "Vectorizing an unaligned access" 1
FAIL: gcc.dg/vect/vect-96.c scan-tree-dump-times vect "Alignment of access forced using peeling" 1
FAIL: gcc.dg/vect/vect-96.c -flto scan-tree-dump-times vect "Vectorizing an unaligned access" 1
FAIL: gcc.dg/vect/vect-96.c -flto scan-tree-dump-times vect "Alignment of access forced using peeling" 1
FAIL: gcc.target/powerpc/pr53199.c scan-assembler-times stwbrx 6
FAIL: gcc.target/powerpc/pr58330.c scan-assembler-not stwbrx
=== gcc Summary ===
# of expected passes 97903
# of unexpected failures 538
# of unexpected successes 38
# of expected failures 244
# of unsupported tests 1892
/home/stevenb/devel/build-test/gcc/xgcc version 4.9.0 20131102 (experimental) [trunk revision 204319] (GCC)
=== gfortran tests ===
Running target unix
FAIL: gfortran.dg/bessel_6.f90 -O0 execution test
FAIL: gfortran.dg/bessel_6.f90 -O1 execution test
FAIL: gfortran.dg/bessel_6.f90 -O2 execution test
FAIL: gfortran.dg/bessel_6.f90 -O3 -fomit-frame-pointer execution test
FAIL: gfortran.dg/bessel_6.f90 -O3 -fomit-frame-pointer -funroll-loops execution test
FAIL: gfortran.dg/bessel_6.f90 -O3 -fomit-frame-pointer -funroll-all-loops -finline-functions execution test
FAIL: gfortran.dg/bessel_6.f90 -O3 -g execution test
FAIL: gfortran.dg/bessel_6.f90 -Os execution test
XPASS: gfortran.dg/nint_2.f90 -O0 execution test
FAIL: gfortran.dg/lto/pr45586-2 f_lto_pr45586-2_0.o-f_lto_pr45586-2_0.o link, -O0 -flto -flto-partition=none -fuse-linker-plugin (internal compiler error)
UNRESOLVED: gfortran.dg/lto/pr45586-2 f_lto_pr45586-2_0.o-f_lto_pr45586-2_0.o execute -O0 -flto -flto-partition=none -fuse-linker-plugin
FAIL: gfortran.dg/lto/pr45586-2 f_lto_pr45586-2_0.o-f_lto_pr45586-2_0.o link, -O0 -flto -flto-partition=1to1 -fno-use-linker-plugin (internal compiler error)
UNRESOLVED: gfortran.dg/lto/pr45586-2 f_lto_pr45586-2_0.o-f_lto_pr45586-2_0.o execute -O0 -flto -flto-partition=1to1 -fno-use-linker-plugin
FAIL: gfortran.dg/lto/pr45586-2 f_lto_pr45586-2_0.o-f_lto_pr45586-2_0.o link, -O0 -flto -fuse-linker-plugin -fno-fat-lto-objects (internal compiler error)
UNRESOLVED: gfortran.dg/lto/pr45586-2 f_lto_pr45586-2_0.o-f_lto_pr45586-2_0.o execute -O0 -flto -fuse-linker-plugin -fno-fat-lto-objects
FAIL: gfortran.dg/lto/pr45586 f_lto_pr45586_0.o-f_lto_pr45586_0.o link, -O0 -flto -flto-partition=none -fuse-linker-plugin (internal compiler error)
UNRESOLVED: gfortran.dg/lto/pr45586 f_lto_pr45586_0.o-f_lto_pr45586_0.o execute -O0 -flto -flto-partition=none -fuse-linker-plugin
FAIL: gfortran.dg/lto/pr45586 f_lto_pr45586_0.o-f_lto_pr45586_0.o link, -O0 -flto -flto-partition=1to1 -fno-use-linker-plugin (internal compiler error)
UNRESOLVED: gfortran.dg/lto/pr45586 f_lto_pr45586_0.o-f_lto_pr45586_0.o execute -O0 -flto -flto-partition=1to1 -fno-use-linker-plugin
FAIL: gfortran.dg/lto/pr45586 f_lto_pr45586_0.o-f_lto_pr45586_0.o link, -O0 -flto -fuse-linker-plugin -fno-fat-lto-objects (internal compiler error)
UNRESOLVED: gfortran.dg/lto/pr45586 f_lto_pr45586_0.o-f_lto_pr45586_0.o execute -O0 -flto -fuse-linker-plugin -fno-fat-lto-objects
=== gfortran Summary ===
# of expected passes 45075
# of unexpected failures 14
# of unexpected successes 1
# of expected failures 77
# of unresolved testcases 6
# of unsupported tests 71
/home/stevenb/devel/build-test/gcc/testsuite/gfortran/../../gfortran version 4.9.0 20131102 (experimental) [trunk revision 204319] (GCC)
=== g++ tests ===
Running target unix
FAIL: c-c++-common/asan/clone-test-1.c -O0 execution test
FAIL: c-c++-common/asan/clone-test-1.c -O1 execution test
FAIL: c-c++-common/asan/clone-test-1.c -O2 execution test
FAIL: c-c++-common/asan/clone-test-1.c -O3 -fomit-frame-pointer execution test
FAIL: c-c++-common/asan/clone-test-1.c -O3 -fomit-frame-pointer -funroll-loops execution test
FAIL: c-c++-common/asan/clone-test-1.c -O3 -fomit-frame-pointer -funroll-all-loops -finline-functions execution test
FAIL: c-c++-common/asan/clone-test-1.c -O3 -g execution test
FAIL: c-c++-common/asan/clone-test-1.c -Os execution test
FAIL: c-c++-common/asan/clone-test-1.c -O2 -flto -fno-use-linker-plugin -flto-partition=none execution test
FAIL: c-c++-common/asan/clone-test-1.c -O2 -flto -fuse-linker-plugin -fno-fat-lto-objects execution test
FAIL: c-c++-common/asan/global-overflow-1.c -O0 output pattern test, is ==17280== AddressSanitizer CHECK failed: ../../../../trunk/libsanitizer/asan/asan_thread.cc:74 "((AddrIsInMem(stack_bottom_))) != (0)" (0x0, 0x0)
FAIL: c-c++-common/asan/global-overflow-1.c -O1 output pattern test, is ==17737== AddressSanitizer CHECK failed: ../../../../trunk/libsanitizer/asan/asan_thread.cc:74 "((AddrIsInMem(stack_bottom_))) != (0)" (0x0, 0x0)
FAIL: c-c++-common/asan/global-overflow-1.c -O2 output pattern test, is ==18194== AddressSanitizer CHECK failed: ../../../../trunk/libsanitizer/asan/asan_thread.cc:74 "((AddrIsInMem(stack_bottom_))) != (0)" (0x0, 0x0)
FAIL: c-c++-common/asan/global-overflow-1.c -O3 -fomit-frame-pointer output pattern test, is ==18714== AddressSanitizer CHECK failed: ../../../../trunk/libsanitizer/asan/asan_thread.cc:74 "((AddrIsInMem(stack_bottom_))) != (0)" (0x0, 0x0)
FAIL: c-c++-common/asan/global-overflow-1.c -O3 -g output pattern test, is ==19142== AddressSanitizer CHECK failed: ../../../../trunk/libsanitizer/asan/asan_thread.cc:74 "((AddrIsInMem(stack_bottom_))) != (0)" (0x0, 0x0)
FAIL: c-c++-common/asan/global-overflow-1.c -Os output pattern test, is ==19496== AddressSanitizer CHECK failed: ../../../../trunk/libsanitizer/asan/asan_thread.cc:74 "((AddrIsInMem(stack_bottom_))) != (0)" (0x0, 0x0)
FAIL: c-c++-common/asan/global-overflow-1.c -O2 -flto -fno-use-linker-plugin -flto-partition=none output pattern test, is ==20545== AddressSanitizer CHECK failed: ../../../../trunk/libsanitizer/asan/asan_thread.cc:74 "((AddrIsInMem(stack_bottom_))) != (0)" (0x0, 0x0)
FAIL: c-c++-common/asan/global-overflow-1.c -O2 -flto -fuse-linker-plugin -fno-fat-lto-objects output pattern test, is ==21090== AddressSanitizer CHECK failed: ../../../../trunk/libsanitizer/asan/asan_thread.cc:74 "((AddrIsInMem(stack_bottom_))) != (0)" (0x0, 0x0)
FAIL: c-c++-common/asan/heap-overflow-1.c -O0 output pattern test, is ==21448== AddressSanitizer CHECK failed: ../../../../trunk/libsanitizer/asan/asan_thread.cc:74 "((AddrIsInMem(stack_bottom_))) != (0)" (0x0, 0x0)
FAIL: c-c++-common/asan/heap-overflow-1.c -O1 output pattern test, is ==21870== AddressSanitizer CHECK failed: ../../../../trunk/libsanitizer/asan/asan_thread.cc:74 "((AddrIsInMem(stack_bottom_))) != (0)" (0x0, 0x0)
FAIL: c-c++-common/asan/heap-overflow-1.c -O2 output pattern test, is ==22245== AddressSanitizer CHECK failed: ../../../../trunk/libsanitizer/asan/asan_thread.cc:74 "((AddrIsInMem(stack_bottom_))) != (0)" (0x0, 0x0)
FAIL: c-c++-common/asan/heap-overflow-1.c -O3 -fomit-frame-pointer output pattern test, is ==22637== AddressSanitizer CHECK failed: ../../../../trunk/libsanitizer/asan/asan_thread.cc:74 "((AddrIsInMem(stack_bottom_))) != (0)" (0x0, 0x0)
FAIL: c-c++-common/asan/heap-overflow-1.c -O3 -g output pattern test, is ==23014== AddressSanitizer CHECK failed: ../../../../trunk/libsanitizer/asan/asan_thread.cc:74 "((AddrIsInMem(stack_bottom_))) != (0)" (0x0, 0x0)
FAIL: c-c++-common/asan/heap-overflow-1.c -Os output pattern test, is ==23371== AddressSanitizer CHECK failed: ../../../../trunk/libsanitizer/asan/asan_thread.cc:74 "((AddrIsInMem(stack_bottom_))) != (0)" (0x0, 0x0)
FAIL: c-c++-common/asan/heap-overflow-1.c -O2 -flto -fno-use-linker-plugin -flto-partition=none output pattern test, is ==24248== AddressSanitizer CHECK failed: ../../../../trunk/libsanitizer/asan/asan_thread.cc:74 "((AddrIsInMem(stack_bottom_))) != (0)" (0x0, 0x0)
FAIL: c-c++-common/asan/heap-overflow-1.c -O2 -flto -fuse-linker-plugin -fno-fat-lto-objects output pattern test, is ==24909== AddressSanitizer CHECK failed: ../../../../trunk/libsanitizer/asan/asan_thread.cc:74 "((AddrIsInMem(stack_bottom_))) != (0)" (0x0, 0x0)
FAIL: c-c++-common/asan/memcmp-1.c -O0 output pattern test, is ==25447== AddressSanitizer CHECK failed: ../../../../trunk/libsanitizer/asan/asan_thread.cc:74 "((AddrIsInMem(stack_bottom_))) != (0)" (0x0, 0x0)
FAIL: c-c++-common/asan/memcmp-1.c -O1 output pattern test, is ==25866== AddressSanitizer CHECK failed: ../../../../trunk/libsanitizer/asan/asan_thread.cc:74 "((AddrIsInMem(stack_bottom_))) != (0)" (0x0, 0x0)
FAIL: c-c++-common/asan/memcmp-1.c -O2 output pattern test, is ==26310== AddressSanitizer CHECK failed: ../../../../trunk/libsanitizer/asan/asan_thread.cc:74 "((AddrIsInMem(stack_bottom_))) != (0)" (0x0, 0x0)
FAIL: c-c++-common/asan/memcmp-1.c -O3 -fomit-frame-pointer output pattern test, is ==26837== AddressSanitizer CHECK failed: ../../../../trunk/libsanitizer/asan/asan_thread.cc:74 "((AddrIsInMem(stack_bottom_))) != (0)" (0x0, 0x0)
FAIL: c-c++-common/asan/memcmp-1.c -O3 -g output pattern test, is ==27249== AddressSanitizer CHECK failed: ../../../../trunk/libsanitizer/asan/asan_thread.cc:74 "((AddrIsInMem(stack_bottom_))) != (0)" (0x0, 0x0)
FAIL: c-c++-common/asan/memcmp-1.c -Os output pattern test, is ==27801== AddressSanitizer CHECK failed: ../../../../trunk/libsanitizer/asan/asan_thread.cc:74 "((AddrIsInMem(stack_bottom_))) != (0)" (0x0, 0x0)
FAIL: c-c++-common/asan/memcmp-1.c -O2 -flto -fno-use-linker-plugin -flto-partition=none output pattern test, is ==28927== AddressSanitizer CHECK failed: ../../../../trunk/libsanitizer/asan/asan_thread.cc:74 "((AddrIsInMem(stack_bottom_))) != (0)" (0x0, 0x0)
FAIL: c-c++-common/asan/memcmp-1.c -O2 -flto -fuse-linker-plugin -fno-fat-lto-objects output pattern test, is ==29567== AddressSanitizer CHECK failed: ../../../../trunk/libsanitizer/asan/asan_thread.cc:74 "((AddrIsInMem(stack_bottom_))) != (0)" (0x0, 0x0)
FAIL: c-c++-common/asan/null-deref-1.c -O0 output pattern test, is ==32570== AddressSanitizer CHECK failed: ../../../../trunk/libsanitizer/asan/asan_thread.cc:74 "((AddrIsInMem(stack_bottom_))) != (0)" (0x0, 0x0)
FAIL: c-c++-common/asan/null-deref-1.c -O1 output pattern test, is ==32864== AddressSanitizer CHECK failed: ../../../../trunk/libsanitizer/asan/asan_thread.cc:74 "((AddrIsInMem(stack_bottom_))) != (0)" (0x0, 0x0)
FAIL: c-c++-common/asan/null-deref-1.c -O2 output pattern test, is ==33336== AddressSanitizer CHECK failed: ../../../../trunk/libsanitizer/asan/asan_thread.cc:74 "((AddrIsInMem(stack_bottom_))) != (0)" (0x0, 0x0)
FAIL: c-c++-common/asan/null-deref-1.c -O3 -fomit-frame-pointer output pattern test, is ==33681== AddressSanitizer CHECK failed: ../../../../trunk/libsanitizer/asan/asan_thread.cc:74 "((AddrIsInMem(stack_bottom_))) != (0)" (0x0, 0x0)
FAIL: c-c++-common/asan/null-deref-1.c -O3 -g output pattern test, is ==34042== AddressSanitizer CHECK failed: ../../../../trunk/libsanitizer/asan/asan_thread.cc:74 "((AddrIsInMem(stack_bottom_))) != (0)" (0x0, 0x0)
FAIL: c-c++-common/asan/null-deref-1.c -Os output pattern test, is ==34382== AddressSanitizer CHECK failed: ../../../../trunk/libsanitizer/asan/asan_thread.cc:74 "((AddrIsInMem(stack_bottom_))) != (0)" (0x0, 0x0)
FAIL: c-c++-common/asan/null-deref-1.c -O2 -flto -fno-use-linker-plugin -flto-partition=none output pattern test, is ==35458== AddressSanitizer CHECK failed: ../../../../trunk/libsanitizer/asan/asan_thread.cc:74 "((AddrIsInMem(stack_bottom_))) != (0)" (0x0, 0x0)
FAIL: c-c++-common/asan/null-deref-1.c -O2 -flto -fuse-linker-plugin -fno-fat-lto-objects output pattern test, is ==35984== AddressSanitizer CHECK failed: ../../../../trunk/libsanitizer/asan/asan_thread.cc:74 "((AddrIsInMem(stack_bottom_))) != (0)" (0x0, 0x0)
FAIL: c-c++-common/asan/rlimit-mmap-test-1.c -O0 output pattern test, is ==38025== AddressSanitizer CHECK failed: ../../../../trunk/libsanitizer/asan/asan_thread.cc:74 "((AddrIsInMem(stack_bottom_))) != (0)" (0x0, 0x0)
FAIL: c-c++-common/asan/sanity-check-pure-c-1.c -O0 output pattern test, is ==38321== AddressSanitizer CHECK failed: ../../../../trunk/libsanitizer/asan/asan_thread.cc:74 "((AddrIsInMem(stack_bottom_))) != (0)" (0x0, 0x0)
FAIL: c-c++-common/asan/sanity-check-pure-c-1.c -O1 output pattern test, is ==38650== AddressSanitizer CHECK failed: ../../../../trunk/libsanitizer/asan/asan_thread.cc:74 "((AddrIsInMem(stack_bottom_))) != (0)" (0x0, 0x0)
FAIL: c-c++-common/asan/sanity-check-pure-c-1.c -O2 output pattern test, is ==39067== AddressSanitizer CHECK failed: ../../../../trunk/libsanitizer/asan/asan_thread.cc:74 "((AddrIsInMem(stack_bottom_))) != (0)" (0x0, 0x0)
FAIL: c-c++-common/asan/sanity-check-pure-c-1.c -O3 -fomit-frame-pointer output pattern test, is ==39449== AddressSanitizer CHECK failed: ../../../../trunk/libsanitizer/asan/asan_thread.cc:74 "((AddrIsInMem(stack_bottom_))) != (0)" (0x0, 0x0)
FAIL: c-c++-common/asan/sanity-check-pure-c-1.c -O3 -g output pattern test, is ==39887== AddressSanitizer CHECK failed: ../../../../trunk/libsanitizer/asan/asan_thread.cc:74 "((AddrIsInMem(stack_bottom_))) != (0)" (0x0, 0x0)
FAIL: c-c++-common/asan/sanity-check-pure-c-1.c -Os output pattern test, is ==40491== AddressSanitizer CHECK failed: ../../../../trunk/libsanitizer/asan/asan_thread.cc:74 "((AddrIsInMem(stack_bottom_))) != (0)" (0x0, 0x0)
FAIL: c-c++-common/asan/sanity-check-pure-c-1.c -O2 -flto -fno-use-linker-plugin -flto-partition=none output pattern test, is ==41362== AddressSanitizer CHECK failed: ../../../../trunk/libsanitizer/asan/asan_thread.cc:74 "((AddrIsInMem(stack_bottom_))) != (0)" (0x0, 0x0)
FAIL: c-c++-common/asan/sanity-check-pure-c-1.c -O2 -flto -fuse-linker-plugin -fno-fat-lto-objects output pattern test, is ==41932== AddressSanitizer CHECK failed: ../../../../trunk/libsanitizer/asan/asan_thread.cc:74 "((AddrIsInMem(stack_bottom_))) != (0)" (0x0, 0x0)
FAIL: c-c++-common/asan/sleep-before-dying-1.c -O2 output pattern test, is ==42344== AddressSanitizer CHECK failed: ../../../../trunk/libsanitizer/asan/asan_thread.cc:74 "((AddrIsInMem(stack_bottom_))) != (0)" (0x0, 0x0)
FAIL: c-c++-common/asan/sleep-before-dying-1.c -O2 -flto -fno-use-linker-plugin -flto-partition=none output pattern test, is ==43251== AddressSanitizer CHECK failed: ../../../../trunk/libsanitizer/asan/asan_thread.cc:74 "((AddrIsInMem(stack_bottom_))) != (0)" (0x0, 0x0)
FAIL: c-c++-common/asan/sleep-before-dying-1.c -O2 -flto -fuse-linker-plugin -fno-fat-lto-objects output pattern test, is ==43864== AddressSanitizer CHECK failed: ../../../../trunk/libsanitizer/asan/asan_thread.cc:74 "((AddrIsInMem(stack_bottom_))) != (0)" (0x0, 0x0)
FAIL: c-c++-common/asan/stack-overflow-1.c -O0 output pattern test, is ==44218== AddressSanitizer CHECK failed: ../../../../trunk/libsanitizer/asan/asan_thread.cc:74 "((AddrIsInMem(stack_bottom_))) != (0)" (0x0, 0x0)
FAIL: c-c++-common/asan/stack-overflow-1.c -O1 output pattern test, is ==44572== AddressSanitizer CHECK failed: ../../../../trunk/libsanitizer/asan/asan_thread.cc:74 "((AddrIsInMem(stack_bottom_))) != (0)" (0x0, 0x0)
FAIL: c-c++-common/asan/stack-overflow-1.c -O2 output pattern test, is ==44921== AddressSanitizer CHECK failed: ../../../../trunk/libsanitizer/asan/asan_thread.cc:74 "((AddrIsInMem(stack_bottom_))) != (0)" (0x0, 0x0)
FAIL: c-c++-common/asan/stack-overflow-1.c -O3 -fomit-frame-pointer output pattern test, is ==45335== AddressSanitizer CHECK failed: ../../../../trunk/libsanitizer/asan/asan_thread.cc:74 "((AddrIsInMem(stack_bottom_))) != (0)" (0x0, 0x0)
FAIL: c-c++-common/asan/stack-overflow-1.c -O3 -g output pattern test, is ==45775== AddressSanitizer CHECK failed: ../../../../trunk/libsanitizer/asan/asan_thread.cc:74 "((AddrIsInMem(stack_bottom_))) != (0)" (0x0, 0x0)
FAIL: c-c++-common/asan/stack-overflow-1.c -Os output pattern test, is ==46046== AddressSanitizer CHECK failed: ../../../../trunk/libsanitizer/asan/asan_thread.cc:74 "((AddrIsInMem(stack_bottom_))) != (0)" (0x0, 0x0)
FAIL: c-c++-common/asan/stack-overflow-1.c -O2 -flto -fno-use-linker-plugin -flto-partition=none output pattern test, is ==46877== AddressSanitizer CHECK failed: ../../../../trunk/libsanitizer/asan/asan_thread.cc:74 "((AddrIsInMem(stack_bottom_))) != (0)" (0x0, 0x0)
FAIL: c-c++-common/asan/stack-overflow-1.c -O2 -flto -fuse-linker-plugin -fno-fat-lto-objects output pattern test, is ==47496== AddressSanitizer CHECK failed: ../../../../trunk/libsanitizer/asan/asan_thread.cc:74 "((AddrIsInMem(stack_bottom_))) != (0)" (0x0, 0x0)
FAIL: c-c++-common/asan/strip-path-prefix-1.c -O2 output pattern test, is ==47888== AddressSanitizer CHECK failed: ../../../../trunk/libsanitizer/asan/asan_thread.cc:74 "((AddrIsInMem(stack_bottom_))) != (0)" (0x0, 0x0)
FAIL: c-c++-common/asan/strip-path-prefix-1.c -O2 -flto -fno-use-linker-plugin -flto-partition=none output pattern test, is ==48744== AddressSanitizer CHECK failed: ../../../../trunk/libsanitizer/asan/asan_thread.cc:74 "((AddrIsInMem(stack_bottom_))) != (0)" (0x0, 0x0)
FAIL: c-c++-common/asan/strip-path-prefix-1.c -O2 -flto -fuse-linker-plugin -fno-fat-lto-objects output pattern test, is ==49282== AddressSanitizer CHECK failed: ../../../../trunk/libsanitizer/asan/asan_thread.cc:74 "((AddrIsInMem(stack_bottom_))) != (0)" (0x0, 0x0)
FAIL: c-c++-common/asan/strncpy-overflow-1.c -O0 output pattern test, is ==49611== AddressSanitizer CHECK failed: ../../../../trunk/libsanitizer/asan/asan_thread.cc:74 "((AddrIsInMem(stack_bottom_))) != (0)" (0x0, 0x0)
FAIL: c-c++-common/asan/strncpy-overflow-1.c -O1 output pattern test, is ==50028== AddressSanitizer CHECK failed: ../../../../trunk/libsanitizer/asan/asan_thread.cc:74 "((AddrIsInMem(stack_bottom_))) != (0)" (0x0, 0x0)
FAIL: c-c++-common/asan/strncpy-overflow-1.c -O2 output pattern test, is ==50426== AddressSanitizer CHECK failed: ../../../../trunk/libsanitizer/asan/asan_thread.cc:74 "((AddrIsInMem(stack_bottom_))) != (0)" (0x0, 0x0)
FAIL: c-c++-common/asan/strncpy-overflow-1.c -O3 -fomit-frame-pointer output pattern test, is ==50848== AddressSanitizer CHECK failed: ../../../../trunk/libsanitizer/asan/asan_thread.cc:74 "((AddrIsInMem(stack_bottom_))) != (0)" (0x0, 0x0)
FAIL: c-c++-common/asan/strncpy-overflow-1.c -O3 -g output pattern test, is ==51225== AddressSanitizer CHECK failed: ../../../../trunk/libsanitizer/asan/asan_thread.cc:74 "((AddrIsInMem(stack_bottom_))) != (0)" (0x0, 0x0)
FAIL: c-c++-common/asan/strncpy-overflow-1.c -Os output pattern test, is ==51685== AddressSanitizer CHECK failed: ../../../../trunk/libsanitizer/asan/asan_thread.cc:74 "((AddrIsInMem(stack_bottom_))) != (0)" (0x0, 0x0)
FAIL: c-c++-common/asan/strncpy-overflow-1.c -O2 -flto -fno-use-linker-plugin -flto-partition=none output pattern test, is ==52638== AddressSanitizer CHECK failed: ../../../../trunk/libsanitizer/asan/asan_thread.cc:74 "((AddrIsInMem(stack_bottom_))) != (0)" (0x0, 0x0)
FAIL: c-c++-common/asan/strncpy-overflow-1.c -O2 -flto -fuse-linker-plugin -fno-fat-lto-objects output pattern test, is ==53186== AddressSanitizer CHECK failed: ../../../../trunk/libsanitizer/asan/asan_thread.cc:74 "((AddrIsInMem(stack_bottom_))) != (0)" (0x0, 0x0)
FAIL: c-c++-common/asan/swapcontext-test-1.c -O0 execution test
FAIL: c-c++-common/asan/swapcontext-test-1.c -O1 execution test
FAIL: c-c++-common/asan/swapcontext-test-1.c -O2 execution test
FAIL: c-c++-common/asan/swapcontext-test-1.c -O3 -fomit-frame-pointer execution test
FAIL: c-c++-common/asan/swapcontext-test-1.c -O3 -fomit-frame-pointer -funroll-loops execution test
FAIL: c-c++-common/asan/swapcontext-test-1.c -O3 -fomit-frame-pointer -funroll-all-loops -finline-functions execution test
FAIL: c-c++-common/asan/swapcontext-test-1.c -O3 -g execution test
FAIL: c-c++-common/asan/swapcontext-test-1.c -Os execution test
FAIL: c-c++-common/asan/swapcontext-test-1.c -O2 -flto -fno-use-linker-plugin -flto-partition=none execution test
FAIL: c-c++-common/asan/swapcontext-test-1.c -O2 -flto -fuse-linker-plugin -fno-fat-lto-objects execution test
FAIL: c-c++-common/asan/use-after-free-1.c -O0 output pattern test, is ==59423== AddressSanitizer CHECK failed: ../../../../trunk/libsanitizer/asan/asan_thread.cc:74 "((AddrIsInMem(stack_bottom_))) != (0)" (0x0, 0x0)
FAIL: c-c++-common/asan/use-after-free-1.c -O1 output pattern test, is ==59835== AddressSanitizer CHECK failed: ../../../../trunk/libsanitizer/asan/asan_thread.cc:74 "((AddrIsInMem(stack_bottom_))) != (0)" (0x0, 0x0)
FAIL: c-c++-common/asan/use-after-free-1.c -O2 output pattern test, is ==60226== AddressSanitizer CHECK failed: ../../../../trunk/libsanitizer/asan/asan_thread.cc:74 "((AddrIsInMem(stack_bottom_))) != (0)" (0x0, 0x0)
FAIL: c-c++-common/asan/use-after-free-1.c -O3 -fomit-frame-pointer output pattern test, is ==60591== AddressSanitizer CHECK failed: ../../../../trunk/libsanitizer/asan/asan_thread.cc:74 "((AddrIsInMem(stack_bottom_))) != (0)" (0x0, 0x0)
FAIL: c-c++-common/asan/use-after-free-1.c -O3 -g output pattern test, is ==61012== AddressSanitizer CHECK failed: ../../../../trunk/libsanitizer/asan/asan_thread.cc:74 "((AddrIsInMem(stack_bottom_))) != (0)" (0x0, 0x0)
FAIL: c-c++-common/asan/use-after-free-1.c -Os output pattern test, is ==61426== AddressSanitizer CHECK failed: ../../../../trunk/libsanitizer/asan/asan_thread.cc:74 "((AddrIsInMem(stack_bottom_))) != (0)" (0x0, 0x0)
FAIL: c-c++-common/asan/use-after-free-1.c -O2 -flto -fno-use-linker-plugin -flto-partition=none output pattern test, is ==62373== AddressSanitizer CHECK failed: ../../../../trunk/libsanitizer/asan/asan_thread.cc:74 "((AddrIsInMem(stack_bottom_))) != (0)" (0x0, 0x0)
FAIL: c-c++-common/asan/use-after-free-1.c -O2 -flto -fuse-linker-plugin -fno-fat-lto-objects output pattern test, is ==62962== AddressSanitizer CHECK failed: ../../../../trunk/libsanitizer/asan/asan_thread.cc:74 "((AddrIsInMem(stack_bottom_))) != (0)" (0x0, 0x0)
FAIL: g++.dg/asan/deep-stack-uaf-1.C -O0 output pattern test, is ==63952== AddressSanitizer CHECK failed: ../../../../trunk/libsanitizer/asan/asan_thread.cc:74 "((AddrIsInMem(stack_bottom_))) != (0)" (0x0, 0x0)
FAIL: g++.dg/asan/deep-stack-uaf-1.C -O1 output pattern test, is ==460== AddressSanitizer CHECK failed: ../../../../trunk/libsanitizer/asan/asan_thread.cc:74 "((AddrIsInMem(stack_bottom_))) != (0)" (0x0, 0x0)
FAIL: g++.dg/asan/deep-stack-uaf-1.C -O2 output pattern test, is ==2762== AddressSanitizer CHECK failed: ../../../../trunk/libsanitizer/asan/asan_thread.cc:74 "((AddrIsInMem(stack_bottom_))) != (0)" (0x0, 0x0)
FAIL: g++.dg/asan/deep-stack-uaf-1.C -O3 -fomit-frame-pointer output pattern test, is ==4767== AddressSanitizer CHECK failed: ../../../../trunk/libsanitizer/asan/asan_thread.cc:74 "((AddrIsInMem(stack_bottom_))) != (0)" (0x0, 0x0)
FAIL: g++.dg/asan/deep-stack-uaf-1.C -O3 -g output pattern test, is ==6048== AddressSanitizer CHECK failed: ../../../../trunk/libsanitizer/asan/asan_thread.cc:74 "((AddrIsInMem(stack_bottom_))) != (0)" (0x0, 0x0)
FAIL: g++.dg/asan/deep-stack-uaf-1.C -Os output pattern test, is ==7764== AddressSanitizer CHECK failed: ../../../../trunk/libsanitizer/asan/asan_thread.cc:74 "((AddrIsInMem(stack_bottom_))) != (0)" (0x0, 0x0)
FAIL: g++.dg/asan/deep-tail-call-1.C -O0 output pattern test, is ==8031== AddressSanitizer CHECK failed: ../../../../trunk/libsanitizer/asan/asan_thread.cc:74 "((AddrIsInMem(stack_bottom_))) != (0)" (0x0, 0x0)
FAIL: g++.dg/asan/deep-tail-call-1.C -O1 output pattern test, is ==8338== AddressSanitizer CHECK failed: ../../../../trunk/libsanitizer/asan/asan_thread.cc:74 "((AddrIsInMem(stack_bottom_))) != (0)" (0x0, 0x0)
FAIL: g++.dg/asan/deep-tail-call-1.C -O2 output pattern test, is ==8692== AddressSanitizer CHECK failed: ../../../../trunk/libsanitizer/asan/asan_thread.cc:74 "((AddrIsInMem(stack_bottom_))) != (0)" (0x0, 0x0)
FAIL: g++.dg/asan/deep-tail-call-1.C -O3 -fomit-frame-pointer output pattern test, is ==9137== AddressSanitizer CHECK failed: ../../../../trunk/libsanitizer/asan/asan_thread.cc:74 "((AddrIsInMem(stack_bottom_))) != (0)" (0x0, 0x0)
FAIL: g++.dg/asan/deep-tail-call-1.C -O3 -g output pattern test, is ==9535== AddressSanitizer CHECK failed: ../../../../trunk/libsanitizer/asan/asan_thread.cc:74 "((AddrIsInMem(stack_bottom_))) != (0)" (0x0, 0x0)
FAIL: g++.dg/asan/deep-tail-call-1.C -Os output pattern test, is ==9903== AddressSanitizer CHECK failed: ../../../../trunk/libsanitizer/asan/asan_thread.cc:74 "((AddrIsInMem(stack_bottom_))) != (0)" (0x0, 0x0)
FAIL: g++.dg/asan/deep-tail-call-1.C -O2 -flto -fno-use-linker-plugin -flto-partition=none output pattern test, is ==10742== AddressSanitizer CHECK failed: ../../../../trunk/libsanitizer/asan/asan_thread.cc:74 "((AddrIsInMem(stack_bottom_))) != (0)" (0x0, 0x0)
FAIL: g++.dg/asan/deep-tail-call-1.C -O2 -flto -fuse-linker-plugin -fno-fat-lto-objects output pattern test, is ==11198== AddressSanitizer CHECK failed: ../../../../trunk/libsanitizer/asan/asan_thread.cc:74 "((AddrIsInMem(stack_bottom_))) != (0)" (0x0, 0x0)
FAIL: g++.dg/asan/deep-thread-stack-1.C -O0 output pattern test, is ==11700== AddressSanitizer CHECK failed: ../../../../trunk/libsanitizer/asan/asan_thread.cc:74 "((AddrIsInMem(stack_bottom_))) != (0)" (0x0, 0x0)
FAIL: g++.dg/asan/deep-thread-stack-1.C -O1 output pattern test, is ==12048== AddressSanitizer CHECK failed: ../../../../trunk/libsanitizer/asan/asan_thread.cc:74 "((AddrIsInMem(stack_bottom_))) != (0)" (0x0, 0x0)
FAIL: g++.dg/asan/deep-thread-stack-1.C -O2 output pattern test, is ==12456== AddressSanitizer CHECK failed: ../../../../trunk/libsanitizer/asan/asan_thread.cc:74 "((AddrIsInMem(stack_bottom_))) != (0)" (0x0, 0x0)
FAIL: g++.dg/asan/deep-thread-stack-1.C -O3 -fomit-frame-pointer output pattern test, is ==12872== AddressSanitizer CHECK failed: ../../../../trunk/libsanitizer/asan/asan_thread.cc:74 "((AddrIsInMem(stack_bottom_))) != (0)" (0x0, 0x0)
FAIL: g++.dg/asan/deep-thread-stack-1.C -O3 -g output pattern test, is ==13141== AddressSanitizer CHECK failed: ../../../../trunk/libsanitizer/asan/asan_thread.cc:74 "((AddrIsInMem(stack_bottom_))) != (0)" (0x0, 0x0)
FAIL: g++.dg/asan/deep-thread-stack-1.C -Os output pattern test, is ==13573== AddressSanitizer CHECK failed: ../../../../trunk/libsanitizer/asan/asan_thread.cc:74 "((AddrIsInMem(stack_bottom_))) != (0)" (0x0, 0x0)
FAIL: g++.dg/asan/deep-thread-stack-1.C -O2 -flto -fno-use-linker-plugin -flto-partition=none output pattern test, is ==14260== AddressSanitizer CHECK failed: ../../../../trunk/libsanitizer/asan/asan_thread.cc:74 "((AddrIsInMem(stack_bottom_))) != (0)" (0x0, 0x0)
FAIL: g++.dg/asan/deep-thread-stack-1.C -O2 -flto -fuse-linker-plugin -fno-fat-lto-objects output pattern test, is ==14717== AddressSanitizer CHECK failed: ../../../../trunk/libsanitizer/asan/asan_thread.cc:74 "((AddrIsInMem(stack_bottom_))) != (0)" (0x0, 0x0)
FAIL: g++.dg/asan/default-options-1.C -O0 execution test
FAIL: g++.dg/asan/default-options-1.C -O1 execution test
FAIL: g++.dg/asan/default-options-1.C -O2 execution test
FAIL: g++.dg/asan/default-options-1.C -O3 -fomit-frame-pointer execution test
FAIL: g++.dg/asan/default-options-1.C -O3 -g execution test
FAIL: g++.dg/asan/default-options-1.C -Os execution test
FAIL: g++.dg/asan/default-options-1.C -O2 -flto -fno-use-linker-plugin -flto-partition=none execution test
FAIL: g++.dg/asan/default-options-1.C -O2 -flto -fuse-linker-plugin -fno-fat-lto-objects execution test
FAIL: g++.dg/asan/interception-failure-test-1.C -O0 execution test
FAIL: g++.dg/asan/interception-failure-test-1.C -O1 execution test
FAIL: g++.dg/asan/interception-failure-test-1.C -O2 execution test
FAIL: g++.dg/asan/interception-failure-test-1.C -O3 -fomit-frame-pointer execution test
FAIL: g++.dg/asan/interception-failure-test-1.C -O3 -g execution test
FAIL: g++.dg/asan/interception-failure-test-1.C -Os execution test
FAIL: g++.dg/asan/interception-failure-test-1.C -O2 -flto -fno-use-linker-plugin -flto-partition=none execution test
FAIL: g++.dg/asan/interception-failure-test-1.C -O2 -flto -fuse-linker-plugin -fno-fat-lto-objects execution test
FAIL: g++.dg/asan/interception-malloc-test-1.C -O0 output pattern test, is ==22095== AddressSanitizer CHECK failed: ../../../../trunk/libsanitizer/asan/asan_thread.cc:74 "((AddrIsInMem(stack_bottom_))) != (0)" (0x0, 0x0)
FAIL: g++.dg/asan/interception-malloc-test-1.C -O1 output pattern test, is ==22499== AddressSanitizer CHECK failed: ../../../../trunk/libsanitizer/asan/asan_thread.cc:74 "((AddrIsInMem(stack_bottom_))) != (0)" (0x0, 0x0)
FAIL: g++.dg/asan/interception-malloc-test-1.C -O2 output pattern test, is ==22967== AddressSanitizer CHECK failed: ../../../../trunk/libsanitizer/asan/asan_thread.cc:74 "((AddrIsInMem(stack_bottom_))) != (0)" (0x0, 0x0)
FAIL: g++.dg/asan/interception-malloc-test-1.C -O3 -fomit-frame-pointer output pattern test, is ==23398== AddressSanitizer CHECK failed: ../../../../trunk/libsanitizer/asan/asan_thread.cc:74 "((AddrIsInMem(stack_bottom_))) != (0)" (0x0, 0x0)
FAIL: g++.dg/asan/interception-malloc-test-1.C -O3 -g output pattern test, is ==23784== AddressSanitizer CHECK failed: ../../../../trunk/libsanitizer/asan/asan_thread.cc:74 "((AddrIsInMem(stack_bottom_))) != (0)" (0x0, 0x0)
FAIL: g++.dg/asan/interception-malloc-test-1.C -Os output pattern test, is ==24224== AddressSanitizer CHECK failed: ../../../../trunk/libsanitizer/asan/asan_thread.cc:74 "((AddrIsInMem(stack_bottom_))) != (0)" (0x0, 0x0)
FAIL: g++.dg/asan/interception-malloc-test-1.C -O2 -flto -fno-use-linker-plugin -flto-partition=none output pattern test, is ==25052== AddressSanitizer CHECK failed: ../../../../trunk/libsanitizer/asan/asan_thread.cc:74 "((AddrIsInMem(stack_bottom_))) != (0)" (0x0, 0x0)
FAIL: g++.dg/asan/interception-malloc-test-1.C -O2 -flto -fuse-linker-plugin -fno-fat-lto-objects output pattern test, is ==25670== AddressSanitizer CHECK failed: ../../../../trunk/libsanitizer/asan/asan_thread.cc:74 "((AddrIsInMem(stack_bottom_))) != (0)" (0x0, 0x0)
FAIL: g++.dg/asan/interception-test-1.C -O0 output pattern test, is ==26061== AddressSanitizer CHECK failed: ../../../../trunk/libsanitizer/asan/asan_thread.cc:74 "((AddrIsInMem(stack_bottom_))) != (0)" (0x0, 0x0)
FAIL: g++.dg/asan/interception-test-1.C -O1 output pattern test, is ==26507== AddressSanitizer CHECK failed: ../../../../trunk/libsanitizer/asan/asan_thread.cc:74 "((AddrIsInMem(stack_bottom_))) != (0)" (0x0, 0x0)
FAIL: g++.dg/asan/interception-test-1.C -O2 output pattern test, is ==26888== AddressSanitizer CHECK failed: ../../../../trunk/libsanitizer/asan/asan_thread.cc:74 "((AddrIsInMem(stack_bottom_))) != (0)" (0x0, 0x0)
FAIL: g++.dg/asan/interception-test-1.C -O3 -fomit-frame-pointer output pattern test, is ==27248== AddressSanitizer CHECK failed: ../../../../trunk/libsanitizer/asan/asan_thread.cc:74 "((AddrIsInMem(stack_bottom_))) != (0)" (0x0, 0x0)
FAIL: g++.dg/asan/interception-test-1.C -O3 -g output pattern test, is ==27656== AddressSanitizer CHECK failed: ../../../../trunk/libsanitizer/asan/asan_thread.cc:74 "((AddrIsInMem(stack_bottom_))) != (0)" (0x0, 0x0)
FAIL: g++.dg/asan/interception-test-1.C -Os output pattern test, is ==28052== AddressSanitizer CHECK failed: ../../../../trunk/libsanitizer/asan/asan_thread.cc:74 "((AddrIsInMem(stack_bottom_))) != (0)" (0x0, 0x0)
FAIL: g++.dg/asan/interception-test-1.C -O2 -flto -fno-use-linker-plugin -flto-partition=none output pattern test, is ==28993== AddressSanitizer CHECK failed: ../../../../trunk/libsanitizer/asan/asan_thread.cc:74 "((AddrIsInMem(stack_bottom_))) != (0)" (0x0, 0x0)
FAIL: g++.dg/asan/interception-test-1.C -O2 -flto -fuse-linker-plugin -fno-fat-lto-objects output pattern test, is ==29613== AddressSanitizer CHECK failed: ../../../../trunk/libsanitizer/asan/asan_thread.cc:74 "((AddrIsInMem(stack_bottom_))) != (0)" (0x0, 0x0)
FAIL: g++.dg/asan/large-func-test-1.C -O0 output pattern test, is ==29921== AddressSanitizer CHECK failed: ../../../../trunk/libsanitizer/asan/asan_thread.cc:74 "((AddrIsInMem(stack_bottom_))) != (0)" (0x0, 0x0)
FAIL: g++.dg/asan/large-func-test-1.C -O1 output pattern test, is ==30127== AddressSanitizer CHECK failed: ../../../../trunk/libsanitizer/asan/asan_thread.cc:74 "((AddrIsInMem(stack_bottom_))) != (0)" (0x0, 0x0)
FAIL: g++.dg/asan/large-func-test-1.C -O2 output pattern test, is ==30853== AddressSanitizer CHECK failed: ../../../../trunk/libsanitizer/asan/asan_thread.cc:74 "((AddrIsInMem(stack_bottom_))) != (0)" (0x0, 0x0)
FAIL: g++.dg/asan/large-func-test-1.C -O3 -fomit-frame-pointer output pattern test, is ==31591== AddressSanitizer CHECK failed: ../../../../trunk/libsanitizer/asan/asan_thread.cc:74 "((AddrIsInMem(stack_bottom_))) != (0)" (0x0, 0x0)
FAIL: g++.dg/asan/large-func-test-1.C -O3 -g output pattern test, is ==32164== AddressSanitizer CHECK failed: ../../../../trunk/libsanitizer/asan/asan_thread.cc:74 "((AddrIsInMem(stack_bottom_))) != (0)" (0x0, 0x0)
FAIL: g++.dg/asan/large-func-test-1.C -Os output pattern test, is ==32883== AddressSanitizer CHECK failed: ../../../../trunk/libsanitizer/asan/asan_thread.cc:74 "((AddrIsInMem(stack_bottom_))) != (0)" (0x0, 0x0)
FAIL: g++.dg/asan/large-func-test-1.C -O2 -flto -fno-use-linker-plugin -flto-partition=none output pattern test, is ==34173== AddressSanitizer CHECK failed: ../../../../trunk/libsanitizer/asan/asan_thread.cc:74 "((AddrIsInMem(stack_bottom_))) != (0)" (0x0, 0x0)
FAIL: g++.dg/asan/large-func-test-1.C -O2 -flto -fuse-linker-plugin -fno-fat-lto-objects output pattern test, is ==34957== AddressSanitizer CHECK failed: ../../../../trunk/libsanitizer/asan/asan_thread.cc:74 "((AddrIsInMem(stack_bottom_))) != (0)" (0x0, 0x0)
FAIL: g++.dg/asan/pr55617.C -O0 execution test
FAIL: g++.dg/asan/pr55617.C -O1 execution test
FAIL: g++.dg/asan/pr55617.C -O2 execution test
FAIL: g++.dg/asan/pr55617.C -O3 -fomit-frame-pointer execution test
FAIL: g++.dg/asan/pr55617.C -O3 -g execution test
FAIL: g++.dg/asan/pr55617.C -Os execution test
FAIL: g++.dg/asan/pr55617.C -O2 -flto -fno-use-linker-plugin -flto-partition=none execution test
FAIL: g++.dg/asan/pr55617.C -O2 -flto -fuse-linker-plugin -fno-fat-lto-objects execution test
FAIL: g++.dg/asan/symbolize-callback-1.C -O2 output pattern test, is ==39083== AddressSanitizer CHECK failed: ../../../../trunk/libsanitizer/asan/asan_thread.cc:74 "((AddrIsInMem(stack_bottom_))) != (0)" (0x0, 0x0)
FAIL: g++.dg/asan/symbolize-callback-1.C -O2 -flto -fno-use-linker-plugin -flto-partition=none output pattern test, is ==40156== AddressSanitizer CHECK failed: ../../../../trunk/libsanitizer/asan/asan_thread.cc:74 "((AddrIsInMem(stack_bottom_))) != (0)" (0x0, 0x0)
FAIL: g++.dg/asan/symbolize-callback-1.C -O2 -flto -fuse-linker-plugin -fno-fat-lto-objects output pattern test, is ==40830== AddressSanitizer CHECK failed: ../../../../trunk/libsanitizer/asan/asan_thread.cc:74 "((AddrIsInMem(stack_bottom_))) != (0)" (0x0, 0x0)
=== g++ Summary ===
# of expected passes 57308
# of unexpected failures 164
# of expected failures 292
# of unsupported tests 1098
/home/stevenb/devel/build-test/gcc/testsuite/g++/../../xg++ version 4.9.0 20131102 (experimental) [trunk revision 204319] (GCC)
=== objc tests ===
Running target unix
=== objc Summary ===
# of expected passes 2994
# of unsupported tests 74
/home/stevenb/devel/build-test/gcc/xgcc version 4.9.0 20131102 (experimental) [trunk revision 204319] (GCC)
=== libatomic tests ===
Running target unix
=== libatomic Summary ===
# of expected passes 44
# of unsupported tests 5
=== libgomp tests ===
Running target unix
FAIL: libgomp.graphite/bounds.c scan-tree-dump-times graphite "0 loops carried no dependency" 1
FAIL: libgomp.graphite/force-parallel-4.c execution test
FAIL: libgomp.graphite/force-parallel-4.c scan-tree-dump-times graphite "2 loops carried no dependency" 1
FAIL: libgomp.graphite/force-parallel-6.c scan-tree-dump-times graphite "1 loops carried no dependency" 1
FAIL: libgomp.graphite/pr41118.c scan-tree-dump-times optimized "loopfn" 0
=== libgomp Summary ===
# of expected passes 2385
# of unexpected failures 5
# of unsupported tests 1
=== libitm tests ===
Running target unix
=== libitm Summary ===
# of expected passes 26
# of expected failures 3
# of unsupported tests 1
=== libstdc++ tests ===
Running target unix
=== libstdc++ Summary ===
# of expected passes 9713
# of expected failures 40
# of unsupported tests 229
Compiler version: 4.9.0 20131102 (experimental/-mlra) [trunk revision 204319] (GCC)
Platform: powerpc64-unknown-linux-gnu
configure flags: --enable-languages=c,c++,objc,fortran --with-mpfr=/opt/cfarm/mpfr-latest --with-gmp=/opt/cfarm/gmp-latest --with-mpc=/opt/cfarm/mpc-latest --with-cloog=/opt/cfarm/cloog-latest --with-isl=/opt/cfarm/isl-latest