This is the mail archive of the
gcc-testresults@gcc.gnu.org
mailing list for the GCC project.
Results for 4.9.0 20131029 (experimental) (GCC) testsuite on arm-none-eabi
- From: CodeSourcery Automatic Testing System <gcc at codesourcery dot com>
- To: <gcc-testresults at gcc dot gnu dot org>
- Date: Tue, 29 Oct 2013 18:46:29 -0700
- Subject: Results for 4.9.0 20131029 (experimental) (GCC) testsuite on arm-none-eabi
- Authentication-results: sourceware.org; auth=none
LAST_UPDATED: Tue Oct 29 07:09:16 UTC 2013 (/trunk revision 204148)
Target is arm-none-eabi
Host is i686-pc-linux-gnu
=== g++ tests ===
Running target arm-sim-fsf
FAIL: g++.dg/debug/ra1.C -gdwarf-2 -g1 (test for excess errors)
FAIL: g++.dg/debug/ra1.C -gdwarf-2 -g1 -O2 (test for excess errors)
FAIL: g++.dg/debug/ra1.C -gdwarf-2 -g1 -O3 (test for excess errors)
FAIL: g++.dg/debug/ra1.C -gdwarf-2 (test for excess errors)
FAIL: g++.dg/debug/ra1.C -gdwarf-2 -O2 (test for excess errors)
FAIL: g++.dg/debug/ra1.C -gdwarf-2 -O3 (test for excess errors)
FAIL: g++.dg/debug/ra1.C -gdwarf-2 -g3 (test for excess errors)
FAIL: g++.dg/debug/ra1.C -gdwarf-2 -g3 -O2 (test for excess errors)
FAIL: g++.dg/debug/ra1.C -gdwarf-2 -g3 -O3 (test for excess errors)
FAIL: g++.dg/debug/ra1.C -gstabs1 (test for excess errors)
FAIL: g++.dg/debug/ra1.C -gstabs1 -O2 (test for excess errors)
FAIL: g++.dg/debug/ra1.C -gstabs1 -O3 (test for excess errors)
FAIL: g++.dg/debug/ra1.C -gstabs (test for excess errors)
FAIL: g++.dg/debug/ra1.C -gstabs -O2 (test for excess errors)
FAIL: g++.dg/debug/ra1.C -gstabs -O3 (test for excess errors)
FAIL: g++.dg/debug/ra1.C -gstabs3 (test for excess errors)
FAIL: g++.dg/debug/ra1.C -gstabs3 -O2 (test for excess errors)
FAIL: g++.dg/debug/ra1.C -gstabs3 -O3 (test for excess errors)
FAIL: g++.dg/debug/ra1.C -gstabs+1 (test for excess errors)
FAIL: g++.dg/debug/ra1.C -gstabs+1 -O2 (test for excess errors)
FAIL: g++.dg/debug/ra1.C -gstabs+1 -O3 (test for excess errors)
FAIL: g++.dg/debug/ra1.C -gstabs+ (test for excess errors)
FAIL: g++.dg/debug/ra1.C -gstabs+ -O2 (test for excess errors)
FAIL: g++.dg/debug/ra1.C -gstabs+ -O3 (test for excess errors)
FAIL: g++.dg/debug/ra1.C -gstabs+3 (test for excess errors)
FAIL: g++.dg/debug/ra1.C -gstabs+3 -O2 (test for excess errors)
FAIL: g++.dg/debug/ra1.C -gstabs+3 -O3 (test for excess errors)
FAIL: g++.dg/parse/enum5.C -std=c++98 (test for excess errors)
FAIL: g++.dg/parse/enum5.C -std=c++11 (test for excess errors)
=== g++ Summary ===
# of expected passes 51348
# of unexpected failures 29
# of expected failures 285
# of unsupported tests 1203
/scratch/gcc/nightly-2013-10-29-mainline/arm-none-eabi/obj/test-mainline-0-arm-none-eabi/host-i686-pc-linux-gnu/fsf-mainline/bin/arm-none-eabi-g++ version 4.9.0 20131029 (experimental) (GCC)
=== Summary adjusted for local xfails ===
# of unexpected failures 29
# of expected passes 51348
# of expected failures 285
# of unsupported tests 1203
Host is i686-pc-linux-gnu
=== gcc tests ===
Running target arm-sim-fsf
FAIL: gcc.dg/uninit-13.c unconditional (test for warnings, line 8)
FAIL: gcc.dg/uninit-13.c (test for excess errors)
FAIL: gcc.dg/tree-ssa/loop-31.c scan-tree-dump-times optimized " \\\\+ 2" 1
FAIL: gcc.dg/tree-ssa/sra-12.c scan-tree-dump-times release_ssa "l;" 0
FAIL: gcc.dg/vect/pr56787.c scan-tree-dump vect "vectorized 1 loops"
FAIL: gcc.dg/vect/pr57705.c execution test
WARNING: program timed out.
FAIL: gcc.dg/vect/pr57741-2.c execution test
FAIL: gcc.dg/vect/pr57741-3.c execution test
FAIL: gcc.dg/vect/pr56787.c -flto scan-tree-dump vect "vectorized 1 loops"
FAIL: gcc.dg/vect/pr57705.c -flto execution test
FAIL: gcc.dg/vect/pr57741-2.c -flto execution test
FAIL: gcc.dg/vect/pr57741-3.c -flto execution test
FAIL: gcc.target/arm/ivopts.c object-size text <= 36
FAIL: gcc.target/arm/neon-vcond-gt.c scan-assembler vbit[\\\\t ]*q[0-9]+,[\\\\t ]*q[0-9]+,[\\\\t ]*q[0-9]+
FAIL: gcc.target/arm/neon-vext-execute.c execution test
FAIL: gcc.target/arm/pr42172-1.c scan-assembler-times ldr 1
FAIL: gcc.target/arm/pr42575.c scan-assembler-not mov
FAIL: gcc.target/arm/thumb-cbranchqi.c scan-assembler bhi
=== gcc Summary ===
# of expected passes 91862
# of unexpected failures 18
# of expected failures 240
# of unsupported tests 1764
/scratch/gcc/nightly-2013-10-29-mainline/arm-none-eabi/obj/test-mainline-0-arm-none-eabi/host-i686-pc-linux-gnu/fsf-mainline/bin/arm-none-eabi-gcc version 4.9.0 20131029 (experimental) (GCC)
=== Summary adjusted for local xfails ===
# of unexpected failures 18
# of expected passes 91862
# of expected failures 240
# of unsupported tests 1764
Host is i686-pc-linux-gnu
=== libstdc++ tests ===
Running target arm-sim-fsf
ERROR: tcl error sourcing /scratch/gcc/nightly-2013-10-29-mainline/src/gcc-mainline/libstdc++-v3/testsuite/libstdc++-abi/abi.exp.
ERROR: can't read "baseline_subdir_switch": no such variable
FAIL: 27_io/basic_filebuf/underflow/wchar_t/11603.cc execution test
FAIL: 29_atomics/atomic/cons/user_pod.cc (test for excess errors)
FAIL: 29_atomics/atomic/operators/integral_assignment.cc (test for excess errors)
UNRESOLVED: 29_atomics/atomic/operators/integral_assignment.cc compilation failed to produce executable
FAIL: 29_atomics/atomic/operators/integral_conversion.cc (test for excess errors)
UNRESOLVED: 29_atomics/atomic/operators/integral_conversion.cc compilation failed to produce executable
FAIL: 29_atomics/atomic_flag/clear/1.cc (test for excess errors)
UNRESOLVED: 29_atomics/atomic_flag/clear/1.cc compilation failed to produce executable
FAIL: 29_atomics/atomic_flag/test_and_set/explicit.cc (test for excess errors)
UNRESOLVED: 29_atomics/atomic_flag/test_and_set/explicit.cc compilation failed to produce executable
FAIL: 29_atomics/atomic_flag/test_and_set/implicit.cc (test for excess errors)
UNRESOLVED: 29_atomics/atomic_flag/test_and_set/implicit.cc compilation failed to produce executable
FAIL: 29_atomics/atomic_integral/operators/integral_assignment.cc (test for excess errors)
UNRESOLVED: 29_atomics/atomic_integral/operators/integral_assignment.cc compilation failed to produce executable
FAIL: 29_atomics/atomic_integral/operators/integral_conversion.cc (test for excess errors)
UNRESOLVED: 29_atomics/atomic_integral/operators/integral_conversion.cc compilation failed to produce executable
XPASS: ext/stdio_filebuf/char/10063-2.cc execution test
XPASS: ext/stdio_filebuf/char/10063-3.cc execution test
=== libstdc++ Summary ===
# of expected passes 7872
# of unexpected failures 9
# of unexpected successes 2
# of expected failures 44
# of unresolved testcases 7
# of unsupported tests 669
=== Summary adjusted for local xfails ===
# of errors 2
# of unexpected failures 9
# of expected passes 7872
# of unexpected successes 2
# of expected failures 44
# of unresolved testcases 7
# of unsupported tests 669
Host is i686-pc-linux-gnu
=== g++ tests ===
Running target arm-sim-fsf/-mthumb
FAIL: g++.dg/debug/ra1.C -gdwarf-2 -g1 (test for excess errors)
FAIL: g++.dg/debug/ra1.C -gdwarf-2 -g1 -O2 (test for excess errors)
FAIL: g++.dg/debug/ra1.C -gdwarf-2 -g1 -O3 (test for excess errors)
FAIL: g++.dg/debug/ra1.C -gdwarf-2 (test for excess errors)
FAIL: g++.dg/debug/ra1.C -gdwarf-2 -O2 (test for excess errors)
FAIL: g++.dg/debug/ra1.C -gdwarf-2 -O3 (test for excess errors)
FAIL: g++.dg/debug/ra1.C -gdwarf-2 -g3 (test for excess errors)
FAIL: g++.dg/debug/ra1.C -gdwarf-2 -g3 -O2 (test for excess errors)
FAIL: g++.dg/debug/ra1.C -gdwarf-2 -g3 -O3 (test for excess errors)
FAIL: g++.dg/debug/ra1.C -gstabs1 (test for excess errors)
FAIL: g++.dg/debug/ra1.C -gstabs1 -O2 (test for excess errors)
FAIL: g++.dg/debug/ra1.C -gstabs1 -O3 (test for excess errors)
FAIL: g++.dg/debug/ra1.C -gstabs (test for excess errors)
FAIL: g++.dg/debug/ra1.C -gstabs -O2 (test for excess errors)
FAIL: g++.dg/debug/ra1.C -gstabs -O3 (test for excess errors)
FAIL: g++.dg/debug/ra1.C -gstabs3 (test for excess errors)
FAIL: g++.dg/debug/ra1.C -gstabs3 -O2 (test for excess errors)
FAIL: g++.dg/debug/ra1.C -gstabs3 -O3 (test for excess errors)
FAIL: g++.dg/debug/ra1.C -gstabs+1 (test for excess errors)
FAIL: g++.dg/debug/ra1.C -gstabs+1 -O2 (test for excess errors)
FAIL: g++.dg/debug/ra1.C -gstabs+1 -O3 (test for excess errors)
FAIL: g++.dg/debug/ra1.C -gstabs+ (test for excess errors)
FAIL: g++.dg/debug/ra1.C -gstabs+ -O2 (test for excess errors)
FAIL: g++.dg/debug/ra1.C -gstabs+ -O3 (test for excess errors)
FAIL: g++.dg/debug/ra1.C -gstabs+3 (test for excess errors)
FAIL: g++.dg/debug/ra1.C -gstabs+3 -O2 (test for excess errors)
FAIL: g++.dg/debug/ra1.C -gstabs+3 -O3 (test for excess errors)
FAIL: g++.dg/parse/enum5.C -std=c++98 (test for excess errors)
FAIL: g++.dg/parse/enum5.C -std=c++11 (test for excess errors)
=== g++ Summary ===
# of expected passes 51196
# of unexpected failures 29
# of expected failures 285
# of unsupported tests 1217
/scratch/gcc/nightly-2013-10-29-mainline/arm-none-eabi/obj/test-mainline-0-arm-none-eabi/host-i686-pc-linux-gnu/fsf-mainline/bin/arm-none-eabi-g++ version 4.9.0 20131029 (experimental) (GCC)
=== Summary adjusted for local xfails ===
# of unexpected failures 29
# of expected passes 51196
# of expected failures 285
# of unsupported tests 1217
Host is i686-pc-linux-gnu
=== gcc tests ===
Running target arm-sim-fsf/-mthumb
FAIL: gcc.dg/uninit-13.c unconditional (test for warnings, line 8)
FAIL: gcc.dg/uninit-13.c (test for excess errors)
FAIL: gcc.dg/tree-ssa/sra-12.c scan-tree-dump-times release_ssa "l;" 0
FAIL: gcc.target/arm/iordi3-opt.c scan-assembler-not mov[\\\\t ]+.+,[\\\\t ]*.+
FAIL: gcc.target/arm/pr42172-1.c scan-assembler-times ldr 1
FAIL: gcc.target/arm/thumb-cbranchqi.c scan-assembler bhi
FAIL: gcc.target/arm/volatile-bitfields-1.c scan-assembler ldrb[\\\\t ]+[^\\n]*,[\\\\t ]*\\\\[[^\\n]*\\\\]
FAIL: gcc.target/arm/xordi3-opt.c scan-assembler-not mov[\\\\t ]+.+,[\\\\t ]*.+
=== gcc Summary ===
# of expected passes 84719
# of unexpected failures 8
# of expected failures 103
# of unsupported tests 3734
/scratch/gcc/nightly-2013-10-29-mainline/arm-none-eabi/obj/test-mainline-0-arm-none-eabi/host-i686-pc-linux-gnu/fsf-mainline/bin/arm-none-eabi-gcc version 4.9.0 20131029 (experimental) (GCC)
=== Summary adjusted for local xfails ===
# of unexpected failures 8
# of expected passes 84719
# of expected failures 103
# of unsupported tests 3734
Host is i686-pc-linux-gnu
=== libstdc++ tests ===
Running target arm-sim-fsf/-mthumb
ERROR: tcl error sourcing /scratch/gcc/nightly-2013-10-29-mainline/src/gcc-mainline/libstdc++-v3/testsuite/libstdc++-abi/abi.exp.
ERROR: can't read "baseline_subdir_switch": no such variable
FAIL: 27_io/basic_filebuf/underflow/wchar_t/11603.cc execution test
FAIL: 29_atomics/atomic/cons/user_pod.cc (test for excess errors)
FAIL: 29_atomics/atomic/operators/integral_assignment.cc (test for excess errors)
UNRESOLVED: 29_atomics/atomic/operators/integral_assignment.cc compilation failed to produce executable
FAIL: 29_atomics/atomic/operators/integral_conversion.cc (test for excess errors)
UNRESOLVED: 29_atomics/atomic/operators/integral_conversion.cc compilation failed to produce executable
FAIL: 29_atomics/atomic_flag/clear/1.cc (test for excess errors)
UNRESOLVED: 29_atomics/atomic_flag/clear/1.cc compilation failed to produce executable
FAIL: 29_atomics/atomic_flag/test_and_set/explicit.cc (test for excess errors)
UNRESOLVED: 29_atomics/atomic_flag/test_and_set/explicit.cc compilation failed to produce executable
FAIL: 29_atomics/atomic_flag/test_and_set/implicit.cc (test for excess errors)
UNRESOLVED: 29_atomics/atomic_flag/test_and_set/implicit.cc compilation failed to produce executable
FAIL: 29_atomics/atomic_integral/operators/integral_assignment.cc (test for excess errors)
UNRESOLVED: 29_atomics/atomic_integral/operators/integral_assignment.cc compilation failed to produce executable
FAIL: 29_atomics/atomic_integral/operators/integral_conversion.cc (test for excess errors)
UNRESOLVED: 29_atomics/atomic_integral/operators/integral_conversion.cc compilation failed to produce executable
XPASS: ext/stdio_filebuf/char/10063-2.cc execution test
XPASS: ext/stdio_filebuf/char/10063-3.cc execution test
=== libstdc++ Summary ===
# of expected passes 7872
# of unexpected failures 9
# of unexpected successes 2
# of expected failures 44
# of unresolved testcases 7
# of unsupported tests 669
=== Summary adjusted for local xfails ===
# of errors 2
# of unexpected failures 9
# of expected passes 7872
# of unexpected successes 2
# of expected failures 44
# of unresolved testcases 7
# of unsupported tests 669
Compiler version: 4.9.0 20131029 (experimental) (GCC)
Platform: arm-none-eabi
configure flags: --build=i686-pc-linux-gnu --host=i686-pc-linux-gnu --target=arm-none-eabi --enable-threads --disable-libmudflap --disable-libssp --disable-libstdcxx-pch --with-gnu-as --with-gnu-ld --enable-languages=c,c++ --disable-shared --enable-lto --with-newlib --disable-nls --prefix=/scratch/gcc/nightly-2013-10-29-mainline/arm-none-eabi/install --with-headers=yes --with-sysroot=/scratch/gcc/nightly-2013-10-29-mainline/arm-none-eabi/install/arm-none-eabi --with-gmp=/scratch/gcc/nightly-2013-10-29-mainline/arm-none-eabi/obj/pkg-mainline-0-arm-none-eabi/fsf-mainline-0-arm-none-eabi.extras/host-libs-i686-pc-linux-gnu/usr --with-mpfr=/scratch/gcc/nightly-2013-10-29-mainline/arm-none-eabi/obj/pkg-mainline-0-arm-none-eabi/fsf-mainline-0-arm-none-eabi.extras/host-libs-i686-pc-linux-gnu/usr --with-mpc=/scratch/gcc/nightly-2013-10-29-mainline/arm-none-eabi/obj/pkg-mainline-0-arm-none-eabi/fsf-mainline-0-arm-none-eabi.extras/host-libs-i686-pc-linux-gnu/usr --with-host-libstdcxx='-
static-libgcc -Wl,-Bstatic,-lstdc++,-Bdynamic -lm' --with-isl=/scratch/gcc/nightly-2013-10-29-mainline/arm-none-eabi/obj/pkg-mainline-0-arm-none-eabi/fsf-mainline-0-arm-none-eabi.extras/host-libs-i686-pc-linux-gnu/usr --with-cloog=/scratch/gcc/nightly-2013-10-29-mainline/arm-none-eabi/obj/pkg-mainline-0-arm-none-eabi/fsf-mainline-0-arm-none-eabi.extras/host-libs-i686-pc-linux-gnu/usr --disable-libgomp --disable-libitm --disable-libssp --enable-poison-system-directories --with-build-time-tools=/scratch/gcc/nightly-2013-10-29-mainline/arm-none-eabi/install/arm-none-eabi/bin --with-build-time-tools=/scratch/gcc/nightly-2013-10-29-mainline/arm-none-eabi/install/arm-none-eabi/bin SED=sed