This is the mail archive of the gcc-testresults@gcc.gnu.org mailing list for the GCC project.


Index Nav: [Date Index] [Subject Index] [Author Index] [Thread Index]
Message Nav: [Date Prev] [Date Next] [Thread Prev] [Thread Next]
Other format: [Raw text]

Results for 4.8.2 (GCC) testsuite on x86_64-apple-darwin13


LAST_UPDATED: Obtained from SVN: tags/gcc_4_8_2_release revision 203690

Native configuration is x86_64-apple-darwin13

		=== g++ tests ===


Running target unix/-m32
WARNING: g++.dg/ext/label13.C -std=gnu++98 compilation failed to produce executable
WARNING: g++.dg/ext/label13.C -std=gnu++11 compilation failed to produce executable

		=== g++ Summary for unix/-m32 ===

# of expected passes		49394
# of expected failures		288
# of unsupported tests		807

Running target unix/-m64
WARNING: g++.dg/ext/label13.C -std=gnu++98 compilation failed to produce executable
WARNING: g++.dg/ext/label13.C -std=gnu++11 compilation failed to produce executable
WARNING: program timed out.
FAIL: g++.dg/pch/pch.C  -O2 -g -I. -Dwith_PCH (test for excess errors)
FAIL: g++.dg/pch/pch.C -O2 -g assembly comparison

		=== g++ Summary for unix/-m64 ===

# of expected passes		50257
# of unexpected failures	2
# of expected failures		288
# of unsupported tests		993

		=== g++ Summary ===

# of expected passes		99651
# of unexpected failures	2
# of expected failures		576
# of unsupported tests		1800
/Users/fx/devel/gcc/build_package/ibin/gcc/testsuite/g++/../../xg++  version 4.8.2 (GCC) 

		=== gcc tests ===


Running target unix/-m32
FAIL: c-c++-common/asan/strncpy-overflow-1.c  -O0  execution test
WARNING: program timed out.
FAIL: gcc.dg/pch/save-temps-1.c   -O3 -fomit-frame-pointer  -I. -Dwith_PCH (test for excess errors)
FAIL: gcc.dg/pch/save-temps-1.c  -O3 -fomit-frame-pointer  assembly comparison
FAIL: gcc.dg/tree-prof/pr52027.c compilation,  -fprofile-use -D_PROFILE_USE
UNRESOLVED: gcc.dg/tree-prof/pr52027.c execution,    -fprofile-use -D_PROFILE_USE

		=== gcc Summary for unix/-m32 ===

# of expected passes		75522
# of unexpected failures	4
# of expected failures		193
# of unresolved testcases	1
# of unsupported tests		2002

Running target unix/-m64
FAIL: c-c++-common/asan/strncpy-overflow-1.c  -O0  execution test
FAIL: gcc.dg/pr57518.c scan-rtl-dump-not ira "REG_EQUIV.*mem.*"ip""
FAIL: gcc.dg/pch/save-temps-1.c  -O0 -g -I. -Dwith_PCH (internal compiler error)
FAIL: gcc.dg/pch/save-temps-1.c  -O0 -g -I. -Dwith_PCH (test for excess errors)
FAIL: gcc.dg/pch/save-temps-1.c  -O0 -g assembly comparison
FAIL: gcc.dg/tree-prof/pr34999.c compilation,  -fprofile-use -D_PROFILE_USE
UNRESOLVED: gcc.dg/tree-prof/pr34999.c execution,    -fprofile-use -D_PROFILE_USE
FAIL: gcc.dg/tree-prof/pr45354.c compilation,  -fprofile-use -D_PROFILE_USE
UNRESOLVED: gcc.dg/tree-prof/pr45354.c execution,    -fprofile-use -D_PROFILE_USE
FAIL: gcc.dg/tree-prof/pr50907.c compilation,  -fprofile-use -D_PROFILE_USE
UNRESOLVED: gcc.dg/tree-prof/pr50907.c execution,    -fprofile-use -D_PROFILE_USE
FAIL: gcc.dg/tree-prof/pr52027.c compilation,  -fprofile-use -D_PROFILE_USE
UNRESOLVED: gcc.dg/tree-prof/pr52027.c execution,    -fprofile-use -D_PROFILE_USE
FAIL: gcc.target/i386/pr49866.c (test for excess errors)

		=== gcc Summary for unix/-m64 ===

# of expected passes		76002
# of unexpected failures	10
# of expected failures		196
# of unresolved testcases	4
# of unsupported tests		2225

		=== gcc Summary ===

# of expected passes		151524
# of unexpected failures	14
# of expected failures		389
# of unresolved testcases	5
# of unsupported tests		4227
/Users/fx/devel/gcc/build_package/ibin/gcc/xgcc  version 4.8.2 (GCC) 

		=== gfortran tests ===


Running target unix/-m32

		=== gfortran Summary for unix/-m32 ===

# of expected passes		43037
# of expected failures		42
# of unsupported tests		210

Running target unix/-m64

		=== gfortran Summary for unix/-m64 ===

# of expected passes		43326
# of expected failures		42
# of unsupported tests		70

		=== gfortran Summary ===

# of expected passes		86363
# of expected failures		84
# of unsupported tests		280
/Users/fx/devel/gcc/build_package/ibin/gcc/testsuite/gfortran/../../gfortran  version 4.8.2 (GCC) 

		=== obj-c++ tests ===


Running target unix/-m32
FAIL: obj-c++.dg/cxx-ivars-3.mm -fnext-runtime execution test
FAIL: obj-c++.dg/gnu-api-2-objc.mm -fnext-runtime execution test

		=== obj-c++ Summary for unix/-m32 ===

# of expected passes		3021
# of unexpected failures	2
# of expected failures		2
# of unsupported tests		56

Running target unix/-m64
FAIL: obj-c++.dg/gnu-api-2-objc.mm -fnext-runtime execution test
FAIL: obj-c++.dg/try-catch-2.mm -fnext-runtime execution test
FAIL: obj-c++.dg/try-catch-9.mm -fnext-runtime execution test

		=== obj-c++ Summary for unix/-m64 ===

# of expected passes		2985
# of unexpected failures	3
# of expected failures		19
# of unsupported tests		60

		=== obj-c++ Summary ===

# of expected passes		6006
# of unexpected failures	5
# of expected failures		21
# of unsupported tests		116
/Users/fx/devel/gcc/build_package/ibin/gcc/testsuite/obj-c++/../../xg++  version 4.8.2 (GCC) 

		=== objc tests ===


Running target unix/-m32
FAIL: objc.dg/call-super-2.m -fnext-runtime  (test for warnings, line 74)
FAIL: objc.dg/call-super-2.m -fnext-runtime  (test for warnings, line 104)
FAIL: objc.dg/gnu-api-2-objc.m -fnext-runtime execution test

		=== objc Summary for unix/-m32 ===

# of expected passes		5929
# of unexpected failures	3
# of expected failures		6
# of unsupported tests		73

Running target unix/-m64
FAIL: objc.dg/call-super-2.m -fnext-runtime  (test for warnings, line 74)
FAIL: objc.dg/call-super-2.m -fnext-runtime  (test for warnings, line 104)
FAIL: objc.dg/exceptions-2.m -fnext-runtime execution test
FAIL: objc.dg/gnu-api-2-objc.m -fnext-runtime execution test

		=== objc Summary for unix/-m64 ===

# of expected passes		5796
# of unexpected failures	4
# of expected failures		6
# of unsupported tests		77

		=== objc Summary ===

# of expected passes		11725
# of unexpected failures	7
# of expected failures		12
# of unsupported tests		150
/Users/fx/devel/gcc/build_package/ibin/gcc/xgcc  version 4.8.2 (GCC) 


Compiler version: 4.8.2 (GCC) 
Platform: x86_64-apple-darwin13
configure flags: --prefix=/usr/local/gfortran --with-gmp=/Users/fx/devel/gcc/deps-static/x86_64 --enable-languages=c,c++,fortran,objc,obj-c++ --build=x86_64-apple-darwin13


Index Nav: [Date Index] [Subject Index] [Author Index] [Thread Index]
Message Nav: [Date Prev] [Date Next] [Thread Prev] [Thread Next]