This is the mail archive of the gcc-testresults@gcc.gnu.org mailing list for the GCC project.


Index Nav: [Date Index] [Subject Index] [Author Index] [Thread Index]
Message Nav: [Date Prev] [Date Next] [Thread Prev] [Thread Next]
Other format: [Raw text]

Results for 4.8.2 (Blastwave.org Inc. Thu Oct 17 19:04:08 UTC 2013) testsuite on i686-pc-linux-gnu




phobos$ uname -a
Linux phobos 2.6.32-5-686 #1 SMP Mon Sep 23 23:00:18 UTC 2013 i686 GNU/Linux

phobos$ cat /etc/debian_version 
6.0.7


phobos$ which gas
/usr/local/bin/gas

phobos$ gas --version
GNU assembler (GNU Binutils) 2.23.2
Copyright 2012 Free Software Foundation, Inc.
This program is free software; you may redistribute it under the terms of
the GNU General Public License version 3 or later.
This program has absolutely no warranty.
This assembler was configured for a target of `i686-pc-linux-gnu'.

phobos$ which gld
/usr/local/bin/gld

phobos$ gld --version
GNU ld (GNU Binutils) 2.23.2
Copyright 2012 Free Software Foundation, Inc.
This program is free software; you may redistribute it under the terms of
the GNU General Public License version 3 or (at your option) a later version.
This program has absolutely no warranty.
 
 
phobos$ /usr/bin/gcc --version
gcc (Debian 4.4.5-8) 4.4.5
Copyright (C) 2010 Free Software Foundation, Inc.
This is free software; see the source for copying conditions. There is NO
warranty; not even for MERCHANTABILITY or FITNESS FOR A PARTICULAR PURPOSE.


phobos$ ../gcc-4.8.2/contrib/test_summary
cat <<'EOF' |
LAST_UPDATED: Obtained from SVN: tags/gcc_4_8_2_release revision 203690

 === acats tests ===

 === acats Summary ===
# of expected passes 2320
# of unexpected failures 0
Native configuration is i686-pc-linux-gnu

 === g++ tests ===


Running target unix
FAIL: g++.dg/asan/asan_test.C -O2 AddressSanitizer_HugeMallocTest Ident((char*)malloc(size))[-1] = 0 output pattern test, should match is located 1 bytes to the left of 2726297600-byte

 === g++ Summary ===

# of expected passes 53351
# of unexpected failures 1
# of expected failures 290
# of unsupported tests 711
/usr/local/build/gcc-4.8.2_2.6.32-5-686.002/gcc/testsuite/g++/../../xg++ version 4.8.2 (Blastwave.org Inc. Thu Oct 17 19:04:08 UTC 2013) 

 === gcc tests ===


Running target unix
FAIL: gcc.dg/cproj-fails-with-broken-glibc.c execution test

 === gcc Summary ===

# of expected passes 88381
# of unexpected failures 1
# of expected failures 258
# of unsupported tests 960
/usr/local/build/gcc-4.8.2_2.6.32-5-686.002/gcc/xgcc version 4.8.2 (Blastwave.org Inc. Thu Oct 17 19:04:08 UTC 2013) 

 === gfortran tests ===


Running target unix

 === gfortran Summary ===

# of expected passes 36657
# of expected failures 40
# of unsupported tests 173
/usr/local/build/gcc-4.8.2_2.6.32-5-686.002/gcc/testsuite/gfortran/../../gfortran version 4.8.2 (Blastwave.org Inc. Thu Oct 17 19:04:08 UTC 2013) 

 === gnat tests ===


Running target unix

 === gnat Summary ===

# of expected passes 1175
# of expected failures 17
# of unsupported tests 2
/usr/local/build/gcc-4.8.2_2.6.32-5-686.002/gcc/gnatmake version 4.8.2

 === go tests ===


Running target unix

 === go Summary ===

# of expected passes 5183
# of expected failures 1
# of untested testcases 3
/usr/local/build/gcc-4.8.2_2.6.32-5-686.002/gcc/testsuite/go/../../gccgo version 4.8.2 (Blastwave.org Inc. Thu Oct 17 19:04:08 UTC 2013) 

 === objc tests ===


Running target unix

 === objc Summary ===

# of expected passes 2988
# of expected failures 6
# of unsupported tests 74
/usr/local/build/gcc-4.8.2_2.6.32-5-686.002/gcc/xgcc version 4.8.2 (Blastwave.org Inc. Thu Oct 17 19:04:08 UTC 2013) 

 === libatomic tests ===


Running target unix

 === libatomic Summary ===

# of expected passes 44
# of unsupported tests 5
 === libffi tests ===


Running target unix

 === libffi Summary ===

# of expected passes 1819
# of unsupported tests 55
 === libgo tests ===


Running target unix

 === libgo Summary ===

# of expected passes 122
/usr/local/build/gcc-4.8.2_2.6.32-5-686.002/./gcc/gccgo version 4.8.2 (Blastwave.org Inc. Thu Oct 17 19:04:08 UTC 2013)

 === libgomp tests ===


Running target unix

 === libgomp Summary ===

# of expected passes 3007
 === libitm tests ===


Running target unix

 === libitm Summary ===

# of expected passes 26
# of expected failures 3
# of unsupported tests 1
 === libmudflap tests ===


Running target unix
FAIL: libmudflap.c++/pass41-frag.cxx (-static) execution test
FAIL: libmudflap.c++/pass41-frag.cxx ( -O) execution test
FAIL: libmudflap.c++/pass41-frag.cxx (-O2) execution test
FAIL: libmudflap.c++/pass41-frag.cxx (-O3) execution test
FAIL: libmudflap.cth/pass39-frag.c (-O0) (rerun 2) execution test
FAIL: libmudflap.cth/pass39-frag.c (-O0) (rerun 2) output pattern test
FAIL: libmudflap.cth/pass40-frag.c (-O0) execution test
FAIL: libmudflap.cth/pass40-frag.c (-O0) output pattern test
FAIL: libmudflap.cth/pass40-frag.c (-static -DSTATIC) execution test
FAIL: libmudflap.cth/pass40-frag.c (-static -DSTATIC) output pattern test
FAIL: libmudflap.cth/pass39-frag.c (-O2) (rerun 13) execution test
FAIL: libmudflap.cth/pass39-frag.c (-O2) (rerun 13) output pattern test
FAIL: libmudflap.cth/pass39-frag.c (-O3) (rerun 19) execution test
FAIL: libmudflap.cth/pass39-frag.c (-O3) (rerun 19) output pattern test

 === libmudflap Summary ===

# of expected passes 1892
# of unexpected failures 14
 === libstdc++ tests ===


Running target unix
FAIL: 18_support/cxa_vec.cc execution test
FAIL: 20_util/bad_function_call/cons_virtual_derivation.cc execution test
FAIL: 20_util/bad_function_call/what.cc execution test
FAIL: 20_util/hash/chi2_quality.cc execution test
FAIL: 20_util/hash/quality.cc execution test
FAIL: 20_util/shared_ptr/cons/weak_ptr_expired.cc execution test
FAIL: 20_util/system_clock/1.cc execution test
FAIL: 23_containers/unordered_map/cons/56112.cc execution test
FAIL: 23_containers/unordered_map/cons/moveable.cc execution test
FAIL: 23_containers/unordered_map/dr761.cc execution test
FAIL: 23_containers/unordered_map/erase/1.cc execution test
FAIL: 23_containers/unordered_map/erase/24061-map.cc execution test
FAIL: 23_containers/unordered_map/erase/54276.cc execution test
FAIL: 23_containers/unordered_map/hash_policy/dr1189.cc execution test
FAIL: 23_containers/unordered_map/init-list.cc execution test
FAIL: 23_containers/unordered_map/insert/24061-map.cc execution test
FAIL: 23_containers/unordered_map/insert/array_syntax.cc execution test
FAIL: 23_containers/unordered_map/insert/array_syntax_move.cc execution test
FAIL: 23_containers/unordered_map/insert/map_range.cc execution test
FAIL: 23_containers/unordered_map/insert/map_single.cc execution test
FAIL: 23_containers/unordered_map/insert/map_single_move-1.cc execution test
FAIL: 23_containers/unordered_map/insert/map_single_move-2.cc execution test
FAIL: 23_containers/unordered_map/modifiers/emplace.cc execution test
FAIL: 23_containers/unordered_map/modifiers/reserve.cc execution test
FAIL: 23_containers/unordered_map/operations/count.cc execution test
FAIL: 23_containers/unordered_map/operators/1.cc execution test
FAIL: 23_containers/unordered_map/operators/2.cc execution test
FAIL: 23_containers/unordered_map/profile/unordered.cc execution test
FAIL: 23_containers/unordered_map/requirements/citerators.cc execution test
FAIL: 23_containers/unordered_map/requirements/cliterators.cc execution test
FAIL: 23_containers/unordered_map/requirements/exception/basic.cc execution test
FAIL: 23_containers/unordered_map/requirements/exception/generation_prohibited.cc execution test
FAIL: 23_containers/unordered_map/requirements/exception/propagation_consistent.cc execution test
FAIL: 23_containers/unordered_multimap/cons/moveable.cc execution test
FAIL: 23_containers/unordered_multimap/erase/1.cc execution test
FAIL: 23_containers/unordered_multimap/erase/2.cc execution test
FAIL: 23_containers/unordered_multimap/erase/24061-multimap.cc execution test
FAIL: 23_containers/unordered_multimap/erase/51845-multimap.cc execution test
FAIL: 23_containers/unordered_multimap/erase/54276.cc execution test
FAIL: 23_containers/unordered_multimap/hash_policy/dr1189.cc execution test
FAIL: 23_containers/unordered_multimap/init-list.cc execution test
FAIL: 23_containers/unordered_multimap/insert/24061-multimap.cc execution test
FAIL: 23_containers/unordered_multimap/insert/51866.cc execution test
FAIL: 23_containers/unordered_multimap/insert/52476.cc execution test
FAIL: 23_containers/unordered_multimap/insert/53115.cc execution test
FAIL: 23_containers/unordered_multimap/insert/55028-debug.cc execution test
FAIL: 23_containers/unordered_multimap/insert/multimap_range.cc execution test
FAIL: 23_containers/unordered_multimap/insert/multimap_single.cc execution test
FAIL: 23_containers/unordered_multimap/insert/multimap_single_move-1.cc execution test
FAIL: 23_containers/unordered_multimap/insert/multimap_single_move-2.cc execution test
FAIL: 23_containers/unordered_multimap/modifiers/emplace.cc execution test
FAIL: 23_containers/unordered_multimap/modifiers/reserve.cc execution test
FAIL: 23_containers/unordered_multimap/operations/count.cc execution test
FAIL: 23_containers/unordered_multimap/operators/1.cc execution test
FAIL: 23_containers/unordered_multimap/operators/2.cc execution test
FAIL: 23_containers/unordered_multimap/requirements/citerators.cc execution test
FAIL: 23_containers/unordered_multimap/requirements/cliterators.cc execution test
FAIL: 23_containers/unordered_multimap/requirements/exception/basic.cc execution test
FAIL: 23_containers/unordered_multimap/requirements/exception/generation_prohibited.cc execution test
FAIL: 23_containers/unordered_multimap/requirements/exception/propagation_consistent.cc execution test
FAIL: 23_containers/unordered_multiset/cons/copy.cc execution test
FAIL: 23_containers/unordered_multiset/cons/moveable.cc execution test
FAIL: 23_containers/unordered_multiset/erase/1.cc execution test
FAIL: 23_containers/unordered_multiset/erase/2.cc execution test
FAIL: 23_containers/unordered_multiset/erase/24061-multiset.cc execution test
FAIL: 23_containers/unordered_multiset/hash_policy/dr1189.cc execution test
FAIL: 23_containers/unordered_multiset/init-list.cc execution test
FAIL: 23_containers/unordered_multiset/insert/24061-multiset.cc execution test
FAIL: 23_containers/unordered_multiset/insert/51866.cc execution test
FAIL: 23_containers/unordered_multiset/insert/52476.cc execution test
FAIL: 23_containers/unordered_multiset/insert/53115.cc execution test
FAIL: 23_containers/unordered_multiset/insert/hash_policy.cc execution test
FAIL: 23_containers/unordered_multiset/insert/multiset_range.cc execution test
FAIL: 23_containers/unordered_multiset/insert/multiset_single.cc execution test
FAIL: 23_containers/unordered_multiset/insert/multiset_single_move.cc execution test
FAIL: 23_containers/unordered_multiset/modifiers/emplace.cc execution test
FAIL: 23_containers/unordered_multiset/modifiers/reserve.cc execution test
FAIL: 23_containers/unordered_multiset/operations/count.cc execution test
FAIL: 23_containers/unordered_multiset/operators/1.cc execution test
FAIL: 23_containers/unordered_multiset/requirements/citerators.cc execution test
FAIL: 23_containers/unordered_multiset/requirements/cliterators.cc execution test
FAIL: 23_containers/unordered_multiset/requirements/exception/basic.cc execution test
FAIL: 23_containers/unordered_multiset/requirements/exception/generation_prohibited.cc execution test
FAIL: 23_containers/unordered_multiset/requirements/exception/propagation_consistent.cc execution test
FAIL: 23_containers/unordered_set/buckets/swap.cc execution test
FAIL: 23_containers/unordered_set/cons/moveable.cc execution test
FAIL: 23_containers/unordered_set/erase/1.cc execution test
FAIL: 23_containers/unordered_set/erase/24061-set.cc execution test
FAIL: 23_containers/unordered_set/hash_policy/26132.cc execution test
FAIL: 23_containers/unordered_set/hash_policy/dr1189.cc execution test
FAIL: 23_containers/unordered_set/hash_policy/load_factor.cc execution test
FAIL: 23_containers/unordered_set/hash_policy/rehash.cc execution test
FAIL: 23_containers/unordered_set/init-list.cc execution test
FAIL: 23_containers/unordered_set/insert/24061-set.cc execution test
FAIL: 23_containers/unordered_set/insert/hash_policy.cc execution test
FAIL: 23_containers/unordered_set/insert/move_range.cc execution test
FAIL: 23_containers/unordered_set/insert/set_range.cc execution test
FAIL: 23_containers/unordered_set/insert/set_single.cc execution test
FAIL: 23_containers/unordered_set/insert/set_single_move.cc execution test
FAIL: 23_containers/unordered_set/max_load_factor/robustness.cc execution test
FAIL: 23_containers/unordered_set/modifiers/emplace.cc execution test
FAIL: 23_containers/unordered_set/modifiers/reserve.cc execution test
FAIL: 23_containers/unordered_set/operations/count.cc execution test
FAIL: 23_containers/unordered_set/operators/1.cc execution test
FAIL: 23_containers/unordered_set/requirements/citerators.cc execution test
FAIL: 23_containers/unordered_set/requirements/cliterators.cc execution test
FAIL: 23_containers/unordered_set/requirements/exception/basic.cc execution test
FAIL: 23_containers/unordered_set/requirements/exception/generation_prohibited.cc execution test
FAIL: 23_containers/unordered_set/requirements/exception/propagation_consistent.cc execution test
FAIL: 26_numerics/random/random_device/cons/default.cc execution test
FAIL: 26_numerics/random/random_device/cons/token.cc execution test
FAIL: 30_threads/async/54297.cc execution test
FAIL: 30_threads/condition_variable/54185.cc execution test
FAIL: 30_threads/condition_variable/members/1.cc execution test
FAIL: 30_threads/condition_variable/members/2.cc execution test
FAIL: 30_threads/condition_variable_any/members/1.cc execution test
FAIL: 30_threads/condition_variable_any/members/2.cc execution test
FAIL: 30_threads/future/members/wait_for.cc execution test
FAIL: 30_threads/future/members/wait_until.cc execution test
FAIL: 30_threads/packaged_task/members/get_future.cc execution test
FAIL: 30_threads/promise/members/set_value2.cc execution test
FAIL: 30_threads/promise/members/set_value3.cc execution test
FAIL: 30_threads/promise/members/swap.cc execution test
FAIL: ext/vstring/hash/char/1.cc execution test
FAIL: ext/vstring/hash/wchar_t/1.cc execution test

 === libstdc++ Summary ===

# of expected passes 7844
# of unexpected failures 112
# of expected failures 45
# of unsupported tests 540

Compiler version: 4.8.2 (Blastwave.org Inc. Thu Oct 17 19:04:08 UTC 2013) 
Platform: i686-pc-linux-gnu
configure flags: --prefix=/usr/local/gcc4 --with-gnu-as --with-gnu-ld --with-ld=/usr/local/bin/gld --with-libiconv-prefix=/usr/local --enable-nls --enable-lto --enable-threads=posix --enable-shared --libdir=/usr/local/gcc4/lib --libexecdir=/usr/local/gcc4/lib --enable-languages=c,c++,objc,fortran,go,ada --enable-__cxa_atexit --with-as=/usr/local/bin/gas --with-pkgversion='Blastwave.org Inc. Thu Oct 17 19:04:08 UTC 2013' --enable-bootstrap
EOF


Index Nav: [Date Index] [Subject Index] [Author Index] [Thread Index]
Message Nav: [Date Prev] [Date Next] [Thread Prev] [Thread Next]