This is the mail archive of the
gcc-testresults@gcc.gnu.org
mailing list for the GCC project.
Results for 4.9.0 20131012 (experimental) [trunk revision 203489] (GCC) testsuite on x86_64-apple-darwin12.5.0
- From: dominiq at lps dot ens dot fr (Dominique Dhumieres)
- To: gcc-testresults at gcc dot gnu dot org
- Date: Sat, 12 Oct 2013 21:13:44 +0200
- Subject: Results for 4.9.0 20131012 (experimental) [trunk revision 203489] (GCC) testsuite on x86_64-apple-darwin12.5.0
- Authentication-results: sourceware.org; auth=none
LAST_UPDATED: Updated Sat Oct 12 18:21:53 CEST 2013 to revision 203489.
=== acats tests ===
=== acats Summary ===
# of expected passes 2320
# of unexpected failures 0
Native configuration is x86_64-apple-darwin12.5.0
=== g++ tests ===
Running target unix/-m32
UNRESOLVED: g++.dg/ext/label13.C -std=gnu++98 compilation failed to produce executable
UNRESOLVED: g++.dg/ext/label13.C -std=gnu++11 compilation failed to produce executable
FAIL: g++.dg/opt/vt4.C -std=gnu++98 scan-assembler-not _ZTV.A
FAIL: g++.dg/opt/vt4.C -std=gnu++11 scan-assembler-not _ZTV.A
FAIL: g++.dg/torture/pr37354.C -O2 -flto -flto-partition=none (test for excess errors)
=== g++ Summary for unix/-m32 ===
# of expected passes 55597
# of unexpected failures 3
# of expected failures 293
# of unresolved testcases 2
# of unsupported tests 896
Running target unix/-m64
UNRESOLVED: g++.dg/ext/label13.C -std=gnu++98 compilation failed to produce executable
UNRESOLVED: g++.dg/ext/label13.C -std=gnu++11 compilation failed to produce executable
FAIL: g++.dg/opt/vt4.C -std=gnu++98 scan-assembler-not _ZTV.A
FAIL: g++.dg/opt/vt4.C -std=gnu++11 scan-assembler-not _ZTV.A
FAIL: g++.dg/template/friend3.C -std=c++98 (test for excess errors)
FAIL: g++.dg/tree-prof/pr57451.C compilation, -fprofile-use
UNRESOLVED: g++.dg/tree-prof/pr57451.C execution, -fprofile-use
=== g++ Summary for unix/-m64 ===
# of expected passes 56382
# of unexpected failures 4
# of expected failures 293
# of unresolved testcases 3
# of unsupported tests 1123
=== g++ Summary ===
# of expected passes 111979
# of unexpected failures 7
# of expected failures 586
# of unresolved testcases 5
# of unsupported tests 2019
/opt/gcc/build_c/gcc/testsuite/g++/../../xg++ version 4.9.0 20131012 (experimental) [trunk revision 203489] (GCC)
=== gcc tests ===
Running target unix/-m32
FAIL: gcc.dg/20021014-1.c execution test
FAIL: gcc.dg/pr43643.c execution test
FAIL: gcc.dg/tree-prof/pr52027.c compilation, -fprofile-use -D_PROFILE_USE
UNRESOLVED: gcc.dg/tree-prof/pr52027.c execution, -fprofile-use -D_PROFILE_USE
FAIL: gcc.target/i386/memcpy-strategy-3.c scan-assembler-times memcpy 2
FAIL: gcc.target/i386/memset-strategy-1.c scan-assembler-times memset 2
FAIL: gcc.target/i386/pr57275.c (test for excess errors)
UNRESOLVED: gcc.target/i386/pr57275.c compilation failed to produce executable
FAIL: gcc.target/i386/pr9771-1.c (test for excess errors)
UNRESOLVED: gcc.target/i386/pr9771-1.c compilation failed to produce executable
=== gcc Summary for unix/-m32 ===
# of expected passes 95810
# of unexpected failures 7
# of expected failures 251
# of unresolved testcases 3
# of unsupported tests 2203
Running target unix/-m64
FAIL: gcc.dg/tree-prof/pr34999.c compilation, -fprofile-use -D_PROFILE_USE
UNRESOLVED: gcc.dg/tree-prof/pr34999.c execution, -fprofile-use -D_PROFILE_USE
FAIL: gcc.dg/tree-prof/pr45354.c compilation, -fprofile-use -D_PROFILE_USE
UNRESOLVED: gcc.dg/tree-prof/pr45354.c execution, -fprofile-use -D_PROFILE_USE
FAIL: gcc.dg/tree-prof/pr50907.c compilation, -fprofile-use -D_PROFILE_USE
UNRESOLVED: gcc.dg/tree-prof/pr50907.c execution, -fprofile-use -D_PROFILE_USE
FAIL: gcc.dg/tree-prof/pr52027.c compilation, -fprofile-use -D_PROFILE_USE
UNRESOLVED: gcc.dg/tree-prof/pr52027.c execution, -fprofile-use -D_PROFILE_USE
FAIL: gcc.target/i386/memcpy-strategy-3.c scan-assembler-times memcpy 2
FAIL: gcc.target/i386/memset-strategy-1.c scan-assembler-times memset 2
FAIL: gcc.target/i386/pr43662.c (internal compiler error)
FAIL: gcc.target/i386/pr43662.c (test for excess errors)
FAIL: gcc.target/i386/pr43869.c (internal compiler error)
FAIL: gcc.target/i386/pr43869.c (test for excess errors)
FAIL: gcc.target/i386/pr49866.c (test for excess errors)
FAIL: gcc.target/i386/pr57003.c (internal compiler error)
FAIL: gcc.target/i386/pr57003.c (test for excess errors)
UNRESOLVED: gcc.target/i386/pr57003.c compilation failed to produce executable
FAIL: gcc.target/i386/pr57275.c (test for excess errors)
UNRESOLVED: gcc.target/i386/pr57275.c compilation failed to produce executable
FAIL: gcc.target/x86_64/abi/callabi/func-1.c (test for excess errors)
UNRESOLVED: gcc.target/x86_64/abi/callabi/func-1.c compilation failed to produce executable
FAIL: gcc.target/x86_64/abi/callabi/func-indirect.c (test for excess errors)
UNRESOLVED: gcc.target/x86_64/abi/callabi/func-indirect.c compilation failed to produce executable
FAIL: gcc.target/x86_64/abi/callabi/vaarg-1.c (test for excess errors)
UNRESOLVED: gcc.target/x86_64/abi/callabi/vaarg-1.c compilation failed to produce executable
FAIL: gcc.target/x86_64/abi/callabi/vaarg-2.c (test for excess errors)
UNRESOLVED: gcc.target/x86_64/abi/callabi/vaarg-2.c compilation failed to produce executable
FAIL: gcc.target/x86_64/abi/callabi/vaarg-3.c (test for excess errors)
UNRESOLVED: gcc.target/x86_64/abi/callabi/vaarg-3.c compilation failed to produce executable
=== gcc Summary for unix/-m64 ===
# of expected passes 96168
# of unexpected failures 19
# of expected failures 254
# of unresolved testcases 11
# of unsupported tests 2478
=== gcc Summary ===
# of expected passes 191978
# of unexpected failures 26
# of expected failures 505
# of unresolved testcases 14
# of unsupported tests 4681
/opt/gcc/build_c/gcc/xgcc version 4.9.0 20131012 (experimental) [trunk revision 203489] (GCC)
=== gfortran tests ===
Running target unix/-m32
FAIL: gfortran.dg/class_48.f90 -O2 (test for excess errors)
FAIL: gfortran.dg/class_48.f90 -Os (test for excess errors)
FAIL: gfortran.dg/lto/pr45586-2 f_lto_pr45586-2_0.o-f_lto_pr45586-2_0.o link, -O0 -flto -flto-partition=none (internal compiler error)
UNRESOLVED: gfortran.dg/lto/pr45586-2 f_lto_pr45586-2_0.o-f_lto_pr45586-2_0.o execute -O0 -flto -flto-partition=none
FAIL: gfortran.dg/lto/pr45586-2 f_lto_pr45586-2_0.o-f_lto_pr45586-2_0.o link, -O0 -flto -flto-partition=1to1 (internal compiler error)
UNRESOLVED: gfortran.dg/lto/pr45586-2 f_lto_pr45586-2_0.o-f_lto_pr45586-2_0.o execute -O0 -flto -flto-partition=1to1
FAIL: gfortran.dg/lto/pr45586-2 f_lto_pr45586-2_0.o-f_lto_pr45586-2_0.o link, -O0 -flto (internal compiler error)
UNRESOLVED: gfortran.dg/lto/pr45586-2 f_lto_pr45586-2_0.o-f_lto_pr45586-2_0.o execute -O0 -flto
FAIL: gfortran.dg/lto/pr45586 f_lto_pr45586_0.o-f_lto_pr45586_0.o link, -O0 -flto -flto-partition=none (internal compiler error)
UNRESOLVED: gfortran.dg/lto/pr45586 f_lto_pr45586_0.o-f_lto_pr45586_0.o execute -O0 -flto -flto-partition=none
FAIL: gfortran.dg/lto/pr45586 f_lto_pr45586_0.o-f_lto_pr45586_0.o link, -O0 -flto -flto-partition=1to1 (internal compiler error)
UNRESOLVED: gfortran.dg/lto/pr45586 f_lto_pr45586_0.o-f_lto_pr45586_0.o execute -O0 -flto -flto-partition=1to1
FAIL: gfortran.dg/lto/pr45586 f_lto_pr45586_0.o-f_lto_pr45586_0.o link, -O0 -flto (internal compiler error)
UNRESOLVED: gfortran.dg/lto/pr45586 f_lto_pr45586_0.o-f_lto_pr45586_0.o execute -O0 -flto
=== gfortran Summary for unix/-m32 ===
# of expected passes 44708
# of unexpected failures 8
# of expected failures 52
# of unresolved testcases 6
# of unsupported tests 210
Running target unix/-m64
FAIL: gfortran.dg/lto/pr45586-2 f_lto_pr45586-2_0.o-f_lto_pr45586-2_0.o link, -O0 -flto -flto-partition=none (internal compiler error)
UNRESOLVED: gfortran.dg/lto/pr45586-2 f_lto_pr45586-2_0.o-f_lto_pr45586-2_0.o execute -O0 -flto -flto-partition=none
FAIL: gfortran.dg/lto/pr45586-2 f_lto_pr45586-2_0.o-f_lto_pr45586-2_0.o link, -O0 -flto -flto-partition=1to1 (internal compiler error)
UNRESOLVED: gfortran.dg/lto/pr45586-2 f_lto_pr45586-2_0.o-f_lto_pr45586-2_0.o execute -O0 -flto -flto-partition=1to1
FAIL: gfortran.dg/lto/pr45586-2 f_lto_pr45586-2_0.o-f_lto_pr45586-2_0.o link, -O0 -flto (internal compiler error)
UNRESOLVED: gfortran.dg/lto/pr45586-2 f_lto_pr45586-2_0.o-f_lto_pr45586-2_0.o execute -O0 -flto
FAIL: gfortran.dg/lto/pr45586 f_lto_pr45586_0.o-f_lto_pr45586_0.o link, -O0 -flto -flto-partition=none (internal compiler error)
UNRESOLVED: gfortran.dg/lto/pr45586 f_lto_pr45586_0.o-f_lto_pr45586_0.o execute -O0 -flto -flto-partition=none
FAIL: gfortran.dg/lto/pr45586 f_lto_pr45586_0.o-f_lto_pr45586_0.o link, -O0 -flto -flto-partition=1to1 (internal compiler error)
UNRESOLVED: gfortran.dg/lto/pr45586 f_lto_pr45586_0.o-f_lto_pr45586_0.o execute -O0 -flto -flto-partition=1to1
FAIL: gfortran.dg/lto/pr45586 f_lto_pr45586_0.o-f_lto_pr45586_0.o link, -O0 -flto (internal compiler error)
UNRESOLVED: gfortran.dg/lto/pr45586 f_lto_pr45586_0.o-f_lto_pr45586_0.o execute -O0 -flto
=== gfortran Summary for unix/-m64 ===
# of expected passes 44997
# of unexpected failures 6
# of expected failures 52
# of unresolved testcases 6
# of unsupported tests 72
=== gfortran Summary ===
# of expected passes 89705
# of unexpected failures 14
# of expected failures 104
# of unresolved testcases 12
# of unsupported tests 282
/opt/gcc/build_c/gcc/testsuite/gfortran/../../gfortran version 4.9.0 20131012 (experimental) [trunk revision 203489] (GCC)
=== gnat tests ===
Running target unix/-m32
FAIL: gnat.dg/specs/linker_section.ads (test for errors, line 6)
=== gnat Summary for unix/-m32 ===
# of expected passes 1192
# of unexpected failures 1
# of expected failures 18
# of unsupported tests 6
Running target unix/-m64
FAIL: gnat.dg/specs/linker_section.ads (test for errors, line 6)
=== gnat Summary for unix/-m64 ===
# of expected passes 1192
# of unexpected failures 1
# of expected failures 18
# of unsupported tests 6
=== gnat Summary ===
# of expected passes 2384
# of unexpected failures 2
# of expected failures 36
# of unsupported tests 12
/opt/gcc/build_c/gcc/gnatmake version 4.9.0 20131012 (experimental) [trunk revision 203489]
=== obj-c++ tests ===
Running target unix/-m32
FAIL: obj-c++.dg/cxx-ivars-3.mm -fnext-runtime execution test
FAIL: obj-c++.dg/gnu-api-2-objc.mm -fnext-runtime execution test
=== obj-c++ Summary for unix/-m32 ===
# of expected passes 3155
# of unexpected failures 2
# of expected failures 2
# of unsupported tests 68
Running target unix/-m64
FAIL: obj-c++.dg/gnu-api-2-objc.mm -fnext-runtime execution test
FAIL: obj-c++.dg/property/at-property-13.mm -fgnu-runtime execution test
=== obj-c++ Summary for unix/-m64 ===
# of expected passes 3096
# of unexpected failures 2
# of expected failures 19
# of unsupported tests 74
=== obj-c++ Summary ===
# of expected passes 6251
# of unexpected failures 4
# of expected failures 21
# of unsupported tests 142
/opt/gcc/build_c/gcc/testsuite/obj-c++/../../xg++ version 4.9.0 20131012 (experimental) [trunk revision 203489] (GCC)
=== objc tests ===
Running target unix/-m32
FAIL: objc.dg/gnu-api-2-objc.m -fnext-runtime execution test
=== objc Summary for unix/-m32 ===
# of expected passes 6099
# of unexpected failures 1
# of expected failures 6
# of unsupported tests 85
Running target unix/-m64
FAIL: objc.dg/gnu-api-2-objc.m -fnext-runtime execution test
FAIL: objc.dg/property/at-property-13.m -fgnu-runtime execution test
=== objc Summary for unix/-m64 ===
# of expected passes 6050
# of unexpected failures 2
# of expected failures 14
# of unsupported tests 91
=== objc Summary ===
# of expected passes 12149
# of unexpected failures 3
# of expected failures 20
# of unsupported tests 176
/opt/gcc/build_c/gcc/xgcc version 4.9.0 20131012 (experimental) [trunk revision 203489] (GCC)
=== boehm-gc tests ===
Running target unix/-m32
=== boehm-gc Summary for unix/-m32 ===
# of expected passes 12
# of unsupported tests 1
Running target unix/-m64
=== boehm-gc Summary for unix/-m64 ===
# of expected passes 12
# of unsupported tests 1
=== boehm-gc Summary ===
# of expected passes 24
# of unsupported tests 2
=== libatomic tests ===
Running target unix/-m32
=== libatomic Summary for unix/-m32 ===
# of expected passes 44
# of unsupported tests 5
Running target unix/-m64
=== libatomic Summary for unix/-m64 ===
# of expected passes 54
=== libatomic Summary ===
# of expected passes 98
# of unsupported tests 5
=== libffi tests ===
Running target unix/-m32
=== libffi Summary for unix/-m32 ===
# of expected passes 1819
# of unsupported tests 55
Running target unix/-m64
=== libffi Summary for unix/-m64 ===
# of expected passes 1819
# of unsupported tests 55
=== libffi Summary ===
# of expected passes 3638
# of unsupported tests 110
=== libgomp tests ===
Running target unix/-m32
FAIL: libgomp.c++/simd-1.C (test for excess errors)
UNRESOLVED: libgomp.c++/simd-1.C compilation failed to produce executable
FAIL: libgomp.graphite/bounds.c scan-tree-dump-times graphite "0 loops carried no dependency" 1
FAIL: libgomp.graphite/force-parallel-4.c scan-tree-dump-times graphite "2 loops carried no dependency" 1
FAIL: libgomp.graphite/force-parallel-6.c scan-tree-dump-times graphite "1 loops carried no dependency" 1
FAIL: libgomp.graphite/pr41118.c scan-tree-dump-times optimized "loopfn" 0
=== libgomp Summary for unix/-m32 ===
# of expected passes 2380
# of unexpected failures 5
# of unresolved testcases 1
# of unsupported tests 3
Running target unix/-m64
FAIL: libgomp.c++/simd-1.C (test for excess errors)
UNRESOLVED: libgomp.c++/simd-1.C compilation failed to produce executable
FAIL: libgomp.graphite/bounds.c scan-tree-dump-times graphite "0 loops carried no dependency" 1
FAIL: libgomp.graphite/force-parallel-4.c execution test
FAIL: libgomp.graphite/force-parallel-4.c scan-tree-dump-times graphite "2 loops carried no dependency" 1
FAIL: libgomp.graphite/force-parallel-6.c scan-tree-dump-times graphite "1 loops carried no dependency" 1
FAIL: libgomp.graphite/pr41118.c scan-tree-dump-times optimized "loopfn" 0
=== libgomp Summary for unix/-m64 ===
# of expected passes 2379
# of unexpected failures 6
# of unresolved testcases 1
# of unsupported tests 3
=== libgomp Summary ===
# of expected passes 4759
# of unexpected failures 11
# of unresolved testcases 2
# of unsupported tests 6
=== libitm tests ===
Running target unix/-m32
=== libitm Summary for unix/-m32 ===
# of expected passes 26
# of expected failures 3
# of unsupported tests 1
Running target unix/-m64
=== libitm Summary for unix/-m64 ===
# of expected passes 26
# of expected failures 3
# of unsupported tests 1
=== libitm Summary ===
# of expected passes 52
# of expected failures 6
# of unsupported tests 2
=== libjava tests ===
Running target unix/-m32
FAIL: sourcelocation output - source compiled test
FAIL: sourcelocation -findirect-dispatch output - source compiled test
FAIL: sourcelocation -O3 output - source compiled test
FAIL: sourcelocation -O3 -findirect-dispatch output - source compiled test
=== libjava Summary for unix/-m32 ===
# of expected passes 2582
# of unexpected failures 4
Running target unix/-m64
FAIL: Throw_2 execution - source compiled test
FAIL: Throw_2 -findirect-dispatch execution - source compiled test
FAIL: Throw_2 -O3 execution - source compiled test
FAIL: Throw_2 -O3 -findirect-dispatch execution - source compiled test
FAIL: sourcelocation output - source compiled test
FAIL: sourcelocation -findirect-dispatch output - source compiled test
FAIL: sourcelocation -O3 output - source compiled test
FAIL: sourcelocation -O3 -findirect-dispatch output - source compiled test
=== libjava Summary for unix/-m64 ===
# of expected passes 2574
# of unexpected failures 8
# of untested testcases 4
=== libjava Summary ===
# of expected passes 5156
# of unexpected failures 12
# of untested testcases 4
=== libstdc++ tests ===
Running target unix/-m32
=== libstdc++ Summary for unix/-m32 ===
# of expected passes 8497
# of expected failures 37
# of unsupported tests 651
Running target unix/-m64
=== libstdc++ Summary for unix/-m64 ===
# of expected passes 8495
# of expected failures 37
# of unsupported tests 652
=== libstdc++ Summary ===
# of expected passes 16992
# of expected failures 74
# of unsupported tests 1303
Compiler version: 4.9.0 20131012 (experimental) [trunk revision 203489] (GCC)
Platform: x86_64-apple-darwin12.5.0
configure flags: --prefix=/opt/gcc/gcc4.9c --enable-languages=c,c++,fortran,objc,obj-c++,ada,java,lto --with-gmp=/opt/mp --with-system-zlib --with-isl=/opt/mp --enable-lto --enable-plugin