This is the mail archive of the
gcc-testresults@gcc.gnu.org
mailing list for the GCC project.
Results for 4.9.0 20130916 (experimental) (GCC) testsuite on x86_64-unknown-linux-gnu
- From: Tim Prince <n8tm at aol dot com>
- To: gcc-testresults at gcc dot gnu dot org
- Date: Mon, 16 Sep 2013 13:45:41 -0400
- Subject: Results for 4.9.0 20130916 (experimental) (GCC) testsuite on x86_64-unknown-linux-gnu
- Authentication-results: sourceware.org; auth=none
Native configuration is x86_64-unknown-linux-gnu
=== gcc tests ===
Running target unix
FAIL: gcc.dg/attr-ifunc-4.c execution test
=== gcc Summary ===
# of expected passes 98224
# of unexpected failures 1
# of expected failures 255
# of unsupported tests 1606
/home/tim/src/gcc/gcc/x64/gcc/xgcc version 4.9.0 20130916
(experimental) (GCC)
=== gfortran tests ===
Running target unix
FAIL: gfortran.dg/round_4.f90 -O0 execution test
FAIL: gfortran.dg/round_4.f90 -O1 execution test
FAIL: gfortran.dg/round_4.f90 -O2 execution test
FAIL: gfortran.dg/round_4.f90 -O3 -fomit-frame-pointer execution test
FAIL: gfortran.dg/round_4.f90 -O3 -fomit-frame-pointer -funroll-loops
execution test
FAIL: gfortran.dg/round_4.f90 -O3 -fomit-frame-pointer
-funroll-all-loops -finline-functions execution test
FAIL: gfortran.dg/round_4.f90 -O3 -g execution test
FAIL: gfortran.dg/round_4.f90 -Os execution test
FAIL: gfortran.dg/guality/pr41558.f90 -O2 line 7 s == 'foo'
FAIL: gfortran.dg/guality/pr41558.f90 -O3 -fomit-frame-pointer line 7 s
== 'foo'
FAIL: gfortran.dg/guality/pr41558.f90 -O3 -fomit-frame-pointer
-funroll-loops line 7 s == 'foo'
FAIL: gfortran.dg/guality/pr41558.f90 -O3 -fomit-frame-pointer
-funroll-all-loops -finline-functions line 7 s == 'foo'
FAIL: gfortran.dg/guality/pr41558.f90 -O3 -g line 7 s == 'foo'
FAIL: gfortran.dg/guality/pr41558.f90 -Os line 7 s == 'foo'
FAIL: gfortran.dg/lto/pr45586-2 f_lto_pr45586-2_0.o-f_lto_pr45586-2_0.o
link, -O0 -flto -flto-partition=none (internal compiler error)
UNRESOLVED: gfortran.dg/lto/pr45586-2
f_lto_pr45586-2_0.o-f_lto_pr45586-2_0.o execute -O0 -flto
-flto-partition=none
FAIL: gfortran.dg/lto/pr45586-2 f_lto_pr45586-2_0.o-f_lto_pr45586-2_0.o
link, -O0 -flto -flto-partition=1to1 (internal compiler error)
UNRESOLVED: gfortran.dg/lto/pr45586-2
f_lto_pr45586-2_0.o-f_lto_pr45586-2_0.o execute -O0 -flto
-flto-partition=1to1
FAIL: gfortran.dg/lto/pr45586-2 f_lto_pr45586-2_0.o-f_lto_pr45586-2_0.o
link, -O0 -flto (internal compiler error)
UNRESOLVED: gfortran.dg/lto/pr45586-2
f_lto_pr45586-2_0.o-f_lto_pr45586-2_0.o execute -O0 -flto
FAIL: gfortran.dg/lto/pr45586 f_lto_pr45586_0.o-f_lto_pr45586_0.o link,
-O0 -flto -flto-partition=none (internal compiler error)
UNRESOLVED: gfortran.dg/lto/pr45586 f_lto_pr45586_0.o-f_lto_pr45586_0.o
execute -O0 -flto -flto-partition=none
FAIL: gfortran.dg/lto/pr45586 f_lto_pr45586_0.o-f_lto_pr45586_0.o link,
-O0 -flto -flto-partition=1to1 (internal compiler error)
UNRESOLVED: gfortran.dg/lto/pr45586 f_lto_pr45586_0.o-f_lto_pr45586_0.o
execute -O0 -flto -flto-partition=1to1
FAIL: gfortran.dg/lto/pr45586 f_lto_pr45586_0.o-f_lto_pr45586_0.o link,
-O0 -flto (internal compiler error)
UNRESOLVED: gfortran.dg/lto/pr45586 f_lto_pr45586_0.o-f_lto_pr45586_0.o
execute -O0 -flto
=== gfortran Summary ===
# of expected passes 44976
# of unexpected failures 20
# of expected failures 52
# of unresolved testcases 6
# of unsupported tests 81
/home/tim/src/gcc/gcc/x64/gcc/testsuite/gfortran/../../gfortran version
4.9.0 20130916 (experimental) (GCC)
=== g++ tests ===
Running target unix
=== g++ Summary ===
# of expected passes 57118
# of expected failures 293
# of unsupported tests 975
/home/tim/src/gcc/gcc/x64/gcc/testsuite/g++/../../xg++ version 4.9.0
20130916 (experimental) (GCC)
=== libatomic tests ===
Running target unix
=== libatomic Summary ===
# of expected passes 54
=== libgomp tests ===
Running target unix
FAIL: libgomp.graphite/bounds.c scan-tree-dump-times graphite "0 loops
carried no dependency" 1
FAIL: libgomp.graphite/force-parallel-4.c execution test
FAIL: libgomp.graphite/force-parallel-4.c scan-tree-dump-times graphite
"2 loops carried no dependency" 1
FAIL: libgomp.graphite/force-parallel-6.c scan-tree-dump-times graphite
"1 loops carried no dependency" 1
FAIL: libgomp.graphite/pr41118.c scan-tree-dump-times optimized "loopfn" 0
=== libgomp Summary ===
# of expected passes 2193
# of unexpected failures 5
=== libitm tests ===
Running target unix
=== libitm Summary ===
# of expected passes 26
# of expected failures 3
# of unsupported tests 1
=== libmudflap tests ===
Running target unix
FAIL: libmudflap.c++/pass41-frag.cxx ( -O) execution test
FAIL: libmudflap.c++/pass41-frag.cxx (-O2) execution test
FAIL: libmudflap.c++/pass41-frag.cxx (-O3) execution test
FAIL: libmudflap.c++/pass55-frag.cxx (-O3) execution test
=== libmudflap Summary ===
# of expected passes 1432
# of unexpected failures 4
=== libstdc++ tests ===
Running target unix
=== libstdc++ Summary ===
# of expected passes 9509
# of expected failures 41
# of unsupported tests 218
=== libvtv tests ===
Running target unix
FAIL: libvtv.cc/template-list-iostream.cc -O0 -fvtable-verify=std
execution test
FAIL: libvtv.cc/thunk_vtable_map_attack.cc -O0 -fvtable-verify=std
execution test
FAIL: libvtv.cc/template-list-iostream.cc -O2 -fvtable-verify=std
execution test
FAIL: libvtv.cc/thunk_vtable_map_attack.cc -O2 -fvtable-verify=std
execution test
FAIL: libvtv.cc/bb_tests.cc -O0 -fvtable-verify=preinit (test for excess
errors)
WARNING: libvtv.cc/bb_tests.cc -O0 -fvtable-verify=preinit compilation
failed to produce executable
FAIL: libvtv.cc/const_vtable.cc -O0 -fvtable-verify=preinit (test for
excess errors)
WARNING: libvtv.cc/const_vtable.cc -O0 -fvtable-verify=preinit
compilation failed to produce executable
FAIL: libvtv.cc/dataentry.cc -O0 -fvtable-verify=preinit (test for
excess errors)
WARNING: libvtv.cc/dataentry.cc -O0 -fvtable-verify=preinit compilation
failed to produce executable
FAIL: libvtv.cc/dup_name.cc -O0 -fvtable-verify=preinit (test for excess
errors)
WARNING: libvtv.cc/dup_name.cc -O0 -fvtable-verify=preinit compilation
failed to produce executable
FAIL: libvtv.cc/environment.cc -O0 -fvtable-verify=preinit (test for
excess errors)
WARNING: libvtv.cc/environment.cc -O0 -fvtable-verify=preinit
compilation failed to produce executable
FAIL: libvtv.cc/mul_inh.cc -O0 -fvtable-verify=preinit (test for excess
errors)
WARNING: libvtv.cc/mul_inh.cc -O0 -fvtable-verify=preinit compilation
failed to produce executable
FAIL: libvtv.cc/nested_vcall_test.cc -O0 -fvtable-verify=preinit (test
for excess errors)
WARNING: libvtv.cc/nested_vcall_test.cc -O0 -fvtable-verify=preinit
compilation failed to produce executable
FAIL: libvtv.cc/povray-derived.cc -O0 -fvtable-verify=preinit (test for
excess errors)
WARNING: libvtv.cc/povray-derived.cc -O0 -fvtable-verify=preinit
compilation failed to produce executable
FAIL: libvtv.cc/register_set_pair.cc -O0 -fvtable-verify=preinit (test
for excess errors)
WARNING: libvtv.cc/register_set_pair.cc -O0 -fvtable-verify=preinit
compilation failed to produce executable
FAIL: libvtv.cc/register_set_pair_inserts.cc -O0 -fvtable-verify=preinit
(test for excess errors)
WARNING: libvtv.cc/register_set_pair_inserts.cc -O0
-fvtable-verify=preinit compilation failed to produce executable
FAIL: libvtv.cc/template-list-iostream.cc -O0 -fvtable-verify=preinit
(test for excess errors)
WARNING: libvtv.cc/template-list-iostream.cc -O0 -fvtable-verify=preinit
compilation failed to produce executable
FAIL: libvtv.cc/template-list.cc -O0 -fvtable-verify=preinit (test for
excess errors)
WARNING: libvtv.cc/template-list.cc -O0 -fvtable-verify=preinit
compilation failed to produce executable
FAIL: libvtv.cc/template-list2.cc -O0 -fvtable-verify=preinit (test for
excess errors)
WARNING: libvtv.cc/template-list2.cc -O0 -fvtable-verify=preinit
compilation failed to produce executable
FAIL: libvtv.cc/test1.cc -O0 -fvtable-verify=preinit (test for excess
errors)
WARNING: libvtv.cc/test1.cc -O0 -fvtable-verify=preinit compilation
failed to produce executable
FAIL: libvtv.cc/thunk.cc -O0 -fvtable-verify=preinit (test for excess
errors)
WARNING: libvtv.cc/thunk.cc -O0 -fvtable-verify=preinit compilation
failed to produce executable
FAIL: libvtv.cc/thunk_vtable_map_attack.cc -O0 -fvtable-verify=preinit
(test for excess errors)
WARNING: libvtv.cc/thunk_vtable_map_attack.cc -O0
-fvtable-verify=preinit compilation failed to produce executable
FAIL: libvtv.cc/v8-test-2.cc -O0 -fvtable-verify=preinit (test for
excess errors)
WARNING: libvtv.cc/v8-test-2.cc -O0 -fvtable-verify=preinit compilation
failed to produce executable
FAIL: libvtv.cc/virtfunc-test.cc -O0 -fvtable-verify=preinit (test for
excess errors)
WARNING: libvtv.cc/virtfunc-test.cc -O0 -fvtable-verify=preinit
compilation failed to produce executable
FAIL: libvtv.cc/virtual_inheritance.cc -O0 -fvtable-verify=preinit (test
for excess errors)
WARNING: libvtv.cc/virtual_inheritance.cc -O0 -fvtable-verify=preinit
compilation failed to produce executable
FAIL: libvtv.cc/xlan-test.cc -O0 -fvtable-verify=preinit (test for
excess errors)
WARNING: libvtv.cc/xlan-test.cc -O0 -fvtable-verify=preinit compilation
failed to produce executable
FAIL: libvtv.cc/bb_tests.cc -O2 -fvtable-verify=preinit (test for excess
errors)
WARNING: libvtv.cc/bb_tests.cc -O2 -fvtable-verify=preinit compilation
failed to produce executable
FAIL: libvtv.cc/const_vtable.cc -O2 -fvtable-verify=preinit (test for
excess errors)
WARNING: libvtv.cc/const_vtable.cc -O2 -fvtable-verify=preinit
compilation failed to produce executable
FAIL: libvtv.cc/dataentry.cc -O2 -fvtable-verify=preinit (test for
excess errors)
WARNING: libvtv.cc/dataentry.cc -O2 -fvtable-verify=preinit compilation
failed to produce executable
FAIL: libvtv.cc/dup_name.cc -O2 -fvtable-verify=preinit (test for excess
errors)
WARNING: libvtv.cc/dup_name.cc -O2 -fvtable-verify=preinit compilation
failed to produce executable
FAIL: libvtv.cc/environment.cc -O2 -fvtable-verify=preinit (test for
excess errors)
WARNING: libvtv.cc/environment.cc -O2 -fvtable-verify=preinit
compilation failed to produce executable
FAIL: libvtv.cc/mul_inh.cc -O2 -fvtable-verify=preinit (test for excess
errors)
WARNING: libvtv.cc/mul_inh.cc -O2 -fvtable-verify=preinit compilation
failed to produce executable
FAIL: libvtv.cc/nested_vcall_test.cc -O2 -fvtable-verify=preinit (test
for excess errors)
WARNING: libvtv.cc/nested_vcall_test.cc -O2 -fvtable-verify=preinit
compilation failed to produce executable
FAIL: libvtv.cc/povray-derived.cc -O2 -fvtable-verify=preinit (test for
excess errors)
WARNING: libvtv.cc/povray-derived.cc -O2 -fvtable-verify=preinit
compilation failed to produce executable
FAIL: libvtv.cc/register_set_pair.cc -O2 -fvtable-verify=preinit (test
for excess errors)
WARNING: libvtv.cc/register_set_pair.cc -O2 -fvtable-verify=preinit
compilation failed to produce executable
FAIL: libvtv.cc/register_set_pair_inserts.cc -O2 -fvtable-verify=preinit
(test for excess errors)
WARNING: libvtv.cc/register_set_pair_inserts.cc -O2
-fvtable-verify=preinit compilation failed to produce executable
FAIL: libvtv.cc/template-list-iostream.cc -O2 -fvtable-verify=preinit
(test for excess errors)
WARNING: libvtv.cc/template-list-iostream.cc -O2 -fvtable-verify=preinit
compilation failed to produce executable
FAIL: libvtv.cc/template-list.cc -O2 -fvtable-verify=preinit (test for
excess errors)
WARNING: libvtv.cc/template-list.cc -O2 -fvtable-verify=preinit
compilation failed to produce executable
FAIL: libvtv.cc/template-list2.cc -O2 -fvtable-verify=preinit (test for
excess errors)
WARNING: libvtv.cc/template-list2.cc -O2 -fvtable-verify=preinit
compilation failed to produce executable
FAIL: libvtv.cc/test1.cc -O2 -fvtable-verify=preinit (test for excess
errors)
WARNING: libvtv.cc/test1.cc -O2 -fvtable-verify=preinit compilation
failed to produce executable
FAIL: libvtv.cc/thunk.cc -O2 -fvtable-verify=preinit (test for excess
errors)
WARNING: libvtv.cc/thunk.cc -O2 -fvtable-verify=preinit compilation
failed to produce executable
FAIL: libvtv.cc/thunk_vtable_map_attack.cc -O2 -fvtable-verify=preinit
(test for excess errors)
WARNING: libvtv.cc/thunk_vtable_map_attack.cc -O2
-fvtable-verify=preinit compilation failed to produce executable
FAIL: libvtv.cc/v8-test-2.cc -O2 -fvtable-verify=preinit (test for
excess errors)
WARNING: libvtv.cc/v8-test-2.cc -O2 -fvtable-verify=preinit compilation
failed to produce executable
FAIL: libvtv.cc/virtfunc-test.cc -O2 -fvtable-verify=preinit (test for
excess errors)
WARNING: libvtv.cc/virtfunc-test.cc -O2 -fvtable-verify=preinit
compilation failed to produce executable
FAIL: libvtv.cc/virtual_inheritance.cc -O2 -fvtable-verify=preinit (test
for excess errors)
WARNING: libvtv.cc/virtual_inheritance.cc -O2 -fvtable-verify=preinit
compilation failed to produce executable
FAIL: libvtv.cc/xlan-test.cc -O2 -fvtable-verify=preinit (test for
excess errors)
WARNING: libvtv.cc/xlan-test.cc -O2 -fvtable-verify=preinit compilation
failed to produce executable
=== libvtv Summary ===
# of expected passes 92
# of unexpected failures 44
Compiler version: 4.9.0 20130916 (experimental) (GCC)
Platform: x86_64-unknown-linux-gnu
configure flags: --prefix=/usr/local/gcc-4.9 --enable-languages='c c++
fortran'
--
Tim Prince