This is the mail archive of the
gcc-testresults@gcc.gnu.org
mailing list for the GCC project.
Results for 4.9.0 20130906 (experimental) [trunk revision 202327] (GCC) testsuite on sparc-sun-solaris2.9
- From: Rainer Orth <ro at CeBiTec dot Uni-Bielefeld dot DE>
- To: gcc-testresults at gcc dot gnu dot org
- Date: Mon, 9 Sep 2013 10:34:16 +0200 (MEST)
- Subject: Results for 4.9.0 20130906 (experimental) [trunk revision 202327] (GCC) testsuite on sparc-sun-solaris2.9
- Authentication-results: sourceware.org; auth=none
LAST_UPDATED: Fri Sep 6 13:39:24 UTC 2013 (revision 202327)
=== acats tests ===
=== acats Summary ===
# of expected passes 2320
# of unexpected failures 0
Native configuration is sparc-sun-solaris2.9
=== g++ tests ===
Running target unix
WARNING: program timed out.
FAIL: tmpdir-g++.dg-struct-layout-1/t024 cp_compat_y_tst.o compile
UNRESOLVED: tmpdir-g++.dg-struct-layout-1/t024 cp_compat_x_tst.o-cp_compat_y_tst.o link
UNRESOLVED: tmpdir-g++.dg-struct-layout-1/t024 cp_compat_x_tst.o-cp_compat_y_tst.o execute
WARNING: program timed out.
FAIL: tmpdir-g++.dg-struct-layout-1/t025 cp_compat_x_tst.o compile
WARNING: program timed out.
FAIL: tmpdir-g++.dg-struct-layout-1/t025 cp_compat_y_tst.o compile
UNRESOLVED: tmpdir-g++.dg-struct-layout-1/t025 cp_compat_x_tst.o-cp_compat_y_tst.o link
UNRESOLVED: tmpdir-g++.dg-struct-layout-1/t025 cp_compat_x_tst.o-cp_compat_y_tst.o execute
WARNING: program timed out.
FAIL: tmpdir-g++.dg-struct-layout-1/t026 cp_compat_x_tst.o compile
WARNING: program timed out.
FAIL: tmpdir-g++.dg-struct-layout-1/t026 cp_compat_y_tst.o compile
UNRESOLVED: tmpdir-g++.dg-struct-layout-1/t026 cp_compat_x_tst.o-cp_compat_y_tst.o link
UNRESOLVED: tmpdir-g++.dg-struct-layout-1/t026 cp_compat_x_tst.o-cp_compat_y_tst.o execute
FAIL: g++.dg/template/cond2.C -std=gnu++98 (test for warnings, line 9)
FAIL: g++.dg/template/cond2.C -std=gnu++11 (test for warnings, line 9)
FAIL: g++.dg/torture/covariant-1.C -O2 -flto -flto-partition=none execution test
FAIL: g++.dg/torture/covariant-1.C -O2 -flto execution test
=== g++ Summary for unix ===
# of expected passes 52735
# of unexpected failures 9
# of expected failures 295
# of unresolved testcases 6
# of unsupported tests 1095
Running target unix/-m64
WARNING: program timed out.
FAIL: tmpdir-g++.dg-struct-layout-1/t010 cp_compat_y_tst.o compile
UNRESOLVED: tmpdir-g++.dg-struct-layout-1/t010 cp_compat_x_tst.o-cp_compat_y_tst.o link
UNRESOLVED: tmpdir-g++.dg-struct-layout-1/t010 cp_compat_x_tst.o-cp_compat_y_tst.o execute
WARNING: program timed out.
FAIL: tmpdir-g++.dg-struct-layout-1/t025 cp_compat_y_tst.o compile
UNRESOLVED: tmpdir-g++.dg-struct-layout-1/t025 cp_compat_x_tst.o-cp_compat_y_tst.o link
UNRESOLVED: tmpdir-g++.dg-struct-layout-1/t025 cp_compat_x_tst.o-cp_compat_y_tst.o execute
FAIL: g++.dg/template/cond2.C -std=gnu++98 (test for warnings, line 9)
FAIL: g++.dg/template/cond2.C -std=gnu++11 (test for warnings, line 9)
FAIL: g++.dg/torture/covariant-1.C -O2 -flto -flto-partition=none execution test
FAIL: g++.dg/torture/covariant-1.C -O2 -flto execution test
WARNING: program timed out.
FAIL: g++.old-deja/g++.benjamin/15071.C -std=c++98 (test for excess errors)
WARNING: g++.old-deja/g++.benjamin/15071.C -std=c++98 compilation failed to produce executable
WARNING: program timed out.
FAIL: g++.old-deja/g++.benjamin/15071.C -std=c++11 (test for excess errors)
WARNING: g++.old-deja/g++.benjamin/15071.C -std=c++11 compilation failed to produce executable
=== g++ Summary for unix/-m64 ===
# of expected passes 53974
# of unexpected failures 8
# of expected failures 295
# of unresolved testcases 4
# of unsupported tests 1085
=== g++ Summary ===
# of expected passes 106709
# of unexpected failures 17
# of expected failures 590
# of unresolved testcases 10
# of unsupported tests 2180
/var/gcc/regression/trunk/9-gcc-gas/build/gcc/testsuite/g++/../../xg++ version 4.9.0 20130906 (experimental) [trunk revision 202327] (GCC)
=== gcc tests ===
Running target unix
FAIL: gcc.c-torture/compile/limits-structnest.c -O3 -fomit-frame-pointer (test for excess errors)
FAIL: gcc.c-torture/compile/limits-structnest.c -O3 -g (test for excess errors)
FAIL: gcc.c-torture/compile/limits-structnest.c -Os (test for excess errors)
FAIL: gcc.c-torture/compile/limits-structnest.c -O2 -flto -flto-partition=none (test for excess errors)
WARNING: program timed out.
WARNING: program timed out.
WARNING: program timed out.
WARNING: program timed out.
FAIL: gcc.c-torture/execute/20040805-1.c compilation, -O2
UNRESOLVED: gcc.c-torture/execute/20040805-1.c execution, -O2
WARNING: program timed out.
WARNING: program timed out.
FAIL: tmpdir-gcc.dg-struct-layout-1/t003 c_compat_y_tst.o compile
UNRESOLVED: tmpdir-gcc.dg-struct-layout-1/t003 c_compat_x_tst.o-c_compat_y_tst.o link
UNRESOLVED: tmpdir-gcc.dg-struct-layout-1/t003 c_compat_x_tst.o-c_compat_y_tst.o execute
WARNING: program timed out.
FAIL: tmpdir-gcc.dg-struct-layout-1/t004 c_compat_x_tst.o compile
WARNING: program timed out.
FAIL: tmpdir-gcc.dg-struct-layout-1/t004 c_compat_y_tst.o compile
UNRESOLVED: tmpdir-gcc.dg-struct-layout-1/t004 c_compat_x_tst.o-c_compat_y_tst.o link
UNRESOLVED: tmpdir-gcc.dg-struct-layout-1/t004 c_compat_x_tst.o-c_compat_y_tst.o execute
FAIL: gcc.dg/simulate-thread/atomic-other-int.c -O0 -g thread simulation test
FAIL: gcc.dg/simulate-thread/atomic-other-int.c -O2 -g thread simulation test
FAIL: gcc.dg/simulate-thread/atomic-other-int.c -O3 -g thread simulation test
FAIL: gcc.dg/simulate-thread/speculative-store-4.c -O0 -g thread simulation test
FAIL: gcc.dg/simulate-thread/speculative-store-4.c -O2 -g thread simulation test
FAIL: gcc.dg/simulate-thread/speculative-store-4.c -O3 -g thread simulation test
FAIL: gcc.dg/simulate-thread/speculative-store.c -O0 -g thread simulation test
=== gcc Summary for unix ===
# of expected passes 87031
# of unexpected failures 15
# of expected failures 319
# of unresolved testcases 5
# of unsupported tests 1725
Running target unix/-m64
WARNING: program timed out.
FAIL: tmpdir-gcc.dg-struct-layout-1/t026 c_compat_y_tst.o compile
UNRESOLVED: tmpdir-gcc.dg-struct-layout-1/t026 c_compat_x_tst.o-c_compat_y_tst.o link
UNRESOLVED: tmpdir-gcc.dg-struct-layout-1/t026 c_compat_x_tst.o-c_compat_y_tst.o execute
=== gcc Summary for unix/-m64 ===
# of expected passes 87804
# of unexpected failures 1
# of expected failures 308
# of unresolved testcases 2
# of unsupported tests 1675
=== gcc Summary ===
# of expected passes 174835
# of unexpected failures 16
# of expected failures 627
# of unresolved testcases 7
# of unsupported tests 3400
/var/gcc/regression/trunk/9-gcc-gas/build/gcc/xgcc version 4.9.0 20130906 (experimental) [trunk revision 202327] (GCC)
=== gfortran tests ===
Running target unix
FAIL: gfortran.dg/class_48.f90 -O2 (test for excess errors)
FAIL: gfortran.dg/class_48.f90 -Os (test for excess errors)
FAIL: gfortran.dg/minlocval_3.f90 -O3 -fomit-frame-pointer -funroll-loops (test for excess errors)
WARNING: gfortran.dg/minlocval_3.f90 -O3 -fomit-frame-pointer -funroll-loops compilation failed to produce executable
FAIL: gfortran.dg/minlocval_3.f90 -O3 -fomit-frame-pointer -funroll-all-loops -finline-functions (test for excess errors)
WARNING: gfortran.dg/minlocval_3.f90 -O3 -fomit-frame-pointer -funroll-all-loops -finline-functions compilation failed to produce executable
FAIL: gfortran.dg/minlocval_3.f90 -O3 -g (test for excess errors)
WARNING: gfortran.dg/minlocval_3.f90 -O3 -g compilation failed to produce executable
FAIL: gfortran.dg/round_4.f90 -O0 (test for excess errors)
WARNING: gfortran.dg/round_4.f90 -O0 compilation failed to produce executable
FAIL: gfortran.dg/round_4.f90 -O1 (test for excess errors)
WARNING: gfortran.dg/round_4.f90 -O1 compilation failed to produce executable
FAIL: gfortran.dg/round_4.f90 -O2 (test for excess errors)
WARNING: gfortran.dg/round_4.f90 -O2 compilation failed to produce executable
FAIL: gfortran.dg/round_4.f90 -O3 -fomit-frame-pointer (test for excess errors)
WARNING: gfortran.dg/round_4.f90 -O3 -fomit-frame-pointer compilation failed to produce executable
FAIL: gfortran.dg/round_4.f90 -O3 -fomit-frame-pointer -funroll-loops (test for excess errors)
WARNING: gfortran.dg/round_4.f90 -O3 -fomit-frame-pointer -funroll-loops compilation failed to produce executable
FAIL: gfortran.dg/round_4.f90 -O3 -fomit-frame-pointer -funroll-all-loops -finline-functions (test for excess errors)
WARNING: gfortran.dg/round_4.f90 -O3 -fomit-frame-pointer -funroll-all-loops -finline-functions compilation failed to produce executable
FAIL: gfortran.dg/round_4.f90 -O3 -g (test for excess errors)
WARNING: gfortran.dg/round_4.f90 -O3 -g compilation failed to produce executable
FAIL: gfortran.dg/round_4.f90 -Os (test for excess errors)
WARNING: gfortran.dg/round_4.f90 -Os compilation failed to produce executable
WARNING: program timed out.
WARNING: program timed out.
WARNING: program timed out.
FAIL: gfortran.dg/lto/pr45586-2 f_lto_pr45586-2_0.o-f_lto_pr45586-2_0.o link, -O0 -flto -flto-partition=none (internal compiler error)
UNRESOLVED: gfortran.dg/lto/pr45586-2 f_lto_pr45586-2_0.o-f_lto_pr45586-2_0.o execute -O0 -flto -flto-partition=none
FAIL: gfortran.dg/lto/pr45586-2 f_lto_pr45586-2_0.o-f_lto_pr45586-2_0.o link, -O0 -flto -flto-partition=1to1 (internal compiler error)
UNRESOLVED: gfortran.dg/lto/pr45586-2 f_lto_pr45586-2_0.o-f_lto_pr45586-2_0.o execute -O0 -flto -flto-partition=1to1
FAIL: gfortran.dg/lto/pr45586-2 f_lto_pr45586-2_0.o-f_lto_pr45586-2_0.o link, -O0 -flto (internal compiler error)
UNRESOLVED: gfortran.dg/lto/pr45586-2 f_lto_pr45586-2_0.o-f_lto_pr45586-2_0.o execute -O0 -flto
FAIL: gfortran.dg/lto/pr45586 f_lto_pr45586_0.o-f_lto_pr45586_0.o link, -O0 -flto -flto-partition=none (internal compiler error)
UNRESOLVED: gfortran.dg/lto/pr45586 f_lto_pr45586_0.o-f_lto_pr45586_0.o execute -O0 -flto -flto-partition=none
FAIL: gfortran.dg/lto/pr45586 f_lto_pr45586_0.o-f_lto_pr45586_0.o link, -O0 -flto -flto-partition=1to1 (internal compiler error)
UNRESOLVED: gfortran.dg/lto/pr45586 f_lto_pr45586_0.o-f_lto_pr45586_0.o execute -O0 -flto -flto-partition=1to1
FAIL: gfortran.dg/lto/pr45586 f_lto_pr45586_0.o-f_lto_pr45586_0.o link, -O0 -flto (internal compiler error)
UNRESOLVED: gfortran.dg/lto/pr45586 f_lto_pr45586_0.o-f_lto_pr45586_0.o execute -O0 -flto
=== gfortran Summary for unix ===
# of expected passes 44205
# of unexpected failures 19
# of expected failures 54
# of unresolved testcases 6
# of unsupported tests 432
Running target unix/-m64
FAIL: gfortran.dg/round_4.f90 -O0 (test for excess errors)
WARNING: gfortran.dg/round_4.f90 -O0 compilation failed to produce executable
FAIL: gfortran.dg/round_4.f90 -O1 (test for excess errors)
WARNING: gfortran.dg/round_4.f90 -O1 compilation failed to produce executable
FAIL: gfortran.dg/round_4.f90 -O2 (test for excess errors)
WARNING: gfortran.dg/round_4.f90 -O2 compilation failed to produce executable
FAIL: gfortran.dg/round_4.f90 -O3 -fomit-frame-pointer (test for excess errors)
WARNING: gfortran.dg/round_4.f90 -O3 -fomit-frame-pointer compilation failed to produce executable
FAIL: gfortran.dg/round_4.f90 -O3 -fomit-frame-pointer -funroll-loops (test for excess errors)
WARNING: gfortran.dg/round_4.f90 -O3 -fomit-frame-pointer -funroll-loops compilation failed to produce executable
FAIL: gfortran.dg/round_4.f90 -O3 -fomit-frame-pointer -funroll-all-loops -finline-functions (test for excess errors)
WARNING: gfortran.dg/round_4.f90 -O3 -fomit-frame-pointer -funroll-all-loops -finline-functions compilation failed to produce executable
FAIL: gfortran.dg/round_4.f90 -O3 -g (test for excess errors)
WARNING: gfortran.dg/round_4.f90 -O3 -g compilation failed to produce executable
FAIL: gfortran.dg/round_4.f90 -Os (test for excess errors)
WARNING: gfortran.dg/round_4.f90 -Os compilation failed to produce executable
FAIL: gfortran.dg/lto/pr45586-2 f_lto_pr45586-2_0.o-f_lto_pr45586-2_0.o link, -O0 -flto -flto-partition=none (internal compiler error)
UNRESOLVED: gfortran.dg/lto/pr45586-2 f_lto_pr45586-2_0.o-f_lto_pr45586-2_0.o execute -O0 -flto -flto-partition=none
FAIL: gfortran.dg/lto/pr45586-2 f_lto_pr45586-2_0.o-f_lto_pr45586-2_0.o link, -O0 -flto -flto-partition=1to1 (internal compiler error)
UNRESOLVED: gfortran.dg/lto/pr45586-2 f_lto_pr45586-2_0.o-f_lto_pr45586-2_0.o execute -O0 -flto -flto-partition=1to1
FAIL: gfortran.dg/lto/pr45586-2 f_lto_pr45586-2_0.o-f_lto_pr45586-2_0.o link, -O0 -flto (internal compiler error)
UNRESOLVED: gfortran.dg/lto/pr45586-2 f_lto_pr45586-2_0.o-f_lto_pr45586-2_0.o execute -O0 -flto
FAIL: gfortran.dg/lto/pr45586 f_lto_pr45586_0.o-f_lto_pr45586_0.o link, -O0 -flto -flto-partition=none (internal compiler error)
UNRESOLVED: gfortran.dg/lto/pr45586 f_lto_pr45586_0.o-f_lto_pr45586_0.o execute -O0 -flto -flto-partition=none
FAIL: gfortran.dg/lto/pr45586 f_lto_pr45586_0.o-f_lto_pr45586_0.o link, -O0 -flto -flto-partition=1to1 (internal compiler error)
UNRESOLVED: gfortran.dg/lto/pr45586 f_lto_pr45586_0.o-f_lto_pr45586_0.o execute -O0 -flto -flto-partition=1to1
FAIL: gfortran.dg/lto/pr45586 f_lto_pr45586_0.o-f_lto_pr45586_0.o link, -O0 -flto (internal compiler error)
UNRESOLVED: gfortran.dg/lto/pr45586 f_lto_pr45586_0.o-f_lto_pr45586_0.o execute -O0 -flto
=== gfortran Summary for unix/-m64 ===
# of expected passes 44492
# of unexpected failures 14
# of expected failures 54
# of unresolved testcases 6
# of unsupported tests 295
=== gfortran Summary ===
# of expected passes 88697
# of unexpected failures 33
# of expected failures 108
# of unresolved testcases 12
# of unsupported tests 727
/var/gcc/regression/trunk/9-gcc-gas/build/gcc/testsuite/gfortran/../../gfortran version 4.9.0 20130906 (experimental) [trunk revision 202327] (GCC)
=== gnat tests ===
Running target unix
=== gnat Summary for unix ===
# of expected passes 1170
# of expected failures 18
# of unsupported tests 13
Running target unix/-m64
=== gnat Summary for unix/-m64 ===
# of expected passes 1170
# of expected failures 18
# of unsupported tests 13
=== gnat Summary ===
# of expected passes 2340
# of expected failures 36
# of unsupported tests 26
/var/gcc/regression/trunk/9-gcc-gas/build/gcc/gnatmake version 4.9.0 20130906 (experimental) [trunk revision 202327]
=== go tests ===
Running target unix
FAIL: ./64bit-out.go compilation, -O0 -g -fno-var-tracking-assignments
FAIL: ./index0-out.go compilation, -O0 -g -fno-var-tracking-assignments
WARNING: program timed out.
WARNING: program timed out.
=== go Summary for unix ===
# of expected passes 5173
# of unexpected failures 2
# of expected failures 1
# of untested testcases 8
Running target unix/-m64
FAIL: ./index0-out.go compilation, -O0 -g -fno-var-tracking-assignments
WARNING: program timed out.
=== go Summary for unix/-m64 ===
# of expected passes 5055
# of unexpected failures 1
# of expected failures 1
# of untested testcases 7
=== go Summary ===
# of expected passes 10228
# of unexpected failures 3
# of expected failures 2
# of untested testcases 15
/var/gcc/regression/trunk/9-gcc-gas/build/gcc/testsuite/go/../../gccgo version 4.9.0 20130906 (experimental) [trunk revision 202327] (GCC)
=== obj-c++ tests ===
Running target unix
=== obj-c++ Summary for unix ===
# of expected passes 1449
# of expected failures 2
# of unsupported tests 86
Running target unix/-m64
=== obj-c++ Summary for unix/-m64 ===
# of expected passes 1441
# of expected failures 10
# of unsupported tests 86
=== obj-c++ Summary ===
# of expected passes 2890
# of expected failures 12
# of unsupported tests 172
/var/gcc/regression/trunk/9-gcc-gas/build/gcc/testsuite/obj-c++/../../xg++ version 4.9.0 20130906 (experimental) [trunk revision 202327] (GCC)
=== objc tests ===
Running target unix
=== objc Summary for unix ===
# of expected passes 2994
# of unsupported tests 74
Running target unix/-m64
=== objc Summary for unix/-m64 ===
# of expected passes 2994
# of unsupported tests 74
=== objc Summary ===
# of expected passes 5988
# of unsupported tests 148
/var/gcc/regression/trunk/9-gcc-gas/build/gcc/xgcc version 4.9.0 20130906 (experimental) [trunk revision 202327] (GCC)
=== boehm-gc tests ===
Running target unix
=== boehm-gc Summary for unix ===
# of expected passes 12
# of unsupported tests 1
Running target unix/-m64
=== boehm-gc Summary for unix/-m64 ===
# of expected passes 12
# of unsupported tests 1
=== boehm-gc Summary ===
# of expected passes 24
# of unsupported tests 2
=== libatomic tests ===
Running target unix
=== libatomic Summary for unix ===
# of expected passes 34
# of unsupported tests 10
Running target unix/-m64
=== libatomic Summary for unix/-m64 ===
# of expected passes 44
# of unsupported tests 5
=== libatomic Summary ===
# of expected passes 78
# of unsupported tests 15
=== libffi tests ===
Running target unix
=== libffi Summary for unix ===
# of expected passes 1819
# of unsupported tests 55
Running target unix/-m64
=== libffi Summary for unix/-m64 ===
# of expected passes 1819
# of unsupported tests 55
=== libffi Summary ===
# of expected passes 3638
# of unsupported tests 110
=== libgo tests ===
Running target unix
FAIL: runtime
FAIL: log/syslog
FAIL: text/template
FAIL: testing/quick
=== libgo Summary for unix ===
# of expected passes 118
# of unexpected failures 4
Running target unix/-m64
FAIL: net
FAIL: os
FAIL: syscall
FAIL: crypto/subtle
FAIL: crypto/tls
FAIL: crypto/x509
FAIL: debug/elf
FAIL: go/doc
FAIL: go/parser
FAIL: log/syslog
FAIL: net/http
FAIL: net/http/cgi
FAIL: net/http/httptest
FAIL: net/http/httputil
FAIL: net/rpc
FAIL: net/smtp
FAIL: os/exec
FAIL: text/template
=== libgo Summary for unix/-m64 ===
# of expected passes 104
# of unexpected failures 18
=== libgo Summary ===
# of expected passes 222
# of unexpected failures 22
=== libgomp tests ===
Running target unix
FAIL: libgomp.graphite/bounds.c scan-tree-dump-times graphite "0 loops carried no dependency" 1
FAIL: libgomp.graphite/force-parallel-4.c execution test
FAIL: libgomp.graphite/force-parallel-4.c scan-tree-dump-times graphite "2 loops carried no dependency" 1
FAIL: libgomp.graphite/force-parallel-6.c scan-tree-dump-times graphite "1 loops carried no dependency" 1
FAIL: libgomp.graphite/pr41118.c scan-tree-dump-times optimized "loopfn" 0
=== libgomp Summary for unix ===
# of expected passes 2187
# of unexpected failures 5
# of unsupported tests 3
Running target unix/-m64
FAIL: libgomp.graphite/bounds.c scan-tree-dump-times graphite "0 loops carried no dependency" 1
FAIL: libgomp.graphite/force-parallel-4.c execution test
FAIL: libgomp.graphite/force-parallel-4.c scan-tree-dump-times graphite "2 loops carried no dependency" 1
FAIL: libgomp.graphite/force-parallel-6.c scan-tree-dump-times graphite "1 loops carried no dependency" 1
FAIL: libgomp.graphite/pr41118.c scan-tree-dump-times optimized "loopfn" 0
=== libgomp Summary for unix/-m64 ===
# of expected passes 2187
# of unexpected failures 5
# of unsupported tests 3
=== libgomp Summary ===
# of expected passes 4374
# of unexpected failures 10
# of unsupported tests 6
=== libitm tests ===
Running target unix
=== libitm Summary for unix ===
# of expected passes 26
# of expected failures 3
# of unsupported tests 1
Running target unix/-m64
=== libitm Summary for unix/-m64 ===
# of expected passes 26
# of expected failures 3
# of unsupported tests 1
=== libitm Summary ===
# of expected passes 52
# of expected failures 6
# of unsupported tests 2
=== libjava tests ===
Running target unix
FAIL: sourcelocation output - source compiled test
FAIL: sourcelocation -findirect-dispatch output - source compiled test
FAIL: sourcelocation -O3 output - source compiled test
FAIL: sourcelocation -O3 -findirect-dispatch output - source compiled test
=== libjava Summary for unix ===
# of expected passes 2582
# of unexpected failures 4
Running target unix/-m64
FAIL: sourcelocation output - source compiled test
FAIL: sourcelocation -findirect-dispatch output - source compiled test
FAIL: sourcelocation -O3 output - source compiled test
FAIL: sourcelocation -O3 -findirect-dispatch output - source compiled test
=== libjava Summary for unix/-m64 ===
# of expected passes 2582
# of unexpected failures 4
=== libjava Summary ===
# of expected passes 5164
# of unexpected failures 8
=== libstdc++ tests ===
Running target unix
FAIL: 20_util/unique_ptr/cons/ptr_deleter.cc (test for excess errors)
WARNING: 20_util/unique_ptr/cons/ptr_deleter.cc compilation failed to produce executable
FAIL: 20_util/unique_ptr/cons/ptr_deleter_neg.cc (test for errors, line 32)
FAIL: 20_util/unique_ptr/cons/ptr_deleter_neg.cc (test for errors, line 34)
FAIL: 20_util/unique_ptr/cons/ptr_deleter_neg.cc (test for errors, line 36)
FAIL: 20_util/unique_ptr/cons/ptr_deleter_neg.cc (test for errors, line 42)
FAIL: 20_util/unique_ptr/cons/ptr_deleter_neg.cc (test for errors, line 44)
FAIL: 20_util/unique_ptr/cons/ptr_deleter_neg.cc (test for errors, line 46)
FAIL: 20_util/unique_ptr/cons/ptr_deleter_neg.cc (test for excess errors)
FAIL: 23_containers/multiset/requirements/typedefs.cc (test for excess errors)
FAIL: 23_containers/unordered_multiset/requirements/debug.cc (test for excess errors)
FAIL: 23_containers/unordered_multiset/requirements/exception/basic.cc (test for excess errors)
WARNING: 23_containers/unordered_multiset/requirements/exception/basic.cc compilation failed to produce executable
FAIL: 26_numerics/random/subtract_with_carry_engine/cons/55215.cc (test for excess errors)
WARNING: 26_numerics/random/subtract_with_carry_engine/cons/55215.cc compilation failed to produce executable
FAIL: 26_numerics/random/subtract_with_carry_engine/cons/copy.cc (test for excess errors)
WARNING: 26_numerics/random/subtract_with_carry_engine/cons/copy.cc compilation failed to produce executable
ERROR: could not compile testsuite_abi.cc
FAIL: ext/pb_ds/regression/tree_map_rand.cc (test for excess errors)
WARNING: ext/pb_ds/regression/tree_map_rand.cc compilation failed to produce executable
FAIL: ext/pb_ds/regression/tree_set_rand.cc (test for excess errors)
WARNING: ext/pb_ds/regression/tree_set_rand.cc compilation failed to produce executable
FAIL: ext/random/rice_distribution/operators/serialize.cc (test for excess errors)
WARNING: ext/random/rice_distribution/operators/serialize.cc compilation failed to produce executable
WARNING: program timed out.
WARNING: program timed out.
WARNING: program timed out.
WARNING: program timed out.
WARNING: program timed out.
WARNING: program timed out.
WARNING: program timed out.
WARNING: program timed out.
WARNING: program timed out.
WARNING: program timed out.
WARNING: program timed out.
ERROR: tcl error sourcing /vol/gcc/src/hg/trunk/local/libstdc++-v3/testsuite/libstdc++-dg/conformance.exp.
=== libstdc++ Summary for unix ===
# of expected passes 7042
# of unexpected failures 16
# of expected failures 40
# of unsupported tests 919
Running target unix/-m64
FAIL: 25_algorithms/max/requirements/explicit_instantiation/3.cc (test for excess errors)
FAIL: 25_algorithms/max/requirements/explicit_instantiation/pod2.cc (test for excess errors)
FAIL: 27_io/basic_ofstream/cons/char/2.cc (test for excess errors)
WARNING: program timed out.
WARNING: program timed out.
WARNING: program timed out.
=== libstdc++ Summary for unix/-m64 ===
# of expected passes 7884
# of unexpected failures 3
# of expected failures 41
# of unsupported tests 926
=== libstdc++ Summary ===
# of expected passes 14926
# of unexpected failures 19
# of expected failures 81
# of unsupported tests 1845
Compiler version: 4.9.0 20130906 (experimental) [trunk revision 202327] (GCC)
Platform: sparc-sun-solaris2.9
configure flags: --prefix=/vol/gcc --target=sparc-sun-solaris2.9 --enable-obsolete --enable-objc-gc --with-as=/vol/gcc/bin/gas-2.23.1 --with-gnu-as --with-gmp-include=/vol/gcc/include --with-gmp-lib=/vol/gcc/lib --with-mpfr-include=/vol/gcc/include --with-mpfr-lib=/vol/gcc/lib --with-mpc-include=/vol/gcc/include --with-mpc-lib=/vol/gcc/lib --enable-languages=all,ada,obj-c++,go --with-isl-include=/vol/gcc/include --with-isl-lib=/vol/gcc/lib --with-cloog-include=/vol/gcc/include --with-cloog-lib=/vol/gcc/lib --enable-cloog-backend=isl
BOOT_CFLAGS=-g -O2