This is the mail archive of the
gcc-testresults@gcc.gnu.org
mailing list for the GCC project.
Results for 4.7.4 20130906 (prerelease) [gcc-4_7-branch revision 202303] (GCC) testsuite on sparc-sun-solaris2.8
- From: Rainer Orth <ro at CeBiTec dot Uni-Bielefeld dot DE>
- To: gcc-testresults at gcc dot gnu dot org
- Date: Mon, 9 Sep 2013 10:33:47 +0200 (MEST)
- Subject: Results for 4.7.4 20130906 (prerelease) [gcc-4_7-branch revision 202303] (GCC) testsuite on sparc-sun-solaris2.8
- Authentication-results: sourceware.org; auth=none
LAST_UPDATED: Fri Sep 6 13:42:11 UTC 2013 (revision 202303)
=== acats tests ===
=== acats Summary ===
# of expected passes 2320
# of unexpected failures 0
Native configuration is sparc-sun-solaris2.8
=== g++ tests ===
Running target unix
FAIL: g++.dg/torture/pr31863.C -O2 -flto (test for excess errors)
=== g++ Summary for unix ===
# of expected passes 46475
# of unexpected failures 1
# of expected failures 290
# of unsupported tests 859
Running target unix/-m64
FAIL: g++.dg/cpp0x/nullptr28.C -std=c++11 execution test
WARNING: program timed out.
FAIL: g++.dg/eh/ctor1.C -std=c++98 (test for excess errors)
WARNING: program timed out.
FAIL: g++.dg/eh/forced3.C -std=c++11 (test for excess errors)
FAIL: g++.dg/torture/pr31863.C -O2 -flto (test for excess errors)
WARNING: program timed out.
FAIL: g++.dg/torture/pr45699.C -O2 -flto (test for excess errors)
WARNING: program timed out.
FAIL: g++.old-deja/g++.abi/vbase8-5.C -std=gnu++98 (test for excess errors)
WARNING: program timed out.
FAIL: g++.old-deja/g++.benjamin/15071.C -std=c++98 (test for excess errors)
=== g++ Summary for unix/-m64 ===
# of expected passes 47706
# of unexpected failures 7
# of expected failures 290
# of unsupported tests 852
=== g++ Summary ===
# of expected passes 94181
# of unexpected failures 8
# of expected failures 580
# of unsupported tests 1711
/var/gcc/regression/gcc-4.7-branch/8-gcc/build/gcc/testsuite/g++/../../g++ version 4.7.4 20130906 (prerelease) [gcc-4_7-branch revision 202303] (GCC)
=== gcc tests ===
Running target unix
FAIL: gcc.c-torture/compile/pr46534.c -O3 -g (test for excess errors)
FAIL: gcc.c-torture/compile/pr46534.c -Os (test for excess errors)
FAIL: gcc.c-torture/compile/pr46534.c -O2 -flto -flto-partition=none (test for excess errors)
FAIL: gcc.c-torture/compile/pr46534.c -O2 -flto (test for excess errors)
FAIL: gcc.c-torture/compile/pr46883.c -O2 -flto (test for excess errors)
WARNING: program timed out.
WARNING: program timed out.
WARNING: program timed out.
WARNING: program timed out.
WARNING: program timed out.
WARNING: program timed out.
FAIL: gcc.c-torture/execute/builtins/memmove.c compilation, -O2 -flto -flto-partition=none
UNRESOLVED: gcc.c-torture/execute/builtins/memmove.c execution, -O2 -flto -flto-partition=none
FAIL: gcc.c-torture/execute/20111208-1.c compilation, -O2 -flto -flto-partition=none
UNRESOLVED: gcc.c-torture/execute/20111208-1.c execution, -O2 -flto -flto-partition=none
FAIL: gcc.c-torture/execute/20120105-1.c compilation, -O2 -flto -flto-partition=none
UNRESOLVED: gcc.c-torture/execute/20120105-1.c execution, -O2 -flto -flto-partition=none
FAIL: gcc.c-torture/execute/struct-ini-4.c compilation, -O2 -flto -flto-partition=none
UNRESOLVED: gcc.c-torture/execute/struct-ini-4.c execution, -O2 -flto -flto-partition=none
FAIL: gcc.c-torture/execute/struct-ret-1.c compilation, -O2 -flto
UNRESOLVED: gcc.c-torture/execute/struct-ret-1.c execution, -O2 -flto
FAIL: gcc.c-torture/execute/struct-ret-2.c compilation, -O2 -flto
UNRESOLVED: gcc.c-torture/execute/struct-ret-2.c execution, -O2 -flto
FAIL: gcc.c-torture/execute/va-arg-12.c compilation, -O2 -flto -flto-partition=none
UNRESOLVED: gcc.c-torture/execute/va-arg-12.c execution, -O2 -flto -flto-partition=none
WARNING: program timed out.
WARNING: program timed out.
WARNING: program timed out.
WARNING: program timed out.
WARNING: program timed out.
WARNING: program timed out.
WARNING: program timed out.
FAIL: gcc.c-torture/unsorted/xs.c, -O2 -flto -flto-partition=none
FAIL: gcc.dg/simulate-thread/atomic-other-int.c -O2 -g thread simulation test
FAIL: gcc.dg/simulate-thread/atomic-other-int.c -O3 -g thread simulation test
FAIL: gcc.dg/simulate-thread/atomic-other-short.c -O2 -g thread simulation test
FAIL: gcc.dg/simulate-thread/atomic-other-short.c -O3 -g thread simulation test
FAIL: gcc.dg/simulate-thread/speculative-store.c -O0 -g thread simulation test
WARNING: program timed out.
FAIL: gcc.dg/torture/pr27116.c -O2 -flto -flto-partition=none (test for excess errors)
WARNING: program timed out.
FAIL: gcc.dg/torture/pr27603.c -O3 -fomit-frame-pointer (test for excess errors)
WARNING: program timed out.
FAIL: gcc.dg/torture/pr30665-2.c -O2 -flto -flto-partition=none (test for excess errors)
WARNING: program timed out.
FAIL: gcc.dg/torture/stackalign/struct-1.c -O2 -flto -flto-partition=none (test for excess errors)
WARNING: program timed out.
FAIL: gcc.dg/torture/stackalign/vararg-2.c -O0 -fpic (test for excess errors)
WARNING: program timed out.
FAIL: gcc.dg/vect/vect-103.c (test for excess errors)
WARNING: gcc.dg/vect/vect-103.c compilation failed to produce executable
WARNING: program timed out.
FAIL: gcc.dg/vect/pr49771.c -flto (test for excess errors)
=== gcc Summary for unix ===
# of expected passes 75916
# of unexpected failures 25
# of expected failures 318
# of unresolved testcases 7
# of unsupported tests 1656
Running target unix/-m64
FAIL: gcc.c-torture/execute/20000113-1.c compilation, -O2 -flto -flto-partition=none
UNRESOLVED: gcc.c-torture/execute/20000113-1.c execution, -O2 -flto -flto-partition=none
FAIL: gcc.c-torture/execute/20000314-1.c compilation, -O1
UNRESOLVED: gcc.c-torture/execute/20000314-1.c execution, -O1
FAIL: gcc.c-torture/execute/930529-1.c compilation, -O2 -flto
UNRESOLVED: gcc.c-torture/execute/930529-1.c execution, -O2 -flto
FAIL: gcc.c-torture/execute/930614-2.c compilation, -O3 -fomit-frame-pointer -funroll-all-loops -finline-functions
UNRESOLVED: gcc.c-torture/execute/930614-2.c execution, -O3 -fomit-frame-pointer -funroll-all-loops -finline-functions
FAIL: gcc.c-torture/execute/930614-2.c compilation, -O2 -flto -flto-partition=none
UNRESOLVED: gcc.c-torture/execute/930614-2.c execution, -O2 -flto -flto-partition=none
FAIL: gcc.c-torture/execute/930622-1.c compilation, -O2 -flto -flto-partition=none
UNRESOLVED: gcc.c-torture/execute/930622-1.c execution, -O2 -flto -flto-partition=none
FAIL: gcc.c-torture/execute/pr22429.c compilation, -O2 -flto
UNRESOLVED: gcc.c-torture/execute/pr22429.c execution, -O2 -flto
FAIL: gcc.c-torture/execute/pr22493-1.c compilation, -O2 -flto -flto-partition=none
UNRESOLVED: gcc.c-torture/execute/pr22493-1.c execution, -O2 -flto -flto-partition=none
FAIL: gcc.c-torture/execute/pr23135.c compilation, -O1
UNRESOLVED: gcc.c-torture/execute/pr23135.c execution, -O1
FAIL: gcc.c-torture/execute/pr23324.c compilation, -O3 -g
UNRESOLVED: gcc.c-torture/execute/pr23324.c execution, -O3 -g
FAIL: gcc.c-torture/execute/pr23467.c compilation, -O3 -g
UNRESOLVED: gcc.c-torture/execute/pr23467.c execution, -O3 -g
FAIL: gcc.c-torture/execute/pr24716.c compilation, -O2 -flto -flto-partition=none
UNRESOLVED: gcc.c-torture/execute/pr24716.c execution, -O2 -flto -flto-partition=none
WARNING: program timed out.
WARNING: program timed out.
WARNING: program timed out.
WARNING: program timed out.
WARNING: program timed out.
WARNING: program timed out.
WARNING: program timed out.
WARNING: program timed out.
WARNING: program timed out.
WARNING: program timed out.
WARNING: program timed out.
WARNING: program timed out.
WARNING: program timed out.
FAIL: tmpdir-gcc.dg-struct-layout-1/t012 c_compat_y_tst.o compile
WARNING: program timed out.
FAIL: gcc.dg/ipa/ipa-pta-16.c (test for excess errors)
=== gcc Summary for unix/-m64 ===
# of expected passes 76598
# of unexpected failures 14
# of expected failures 305
# of unresolved testcases 12
# of unsupported tests 1640
=== gcc Summary ===
# of expected passes 152514
# of unexpected failures 39
# of expected failures 623
# of unresolved testcases 19
# of unsupported tests 3296
/var/gcc/regression/gcc-4.7-branch/8-gcc/build/gcc/xgcc version 4.7.4 20130906 (prerelease) [gcc-4_7-branch revision 202303] (GCC)
=== gfortran tests ===
Running target unix
FAIL: gfortran.dg/ftell_1.f90 -Os (test for excess errors)
FAIL: gfortran.dg/func_assign_3.f90 -O3 -fomit-frame-pointer -funroll-all-loops -finline-functions (test for excess errors)
WARNING: gfortran.dg/func_assign_3.f90 -O3 -fomit-frame-pointer -funroll-all-loops -finline-functions compilation failed to produce executable
FAIL: gfortran.dg/minmaxloc_5.f90 -O3 -fomit-frame-pointer -funroll-all-loops -finline-functions (test for excess errors)
WARNING: program timed out.
WARNING: program timed out.
WARNING: program timed out.
=== gfortran Summary for unix ===
# of expected passes 40528
# of unexpected failures 3
# of expected failures 44
# of unsupported tests 406
Running target unix/-m64
FAIL: gfortran.dg/array_constructor_type_8.f03 -O3 -g (test for excess errors)
FAIL: gfortran.dg/char4_iunit_1.f03 -O2 (test for excess errors)
FAIL: gfortran.dg/char_allocation_1.f90 -O2 (test for excess errors)
FAIL: gfortran.dg/char_array_constructor.f90 -O3 -fomit-frame-pointer (test for excess errors)
WARNING: gfortran.dg/char_array_constructor.f90 -O3 -fomit-frame-pointer compilation failed to produce executable
FAIL: gfortran.dg/nesting_1.f90 -O3 -fomit-frame-pointer -funroll-loops (test for excess errors)
WARNING: program timed out.
WARNING: program timed out.
WARNING: program timed out.
WARNING: program timed out.
WARNING: program timed out.
WARNING: program timed out.
=== gfortran Summary for unix/-m64 ===
# of expected passes 40805
# of unexpected failures 5
# of expected failures 44
# of unsupported tests 269
=== gfortran Summary ===
# of expected passes 81333
# of unexpected failures 8
# of expected failures 88
# of unsupported tests 675
/var/gcc/regression/gcc-4.7-branch/8-gcc/build/gcc/testsuite/gfortran/../../gfortran version 4.7.4 20130906 (prerelease) [gcc-4_7-branch revision 202303] (GCC)
=== gnat tests ===
Running target unix
=== gnat Summary for unix ===
# of expected passes 1106
# of expected failures 14
# of unsupported tests 13
Running target unix/-m64
=== gnat Summary for unix/-m64 ===
# of expected passes 1106
# of expected failures 14
# of unsupported tests 13
=== gnat Summary ===
# of expected passes 2212
# of expected failures 28
# of unsupported tests 26
/var/gcc/regression/gcc-4.7-branch/8-gcc/build/gcc/gnatmake version 4.7.4 20130906 (prerelease) [gcc-4_7-branch revision 202303]
=== go tests ===
Running target unix
FAIL: go.test/test/cmplxdivide.go
WARNING: program timed out.
=== go Summary for unix ===
# of expected passes 3287
# of unexpected failures 1
# of expected failures 4
# of untested testcases 7
Running target unix/-m64
FAIL: go.test/test/cmplxdivide.go
WARNING: program timed out.
=== go Summary for unix/-m64 ===
# of expected passes 3287
# of unexpected failures 1
# of expected failures 4
# of untested testcases 7
=== go Summary ===
# of expected passes 6574
# of unexpected failures 2
# of expected failures 8
# of untested testcases 14
/var/gcc/regression/gcc-4.7-branch/8-gcc/build/gcc/testsuite/go/../../gccgo version 4.7.4 20130906 (prerelease) [gcc-4_7-branch revision 202303] (GCC)
=== obj-c++ tests ===
Running target unix
=== obj-c++ Summary for unix ===
# of expected passes 1450
# of expected failures 2
# of unsupported tests 86
Running target unix/-m64
=== obj-c++ Summary for unix/-m64 ===
# of expected passes 1442
# of expected failures 10
# of unsupported tests 86
=== obj-c++ Summary ===
# of expected passes 2892
# of expected failures 12
# of unsupported tests 172
/var/gcc/regression/gcc-4.7-branch/8-gcc/build/gcc/testsuite/obj-c++/../../g++ version 4.7.4 20130906 (prerelease) [gcc-4_7-branch revision 202303] (GCC)
=== objc tests ===
Running target unix
=== objc Summary for unix ===
# of expected passes 2994
# of unsupported tests 74
Running target unix/-m64
=== objc Summary for unix/-m64 ===
# of expected passes 2994
# of unsupported tests 74
=== objc Summary ===
# of expected passes 5988
# of unsupported tests 148
/var/gcc/regression/gcc-4.7-branch/8-gcc/build/gcc/xgcc version 4.7.4 20130906 (prerelease) [gcc-4_7-branch revision 202303] (GCC)
=== boehm-gc tests ===
Running target unix
=== boehm-gc Summary for unix ===
# of expected passes 12
# of unsupported tests 1
Running target unix/-m64
=== boehm-gc Summary for unix/-m64 ===
# of expected passes 12
# of unsupported tests 1
=== boehm-gc Summary ===
# of expected passes 24
# of unsupported tests 2
=== libffi tests ===
Running target unix
=== libffi Summary for unix ===
# of expected passes 1634
# of expected failures 10
# of unsupported tests 55
Running target unix/-m64
=== libffi Summary for unix/-m64 ===
# of expected passes 1634
# of expected failures 10
# of unsupported tests 55
=== libffi Summary ===
# of expected passes 3268
# of expected failures 20
# of unsupported tests 110
=== libgo tests ===
Running target unix
FAIL: runtime/pprof
=== libgo Summary for unix ===
# of expected passes 123
# of unexpected failures 1
Running target unix/-m64
FAIL: runtime/pprof
=== libgo Summary for unix/-m64 ===
# of expected passes 123
# of unexpected failures 1
=== libgo Summary ===
# of expected passes 246
# of unexpected failures 2
=== libgomp tests ===
Running target unix
=== libgomp Summary for unix ===
# of expected passes 2940
# of unsupported tests 3
Running target unix/-m64
WARNING: program timed out.
FAIL: libgomp.fortran/collapse2.f90 -O3 -fomit-frame-pointer (test for excess errors)
WARNING: program timed out.
FAIL: libgomp.fortran/collapse3.f90 -O3 -g (test for excess errors)
WARNING: program timed out.
FAIL: libgomp.fortran/collapse4.f90 -Os (test for excess errors)
=== libgomp Summary for unix/-m64 ===
# of expected passes 2937
# of unexpected failures 3
# of unsupported tests 3
=== libgomp Summary ===
# of expected passes 5877
# of unexpected failures 3
# of unsupported tests 6
=== libitm tests ===
Running target unix
=== libitm Summary for unix ===
# of expected passes 26
# of expected failures 3
# of unsupported tests 1
Running target unix/-m64
=== libitm Summary for unix/-m64 ===
# of expected passes 26
# of expected failures 3
# of unsupported tests 1
=== libitm Summary ===
# of expected passes 52
# of expected failures 6
# of unsupported tests 2
=== libjava tests ===
Running target unix
FAIL: InvokeInterface execution - source compiled test
FAIL: InvokeInterface -O3 execution - source compiled test
=== libjava Summary for unix ===
# of expected passes 2570
# of unexpected failures 2
# of untested testcases 2
Running target unix/-m64
FAIL: InvokeInterface execution - source compiled test
FAIL: InvokeInterface -O3 execution - source compiled test
WARNING: program timed out.
FAIL: PR218 -O3 compilation from source
WARNING: program timed out.
FAIL: PR218 -O3 -findirect-dispatch compilation from source
WARNING: program timed out.
FAIL: PR25535 -O3 -findirect-dispatch compilation from source
WARNING: program timed out.
FAIL: PR26858 -O3 compilation from source
=== libjava Summary for unix/-m64 ===
# of expected passes 2558
# of unexpected failures 6
# of untested testcases 10
=== libjava Summary ===
# of expected passes 5128
# of unexpected failures 8
# of untested testcases 12
=== libstdc++ tests ===
Running target unix
=== libstdc++ Summary for unix ===
# of expected passes 7384
# of expected failures 47
# of unsupported tests 812
Running target unix/-m64
=== libstdc++ Summary for unix/-m64 ===
# of expected passes 7384
# of expected failures 47
# of unsupported tests 812
=== libstdc++ Summary ===
# of expected passes 14768
# of expected failures 94
# of unsupported tests 1624
Compiler version: 4.7.4 20130906 (prerelease) [gcc-4_7-branch revision 202303] (GCC)
Platform: sparc-sun-solaris2.8
configure flags: --prefix=/vol/gcc --target=sparc-sun-solaris2.8 --enable-obsolete --enable-objc-gc --with-gmp-include=/vol/gcc/include --with-gmp-lib=/vol/gcc/lib --with-mpfr-include=/vol/gcc/include --with-mpfr-lib=/vol/gcc/lib --with-mpc-include=/vol/gcc/include --with-mpc-lib=/vol/gcc/lib --enable-languages=all,ada,obj-c++,go --without-ppl --without-isl --without-cloog
BOOT_CFLAGS=-g -O2