This is the mail archive of the
gcc-testresults@gcc.gnu.org
mailing list for the GCC project.
Results for 4.9.0 20130906 (experimental) [trunk revision 202327] (GCC) testsuite on i386-pc-solaris2.9
- From: Rainer Orth <ro at CeBiTec dot Uni-Bielefeld dot DE>
- To: gcc-testresults at gcc dot gnu dot org
- Date: Mon, 9 Sep 2013 10:20:14 +0200 (MEST)
- Subject: Results for 4.9.0 20130906 (experimental) [trunk revision 202327] (GCC) testsuite on i386-pc-solaris2.9
- Authentication-results: sourceware.org; auth=none
LAST_UPDATED: Fri Sep 6 13:39:24 UTC 2013 (revision 202327)
=== acats tests ===
=== acats Summary ===
# of expected passes 2320
# of unexpected failures 0
Native configuration is i386-pc-solaris2.9
=== g++ tests ===
Running target unix
FAIL: g++.dg/template/cond2.C -std=gnu++98 (test for warnings, line 9)
FAIL: g++.dg/template/cond2.C -std=gnu++11 (test for warnings, line 9)
FAIL: g++.dg/torture/covariant-1.C -O2 -flto -flto-partition=none execution test
FAIL: g++.dg/torture/covariant-1.C -O2 -flto execution test
=== g++ Summary ===
# of expected passes 53426
# of unexpected failures 4
# of expected failures 295
# of unsupported tests 744
/var/gcc/regression/trunk/9-gcc-gas/build/gcc/testsuite/g++/../../xg++ version 4.9.0 20130906 (experimental) [trunk revision 202327] (GCC)
=== gcc tests ===
Running target unix
FAIL: gcc.dg/torture/tls/run-ld.c -O1 execution test
FAIL: gcc.dg/torture/tls/run-ld.c -O2 execution test
FAIL: gcc.dg/torture/tls/run-ld.c -O3 -fomit-frame-pointer execution test
FAIL: gcc.dg/torture/tls/run-ld.c -O3 -g execution test
FAIL: gcc.dg/torture/tls/run-ld.c -Os execution test
FAIL: gcc.dg/torture/tls/run-ld.c -O1 -fpic execution test
FAIL: gcc.dg/torture/tls/run-ld.c -O2 -fpic execution test
FAIL: gcc.dg/torture/tls/run-ld.c -O3 -fomit-frame-pointer -fpic execution test
FAIL: gcc.dg/torture/tls/run-ld.c -O3 -g -fpic execution test
FAIL: gcc.dg/torture/tls/run-ld.c -Os -fpic execution test
FAIL: gcc.dg/torture/tls/run-ld.c -O1 -fPIC execution test
FAIL: gcc.dg/torture/tls/run-ld.c -O2 -fPIC execution test
FAIL: gcc.dg/torture/tls/run-ld.c -O3 -fomit-frame-pointer -fPIC execution test
FAIL: gcc.dg/torture/tls/run-ld.c -O3 -g -fPIC execution test
FAIL: gcc.dg/torture/tls/run-ld.c -Os -fPIC execution test
FAIL: gcc.dg/torture/tls/run-ld.c -O2 -flto -flto-partition=none execution test
FAIL: gcc.dg/torture/tls/run-ld.c -O2 -flto execution test
FAIL: gcc.dg/torture/tls/thr-init-2.c -O2 -fpic execution test
FAIL: gcc.dg/torture/tls/thr-init-2.c -O3 -fomit-frame-pointer -fpic execution test
FAIL: gcc.dg/torture/tls/thr-init-2.c -O3 -g -fpic execution test
FAIL: gcc.dg/torture/tls/thr-init-2.c -Os -fpic execution test
FAIL: gcc.dg/torture/tls/thr-init-2.c -O2 -fPIC execution test
FAIL: gcc.dg/torture/tls/thr-init-2.c -O3 -fomit-frame-pointer -fPIC execution test
FAIL: gcc.dg/torture/tls/thr-init-2.c -O3 -g -fPIC execution test
FAIL: gcc.dg/torture/tls/thr-init-2.c -Os -fPIC execution test
FAIL: gcc.target/i386/intrinsics_4.c (internal compiler error)
FAIL: gcc.target/i386/intrinsics_4.c (test for excess errors)
FAIL: gcc.target/i386/pr55342.c scan-assembler-not notb
=== gcc Summary ===
# of expected passes 95839
# of unexpected failures 28
# of expected failures 253
# of unsupported tests 1211
/var/gcc/regression/trunk/9-gcc-gas/build/gcc/xgcc version 4.9.0 20130906 (experimental) [trunk revision 202327] (GCC)
=== gfortran tests ===
Running target unix
FAIL: gfortran.dg/class_48.f90 -O2 (test for excess errors)
FAIL: gfortran.dg/class_48.f90 -Os (test for excess errors)
FAIL: gfortran.dg/round_4.f90 -O0 (test for excess errors)
WARNING: gfortran.dg/round_4.f90 -O0 compilation failed to produce executable
FAIL: gfortran.dg/round_4.f90 -O1 (test for excess errors)
WARNING: gfortran.dg/round_4.f90 -O1 compilation failed to produce executable
FAIL: gfortran.dg/round_4.f90 -O2 (test for excess errors)
WARNING: gfortran.dg/round_4.f90 -O2 compilation failed to produce executable
FAIL: gfortran.dg/round_4.f90 -O3 -fomit-frame-pointer (test for excess errors)
WARNING: gfortran.dg/round_4.f90 -O3 -fomit-frame-pointer compilation failed to produce executable
FAIL: gfortran.dg/round_4.f90 -O3 -fomit-frame-pointer -funroll-loops (test for excess errors)
WARNING: gfortran.dg/round_4.f90 -O3 -fomit-frame-pointer -funroll-loops compilation failed to produce executable
FAIL: gfortran.dg/round_4.f90 -O3 -fomit-frame-pointer -funroll-all-loops -finline-functions (test for excess errors)
WARNING: gfortran.dg/round_4.f90 -O3 -fomit-frame-pointer -funroll-all-loops -finline-functions compilation failed to produce executable
FAIL: gfortran.dg/round_4.f90 -O3 -g (test for excess errors)
WARNING: gfortran.dg/round_4.f90 -O3 -g compilation failed to produce executable
FAIL: gfortran.dg/round_4.f90 -Os (test for excess errors)
WARNING: gfortran.dg/round_4.f90 -Os compilation failed to produce executable
FAIL: gfortran.dg/lto/pr45586-2 f_lto_pr45586-2_0.o-f_lto_pr45586-2_0.o link, -O0 -flto -flto-partition=none (internal compiler error)
UNRESOLVED: gfortran.dg/lto/pr45586-2 f_lto_pr45586-2_0.o-f_lto_pr45586-2_0.o execute -O0 -flto -flto-partition=none
FAIL: gfortran.dg/lto/pr45586-2 f_lto_pr45586-2_0.o-f_lto_pr45586-2_0.o link, -O0 -flto -flto-partition=1to1 (internal compiler error)
UNRESOLVED: gfortran.dg/lto/pr45586-2 f_lto_pr45586-2_0.o-f_lto_pr45586-2_0.o execute -O0 -flto -flto-partition=1to1
FAIL: gfortran.dg/lto/pr45586-2 f_lto_pr45586-2_0.o-f_lto_pr45586-2_0.o link, -O0 -flto (internal compiler error)
UNRESOLVED: gfortran.dg/lto/pr45586-2 f_lto_pr45586-2_0.o-f_lto_pr45586-2_0.o execute -O0 -flto
FAIL: gfortran.dg/lto/pr45586 f_lto_pr45586_0.o-f_lto_pr45586_0.o link, -O0 -flto -flto-partition=none (internal compiler error)
UNRESOLVED: gfortran.dg/lto/pr45586 f_lto_pr45586_0.o-f_lto_pr45586_0.o execute -O0 -flto -flto-partition=none
FAIL: gfortran.dg/lto/pr45586 f_lto_pr45586_0.o-f_lto_pr45586_0.o link, -O0 -flto -flto-partition=1to1 (internal compiler error)
UNRESOLVED: gfortran.dg/lto/pr45586 f_lto_pr45586_0.o-f_lto_pr45586_0.o execute -O0 -flto -flto-partition=1to1
FAIL: gfortran.dg/lto/pr45586 f_lto_pr45586_0.o-f_lto_pr45586_0.o link, -O0 -flto (internal compiler error)
UNRESOLVED: gfortran.dg/lto/pr45586 f_lto_pr45586_0.o-f_lto_pr45586_0.o execute -O0 -flto
=== gfortran Summary ===
# of expected passes 44371
# of unexpected failures 16
# of expected failures 52
# of unresolved testcases 6
# of unsupported tests 365
/var/gcc/regression/trunk/9-gcc-gas/build/gcc/testsuite/gfortran/../../gfortran version 4.9.0 20130906 (experimental) [trunk revision 202327] (GCC)
=== gnat tests ===
Running target unix
=== gnat Summary ===
# of expected passes 1184
# of expected failures 18
# of unsupported tests 6
/var/gcc/regression/trunk/9-gcc-gas/build/gcc/gnatmake version 4.9.0 20130906 (experimental) [trunk revision 202327]
=== go tests ===
Running target unix
=== go Summary ===
# of expected passes 5179
# of expected failures 1
# of untested testcases 5
/var/gcc/regression/trunk/9-gcc-gas/build/gcc/testsuite/go/../../gccgo version 4.9.0 20130906 (experimental) [trunk revision 202327] (GCC)
=== obj-c++ tests ===
Running target unix
=== obj-c++ Summary ===
# of expected passes 1449
# of expected failures 2
# of unsupported tests 86
/var/gcc/regression/trunk/9-gcc-gas/build/gcc/testsuite/obj-c++/../../xg++ version 4.9.0 20130906 (experimental) [trunk revision 202327] (GCC)
=== objc tests ===
Running target unix
=== objc Summary ===
# of expected passes 2988
# of expected failures 6
# of unsupported tests 74
/var/gcc/regression/trunk/9-gcc-gas/build/gcc/xgcc version 4.9.0 20130906 (experimental) [trunk revision 202327] (GCC)
=== boehm-gc tests ===
Running target unix
=== boehm-gc Summary ===
# of expected passes 12
# of unsupported tests 1
=== libatomic tests ===
Running target unix
=== libatomic Summary ===
# of expected passes 44
# of unsupported tests 5
=== libffi tests ===
Running target unix
=== libffi Summary ===
# of expected passes 1819
# of unsupported tests 55
=== libgo tests ===
Running target unix
FAIL: runtime
FAIL: log/syslog
=== libgo Summary ===
# of expected passes 120
# of unexpected failures 2
=== libgomp tests ===
Running target unix
FAIL: libgomp.graphite/bounds.c scan-tree-dump-times graphite "0 loops carried no dependency" 1
FAIL: libgomp.graphite/force-parallel-4.c execution test
FAIL: libgomp.graphite/force-parallel-4.c scan-tree-dump-times graphite "2 loops carried no dependency" 1
FAIL: libgomp.graphite/force-parallel-6.c scan-tree-dump-times graphite "1 loops carried no dependency" 1
FAIL: libgomp.graphite/pr41118.c scan-tree-dump-times optimized "loopfn" 0
=== libgomp Summary ===
# of expected passes 2187
# of unexpected failures 5
# of unsupported tests 3
=== libitm tests ===
Running target unix
=== libitm Summary ===
# of expected passes 26
# of expected failures 3
# of unsupported tests 1
=== libjava tests ===
Running target unix
FAIL: Divide_1 output - source compiled test
FAIL: Divide_1 -findirect-dispatch output - source compiled test
FAIL: Divide_1 -O3 output - source compiled test
FAIL: Divide_1 -O3 -findirect-dispatch output - source compiled test
FAIL: sourcelocation output - source compiled test
FAIL: sourcelocation -findirect-dispatch output - source compiled test
FAIL: sourcelocation -O3 output - source compiled test
FAIL: sourcelocation -O3 -findirect-dispatch output - source compiled test
=== libjava Summary ===
# of expected passes 2578
# of unexpected failures 8
=== libstdc++ tests ===
Running target unix
XPASS: 22_locale/num_put/put/char/14220.cc execution test
XPASS: 22_locale/num_put/put/wchar_t/14220.cc execution test
=== libstdc++ Summary ===
# of expected passes 7904
# of unexpected successes 2
# of expected failures 41
# of unsupported tests 917
Compiler version: 4.9.0 20130906 (experimental) [trunk revision 202327] (GCC)
Platform: i386-pc-solaris2.9
configure flags: --prefix=/vol/gcc --target=i386-pc-solaris2.9 --enable-obsolete --enable-objc-gc --with-as=/vol/gcc/bin/gas-2.23.1 --with-gnu-as --with-gmp-include=/vol/gcc/include --with-gmp-lib=/vol/gcc/lib --with-mpfr-include=/vol/gcc/include --with-mpfr-lib=/vol/gcc/lib --with-mpc-include=/vol/gcc/include --with-mpc-lib=/vol/gcc/lib --enable-languages=all,ada,obj-c++,go --with-isl-include=/vol/gcc/include --with-isl-lib=/vol/gcc/lib --with-cloog-include=/vol/gcc/include --with-cloog-lib=/vol/gcc/lib --enable-cloog-backend=isl
BOOT_CFLAGS=-g -O2