This is the mail archive of the
gcc-testresults@gcc.gnu.org
mailing list for the GCC project.
Results for 4.9.0 20130906 (experimental) [trunk revision 202327] (GCC) testsuite on x86_64-pc-solaris2.10
- From: Rainer Orth <ro at CeBiTec dot Uni-Bielefeld dot DE>
- To: gcc-testresults at gcc dot gnu dot org
- Date: Mon, 9 Sep 2013 10:19:17 +0200 (MEST)
- Subject: Results for 4.9.0 20130906 (experimental) [trunk revision 202327] (GCC) testsuite on x86_64-pc-solaris2.10
- Authentication-results: sourceware.org; auth=none
LAST_UPDATED: Fri Sep 6 13:39:24 UTC 2013 (revision 202327)
Native configuration is x86_64-pc-solaris2.10
=== boehm-gc tests ===
Running target unix/-m32
=== boehm-gc Summary for unix/-m32 ===
# of expected passes 12
# of unsupported tests 1
Running target unix
=== boehm-gc Summary for unix ===
# of expected passes 12
# of unsupported tests 1
=== boehm-gc Summary ===
# of expected passes 24
# of unsupported tests 2
=== libatomic tests ===
Running target unix/-m32
=== libatomic Summary for unix/-m32 ===
# of expected passes 44
# of unsupported tests 5
Running target unix
=== libatomic Summary for unix ===
# of expected passes 54
=== libatomic Summary ===
# of expected passes 98
# of unsupported tests 5
=== libffi tests ===
Running target unix/-m32
=== libffi Summary for unix/-m32 ===
# of expected passes 1819
# of unsupported tests 55
Running target unix
=== libffi Summary for unix ===
# of expected passes 1819
# of unsupported tests 55
=== libffi Summary ===
# of expected passes 3638
# of unsupported tests 110
=== libgo tests ===
Running target unix
FAIL: image
FAIL: log
FAIL: mime
FAIL: net
FAIL: os
FAIL: regexp
FAIL: strconv
FAIL: syscall
FAIL: time
FAIL: archive/tar
FAIL: archive/zip
FAIL: compress/flate
FAIL: compress/lzw
FAIL: compress/zlib
FAIL: crypto/cipher
FAIL: crypto/dsa
FAIL: crypto/ecdsa
FAIL: crypto/elliptic
FAIL: crypto/rand
FAIL: crypto/rsa
FAIL: crypto/tls
FAIL: crypto/x509
FAIL: debug/dwarf
FAIL: debug/elf
FAIL: debug/macho
FAIL: debug/pe
FAIL: encoding/asn1
FAIL: encoding/gob
FAIL: encoding/xml
FAIL: html/template
FAIL: go/doc
FAIL: go/format
FAIL: go/parser
FAIL: go/printer
FAIL: image/jpeg
FAIL: image/png
FAIL: io/ioutil
FAIL: log/syslog
FAIL: mime/multipart
FAIL: net/http
FAIL: net/http/cgi
FAIL: net/http/httptest
FAIL: net/http/httputil
FAIL: net/mail
FAIL: net/rpc
FAIL: net/smtp
FAIL: net/rpc/jsonrpc
FAIL: old/template
FAIL: os/exec
FAIL: os/signal
FAIL: path/filepath
FAIL: text/template
=== libgo Summary for unix ===
# of expected passes 70
# of unexpected failures 52
Running target unix/-m32
FAIL: runtime
=== libgo Summary for unix/-m32 ===
# of expected passes 121
# of unexpected failures 1
=== libgo Summary ===
# of expected passes 191
# of unexpected failures 53
/var/gcc/regression/trunk/10-gcc-64/build/./gcc/gccgo version 4.9.0 20130906 (experimental) [trunk revision 202327] (GCC)
=== libgomp tests ===
Running target unix/-m32
FAIL: libgomp.graphite/bounds.c scan-tree-dump-times graphite "0 loops carried no dependency" 1
FAIL: libgomp.graphite/force-parallel-4.c execution test
FAIL: libgomp.graphite/force-parallel-4.c scan-tree-dump-times graphite "2 loops carried no dependency" 1
FAIL: libgomp.graphite/force-parallel-6.c scan-tree-dump-times graphite "1 loops carried no dependency" 1
FAIL: libgomp.graphite/pr41118.c scan-tree-dump-times optimized "loopfn" 0
=== libgomp Summary for unix/-m32 ===
# of expected passes 2187
# of unexpected failures 5
# of unsupported tests 3
Running target unix
FAIL: libgomp.graphite/bounds.c scan-tree-dump-times graphite "0 loops carried no dependency" 1
FAIL: libgomp.graphite/force-parallel-4.c execution test
FAIL: libgomp.graphite/force-parallel-4.c scan-tree-dump-times graphite "2 loops carried no dependency" 1
FAIL: libgomp.graphite/force-parallel-6.c scan-tree-dump-times graphite "1 loops carried no dependency" 1
FAIL: libgomp.graphite/pr41118.c scan-tree-dump-times optimized "loopfn" 0
=== libgomp Summary for unix ===
# of expected passes 2187
# of unexpected failures 5
# of unsupported tests 3
=== libgomp Summary ===
# of expected passes 4374
# of unexpected failures 10
# of unsupported tests 6
=== libitm tests ===
Running target unix/-m32
=== libitm Summary for unix/-m32 ===
# of expected passes 26
# of expected failures 3
# of unsupported tests 1
Running target unix
=== libitm Summary for unix ===
# of expected passes 26
# of expected failures 3
# of unsupported tests 1
=== libitm Summary ===
# of expected passes 52
# of expected failures 6
# of unsupported tests 2
=== libjava tests ===
Running target unix/-m32
FAIL: sourcelocation output - source compiled test
FAIL: sourcelocation -findirect-dispatch output - source compiled test
FAIL: sourcelocation -O3 output - source compiled test
FAIL: sourcelocation -O3 -findirect-dispatch output - source compiled test
=== libjava Summary for unix/-m32 ===
# of expected passes 2582
# of unexpected failures 4
Running target unix
FAIL: sourcelocation output - source compiled test
FAIL: sourcelocation -findirect-dispatch output - source compiled test
FAIL: sourcelocation -O3 output - source compiled test
FAIL: sourcelocation -O3 -findirect-dispatch output - source compiled test
=== libjava Summary for unix ===
# of expected passes 2582
# of unexpected failures 4
=== libjava Summary ===
# of expected passes 5164
# of unexpected failures 8
=== libstdc++ tests ===
Running target unix
=== libstdc++ Summary for unix ===
# of expected passes 8585
# of expected failures 40
# of unsupported tests 585
Running target unix/-m32
=== libstdc++ Summary for unix/-m32 ===
# of expected passes 8585
# of expected failures 40
# of unsupported tests 585
=== libstdc++ Summary ===
# of expected passes 17170
# of expected failures 80
# of unsupported tests 1170
=== acats tests ===
=== acats Summary ===
# of expected passes 2320
# of unexpected failures 0
=== g++ tests ===
Running target unix
FAIL: g++.dg/template/cond2.C -std=gnu++98 (test for warnings, line 9)
FAIL: g++.dg/template/cond2.C -std=gnu++11 (test for warnings, line 9)
=== g++ Summary for unix ===
# of expected passes 54199
# of unexpected failures 2
# of expected failures 295
# of unsupported tests 978
Running target unix/-m32
FAIL: g++.dg/template/cond2.C -std=gnu++98 (test for warnings, line 9)
FAIL: g++.dg/template/cond2.C -std=gnu++11 (test for warnings, line 9)
FAIL: g++.dg/torture/covariant-1.C -O2 -flto -flto-partition=none execution test
FAIL: g++.dg/torture/covariant-1.C -O2 -flto execution test
=== g++ Summary for unix/-m32 ===
# of expected passes 53416
# of unexpected failures 4
# of expected failures 295
# of unsupported tests 747
=== g++ Summary ===
# of expected passes 107615
# of unexpected failures 6
# of expected failures 590
# of unsupported tests 1725
/var/gcc/regression/trunk/10-gcc-64/build/gcc/testsuite/g++/../../xg++ version 4.9.0 20130906 (experimental) [trunk revision 202327] (GCC)
=== gcc tests ===
Running target unix
FAIL: gcc.target/i386/pr58218.c (test for excess errors)
=== gcc Summary for unix ===
# of expected passes 96264
# of unexpected failures 1
# of expected failures 255
# of unsupported tests 1509
Running target unix/-m32
FAIL: gcc.target/i386/pr55342.c scan-assembler-not notb
=== gcc Summary for unix/-m32 ===
# of expected passes 95817
# of unexpected failures 1
# of expected failures 253
# of unsupported tests 1230
=== gcc Summary ===
# of expected passes 192081
# of unexpected failures 2
# of expected failures 508
# of unsupported tests 2739
/var/gcc/regression/trunk/10-gcc-64/build/gcc/xgcc version 4.9.0 20130906 (experimental) [trunk revision 202327] (GCC)
=== gfortran tests ===
Running target unix
FAIL: gfortran.dg/round_4.f90 -O0 execution test
FAIL: gfortran.dg/round_4.f90 -O1 execution test
FAIL: gfortran.dg/round_4.f90 -O2 execution test
FAIL: gfortran.dg/round_4.f90 -O3 -fomit-frame-pointer execution test
FAIL: gfortran.dg/round_4.f90 -O3 -fomit-frame-pointer -funroll-loops execution test
FAIL: gfortran.dg/round_4.f90 -O3 -fomit-frame-pointer -funroll-all-loops -finline-functions execution test
FAIL: gfortran.dg/round_4.f90 -O3 -g execution test
FAIL: gfortran.dg/round_4.f90 -Os execution test
FAIL: gfortran.dg/lto/pr45586-2 f_lto_pr45586-2_0.o-f_lto_pr45586-2_0.o link, -O0 -flto -flto-partition=none (internal compiler error)
UNRESOLVED: gfortran.dg/lto/pr45586-2 f_lto_pr45586-2_0.o-f_lto_pr45586-2_0.o execute -O0 -flto -flto-partition=none
FAIL: gfortran.dg/lto/pr45586-2 f_lto_pr45586-2_0.o-f_lto_pr45586-2_0.o link, -O0 -flto -flto-partition=1to1 (internal compiler error)
UNRESOLVED: gfortran.dg/lto/pr45586-2 f_lto_pr45586-2_0.o-f_lto_pr45586-2_0.o execute -O0 -flto -flto-partition=1to1
FAIL: gfortran.dg/lto/pr45586-2 f_lto_pr45586-2_0.o-f_lto_pr45586-2_0.o link, -O0 -flto (internal compiler error)
UNRESOLVED: gfortran.dg/lto/pr45586-2 f_lto_pr45586-2_0.o-f_lto_pr45586-2_0.o execute -O0 -flto
FAIL: gfortran.dg/lto/pr45586 f_lto_pr45586_0.o-f_lto_pr45586_0.o link, -O0 -flto -flto-partition=none (internal compiler error)
UNRESOLVED: gfortran.dg/lto/pr45586 f_lto_pr45586_0.o-f_lto_pr45586_0.o execute -O0 -flto -flto-partition=none
FAIL: gfortran.dg/lto/pr45586 f_lto_pr45586_0.o-f_lto_pr45586_0.o link, -O0 -flto -flto-partition=1to1 (internal compiler error)
UNRESOLVED: gfortran.dg/lto/pr45586 f_lto_pr45586_0.o-f_lto_pr45586_0.o execute -O0 -flto -flto-partition=1to1
FAIL: gfortran.dg/lto/pr45586 f_lto_pr45586_0.o-f_lto_pr45586_0.o link, -O0 -flto (internal compiler error)
UNRESOLVED: gfortran.dg/lto/pr45586 f_lto_pr45586_0.o-f_lto_pr45586_0.o execute -O0 -flto
=== gfortran Summary for unix ===
# of expected passes 44969
# of unexpected failures 14
# of expected failures 52
# of unresolved testcases 6
# of unsupported tests 78
Running target unix/-m32
FAIL: gfortran.dg/class_48.f90 -O2 (test for excess errors)
FAIL: gfortran.dg/class_48.f90 -Os (test for excess errors)
FAIL: gfortran.dg/round_4.f90 -O0 execution test
FAIL: gfortran.dg/round_4.f90 -O1 execution test
FAIL: gfortran.dg/round_4.f90 -O2 execution test
FAIL: gfortran.dg/round_4.f90 -O3 -fomit-frame-pointer execution test
FAIL: gfortran.dg/round_4.f90 -O3 -fomit-frame-pointer -funroll-loops execution test
FAIL: gfortran.dg/round_4.f90 -O3 -fomit-frame-pointer -funroll-all-loops -finline-functions execution test
FAIL: gfortran.dg/round_4.f90 -O3 -g execution test
FAIL: gfortran.dg/round_4.f90 -Os execution test
FAIL: gfortran.dg/lto/pr45586-2 f_lto_pr45586-2_0.o-f_lto_pr45586-2_0.o link, -O0 -flto -flto-partition=none (internal compiler error)
UNRESOLVED: gfortran.dg/lto/pr45586-2 f_lto_pr45586-2_0.o-f_lto_pr45586-2_0.o execute -O0 -flto -flto-partition=none
FAIL: gfortran.dg/lto/pr45586-2 f_lto_pr45586-2_0.o-f_lto_pr45586-2_0.o link, -O0 -flto -flto-partition=1to1 (internal compiler error)
UNRESOLVED: gfortran.dg/lto/pr45586-2 f_lto_pr45586-2_0.o-f_lto_pr45586-2_0.o execute -O0 -flto -flto-partition=1to1
FAIL: gfortran.dg/lto/pr45586-2 f_lto_pr45586-2_0.o-f_lto_pr45586-2_0.o link, -O0 -flto (internal compiler error)
UNRESOLVED: gfortran.dg/lto/pr45586-2 f_lto_pr45586-2_0.o-f_lto_pr45586-2_0.o execute -O0 -flto
FAIL: gfortran.dg/lto/pr45586 f_lto_pr45586_0.o-f_lto_pr45586_0.o link, -O0 -flto -flto-partition=none (internal compiler error)
UNRESOLVED: gfortran.dg/lto/pr45586 f_lto_pr45586_0.o-f_lto_pr45586_0.o execute -O0 -flto -flto-partition=none
FAIL: gfortran.dg/lto/pr45586 f_lto_pr45586_0.o-f_lto_pr45586_0.o link, -O0 -flto -flto-partition=1to1 (internal compiler error)
UNRESOLVED: gfortran.dg/lto/pr45586 f_lto_pr45586_0.o-f_lto_pr45586_0.o execute -O0 -flto -flto-partition=1to1
FAIL: gfortran.dg/lto/pr45586 f_lto_pr45586_0.o-f_lto_pr45586_0.o link, -O0 -flto (internal compiler error)
UNRESOLVED: gfortran.dg/lto/pr45586 f_lto_pr45586_0.o-f_lto_pr45586_0.o execute -O0 -flto
=== gfortran Summary for unix/-m32 ===
# of expected passes 44680
# of unexpected failures 16
# of expected failures 52
# of unresolved testcases 6
# of unsupported tests 216
=== gfortran Summary ===
# of expected passes 89649
# of unexpected failures 30
# of expected failures 104
# of unresolved testcases 12
# of unsupported tests 294
/var/gcc/regression/trunk/10-gcc-64/build/gcc/testsuite/gfortran/../../gfortran version 4.9.0 20130906 (experimental) [trunk revision 202327] (GCC)
=== gnat tests ===
Running target unix/-m32
=== gnat Summary for unix/-m32 ===
# of expected passes 1184
# of expected failures 18
# of unsupported tests 6
Running target unix
=== gnat Summary for unix ===
# of expected passes 1184
# of expected failures 18
# of unsupported tests 6
=== gnat Summary ===
# of expected passes 2368
# of expected failures 36
# of unsupported tests 12
/var/gcc/regression/trunk/10-gcc-64/build/gcc/gnatmake version 4.9.0 20130906 (experimental) [trunk revision 202327]
=== go tests ===
Running target unix
=== go Summary for unix ===
# of expected passes 5059
# of expected failures 1
# of untested testcases 5
Running target unix/-m32
=== go Summary for unix/-m32 ===
# of expected passes 5179
# of expected failures 1
# of untested testcases 5
=== go Summary ===
# of expected passes 10238
# of expected failures 2
# of untested testcases 10
/var/gcc/regression/trunk/10-gcc-64/build/gcc/testsuite/go/../../gccgo version 4.9.0 20130906 (experimental) [trunk revision 202327] (GCC)
=== obj-c++ tests ===
Running target unix/-m32
=== obj-c++ Summary for unix/-m32 ===
# of expected passes 1449
# of expected failures 2
# of unsupported tests 86
Running target unix
=== obj-c++ Summary for unix ===
# of expected passes 1441
# of expected failures 10
# of unsupported tests 86
=== obj-c++ Summary ===
# of expected passes 2890
# of expected failures 12
# of unsupported tests 172
/var/gcc/regression/trunk/10-gcc-64/build/gcc/testsuite/obj-c++/../../xg++ version 4.9.0 20130906 (experimental) [trunk revision 202327] (GCC)
=== objc tests ===
Running target unix
=== objc Summary for unix ===
# of expected passes 2988
# of expected failures 6
# of unsupported tests 74
Running target unix/-m32
=== objc Summary for unix/-m32 ===
# of expected passes 2988
# of expected failures 6
# of unsupported tests 74
=== objc Summary ===
# of expected passes 5976
# of expected failures 12
# of unsupported tests 148
/var/gcc/regression/trunk/10-gcc-64/build/gcc/xgcc version 4.9.0 20130906 (experimental) [trunk revision 202327] (GCC)
Compiler version: 4.9.0 20130906 (experimental) [trunk revision 202327] (GCC)
Platform: x86_64-pc-solaris2.10
configure flags: --prefix=/vol/gcc --target=amd64-pc-solaris2.10 --enable-objc-gc --with-gmp-include=/vol/gcc/include --with-gmp-lib=/vol/gcc/lib/amd64 --with-mpfr-include=/vol/gcc/include --with-mpfr-lib=/vol/gcc/lib/amd64 --with-mpc-include=/vol/gcc/include --with-mpc-lib=/vol/gcc/lib/amd64 --enable-languages=all,ada,obj-c++,go --with-isl-include=/vol/gcc/include --with-isl-lib=/vol/gcc/lib/amd64 --with-cloog-include=/vol/gcc/include --with-cloog-lib=/vol/gcc/lib/amd64 --enable-cloog-backend=isl --build=amd64-pc-solaris2.10 --host=amd64-pc-solaris2.10
BOOT_CFLAGS=-g -O2