This is the mail archive of the gcc-testresults@gcc.gnu.org mailing list for the GCC project.


Index Nav: [Date Index] [Subject Index] [Author Index] [Thread Index]
Message Nav: [Date Prev] [Date Next] [Thread Prev] [Thread Next]
Other format: [Raw text]

Results for 4.9.0 20130826 (experimental) [trunk revision 202000] (GCC) testsuite on powerpc-ibm-aix7.1.0.0


LAST_UPDATED: Mon Aug 26 15:35:00 UTC 2013 (revision 202000)

Native configuration is powerpc-ibm-aix7.1.0.0

		=== g++ tests ===


Running target unix
FAIL: tmpdir-g++.dg-struct-layout-1/t024 cp_compat_x_tst.o-cp_compat_y_tst.o execute 
FAIL: tmpdir-g++.dg-struct-layout-1/t026 cp_compat_x_tst.o-cp_compat_y_tst.o execute 
FAIL: tmpdir-g++.dg-struct-layout-1/t027 cp_compat_x_tst.o-cp_compat_y_tst.o execute 
FAIL: tmpdir-g++.dg-struct-layout-1/t028 cp_compat_x_tst.o-cp_compat_y_tst.o execute 
XPASS: g++.dg/debug/pr56294.C -gxcoff1 (test for excess errors)
XPASS: g++.dg/debug/pr56294.C -gxcoff (test for excess errors)
XPASS: g++.dg/debug/pr56294.C -gxcoff3 (test for excess errors)
XPASS: g++.dg/debug/pr56294.C -gxcoff+1 (test for excess errors)
XPASS: g++.dg/debug/pr56294.C -gxcoff+ (test for excess errors)
XPASS: g++.dg/debug/pr56294.C -gxcoff+3 (test for excess errors)
XPASS: g++.dg/debug/pr56819.C -gxcoff1 (test for excess errors)
XPASS: g++.dg/debug/pr56819.C -gxcoff (test for excess errors)
XPASS: g++.dg/debug/pr56819.C -gxcoff3 (test for excess errors)
XPASS: g++.dg/debug/pr56819.C -gxcoff+1 (test for excess errors)
XPASS: g++.dg/debug/pr56819.C -gxcoff+ (test for excess errors)
XPASS: g++.dg/debug/pr56819.C -gxcoff+3 (test for excess errors)
FAIL: g++.dg/abi/anon1.C -std=c++98  scan-assembler-not globl
FAIL: g++.dg/abi/anon1.C -std=c++11  scan-assembler-not globl
FAIL: g++.dg/abi/vtt1.C -std=c++98  scan-assembler _ZTT1B
FAIL: g++.dg/abi/vtt1.C -std=c++11  scan-assembler _ZTT1B
FAIL: g++.dg/cpp/ucn-1.C (test for excess errors)
FAIL: g++.dg/ext/alignof2.C -std=c++98 execution test
FAIL: g++.dg/ext/alignof2.C -std=c++11 execution test
FAIL: g++.dg/ext/visibility/anon1.C -std=c++98  scan-assembler-not globl.*_ZN.*1fEv
FAIL: g++.dg/ext/visibility/anon1.C -std=c++11  scan-assembler-not globl.*_ZN.*1fEv
FAIL: g++.dg/ext/visibility/anon2.C -std=c++98  scan-assembler-not globl.*_Z1fv
FAIL: g++.dg/ext/visibility/anon2.C -std=c++11  scan-assembler-not globl.*_Z1fv
FAIL: g++.dg/init/new40.C execution test
FAIL: g++.dg/init/ref15.C -std=c++98 execution test
FAIL: g++.dg/init/ref15.C -std=c++11 execution test
FAIL: g++.dg/ipa/devirt-11.C -std=gnu++98  scan-ipa-dump-times inline "Discovered a virtual call to a known target" 3
FAIL: g++.dg/ipa/devirt-11.C -std=gnu++98  scan-ipa-dump-times inline "and turned into root of the clone tree" 1
FAIL: g++.dg/ipa/devirt-11.C -std=gnu++11  scan-ipa-dump-times inline "Discovered a virtual call to a known target" 3
FAIL: g++.dg/ipa/devirt-11.C -std=gnu++11  scan-ipa-dump-times inline "and turned into root of the clone tree" 1
FAIL: g++.dg/template/linkage1.C -std=c++11  scan-assembler-not (weak|glob)[^\\n]*_Z3fooIXadL_ZL11static_funcvEEEvv
FAIL: g++.dg/tree-ssa/pr42337.C -std=gnu++98 (test for excess errors)
FAIL: g++.dg/tree-ssa/pr42337.C -std=gnu++11 (test for excess errors)
FAIL: g++.dg/warn/pr31246.C -std=gnu++98 (test for excess errors)
FAIL: g++.dg/warn/pr31246.C -std=gnu++11 (test for excess errors)
FAIL: g++.dg/gomp/tls-5.C -std=c++11  scan-assembler-not \\\\.data
FAIL: g++.dg/tls/thread_local-order1.C execution test
FAIL: g++.dg/tls/thread_local1.C scan-assembler-not .comm
FAIL: g++.dg/tls/thread_local3.C -std=gnu++11 execution test
FAIL: g++.dg/tls/thread_local3g.C -std=gnu++11 execution test
FAIL: g++.dg/tls/thread_local4.C -std=gnu++11 execution test
FAIL: g++.dg/tls/thread_local4g.C -std=gnu++11 execution test
FAIL: g++.dg/tls/thread_local5.C -std=gnu++11 execution test
FAIL: g++.dg/tls/thread_local5g.C -std=gnu++11 execution test
FAIL: g++.dg/tls/thread_local6.C execution test
FAIL: g++.dg/tls/thread_local6g.C execution test
FAIL: g++.dg/tls/thread_local7.C scan-assembler-not \\\\.data
FAIL: g++.dg/tls/thread_local7g.C scan-assembler-not \\\\.data
FAIL: g++.dg/tree-prof/pr57451.C compilation,  -fprofile-use
UNRESOLVED: g++.dg/tree-prof/pr57451.C execution,    -fprofile-use
FAIL: g++.old-deja/g++.other/init18.C -std=c++98 execution test
FAIL: g++.old-deja/g++.other/init18.C -std=c++11 execution test
FAIL: g++.old-deja/g++.other/init19.C -std=c++98 execution test
FAIL: g++.old-deja/g++.other/init19.C -std=c++11 execution test
FAIL: g++.old-deja/g++.pt/static11.C -std=c++98 execution test
FAIL: g++.old-deja/g++.pt/static11.C -std=c++11 execution test

		=== g++ Summary ===

# of expected passes		48303
# of unexpected failures	47
# of unexpected successes	12
# of expected failures		341
# of unresolved testcases	1
# of unsupported tests		1163
/tmp/20130826/gcc/testsuite/g++/../../xg++  version 4.9.0 20130826 (experimental) [trunk revision 202000] (GCC) 

		=== gcc tests ===


Running target unix
FAIL: gcc.c-torture/execute/eeprof-1.c execution,  -O0 
FAIL: gcc.c-torture/execute/eeprof-1.c execution,  -O1 
FAIL: gcc.c-torture/execute/eeprof-1.c execution,  -O2 
FAIL: gcc.c-torture/execute/eeprof-1.c execution,  -O3 -fomit-frame-pointer 
FAIL: gcc.c-torture/execute/eeprof-1.c execution,  -O3 -g 
FAIL: gcc.c-torture/execute/eeprof-1.c execution,  -Os 
FAIL: gcc.c-torture/execute/eeprof-1.c execution,  -Og -g 
FAIL: gcc.dg/cpp/assert4.c (test for excess errors)
FAIL: gcc.dg/cpp/trad/include.c (test for excess errors)
FAIL: gcc.dg/alias-7.c execution test
FAIL: gcc.dg/asm-names.c scan-assembler-not ____frob14
FAIL: gcc.dg/tree-ssa/attr-alias.c scan-tree-dump-times optimized "  test4 " 1
FAIL: gcc.dg/tree-ssa/sra-12.c scan-tree-dump-times release_ssa "l;" 0
FAIL: gcc.dg/tree-ssa/ssa-dom-thread-4.c scan-tree-dump-times dom1 "Threaded" 3
FAIL: gcc.dg/tree-ssa/ssa-vrp-thread-1.c scan-tree-dump-times vrp1 "Threaded" 1
FAIL: gcc.dg/tree-ssa/vrp47.c scan-tree-dump-times vrp1 "[xy][^ ]* !=" 0
FAIL: gcc.dg/vect/costmodel/ppc/costmodel-bb-slp-9a.c scan-tree-dump-times slp "basic block vectorized using SLP" 1
FAIL: gcc.dg/vect/vect-96.c scan-tree-dump-times vect "Vectorizing an unaligned access" 1
FAIL: gcc.dg/vect/vect-96.c scan-tree-dump-times vect "Alignment of access forced using peeling" 1
FAIL: gcc.dg/vect/no-scevccp-outer-6-global.c scan-tree-dump-times vect "OUTER LOOP VECTORIZED." 1
FAIL: gcc.dg/vmx/varargs-4.c  -O0  execution test

		=== gcc Summary ===

# of expected passes		72766
# of unexpected failures	21
# of expected failures		192
# of unsupported tests		1375
/tmp/20130826/gcc/xgcc  version 4.9.0 20130826 (experimental) [trunk revision 202000] (GCC) 

		=== gfortran tests ===


Running target unix
FAIL: gfortran.dg/class_48.f90  -O2  (test for excess errors)
FAIL: gfortran.dg/class_48.f90  -Os  (test for excess errors)
FAIL: gfortran.dg/round_4.f90  -O0  execution test
FAIL: gfortran.dg/round_4.f90  -O1  execution test
FAIL: gfortran.dg/round_4.f90  -O2  execution test
FAIL: gfortran.dg/round_4.f90  -O3 -fomit-frame-pointer  execution test
FAIL: gfortran.dg/round_4.f90  -O3 -fomit-frame-pointer -funroll-loops  execution test
FAIL: gfortran.dg/round_4.f90  -O3 -fomit-frame-pointer -funroll-all-loops -finline-functions  execution test
FAIL: gfortran.dg/round_4.f90  -O3 -g  execution test
FAIL: gfortran.dg/round_4.f90  -Os  execution test

		=== gfortran Summary ===

# of expected passes		43804
# of unexpected failures	10
# of expected failures		56
# of unsupported tests		402
/tmp/20130826/gcc/testsuite/gfortran/../../gfortran  version 4.9.0 20130826 (experimental) [trunk revision 202000] (GCC) 

		=== objc tests ===


Running target unix
FAIL: objc.dg-struct-layout-encoding-1/t026_main.m execution test

		=== objc Summary ===

# of expected passes		2879
# of unexpected failures	1
# of expected failures		10
# of unsupported tests		66
/tmp/20130826/gcc/xgcc  version 4.9.0 20130826 (experimental) [trunk revision 202000] (GCC) 

		=== libatomic tests ===


Running target unix

		=== libatomic Summary ===

# of expected passes		34
# of unsupported tests		10
		=== libgomp tests ===


Running target unix
FAIL: libgomp.fortran/appendix-a/a.22.7.f90  -O0  execution test
FAIL: libgomp.fortran/omp_workshare1.f  -O  execution test
FAIL: libgomp.fortran/omp_workshare2.f  -O  execution test
FAIL: libgomp.fortran/recursion1.f90  -O0  execution test
FAIL: libgomp.fortran/recursion1.f90  -O1  execution test
FAIL: libgomp.fortran/recursion1.f90  -O2  execution test
FAIL: libgomp.fortran/recursion1.f90  -O3 -fomit-frame-pointer  execution test
FAIL: libgomp.fortran/recursion1.f90  -O3 -fomit-frame-pointer -funroll-loops  execution test
FAIL: libgomp.fortran/recursion1.f90  -O3 -fomit-frame-pointer -funroll-all-loops -finline-functions  execution test
WARNING: program timed out.
FAIL: libgomp.fortran/recursion1.f90  -O3 -g  execution test
FAIL: libgomp.fortran/recursion1.f90  -Os  execution test

		=== libgomp Summary ===

# of expected passes		2132
# of unexpected failures	11
# of unsupported tests		3
		=== libstdc++ tests ===


Running target unix
FAIL: 17_intro/static.cc (test for excess errors)
FAIL: 18_support/50594.cc execution test
FAIL: 21_strings/basic_string/inserters_extractors/wchar_t/28277.cc execution test
FAIL: 23_containers/vector/profile/vector.cc execution test
FAIL: 26_numerics/headers/cmath/c99_classification_macros_c.cc (test for excess errors)
FAIL: 27_io/basic_ostream/inserters_character/wchar_t/28277-3.cc execution test
FAIL: 27_io/basic_ostream/inserters_character/wchar_t/28277-4.cc execution test
FAIL: 27_io/ios_base/storage/11584.cc execution test
FAIL: 27_io/objects/char/7.cc execution test
FAIL: 27_io/objects/wchar_t/7.cc execution test
FAIL: ext/mt_allocator/check_new.cc execution test
FAIL: ext/pool_allocator/check_new.cc execution test
FAIL: ext/vstring/inserters_extractors/wchar_t/28277.cc execution test

		=== libstdc++ Summary ===

# of expected passes		7990
# of unexpected failures	13
# of expected failures		42
# of unsupported tests		610

Compiler version: 4.9.0 20130826 (experimental) [trunk revision 202000] (GCC) 
Platform: powerpc-ibm-aix7.1.0.0
configure flags: --prefix=/gsa/yktgsa/home/e/d/edelsohn/install/powerpc-ibm-aix7.1.0.0-20130826 --disable-werror --enable-languages=c,c++,fortran,objc --with-gmp=/gsa/yktgsa/home/e/d/edelsohn/install --with-mpfr=/gsa/yktgsa/home/e/d/edelsohn/install --with-cloog=no --with-ppl=no --with-libiconv-prefix=/gsa/yktgsa/home/e/d/edelsohn/install --disable-libstdcxx-pch --enable-__cxa_atexit


Index Nav: [Date Index] [Subject Index] [Author Index] [Thread Index]
Message Nav: [Date Prev] [Date Next] [Thread Prev] [Thread Next]