This is the mail archive of the gcc-testresults@gcc.gnu.org mailing list for the GCC project.


Index Nav: [Date Index] [Subject Index] [Author Index] [Thread Index]
Message Nav: [Date Prev] [Date Next] [Thread Prev] [Thread Next]
Other format: [Raw text]

Results for 4.9.0 20130821 (experimental) [trunk revision 201901] (Debian 20130821-1) testsuite on arm-unknown-linux-gnueabihf


LAST_UPDATED: Wed Aug 21 15:00:33 UTC 2013 (revision 201901)

Native configuration is arm-unknown-linux-gnueabihf

		=== boehm-gc tests ===


Running target unix

		=== boehm-gc Summary ===

# of expected passes		12
# of unsupported tests		1
		=== libatomic tests ===


Running target unix

		=== libatomic Summary ===

# of expected passes		44
# of unsupported tests		5
		=== libffi tests ===


Running target unix
XPASS: libffi.call/cls_longdouble.c -O0 -W -Wall execution test
XPASS: libffi.call/cls_longdouble.c -O2 execution test
XPASS: libffi.call/cls_longdouble.c -O3 execution test
XPASS: libffi.call/cls_longdouble.c -Os execution test
XPASS: libffi.call/cls_longdouble.c -O2 -fomit-frame-pointer execution test

		=== libffi Summary ===

# of expected passes		1814
# of unexpected successes	5
# of unsupported tests		55
		=== libgo tests ===


Running target unix
FAIL: bufio
FAIL: fmt
FAIL: log
FAIL: reflect
FAIL: runtime
FAIL: sync
FAIL: time
FAIL: crypto/cipher
FAIL: encoding/gob
FAIL: encoding/json
FAIL: html/template
FAIL: math/big
FAIL: net/http
FAIL: net/rpc
FAIL: old/regexp
FAIL: old/template
FAIL: text/template
FAIL: text/template/parse

		=== libgo Summary ===

# of expected passes		104
# of unexpected failures	18
/build/gcc-snapshot-m90vo2/gcc-snapshot-20130821/build/./gcc/gccgo version 4.9.0 20130821 (experimental) [trunk revision 201901] (Debian 20130821-1)

		=== libgomp tests ===


Running target unix
FAIL: libgomp.graphite/bounds.c scan-tree-dump-times graphite "0 loops carried no dependency" 1
FAIL: libgomp.graphite/force-parallel-4.c execution test
FAIL: libgomp.graphite/force-parallel-4.c scan-tree-dump-times graphite "2 loops carried no dependency" 1
FAIL: libgomp.graphite/force-parallel-6.c scan-tree-dump-times graphite "1 loops carried no dependency" 1
FAIL: libgomp.graphite/pr41118.c scan-tree-dump-times optimized "loopfn" 0

		=== libgomp Summary ===

# of expected passes		2191
# of unexpected failures	5
# of unsupported tests		1
		=== libjava tests ===


Running target unix
FAIL: pr29812 execution - gij test
FAIL: ExtraClassLoader execution - source compiled test
FAIL: ExtraClassLoader -findirect-dispatch execution - source compiled test
FAIL: ExtraClassLoader -O3 execution - source compiled test
FAIL: ExtraClassLoader -O3 -findirect-dispatch execution - source compiled test
FAIL: InvokeInterface execution - source compiled test
FAIL: InvokeInterface -findirect-dispatch execution - source compiled test
FAIL: InvokeInterface -O3 execution - source compiled test
FAIL: InvokeInterface -O3 -findirect-dispatch execution - source compiled test
FAIL: StackTrace2 execution - source compiled test
FAIL: StackTrace2 -findirect-dispatch execution - source compiled test
FAIL: StackTrace2 -O3 execution - source compiled test
FAIL: StackTrace2 -O3 -findirect-dispatch execution - source compiled test
FAIL: Throw_2 execution - source compiled test
FAIL: Throw_2 -findirect-dispatch execution - source compiled test
FAIL: Throw_2 -O3 execution - source compiled test
FAIL: Throw_2 -O3 -findirect-dispatch execution - source compiled test
FAIL: Throw_3 execution - source compiled test
FAIL: Throw_3 -findirect-dispatch execution - source compiled test
FAIL: Throw_3 -O3 execution - source compiled test
FAIL: Throw_3 -O3 -findirect-dispatch execution - source compiled test
FAIL: WalkerTest output - source compiled test
FAIL: WalkerTest -findirect-dispatch output - source compiled test
FAIL: WalkerTest -O3 output - source compiled test
FAIL: WalkerTest -O3 -findirect-dispatch output - source compiled test
FAIL: pr21785 execution - source compiled test
FAIL: pr21785 -findirect-dispatch execution - source compiled test
FAIL: pr21785 -O3 execution - source compiled test
FAIL: pr21785 -O3 -findirect-dispatch execution - source compiled test
FAIL: sourcelocation execution - source compiled test
FAIL: sourcelocation -findirect-dispatch execution - source compiled test
FAIL: sourcelocation -O3 execution - source compiled test
FAIL: sourcelocation -O3 -findirect-dispatch execution - source compiled test
FAIL: stacktrace output - source compiled test
FAIL: stacktrace -findirect-dispatch output - source compiled test
FAIL: stacktrace -O3 output - source compiled test
FAIL: stacktrace -O3 -findirect-dispatch output - source compiled test

		=== libjava Summary ===

# of expected passes		2520
# of unexpected failures	37
# of untested testcases		29
		=== libmudflap tests ===


Running target unix
FAIL: libmudflap.c++/pass41-frag.cxx (-static) execution test
FAIL: libmudflap.c++/pass41-frag.cxx ( -O) execution test
FAIL: libmudflap.c++/pass41-frag.cxx (-O2) execution test
FAIL: libmudflap.c++/pass41-frag.cxx (-O3) execution test

		=== libmudflap Summary ===

# of expected passes		1902
# of unexpected failures	4
		=== libstdc++ tests ===


Running target unix
FAIL: 22_locale/time_get/get_date/wchar_t/4.cc execution test

		=== libstdc++ Summary ===

# of expected passes		9218
# of unexpected failures	1
# of expected failures		43
# of unsupported tests		244
Target: arm-linux-gnueabihf
gcc version 4.9.0 20130821 (experimental) [trunk revision 201901] (Debian 20130821-1) 

		=== g++ tests ===


Running target unix
FAIL: g++.dg/ext/arm-fp16/arm-fp16-ops-5.C -std=gnu++98 (test for excess errors)
UNRESOLVED: g++.dg/ext/arm-fp16/arm-fp16-ops-5.C -std=gnu++98  scan-assembler-not \\tbl\\t__.*hf2
UNRESOLVED: g++.dg/ext/arm-fp16/arm-fp16-ops-5.C -std=gnu++98  scan-assembler-not \\tbl\\t__.*hf3
UNRESOLVED: g++.dg/ext/arm-fp16/arm-fp16-ops-5.C -std=gnu++98  scan-assembler-not \\tbl\\t__gnu_h[a-z]*_ieee
UNRESOLVED: g++.dg/ext/arm-fp16/arm-fp16-ops-5.C -std=gnu++98  scan-assembler-not \\tbl\\t__gnu_h2f_ieee
UNRESOLVED: g++.dg/ext/arm-fp16/arm-fp16-ops-5.C -std=gnu++98  scan-assembler-not \\tbl\\t__gnu_f2h_ieee
FAIL: g++.dg/ext/arm-fp16/arm-fp16-ops-5.C -std=gnu++11 (test for excess errors)
UNRESOLVED: g++.dg/ext/arm-fp16/arm-fp16-ops-5.C -std=gnu++11  scan-assembler-not \\tbl\\t__.*hf2
UNRESOLVED: g++.dg/ext/arm-fp16/arm-fp16-ops-5.C -std=gnu++11  scan-assembler-not \\tbl\\t__.*hf3
UNRESOLVED: g++.dg/ext/arm-fp16/arm-fp16-ops-5.C -std=gnu++11  scan-assembler-not \\tbl\\t__gnu_h[a-z]*_ieee
UNRESOLVED: g++.dg/ext/arm-fp16/arm-fp16-ops-5.C -std=gnu++11  scan-assembler-not \\tbl\\t__gnu_h2f_ieee
UNRESOLVED: g++.dg/ext/arm-fp16/arm-fp16-ops-5.C -std=gnu++11  scan-assembler-not \\tbl\\t__gnu_f2h_ieee
FAIL: g++.dg/ext/arm-fp16/arm-fp16-ops-6.C -std=gnu++98 (test for excess errors)
UNRESOLVED: g++.dg/ext/arm-fp16/arm-fp16-ops-6.C -std=gnu++98  scan-assembler-not \\tbl\\t__.*hf2
UNRESOLVED: g++.dg/ext/arm-fp16/arm-fp16-ops-6.C -std=gnu++98  scan-assembler-not \\tbl\\t__.*hf3
UNRESOLVED: g++.dg/ext/arm-fp16/arm-fp16-ops-6.C -std=gnu++98  scan-assembler-not \\tbl\\t__gnu_h[a-z]*_ieee
UNRESOLVED: g++.dg/ext/arm-fp16/arm-fp16-ops-6.C -std=gnu++98  scan-assembler-not \\tbl\\t__gnu_h2f_ieee
UNRESOLVED: g++.dg/ext/arm-fp16/arm-fp16-ops-6.C -std=gnu++98  scan-assembler-not \\tbl\\t__gnu_f2h_ieee
FAIL: g++.dg/ext/arm-fp16/arm-fp16-ops-6.C -std=gnu++11 (test for excess errors)
UNRESOLVED: g++.dg/ext/arm-fp16/arm-fp16-ops-6.C -std=gnu++11  scan-assembler-not \\tbl\\t__.*hf2
UNRESOLVED: g++.dg/ext/arm-fp16/arm-fp16-ops-6.C -std=gnu++11  scan-assembler-not \\tbl\\t__.*hf3
UNRESOLVED: g++.dg/ext/arm-fp16/arm-fp16-ops-6.C -std=gnu++11  scan-assembler-not \\tbl\\t__gnu_h[a-z]*_ieee
UNRESOLVED: g++.dg/ext/arm-fp16/arm-fp16-ops-6.C -std=gnu++11  scan-assembler-not \\tbl\\t__gnu_h2f_ieee
UNRESOLVED: g++.dg/ext/arm-fp16/arm-fp16-ops-6.C -std=gnu++11  scan-assembler-not \\tbl\\t__gnu_f2h_ieee
FAIL: g++.dg/torture/pr48661.C  -O2 -flto -fno-use-linker-plugin -flto-partition=none  (internal compiler error)
FAIL: g++.dg/torture/pr48661.C  -O2 -flto -fno-use-linker-plugin -flto-partition=none  (test for excess errors)
FAIL: g++.dg/torture/pr48661.C  -O2 -flto -fuse-linker-plugin -fno-fat-lto-objects  (internal compiler error)
FAIL: g++.dg/torture/pr48661.C  -O2 -flto -fuse-linker-plugin -fno-fat-lto-objects  (test for excess errors)
UNRESOLVED: g++.dg/torture/pr48661.C  -O2 -flto -fuse-linker-plugin -fno-fat-lto-objects  compilation failed to produce executable
WARNING: profopt.exp does not support dg-do

		=== g++ Summary ===

# of expected passes		53413
# of unexpected failures	8
# of expected failures		294
# of unresolved testcases	21
# of unsupported tests		1094
/build/gcc-snapshot-m90vo2/gcc-snapshot-20130821/build/gcc/testsuite/g++/../../xg++  version 4.9.0 20130821 (experimental) [trunk revision 201901] (Debian 20130821-1) 

		=== gcc tests ===


Running target unix
FAIL: gcc.c-torture/unsorted/dump-noaddr.c,  -O2   -dumpbase dump1/dump-noaddr.c -DMASK=1 -x c --param ggc-min-heapsize=1 -fdump-ipa-all -fdump-rtl-all -fdump-tree-all -fdump-noaddr (internal compiler error)
FAIL: gcc.c-torture/unsorted/dump-noaddr.c,  -O2   -dumpbase dump2/dump-noaddr.c -DMASK=2 -x c -fdump-ipa-all -fdump-rtl-all -fdump-tree-all -fdump-noaddr (internal compiler error)
FAIL: gcc.c-torture/unsorted/dump-noaddr.c,  -O3 -fomit-frame-pointer   -dumpbase dump1/dump-noaddr.c -DMASK=1 -x c --param ggc-min-heapsize=1 -fdump-ipa-all -fdump-rtl-all -fdump-tree-all -fdump-noaddr (internal compiler error)
FAIL: gcc.c-torture/unsorted/dump-noaddr.c,  -O3 -fomit-frame-pointer   -dumpbase dump2/dump-noaddr.c -DMASK=2 -x c -fdump-ipa-all -fdump-rtl-all -fdump-tree-all -fdump-noaddr (internal compiler error)
FAIL: gcc.c-torture/unsorted/dump-noaddr.c,  -O3 -fomit-frame-pointer -funroll-loops   -dumpbase dump1/dump-noaddr.c -DMASK=1 -x c --param ggc-min-heapsize=1 -fdump-ipa-all -fdump-rtl-all -fdump-tree-all -fdump-noaddr (internal compiler error)
FAIL: gcc.c-torture/unsorted/dump-noaddr.c,  -O3 -fomit-frame-pointer -funroll-loops   -dumpbase dump2/dump-noaddr.c -DMASK=2 -x c -fdump-ipa-all -fdump-rtl-all -fdump-tree-all -fdump-noaddr (internal compiler error)
FAIL: gcc.c-torture/unsorted/dump-noaddr.c,  -O3 -fomit-frame-pointer -funroll-all-loops -finline-functions   -dumpbase dump1/dump-noaddr.c -DMASK=1 -x c --param ggc-min-heapsize=1 -fdump-ipa-all -fdump-rtl-all -fdump-tree-all -fdump-noaddr (internal compiler error)
FAIL: gcc.c-torture/unsorted/dump-noaddr.c,  -O3 -fomit-frame-pointer -funroll-all-loops -finline-functions   -dumpbase dump2/dump-noaddr.c -DMASK=2 -x c -fdump-ipa-all -fdump-rtl-all -fdump-tree-all -fdump-noaddr (internal compiler error)
FAIL: gcc.c-torture/unsorted/dump-noaddr.c,  -O3 -g   -dumpbase dump1/dump-noaddr.c -DMASK=1 -x c --param ggc-min-heapsize=1 -fdump-ipa-all -fdump-rtl-all -fdump-tree-all -fdump-noaddr (internal compiler error)
FAIL: gcc.c-torture/unsorted/dump-noaddr.c,  -O3 -g   -dumpbase dump2/dump-noaddr.c -DMASK=2 -x c -fdump-ipa-all -fdump-rtl-all -fdump-tree-all -fdump-noaddr (internal compiler error)
FAIL: gcc.c-torture/unsorted/dump-noaddr.c,  -Os   -dumpbase dump1/dump-noaddr.c -DMASK=1 -x c --param ggc-min-heapsize=1 -fdump-ipa-all -fdump-rtl-all -fdump-tree-all -fdump-noaddr (internal compiler error)
FAIL: gcc.c-torture/unsorted/dump-noaddr.c,  -Os   -dumpbase dump2/dump-noaddr.c -DMASK=2 -x c -fdump-ipa-all -fdump-rtl-all -fdump-tree-all -fdump-noaddr (internal compiler error)
FAIL: gcc.c-torture/unsorted/dump-noaddr.c,  -O2 -flto -fno-use-linker-plugin -flto-partition=none   -dumpbase dump1/dump-noaddr.c -DMASK=1 -x c --param ggc-min-heapsize=1 -fdump-ipa-all -fdump-rtl-all -fdump-tree-all -fdump-noaddr (internal compiler error)
FAIL: gcc.c-torture/unsorted/dump-noaddr.c,  -O2 -flto -fno-use-linker-plugin -flto-partition=none   -dumpbase dump2/dump-noaddr.c -DMASK=2 -x c -fdump-ipa-all -fdump-rtl-all -fdump-tree-all -fdump-noaddr (internal compiler error)
FAIL: gcc.c-torture/unsorted/dump-noaddr.c,  -O2 -flto -fuse-linker-plugin -fno-fat-lto-objects   -dumpbase dump1/dump-noaddr.c -DMASK=1 -x c --param ggc-min-heapsize=1 -fdump-ipa-all -fdump-rtl-all -fdump-tree-all -fdump-noaddr (internal compiler error)
FAIL: gcc.c-torture/unsorted/dump-noaddr.c,  -O2 -flto -fuse-linker-plugin -fno-fat-lto-objects   -dumpbase dump2/dump-noaddr.c -DMASK=2 -x c -fdump-ipa-all -fdump-rtl-all -fdump-tree-all -fdump-noaddr (internal compiler error)
FAIL: gcc.dg/builtin-apply2.c execution test
FAIL: gcc.dg/tls/pr42894.c (test for excess errors)
FAIL: gcc.dg/torture/arm-fp16-ops-5.c  -O0  (test for excess errors)
UNRESOLVED: gcc.dg/torture/arm-fp16-ops-5.c  -O0   scan-assembler-not \\tbl\\t__.*hf2
UNRESOLVED: gcc.dg/torture/arm-fp16-ops-5.c  -O0   scan-assembler-not \\tbl\\t__.*hf3
UNRESOLVED: gcc.dg/torture/arm-fp16-ops-5.c  -O0   scan-assembler-not \\tbl\\t__gnu_h[a-z]*_ieee
UNRESOLVED: gcc.dg/torture/arm-fp16-ops-5.c  -O0   scan-assembler-not \\tbl\\t__gnu_h2f_ieee
UNRESOLVED: gcc.dg/torture/arm-fp16-ops-5.c  -O0   scan-assembler-not \\tbl\\t__gnu_f2h_ieee
FAIL: gcc.dg/torture/arm-fp16-ops-5.c  -O1  (test for excess errors)
UNRESOLVED: gcc.dg/torture/arm-fp16-ops-5.c  -O1   scan-assembler-not \\tbl\\t__.*hf2
UNRESOLVED: gcc.dg/torture/arm-fp16-ops-5.c  -O1   scan-assembler-not \\tbl\\t__.*hf3
UNRESOLVED: gcc.dg/torture/arm-fp16-ops-5.c  -O1   scan-assembler-not \\tbl\\t__gnu_h[a-z]*_ieee
UNRESOLVED: gcc.dg/torture/arm-fp16-ops-5.c  -O1   scan-assembler-not \\tbl\\t__gnu_h2f_ieee
UNRESOLVED: gcc.dg/torture/arm-fp16-ops-5.c  -O1   scan-assembler-not \\tbl\\t__gnu_f2h_ieee
FAIL: gcc.dg/torture/arm-fp16-ops-5.c  -O2  (test for excess errors)
UNRESOLVED: gcc.dg/torture/arm-fp16-ops-5.c  -O2   scan-assembler-not \\tbl\\t__.*hf2
UNRESOLVED: gcc.dg/torture/arm-fp16-ops-5.c  -O2   scan-assembler-not \\tbl\\t__.*hf3
UNRESOLVED: gcc.dg/torture/arm-fp16-ops-5.c  -O2   scan-assembler-not \\tbl\\t__gnu_h[a-z]*_ieee
UNRESOLVED: gcc.dg/torture/arm-fp16-ops-5.c  -O2   scan-assembler-not \\tbl\\t__gnu_h2f_ieee
UNRESOLVED: gcc.dg/torture/arm-fp16-ops-5.c  -O2   scan-assembler-not \\tbl\\t__gnu_f2h_ieee
FAIL: gcc.dg/torture/arm-fp16-ops-5.c  -O3 -fomit-frame-pointer  (test for excess errors)
UNRESOLVED: gcc.dg/torture/arm-fp16-ops-5.c  -O3 -fomit-frame-pointer   scan-assembler-not \\tbl\\t__.*hf2
UNRESOLVED: gcc.dg/torture/arm-fp16-ops-5.c  -O3 -fomit-frame-pointer   scan-assembler-not \\tbl\\t__.*hf3
UNRESOLVED: gcc.dg/torture/arm-fp16-ops-5.c  -O3 -fomit-frame-pointer   scan-assembler-not \\tbl\\t__gnu_h[a-z]*_ieee
UNRESOLVED: gcc.dg/torture/arm-fp16-ops-5.c  -O3 -fomit-frame-pointer   scan-assembler-not \\tbl\\t__gnu_h2f_ieee
UNRESOLVED: gcc.dg/torture/arm-fp16-ops-5.c  -O3 -fomit-frame-pointer   scan-assembler-not \\tbl\\t__gnu_f2h_ieee
FAIL: gcc.dg/torture/arm-fp16-ops-5.c  -O3 -g  (test for excess errors)
UNRESOLVED: gcc.dg/torture/arm-fp16-ops-5.c  -O3 -g   scan-assembler-not \\tbl\\t__.*hf2
UNRESOLVED: gcc.dg/torture/arm-fp16-ops-5.c  -O3 -g   scan-assembler-not \\tbl\\t__.*hf3
UNRESOLVED: gcc.dg/torture/arm-fp16-ops-5.c  -O3 -g   scan-assembler-not \\tbl\\t__gnu_h[a-z]*_ieee
UNRESOLVED: gcc.dg/torture/arm-fp16-ops-5.c  -O3 -g   scan-assembler-not \\tbl\\t__gnu_h2f_ieee
UNRESOLVED: gcc.dg/torture/arm-fp16-ops-5.c  -O3 -g   scan-assembler-not \\tbl\\t__gnu_f2h_ieee
FAIL: gcc.dg/torture/arm-fp16-ops-5.c  -Os  (test for excess errors)
UNRESOLVED: gcc.dg/torture/arm-fp16-ops-5.c  -Os   scan-assembler-not \\tbl\\t__.*hf2
UNRESOLVED: gcc.dg/torture/arm-fp16-ops-5.c  -Os   scan-assembler-not \\tbl\\t__.*hf3
UNRESOLVED: gcc.dg/torture/arm-fp16-ops-5.c  -Os   scan-assembler-not \\tbl\\t__gnu_h[a-z]*_ieee
UNRESOLVED: gcc.dg/torture/arm-fp16-ops-5.c  -Os   scan-assembler-not \\tbl\\t__gnu_h2f_ieee
UNRESOLVED: gcc.dg/torture/arm-fp16-ops-5.c  -Os   scan-assembler-not \\tbl\\t__gnu_f2h_ieee
FAIL: gcc.dg/torture/arm-fp16-ops-5.c  -O2 -flto -fno-use-linker-plugin -flto-partition=none  (test for excess errors)
UNRESOLVED: gcc.dg/torture/arm-fp16-ops-5.c  -O2 -flto -fno-use-linker-plugin -flto-partition=none   scan-assembler-not \\tbl\\t__.*hf2
UNRESOLVED: gcc.dg/torture/arm-fp16-ops-5.c  -O2 -flto -fno-use-linker-plugin -flto-partition=none   scan-assembler-not \\tbl\\t__.*hf3
UNRESOLVED: gcc.dg/torture/arm-fp16-ops-5.c  -O2 -flto -fno-use-linker-plugin -flto-partition=none   scan-assembler-not \\tbl\\t__gnu_h[a-z]*_ieee
UNRESOLVED: gcc.dg/torture/arm-fp16-ops-5.c  -O2 -flto -fno-use-linker-plugin -flto-partition=none   scan-assembler-not \\tbl\\t__gnu_h2f_ieee
UNRESOLVED: gcc.dg/torture/arm-fp16-ops-5.c  -O2 -flto -fno-use-linker-plugin -flto-partition=none   scan-assembler-not \\tbl\\t__gnu_f2h_ieee
FAIL: gcc.dg/torture/arm-fp16-ops-5.c  -O2 -flto -fuse-linker-plugin -fno-fat-lto-objects  (test for excess errors)
UNRESOLVED: gcc.dg/torture/arm-fp16-ops-5.c  -O2 -flto -fuse-linker-plugin -fno-fat-lto-objects   scan-assembler-not \\tbl\\t__.*hf2
UNRESOLVED: gcc.dg/torture/arm-fp16-ops-5.c  -O2 -flto -fuse-linker-plugin -fno-fat-lto-objects   scan-assembler-not \\tbl\\t__.*hf3
UNRESOLVED: gcc.dg/torture/arm-fp16-ops-5.c  -O2 -flto -fuse-linker-plugin -fno-fat-lto-objects   scan-assembler-not \\tbl\\t__gnu_h[a-z]*_ieee
UNRESOLVED: gcc.dg/torture/arm-fp16-ops-5.c  -O2 -flto -fuse-linker-plugin -fno-fat-lto-objects   scan-assembler-not \\tbl\\t__gnu_h2f_ieee
UNRESOLVED: gcc.dg/torture/arm-fp16-ops-5.c  -O2 -flto -fuse-linker-plugin -fno-fat-lto-objects   scan-assembler-not \\tbl\\t__gnu_f2h_ieee
FAIL: gcc.dg/torture/arm-fp16-ops-6.c  -O0  (test for excess errors)
UNRESOLVED: gcc.dg/torture/arm-fp16-ops-6.c  -O0   scan-assembler-not \\tbl\\t__.*hf2
UNRESOLVED: gcc.dg/torture/arm-fp16-ops-6.c  -O0   scan-assembler-not \\tbl\\t__.*hf3
UNRESOLVED: gcc.dg/torture/arm-fp16-ops-6.c  -O0   scan-assembler-not \\tbl\\t__gnu_h[a-z]*_ieee
UNRESOLVED: gcc.dg/torture/arm-fp16-ops-6.c  -O0   scan-assembler-not \\tbl\\t__gnu_h2f_ieee
UNRESOLVED: gcc.dg/torture/arm-fp16-ops-6.c  -O0   scan-assembler-not \\tbl\\t__gnu_f2h_ieee
FAIL: gcc.dg/torture/arm-fp16-ops-6.c  -O1  (test for excess errors)
UNRESOLVED: gcc.dg/torture/arm-fp16-ops-6.c  -O1   scan-assembler-not \\tbl\\t__.*hf2
UNRESOLVED: gcc.dg/torture/arm-fp16-ops-6.c  -O1   scan-assembler-not \\tbl\\t__.*hf3
UNRESOLVED: gcc.dg/torture/arm-fp16-ops-6.c  -O1   scan-assembler-not \\tbl\\t__gnu_h[a-z]*_ieee
UNRESOLVED: gcc.dg/torture/arm-fp16-ops-6.c  -O1   scan-assembler-not \\tbl\\t__gnu_h2f_ieee
UNRESOLVED: gcc.dg/torture/arm-fp16-ops-6.c  -O1   scan-assembler-not \\tbl\\t__gnu_f2h_ieee
FAIL: gcc.dg/torture/arm-fp16-ops-6.c  -O2  (test for excess errors)
UNRESOLVED: gcc.dg/torture/arm-fp16-ops-6.c  -O2   scan-assembler-not \\tbl\\t__.*hf2
UNRESOLVED: gcc.dg/torture/arm-fp16-ops-6.c  -O2   scan-assembler-not \\tbl\\t__.*hf3
UNRESOLVED: gcc.dg/torture/arm-fp16-ops-6.c  -O2   scan-assembler-not \\tbl\\t__gnu_h[a-z]*_ieee
UNRESOLVED: gcc.dg/torture/arm-fp16-ops-6.c  -O2   scan-assembler-not \\tbl\\t__gnu_h2f_ieee
UNRESOLVED: gcc.dg/torture/arm-fp16-ops-6.c  -O2   scan-assembler-not \\tbl\\t__gnu_f2h_ieee
FAIL: gcc.dg/torture/arm-fp16-ops-6.c  -O3 -fomit-frame-pointer  (test for excess errors)
UNRESOLVED: gcc.dg/torture/arm-fp16-ops-6.c  -O3 -fomit-frame-pointer   scan-assembler-not \\tbl\\t__.*hf2
UNRESOLVED: gcc.dg/torture/arm-fp16-ops-6.c  -O3 -fomit-frame-pointer   scan-assembler-not \\tbl\\t__.*hf3
UNRESOLVED: gcc.dg/torture/arm-fp16-ops-6.c  -O3 -fomit-frame-pointer   scan-assembler-not \\tbl\\t__gnu_h[a-z]*_ieee
UNRESOLVED: gcc.dg/torture/arm-fp16-ops-6.c  -O3 -fomit-frame-pointer   scan-assembler-not \\tbl\\t__gnu_h2f_ieee
UNRESOLVED: gcc.dg/torture/arm-fp16-ops-6.c  -O3 -fomit-frame-pointer   scan-assembler-not \\tbl\\t__gnu_f2h_ieee
FAIL: gcc.dg/torture/arm-fp16-ops-6.c  -O3 -g  (test for excess errors)
UNRESOLVED: gcc.dg/torture/arm-fp16-ops-6.c  -O3 -g   scan-assembler-not \\tbl\\t__.*hf2
UNRESOLVED: gcc.dg/torture/arm-fp16-ops-6.c  -O3 -g   scan-assembler-not \\tbl\\t__.*hf3
UNRESOLVED: gcc.dg/torture/arm-fp16-ops-6.c  -O3 -g   scan-assembler-not \\tbl\\t__gnu_h[a-z]*_ieee
UNRESOLVED: gcc.dg/torture/arm-fp16-ops-6.c  -O3 -g   scan-assembler-not \\tbl\\t__gnu_h2f_ieee
UNRESOLVED: gcc.dg/torture/arm-fp16-ops-6.c  -O3 -g   scan-assembler-not \\tbl\\t__gnu_f2h_ieee
FAIL: gcc.dg/torture/arm-fp16-ops-6.c  -Os  (test for excess errors)
UNRESOLVED: gcc.dg/torture/arm-fp16-ops-6.c  -Os   scan-assembler-not \\tbl\\t__.*hf2
UNRESOLVED: gcc.dg/torture/arm-fp16-ops-6.c  -Os   scan-assembler-not \\tbl\\t__.*hf3
UNRESOLVED: gcc.dg/torture/arm-fp16-ops-6.c  -Os   scan-assembler-not \\tbl\\t__gnu_h[a-z]*_ieee
UNRESOLVED: gcc.dg/torture/arm-fp16-ops-6.c  -Os   scan-assembler-not \\tbl\\t__gnu_h2f_ieee
UNRESOLVED: gcc.dg/torture/arm-fp16-ops-6.c  -Os   scan-assembler-not \\tbl\\t__gnu_f2h_ieee
FAIL: gcc.dg/torture/arm-fp16-ops-6.c  -O2 -flto -fno-use-linker-plugin -flto-partition=none  (test for excess errors)
UNRESOLVED: gcc.dg/torture/arm-fp16-ops-6.c  -O2 -flto -fno-use-linker-plugin -flto-partition=none   scan-assembler-not \\tbl\\t__.*hf2
UNRESOLVED: gcc.dg/torture/arm-fp16-ops-6.c  -O2 -flto -fno-use-linker-plugin -flto-partition=none   scan-assembler-not \\tbl\\t__.*hf3
UNRESOLVED: gcc.dg/torture/arm-fp16-ops-6.c  -O2 -flto -fno-use-linker-plugin -flto-partition=none   scan-assembler-not \\tbl\\t__gnu_h[a-z]*_ieee
UNRESOLVED: gcc.dg/torture/arm-fp16-ops-6.c  -O2 -flto -fno-use-linker-plugin -flto-partition=none   scan-assembler-not \\tbl\\t__gnu_h2f_ieee
UNRESOLVED: gcc.dg/torture/arm-fp16-ops-6.c  -O2 -flto -fno-use-linker-plugin -flto-partition=none   scan-assembler-not \\tbl\\t__gnu_f2h_ieee
FAIL: gcc.dg/torture/arm-fp16-ops-6.c  -O2 -flto -fuse-linker-plugin -fno-fat-lto-objects  (test for excess errors)
UNRESOLVED: gcc.dg/torture/arm-fp16-ops-6.c  -O2 -flto -fuse-linker-plugin -fno-fat-lto-objects   scan-assembler-not \\tbl\\t__.*hf2
UNRESOLVED: gcc.dg/torture/arm-fp16-ops-6.c  -O2 -flto -fuse-linker-plugin -fno-fat-lto-objects   scan-assembler-not \\tbl\\t__.*hf3
UNRESOLVED: gcc.dg/torture/arm-fp16-ops-6.c  -O2 -flto -fuse-linker-plugin -fno-fat-lto-objects   scan-assembler-not \\tbl\\t__gnu_h[a-z]*_ieee
UNRESOLVED: gcc.dg/torture/arm-fp16-ops-6.c  -O2 -flto -fuse-linker-plugin -fno-fat-lto-objects   scan-assembler-not \\tbl\\t__gnu_h2f_ieee
UNRESOLVED: gcc.dg/torture/arm-fp16-ops-6.c  -O2 -flto -fuse-linker-plugin -fno-fat-lto-objects   scan-assembler-not \\tbl\\t__gnu_f2h_ieee
FAIL: gcc.dg/torture/pr8081.c  -O2 -flto -fno-use-linker-plugin -flto-partition=none  (internal compiler error)
FAIL: gcc.dg/torture/pr8081.c  -O2 -flto -fno-use-linker-plugin -flto-partition=none  (test for excess errors)
FAIL: gcc.dg/torture/pr8081.c  -O2 -flto -fuse-linker-plugin -fno-fat-lto-objects  (internal compiler error)
FAIL: gcc.dg/torture/pr8081.c  -O2 -flto -fuse-linker-plugin -fno-fat-lto-objects  (test for excess errors)
UNRESOLVED: gcc.dg/torture/pr8081.c  -O2 -flto -fuse-linker-plugin -fno-fat-lto-objects  compilation failed to produce executable
FAIL: gcc.dg/tree-ssa/attr-alias.c scan-tree-dump-times optimized "  test4 " 1
FAIL: gcc.dg/tree-ssa/sra-12.c scan-tree-dump-times release_ssa "l;" 0
FAIL: gcc.dg/vect/pr56787.c scan-tree-dump vect "vectorized 1 loops"
FAIL: gcc.dg/vect/pr56787.c -flto  scan-tree-dump vect "vectorized 1 loops"
FAIL: gcc.target/arm/builtin-bswap-1.c (test for excess errors)
UNRESOLVED: gcc.target/arm/builtin-bswap-1.c scan-assembler-not orr[ \\t]
UNRESOLVED: gcc.target/arm/builtin-bswap-1.c scan-assembler-times revsh\\\\t 2
UNRESOLVED: gcc.target/arm/builtin-bswap-1.c scan-assembler-times rev16\\\\t 2
UNRESOLVED: gcc.target/arm/builtin-bswap-1.c scan-assembler-times rev\\\\t 4
FAIL: gcc.target/arm/builtin-bswap16-1.c (test for excess errors)
UNRESOLVED: gcc.target/arm/builtin-bswap16-1.c scan-assembler-not orr[ \\t]
FAIL: gcc.target/arm/g2.c (test for excess errors)
UNRESOLVED: gcc.target/arm/g2.c scan-assembler mla[ \\t].*
FAIL: gcc.target/arm/ivopts-2.c object-size text <= 26
FAIL: gcc.target/arm/ivopts.c object-size text <= 20
FAIL: gcc.target/arm/pr40887.c (test for excess errors)
UNRESOLVED: gcc.target/arm/pr40887.c scan-assembler blx
FAIL: gcc.target/arm/scd42-1.c (test for excess errors)
UNRESOLVED: gcc.target/arm/scd42-1.c scan-assembler mov[ \\t].*17
FAIL: gcc.target/arm/scd42-2.c (test for excess errors)
UNRESOLVED: gcc.target/arm/scd42-2.c scan-assembler mov[ \\t].*272
FAIL: gcc.target/arm/scd42-3.c (test for excess errors)
UNRESOLVED: gcc.target/arm/scd42-3.c scan-assembler ldr[ \\t].*
FAIL: gcc.target/arm/thumb-ltu.c (test for excess errors)
UNRESOLVED: gcc.target/arm/thumb-ltu.c scan-assembler-not uxtb
FAIL: gcc.target/arm/unsigned-extend-1.c scan-assembler-not uxtb
FAIL: gcc.target/arm/volatile-bitfields-1.c scan-assembler ldrb[\\\\t ]+[^\\n]*,[\\\\t ]*\\\\[[^\\n]*\\\\]
FAIL: gcc.target/arm/xor-and.c (test for excess errors)
UNRESOLVED: gcc.target/arm/xor-and.c scan-assembler orr
UNRESOLVED: gcc.target/arm/xor-and.c scan-assembler-not mvn
UNRESOLVED: gcc.target/arm/xor-and.c scan-assembler-not uxth

		=== gcc Summary ===

# of expected passes		93291
# of unexpected failures	55
# of expected failures		252
# of unresolved testcases	95
# of unsupported tests		1363
/build/gcc-snapshot-m90vo2/gcc-snapshot-20130821/build/gcc/xgcc  version 4.9.0 20130821 (experimental) [trunk revision 201901] (Debian 20130821-1) 

		=== gfortran tests ===


Running target unix
FAIL: gfortran.dg/class_48.f90  -O2  (test for excess errors)
FAIL: gfortran.dg/class_48.f90  -Os  (test for excess errors)
FAIL: gfortran.dg/dynamic_dispatch_1.f03  -O0  execution test
FAIL: gfortran.dg/dynamic_dispatch_3.f03  -O0  execution test
FAIL: gfortran.dg/lto/pr45586-2 f_lto_pr45586-2_0.o-f_lto_pr45586-2_0.o link, -O0 -flto -flto-partition=none -fuse-linker-plugin (internal compiler error)
UNRESOLVED: gfortran.dg/lto/pr45586-2 f_lto_pr45586-2_0.o-f_lto_pr45586-2_0.o execute -O0 -flto -flto-partition=none -fuse-linker-plugin
FAIL: gfortran.dg/lto/pr45586-2 f_lto_pr45586-2_0.o-f_lto_pr45586-2_0.o link, -O0 -flto -flto-partition=1to1 -fno-use-linker-plugin  (internal compiler error)
UNRESOLVED: gfortran.dg/lto/pr45586-2 f_lto_pr45586-2_0.o-f_lto_pr45586-2_0.o execute -O0 -flto -flto-partition=1to1 -fno-use-linker-plugin 
FAIL: gfortran.dg/lto/pr45586-2 f_lto_pr45586-2_0.o-f_lto_pr45586-2_0.o link, -O0 -flto -fuse-linker-plugin -fno-fat-lto-objects  (internal compiler error)
UNRESOLVED: gfortran.dg/lto/pr45586-2 f_lto_pr45586-2_0.o-f_lto_pr45586-2_0.o execute -O0 -flto -fuse-linker-plugin -fno-fat-lto-objects 
FAIL: gfortran.dg/lto/pr45586 f_lto_pr45586_0.o-f_lto_pr45586_0.o link, -O0 -flto -flto-partition=none -fuse-linker-plugin (internal compiler error)
UNRESOLVED: gfortran.dg/lto/pr45586 f_lto_pr45586_0.o-f_lto_pr45586_0.o execute -O0 -flto -flto-partition=none -fuse-linker-plugin
FAIL: gfortran.dg/lto/pr45586 f_lto_pr45586_0.o-f_lto_pr45586_0.o link, -O0 -flto -flto-partition=1to1 -fno-use-linker-plugin  (internal compiler error)
UNRESOLVED: gfortran.dg/lto/pr45586 f_lto_pr45586_0.o-f_lto_pr45586_0.o execute -O0 -flto -flto-partition=1to1 -fno-use-linker-plugin 
FAIL: gfortran.dg/lto/pr45586 f_lto_pr45586_0.o-f_lto_pr45586_0.o link, -O0 -flto -fuse-linker-plugin -fno-fat-lto-objects  (internal compiler error)
UNRESOLVED: gfortran.dg/lto/pr45586 f_lto_pr45586_0.o-f_lto_pr45586_0.o execute -O0 -flto -fuse-linker-plugin -fno-fat-lto-objects 
FAIL: gfortran.dg/vect/pr32380.f  -O   scan-tree-dump-times vect "vectorized 6 loops" 1

		=== gfortran Summary ===

# of expected passes		43692
# of unexpected failures	11
# of expected failures		53
# of unresolved testcases	6
# of unsupported tests		429
/build/gcc-snapshot-m90vo2/gcc-snapshot-20130821/build/gcc/testsuite/gfortran/../../gfortran  version 4.9.0 20130821 (experimental) [trunk revision 201901] (Debian 20130821-1) 

		=== go tests ===


Running target unix
FAIL: go.test/test/chan/select3.go execution,  -O2 -g 
FAIL: go.test/test/closedchan.go execution,  -O2 -g 
FAIL: go.test/test/cmp.go execution,  -O2 -g 
FAIL: go.test/test/fixedbugs/bug113.go execution,  -O2 -g 
FAIL: go.test/test/fixedbugs/bug148.go execution,  -O2 -g 
FAIL: go.test/test/fixedbugs/bug266.go execution,  -O2 -g 
FAIL: go.test/test/fixedbugs/bug272.go execution,  -O2 -g 
FAIL: go.test/test/fixedbugs/bug273.go execution,  -O2 -g 
FAIL: go.test/test/fixedbugs/bug324.go
FAIL: go.test/test/fixedbugs/bug347.go execution,  -O0 -g 
FAIL: go.test/test/fixedbugs/bug348.go execution,  -O0 -g 
FAIL: go.test/test/fixedbugs/bug444.go execution,  -O2 -g 
FAIL: ./index0-out.go execution,  -O0 -g -fno-var-tracking-assignments 
FAIL: go.test/test/interface/fail.go execution,  -O2 -g 
FAIL: go.test/test/interface/noeq.go execution,  -O2 -g 
FAIL: go.test/test/interface/returntype.go execution,  -O2 -g 
FAIL: go.test/test/nil.go execution,  -O2 -g 
FAIL: go.test/test/nilptr.go execution,  -O2 -g 
FAIL: go.test/test/recover.go execution,  -O2 -g 
FAIL: go.test/test/recover1.go execution,  -O2 -g 
FAIL: go.test/test/recover2.go execution,  -O2 -g 
FAIL: go.test/test/recover3.go execution,  -O2 -g 
FAIL: go.test/test/reorder.go execution,  -O2 -g 

		=== go Summary ===

# of expected passes		5156
# of unexpected failures	23
# of expected failures		1
# of untested testcases		5
/build/gcc-snapshot-m90vo2/gcc-snapshot-20130821/build/gcc/testsuite/go/../../gccgo  version 4.9.0 20130821 (experimental) [trunk revision 201901] (Debian 20130821-1) 

		=== obj-c++ tests ===


Running target unix

		=== obj-c++ Summary ===

# of expected passes		1449
# of expected failures		2
# of unsupported tests		86
/build/gcc-snapshot-m90vo2/gcc-snapshot-20130821/build/gcc/testsuite/obj-c++/../../xg++  version 4.9.0 20130821 (experimental) [trunk revision 201901] (Debian 20130821-1) 

		=== objc tests ===


Running target unix

		=== objc Summary ===

# of expected passes		2994
# of unsupported tests		74
/build/gcc-snapshot-m90vo2/gcc-snapshot-20130821/build/gcc/xgcc  version 4.9.0 20130821 (experimental) [trunk revision 201901] (Debian 20130821-1) 


Compiler version: 4.9.0 20130821 (experimental) [trunk revision 201901] (Debian 20130821-1) 
Platform: arm-unknown-linux-gnueabihf
configure flags: -v --with-pkgversion='Debian 20130821-1' --with-bugurl=file:///usr/share/doc/gcc-snapshot/README.Bugs --enable-languages=c,c++,java,go,fortran,objc,obj-c++ --prefix=/usr/lib/gcc-snapshot --enable-shared --enable-linker-build-id --disable-nls --with-sysroot=/ --enable-clocale=gnu --enable-libstdcxx-debug --enable-libstdcxx-time=yes --enable-gnu-unique-object --disable-libitm --disable-libquadmath --enable-plugin --with-system-zlib --disable-browser-plugin --enable-java-awt=gtk --enable-gtk-cairo --with-java-home=/usr/lib/jvm/java-1.5.0-gcj-4.9-snap-armhf/jre --enable-java-home --with-jvm-root-dir=/usr/lib/jvm/java-1.5.0-gcj-4.9-snap-armhf --with-jvm-jar-dir=/usr/lib/jvm-exports/java-1.5.0-gcj-4.9-snap-armhf --with-arch-directory=arm --with-ecj-jar=/usr/share/java/eclipse-ecj.jar --enable-objc-gc --enable-multiarch --disable-sjlj-exceptions --with-arch=armv7-a --with-fpu=vfpv3-d16 --with-float=hard --with-mode=thumb --disable-werror --enable-checking=yes --build=arm-linux-gnueabihf --host=arm-linux-gnueabihf --target=arm-linux-gnueabihf
BOOT_CFLAGS=


Build Dependencies:
Desired=Unknown/Install/Remove/Purge/Hold
| Status=Not/Inst/Conf-files/Unpacked/halF-conf/Half-inst/trig-aWait/Trig-pend
|/ Err?=(none)/Reinst-required (Status,Err: uppercase=bad)
||/ Name                                    Version               Architecture Description
+++-=======================================-=====================-============-===============================================================================
ii  binutils                                2.23.52.20130727-1    armhf        GNU assembler, linker and binary utilities
ii  g++-4.8                                 4.8.1-8               armhf        GNU C++ compiler
ii  libc6:armhf                             2.17-92               armhf        Embedded GNU C Library: Shared libraries
ii  libcloog-isl-dev:armhf                  0.18.0-2              armhf        Chunky Loop Generator (development files)
ii  libgmp-dev:armhf                        2:5.1.2+dfsg-2        armhf        Multiprecision arithmetic library developers tools
ii  libisl-dev:armhf                        0.11.2-1              armhf        manipulating sets and relations of integer points bounded by linear constraints
ii  libmpc-dev:armhf                        1.0.1-1               armhf        multiple precision complex floating-point library development package
ii  libmpfr-dev:armhf                       3.1.1-1               armhf        multiple precision floating-point computation developers tools


gcc-sysroot:
  Allow building --with-sysroot=/

ada-kfreebsd:
  Fix gnat build failure on kfreebsd.

arm-multilib-defaults:
  Set MULTILIB_DEFAULTS for ARM multilib builds

gcc-ice-hack:
  Retry the build on an ice, save the calling options and preprocessed
  source when the ice is reproducible.

gcc-ice-apport:
  Report an ICE to apport (if apport is available
  and the environment variable GCC_NOAPPORT is not set)

libjava-fixed-symlinks:
  Remove unneed '..' elements from symlinks in JAVA_HOME

libstdc++-arm-wno-abi:
  Temporary work around:
  On arm-linux-gnueabi run the libstdc++v3 testsuite with -Wno-abi

ada-mips:
  Improve support for mips.

libffi-ro-eh_frame_sect:
  PR libffi/47248, force a read only eh frame section.

gcc-multiarch-trunk:
  - Remaining multiarch patches, not yet submitted upstream.
  - Add MULTIARCH_DIRNAME definitions for multilib configurations,
  which are used for the non-multilib builds.

libjava-nobiarch-check:
  For biarch builds, disable the testsuite for the non-default architecture
  for runtime libraries, which are not built by default (libjava).

config-ml:
  - Disable some biarch libraries for biarch builds.
  - Fix multilib builds on kernels which don't support all multilibs.

gcc-multilib-multiarch-trunk:
  Don't auto-detect multilib osdirnames.

mips-fix-loongson2f-nop:
  On mips, pass -mfix-loongson2f-nop to as, if -mno-fix-loongson2f-nop
  is not passed.

libgomp-kfreebsd-testsuite:
  Disable lock-2.c test on kfreebsd-*

Counting all warnings,
there are 0 warnings in stage3 of this bootstrap.

Number of warnings per file:

Number of warning types:


Index Nav: [Date Index] [Subject Index] [Author Index] [Thread Index]
Message Nav: [Date Prev] [Date Next] [Thread Prev] [Thread Next]