This is the mail archive of the gcc-testresults@gcc.gnu.org mailing list for the GCC project.


Index Nav: [Date Index] [Subject Index] [Author Index] [Thread Index]
Message Nav: [Date Prev] [Date Next] [Thread Prev] [Thread Next]
Other format: [Raw text]

Results for 4.9.0 20130823 (experimental) [trunk revision 201940] (GCC) testsuite on i386-pc-solaris2.9


LAST_UPDATED: Fri Aug 23 13:10:04 UTC 2013 (revision 201940)

		=== acats tests ===

		=== acats Summary ===
# of expected passes		2320
# of unexpected failures	0
Native configuration is i386-pc-solaris2.9

		=== g++ tests ===


Running target unix
FAIL: g++.dg/init/cleanup3.C -std=c++98  scan-assembler-not _tcf
FAIL: g++.dg/init/cleanup3.C -std=c++11  scan-assembler-not _tcf
FAIL: g++.dg/tls/thread_local-order1.C execution test
FAIL: g++.dg/tls/thread_local3g.C -std=gnu++11 execution test
FAIL: g++.dg/tls/thread_local4g.C -std=gnu++11 execution test
FAIL: g++.dg/tls/thread_local5g.C -std=gnu++11 execution test
FAIL: g++.dg/tls/thread_local6g.C execution test
FAIL: g++.dg/torture/covariant-1.C  -O2 -flto -fno-use-linker-plugin -flto-partition=none  execution test
FAIL: g++.dg/torture/covariant-1.C  -O2 -flto -fuse-linker-plugin -fno-fat-lto-objects  execution test
FAIL: g++.old-deja/g++.other/init5.C -std=c++98 execution test
FAIL: g++.old-deja/g++.other/init5.C -std=c++11 execution test

		=== g++ Summary ===

# of expected passes		53375
# of unexpected failures	11
# of expected failures		293
# of unsupported tests		722
/var/gcc/regression/trunk/9-gcc-gas-gld/build/gcc/testsuite/g++/../../xg++  version 4.9.0 20130823 (experimental) [trunk revision 201940] (GCC) 

		=== gcc tests ===


Running target unix
FAIL: gcc.dg/lto/pr56297 c_lto_pr56297_0.o-c_lto_pr56297_1.o link,  -flto -fno-common  (internal compiler error)
UNRESOLVED: gcc.dg/lto/pr56297 c_lto_pr56297_0.o-c_lto_pr56297_1.o execute  -flto -fno-common 
FAIL: gcc.dg/torture/pr8081.c  -O2 -flto -fno-use-linker-plugin -flto-partition=none  (internal compiler error)
FAIL: gcc.dg/torture/pr8081.c  -O2 -flto -fno-use-linker-plugin -flto-partition=none  (test for excess errors)
FAIL: gcc.dg/torture/pr8081.c  -O2 -flto -fuse-linker-plugin -fno-fat-lto-objects  (internal compiler error)
FAIL: gcc.dg/torture/pr8081.c  -O2 -flto -fuse-linker-plugin -fno-fat-lto-objects  (test for excess errors)
WARNING: gcc.dg/torture/pr8081.c  -O2 -flto -fuse-linker-plugin -fno-fat-lto-objects  compilation failed to produce executable
FAIL: gcc.dg/tree-ssa/attr-alias.c scan-tree-dump-times optimized "  test4 " 1
FAIL: gcc.target/i386/intrinsics_4.c (internal compiler error)
FAIL: gcc.target/i386/intrinsics_4.c (test for excess errors)
FAIL: gcc.target/i386/pr55342.c scan-assembler-not notb

		=== gcc Summary ===

# of expected passes		95480
# of unexpected failures	9
# of expected failures		253
# of unresolved testcases	1
# of unsupported tests		1228
/var/gcc/regression/trunk/9-gcc-gas-gld/build/gcc/xgcc  version 4.9.0 20130823 (experimental) [trunk revision 201940] (GCC) 

		=== gfortran tests ===


Running target unix
FAIL: gfortran.dg/class_48.f90  -O2  (test for excess errors)
FAIL: gfortran.dg/class_48.f90  -Os  (test for excess errors)
FAIL: gfortran.dg/round_4.f90  -O0  (test for excess errors)
WARNING: gfortran.dg/round_4.f90  -O0  compilation failed to produce executable
FAIL: gfortran.dg/round_4.f90  -O1  (test for excess errors)
WARNING: gfortran.dg/round_4.f90  -O1  compilation failed to produce executable
FAIL: gfortran.dg/round_4.f90  -O2  (test for excess errors)
WARNING: gfortran.dg/round_4.f90  -O2  compilation failed to produce executable
FAIL: gfortran.dg/round_4.f90  -O3 -fomit-frame-pointer  (test for excess errors)
WARNING: gfortran.dg/round_4.f90  -O3 -fomit-frame-pointer  compilation failed to produce executable
FAIL: gfortran.dg/round_4.f90  -O3 -fomit-frame-pointer -funroll-loops  (test for excess errors)
WARNING: gfortran.dg/round_4.f90  -O3 -fomit-frame-pointer -funroll-loops  compilation failed to produce executable
FAIL: gfortran.dg/round_4.f90  -O3 -fomit-frame-pointer -funroll-all-loops -finline-functions  (test for excess errors)
WARNING: gfortran.dg/round_4.f90  -O3 -fomit-frame-pointer -funroll-all-loops -finline-functions  compilation failed to produce executable
FAIL: gfortran.dg/round_4.f90  -O3 -g  (test for excess errors)
WARNING: gfortran.dg/round_4.f90  -O3 -g  compilation failed to produce executable
FAIL: gfortran.dg/round_4.f90  -Os  (test for excess errors)
WARNING: gfortran.dg/round_4.f90  -Os  compilation failed to produce executable
FAIL: gfortran.dg/static_linking_1.f  -O0  execution test
FAIL: gfortran.dg/static_linking_1.f  -O1  execution test
FAIL: gfortran.dg/static_linking_1.f  -O2  execution test
FAIL: gfortran.dg/static_linking_1.f  -O3 -fomit-frame-pointer  execution test
FAIL: gfortran.dg/static_linking_1.f  -O3 -fomit-frame-pointer -funroll-loops  execution test
FAIL: gfortran.dg/static_linking_1.f  -O3 -fomit-frame-pointer -funroll-all-loops -finline-functions  execution test
FAIL: gfortran.dg/static_linking_1.f  -O3 -g  execution test
FAIL: gfortran.dg/static_linking_1.f  -Os  execution test
FAIL: gfortran.dg/lto/pr45586-2 f_lto_pr45586-2_0.o-f_lto_pr45586-2_0.o link, -O0 -flto -flto-partition=none -fuse-linker-plugin (internal compiler error)
UNRESOLVED: gfortran.dg/lto/pr45586-2 f_lto_pr45586-2_0.o-f_lto_pr45586-2_0.o execute -O0 -flto -flto-partition=none -fuse-linker-plugin
FAIL: gfortran.dg/lto/pr45586-2 f_lto_pr45586-2_0.o-f_lto_pr45586-2_0.o link, -O0 -flto -flto-partition=1to1 -fno-use-linker-plugin  (internal compiler error)
UNRESOLVED: gfortran.dg/lto/pr45586-2 f_lto_pr45586-2_0.o-f_lto_pr45586-2_0.o execute -O0 -flto -flto-partition=1to1 -fno-use-linker-plugin 
FAIL: gfortran.dg/lto/pr45586-2 f_lto_pr45586-2_0.o-f_lto_pr45586-2_0.o link, -O0 -flto -fuse-linker-plugin -fno-fat-lto-objects  (internal compiler error)
UNRESOLVED: gfortran.dg/lto/pr45586-2 f_lto_pr45586-2_0.o-f_lto_pr45586-2_0.o execute -O0 -flto -fuse-linker-plugin -fno-fat-lto-objects 
FAIL: gfortran.dg/lto/pr45586 f_lto_pr45586_0.o-f_lto_pr45586_0.o link, -O0 -flto -flto-partition=none -fuse-linker-plugin (internal compiler error)
UNRESOLVED: gfortran.dg/lto/pr45586 f_lto_pr45586_0.o-f_lto_pr45586_0.o execute -O0 -flto -flto-partition=none -fuse-linker-plugin
FAIL: gfortran.dg/lto/pr45586 f_lto_pr45586_0.o-f_lto_pr45586_0.o link, -O0 -flto -flto-partition=1to1 -fno-use-linker-plugin  (internal compiler error)
UNRESOLVED: gfortran.dg/lto/pr45586 f_lto_pr45586_0.o-f_lto_pr45586_0.o execute -O0 -flto -flto-partition=1to1 -fno-use-linker-plugin 
FAIL: gfortran.dg/lto/pr45586 f_lto_pr45586_0.o-f_lto_pr45586_0.o link, -O0 -flto -fuse-linker-plugin -fno-fat-lto-objects  (internal compiler error)
UNRESOLVED: gfortran.dg/lto/pr45586 f_lto_pr45586_0.o-f_lto_pr45586_0.o execute -O0 -flto -fuse-linker-plugin -fno-fat-lto-objects 

		=== gfortran Summary ===

# of expected passes		44325
# of unexpected failures	24
# of expected failures		52
# of unresolved testcases	6
# of unsupported tests		365
/var/gcc/regression/trunk/9-gcc-gas-gld/build/gcc/testsuite/gfortran/../../gfortran  version 4.9.0 20130823 (experimental) [trunk revision 201940] (GCC) 

		=== gnat tests ===


Running target unix

		=== gnat Summary ===

# of expected passes		1183
# of expected failures		18
# of unsupported tests		6
/var/gcc/regression/trunk/9-gcc-gas-gld/build/gcc/gnatmake version 4.9.0 20130823 (experimental) [trunk revision 201940]

		=== go tests ===


Running target unix

		=== go Summary ===

# of expected passes		5179
# of expected failures		1
# of untested testcases		5
/var/gcc/regression/trunk/9-gcc-gas-gld/build/gcc/testsuite/go/../../gccgo  version 4.9.0 20130823 (experimental) [trunk revision 201940] (GCC) 

		=== obj-c++ tests ===


Running target unix

		=== obj-c++ Summary ===

# of expected passes		1449
# of expected failures		2
# of unsupported tests		86
/var/gcc/regression/trunk/9-gcc-gas-gld/build/gcc/testsuite/obj-c++/../../xg++  version 4.9.0 20130823 (experimental) [trunk revision 201940] (GCC) 

		=== objc tests ===


Running target unix

		=== objc Summary ===

# of expected passes		2988
# of expected failures		6
# of unsupported tests		74
/var/gcc/regression/trunk/9-gcc-gas-gld/build/gcc/xgcc  version 4.9.0 20130823 (experimental) [trunk revision 201940] (GCC) 

		=== boehm-gc tests ===


Running target unix
FAIL: boehm-gc.c/gctest.c -O2 execution test

		=== boehm-gc Summary ===

# of expected passes		11
# of unexpected failures	1
# of unsupported tests		1
		=== libatomic tests ===


Running target unix

		=== libatomic Summary ===

# of expected passes		44
# of unsupported tests		5
		=== libffi tests ===


Running target unix

		=== libffi Summary ===

# of expected passes		1819
# of unsupported tests		55
		=== libgo tests ===


Running target unix
FAIL: runtime
FAIL: log/syslog

		=== libgo Summary ===

# of expected passes		120
# of unexpected failures	2
		=== libgomp tests ===


Running target unix
FAIL: libgomp.graphite/bounds.c scan-tree-dump-times graphite "0 loops carried no dependency" 1
FAIL: libgomp.graphite/force-parallel-4.c execution test
FAIL: libgomp.graphite/force-parallel-4.c scan-tree-dump-times graphite "2 loops carried no dependency" 1
FAIL: libgomp.graphite/force-parallel-6.c scan-tree-dump-times graphite "1 loops carried no dependency" 1
FAIL: libgomp.graphite/pr41118.c scan-tree-dump-times optimized "loopfn" 0

		=== libgomp Summary ===

# of expected passes		2187
# of unexpected failures	5
# of unsupported tests		3
		=== libitm tests ===


Running target unix

		=== libitm Summary ===

# of expected passes		26
# of expected failures		3
# of unsupported tests		1
		=== libjava tests ===


Running target unix
FAIL: Divide_1 output - source compiled test
FAIL: Divide_1 -findirect-dispatch output - source compiled test
FAIL: Divide_1 -O3 output - source compiled test
FAIL: Divide_1 -O3 -findirect-dispatch output - source compiled test
FAIL: sourcelocation output - source compiled test
FAIL: sourcelocation -findirect-dispatch output - source compiled test
FAIL: sourcelocation -O3 output - source compiled test
FAIL: sourcelocation -O3 -findirect-dispatch output - source compiled test

		=== libjava Summary ===

# of expected passes		2578
# of unexpected failures	8
		=== libstdc++ tests ===


Running target unix
XPASS: 22_locale/num_put/put/char/14220.cc execution test
XPASS: 22_locale/num_put/put/wchar_t/14220.cc execution test

		=== libstdc++ Summary ===

# of expected passes		7890
# of unexpected successes	2
# of expected failures		45
# of unsupported tests		908

Compiler version: 4.9.0 20130823 (experimental) [trunk revision 201940] (GCC) 
Platform: i386-pc-solaris2.9
configure flags: --prefix=/vol/gcc --target=i386-pc-solaris2.9 --enable-obsolete --enable-objc-gc --with-as=/vol/gcc/bin/gas-2.23.1 --with-gnu-as --with-ld=/vol/gcc/bin/gld-2.23.1 --with-gnu-ld --with-gmp-include=/vol/gcc/include --with-gmp-lib=/vol/gcc/lib --with-mpfr-include=/vol/gcc/include --with-mpfr-lib=/vol/gcc/lib --with-mpc-include=/vol/gcc/include --with-mpc-lib=/vol/gcc/lib --enable-languages=all,ada,obj-c++,go --with-isl-include=/vol/gcc/include --with-isl-lib=/vol/gcc/lib --with-cloog-include=/vol/gcc/include --with-cloog-lib=/vol/gcc/lib --enable-cloog-backend=isl
BOOT_CFLAGS=-g -O2


Index Nav: [Date Index] [Subject Index] [Author Index] [Thread Index]
Message Nav: [Date Prev] [Date Next] [Thread Prev] [Thread Next]