This is the mail archive of the gcc-testresults@gcc.gnu.org mailing list for the GCC project.


Index Nav: [Date Index] [Subject Index] [Author Index] [Thread Index]
Message Nav: [Date Prev] [Date Next] [Thread Prev] [Thread Next]
Other format: [Raw text]

FW: Results for 4.7.0 (GCC) testsuite on x86_64-unknown-linux-gnu




________________________________________
From: Jenkins
Sent: Friday, August 23, 2013 7:40:34 AM (UTC-08:00) Pacific Time (US & Canada)
To: apinski@cavium.com
Subject: Results for 4.7.0 (GCC) testsuite on x86_64-unknown-linux-gnu

Native configuration is x86_64-unknown-linux-gnu

                === gcc tests ===


Running target unix//-m32
FAIL: gcc.c-torture/execute/scal-to-vec1.c compilation,  -O3 -fomit-frame-pointer  (internal compiler error)
UNRESOLVED: gcc.c-torture/execute/scal-to-vec1.c execution,  -O3 -fomit-frame-pointer
FAIL: gcc.c-torture/execute/scal-to-vec1.c compilation,  -O3 -fomit-frame-pointer -funroll-loops  (internal compiler error)
UNRESOLVED: gcc.c-torture/execute/scal-to-vec1.c execution,  -O3 -fomit-frame-pointer -funroll-loops
FAIL: gcc.c-torture/execute/scal-to-vec1.c compilation,  -O3 -fomit-frame-pointer -funroll-all-loops -finline-functions  (internal compiler error)
UNRESOLVED: gcc.c-torture/execute/scal-to-vec1.c execution,  -O3 -fomit-frame-pointer -funroll-all-loops -finline-functions
FAIL: gcc.c-torture/execute/scal-to-vec1.c compilation,  -O3 -g  (internal compiler error)
UNRESOLVED: gcc.c-torture/execute/scal-to-vec1.c execution,  -O3 -g
FAIL: c-c++-common/asan/global-overflow-1.c  -O2  output pattern test, is =================================================================
FAIL: c-c++-common/asan/global-overflow-1.c  -O3 -fomit-frame-pointer  output pattern test, is =================================================================
FAIL: c-c++-common/asan/global-overflow-1.c  -O3 -g  output pattern test, is =================================================================
FAIL: c-c++-common/asan/global-overflow-1.c  -Os  output pattern test, is =================================================================
FAIL: gcc.dg/cproj-fails-with-broken-glibc.c execution test
XPASS: gcc.dg/inline_3.c (test for excess errors)
XPASS: gcc.dg/inline_4.c (test for excess errors)
XPASS: gcc.dg/unroll_2.c (test for excess errors)
XPASS: gcc.dg/unroll_3.c (test for excess errors)
XPASS: gcc.dg/unroll_4.c (test for excess errors)
XPASS: gcc.dg/guality/example.c  -O0  execution test
XPASS: gcc.dg/guality/example.c  -O1  execution test
XPASS: gcc.dg/guality/guality.c  -O0  execution test
XPASS: gcc.dg/guality/guality.c  -O1  execution test
XPASS: gcc.dg/guality/guality.c  -O2  execution test
XPASS: gcc.dg/guality/guality.c  -O3 -fomit-frame-pointer  execution test
XPASS: gcc.dg/guality/guality.c  -O3 -g  execution test
XPASS: gcc.dg/guality/guality.c  -Os  execution test
XPASS: gcc.dg/guality/guality.c  -O2 -flto -flto-partition=none  execution test
XPASS: gcc.dg/guality/guality.c  -O2 -flto  execution test
XPASS: gcc.dg/guality/inline-params.c  -O2  execution test
XPASS: gcc.dg/guality/inline-params.c  -O3 -fomit-frame-pointer  execution test
XPASS: gcc.dg/guality/inline-params.c  -O3 -g  execution test
XPASS: gcc.dg/guality/inline-params.c  -Os  execution test
XPASS: gcc.dg/guality/inline-params.c  -O2 -flto -flto-partition=none  execution test
XPASS: gcc.dg/guality/inline-params.c  -O2 -flto  execution test
XPASS: gcc.dg/guality/pr41353-1.c  -O0  line 28 j == 28 + 37
XPASS: gcc.dg/guality/pr41353-1.c  -O1  line 28 j == 28 + 37
XPASS: gcc.dg/guality/pr41353-1.c  -O2  line 28 j == 28 + 37
XPASS: gcc.dg/guality/pr41353-1.c  -O3 -fomit-frame-pointer  line 28 j == 28 + 37
XPASS: gcc.dg/guality/pr41353-1.c  -O3 -g  line 28 j == 28 + 37
XPASS: gcc.dg/guality/pr41353-1.c  -Os  line 28 j == 28 + 37
XPASS: gcc.dg/guality/pr41353-1.c  -O2 -flto -flto-partition=none  line 28 j == 28 + 37
XPASS: gcc.dg/guality/pr41353-1.c  -O2 -flto  line 28 j == 28 + 37
XPASS: gcc.dg/guality/pr41447-1.c  -O0  execution test
XPASS: gcc.dg/guality/pr41447-1.c  -O1  execution test
XPASS: gcc.dg/guality/pr41447-1.c  -Os  execution test
XPASS: gcc.dg/guality/pr41616-1.c  -O0  execution test
XPASS: gcc.dg/guality/pr41616-1.c  -O1  execution test
XPASS: gcc.dg/guality/pr41616-1.c  -O2  execution test
XPASS: gcc.dg/guality/pr41616-1.c  -O3 -fomit-frame-pointer  execution test
XPASS: gcc.dg/guality/pr41616-1.c  -O3 -g  execution test
XPASS: gcc.dg/guality/pr41616-1.c  -Os  execution test
XPASS: gcc.dg/guality/pr41616-1.c  -O2 -flto -flto-partition=none  execution test
XPASS: gcc.dg/guality/pr41616-1.c  -O2 -flto  execution test
FAIL: gcc.dg/guality/sra-1.c  -O1  line 21 a.j == 14
FAIL: gcc.dg/guality/sra-1.c  -O2  line 21 a.j == 14
FAIL: gcc.dg/guality/sra-1.c  -O3 -fomit-frame-pointer  line 21 a.j == 14
FAIL: gcc.dg/guality/sra-1.c  -O3 -g  line 21 a.j == 14
FAIL: gcc.dg/guality/sra-1.c  -Os  line 21 a.j == 14
FAIL: gcc.dg/guality/sra-1.c  -O2 -flto -flto-partition=none  line 21 a.j == 14
FAIL: gcc.dg/guality/sra-1.c  -O2 -flto  line 21 a.j == 14
FAIL: gcc.dg/guality/vla-1.c  -O0  line 17 sizeof (a) == 6
FAIL: gcc.dg/guality/vla-1.c  -O0  line 24 sizeof (a) == 17 * sizeof (short)
FAIL: gcc.dg/guality/vla-1.c  -O1  line 17 sizeof (a) == 6
FAIL: gcc.dg/guality/vla-1.c  -O1  line 24 sizeof (a) == 17 * sizeof (short)
FAIL: gcc.dg/guality/vla-1.c  -O2  line 17 sizeof (a) == 6
FAIL: gcc.dg/guality/vla-1.c  -O2  line 24 sizeof (a) == 17 * sizeof (short)
FAIL: gcc.dg/guality/vla-1.c  -O3 -fomit-frame-pointer  line 17 sizeof (a) == 6
FAIL: gcc.dg/guality/vla-1.c  -O3 -fomit-frame-pointer  line 24 sizeof (a) == 17 * sizeof (short)
FAIL: gcc.dg/guality/vla-1.c  -O3 -g  line 17 sizeof (a) == 6
FAIL: gcc.dg/guality/vla-1.c  -O3 -g  line 24 sizeof (a) == 17 * sizeof (short)
FAIL: gcc.dg/guality/vla-1.c  -Os  line 17 sizeof (a) == 6
FAIL: gcc.dg/guality/vla-1.c  -Os  line 24 sizeof (a) == 17 * sizeof (short)
FAIL: gcc.dg/guality/vla-1.c  -O2 -flto -flto-partition=none  line 17 sizeof (a) == 6
FAIL: gcc.dg/guality/vla-1.c  -O2 -flto -flto-partition=none  line 24 sizeof (a) == 17 * sizeof (short)
FAIL: gcc.dg/guality/vla-1.c  -O2 -flto  line 17 sizeof (a) == 6
FAIL: gcc.dg/guality/vla-1.c  -O2 -flto  line 24 sizeof (a) == 17 * sizeof (short)
FAIL: gcc.dg/guality/vla-2.c  -O0  line 16 sizeof (a) == 5 * sizeof (int)
FAIL: gcc.dg/guality/vla-2.c  -O0  line 25 sizeof (a) == 6 * sizeof (int)
FAIL: gcc.dg/guality/vla-2.c  -O1  line 16 sizeof (a) == 5 * sizeof (int)
FAIL: gcc.dg/guality/vla-2.c  -O1  line 25 sizeof (a) == 6 * sizeof (int)
FAIL: gcc.dg/guality/vla-2.c  -O2  line 16 sizeof (a) == 5 * sizeof (int)
FAIL: gcc.dg/guality/vla-2.c  -O2  line 25 sizeof (a) == 6 * sizeof (int)
FAIL: gcc.dg/guality/vla-2.c  -O3 -fomit-frame-pointer  line 16 sizeof (a) == 5 * sizeof (int)
FAIL: gcc.dg/guality/vla-2.c  -O3 -fomit-frame-pointer  line 25 sizeof (a) == 6 * sizeof (int)
FAIL: gcc.dg/guality/vla-2.c  -O3 -g  line 16 sizeof (a) == 5 * sizeof (int)
FAIL: gcc.dg/guality/vla-2.c  -O3 -g  line 25 sizeof (a) == 6 * sizeof (int)
FAIL: gcc.dg/guality/vla-2.c  -Os  line 16 sizeof (a) == 5 * sizeof (int)
FAIL: gcc.dg/guality/vla-2.c  -Os  line 25 sizeof (a) == 6 * sizeof (int)
FAIL: gcc.dg/guality/vla-2.c  -O2 -flto -flto-partition=none  line 16 sizeof (a) == 5 * sizeof (int)
FAIL: gcc.dg/guality/vla-2.c  -O2 -flto -flto-partition=none  line 25 sizeof (a) == 6 * sizeof (int)
FAIL: gcc.dg/guality/vla-2.c  -O2 -flto  line 16 sizeof (a) == 5 * sizeof (int)
FAIL: gcc.dg/guality/vla-2.c  -O2 -flto  line 25 sizeof (a) == 6 * sizeof (int)
FAIL: gcc.dg/torture/tls/run-ld.c  -O1  -pie -fpie  execution test
FAIL: gcc.dg/torture/tls/run-ld.c  -O2  -pie -fpie  execution test
FAIL: gcc.dg/torture/tls/run-ld.c  -O3 -fomit-frame-pointer  -pie -fpie  execution test
FAIL: gcc.dg/torture/tls/run-ld.c  -O3 -g  -pie -fpie  execution test
FAIL: gcc.dg/torture/tls/run-ld.c  -Os  -pie -fpie  execution test
FAIL: gcc.dg/torture/tls/run-ld.c  -O1  -pie -fPIE  execution test
FAIL: gcc.dg/torture/tls/run-ld.c  -O2  -pie -fPIE  execution test
FAIL: gcc.dg/torture/tls/run-ld.c  -O3 -fomit-frame-pointer  -pie -fPIE  execution test
FAIL: gcc.dg/torture/tls/run-ld.c  -O3 -g  -pie -fPIE  execution test
FAIL: gcc.dg/torture/tls/run-ld.c  -Os  -pie -fPIE  execution test
FAIL: gcc.dg/tree-ssa/loop-38.c scan-tree-dump-times ch "3 loops found" 1
FAIL: gcc.dg/vect/vect-98-big-array.c execution test
FAIL: gcc.dg/vect/vect-98-big-array.c -flto execution test

                === gcc Summary for unix//-m32 ===

# of expected passes            86429
# of unexpected failures        61
# of unexpected successes       40
# of expected failures          268
# of unresolved testcases       4
# of unsupported tests          1280

Running target unix//-m64
FAIL: gcc.c-torture/execute/scal-to-vec1.c compilation,  -O3 -fomit-frame-pointer  (internal compiler error)
UNRESOLVED: gcc.c-torture/execute/scal-to-vec1.c execution,  -O3 -fomit-frame-pointer
FAIL: gcc.c-torture/execute/scal-to-vec1.c compilation,  -O3 -fomit-frame-pointer -funroll-loops  (internal compiler error)
UNRESOLVED: gcc.c-torture/execute/scal-to-vec1.c execution,  -O3 -fomit-frame-pointer -funroll-loops
FAIL: gcc.c-torture/execute/scal-to-vec1.c compilation,  -O3 -fomit-frame-pointer -funroll-all-loops -finline-functions  (internal compiler error)
UNRESOLVED: gcc.c-torture/execute/scal-to-vec1.c execution,  -O3 -fomit-frame-pointer -funroll-all-loops -finline-functions
FAIL: gcc.c-torture/execute/scal-to-vec1.c compilation,  -O3 -g  (internal compiler error)
UNRESOLVED: gcc.c-torture/execute/scal-to-vec1.c execution,  -O3 -g
FAIL: c-c++-common/asan/global-overflow-1.c  -O2  output pattern test, is =================================================================
FAIL: c-c++-common/asan/global-overflow-1.c  -O3 -fomit-frame-pointer  output pattern test, is =================================================================
FAIL: c-c++-common/asan/global-overflow-1.c  -O3 -g  output pattern test, is =================================================================
FAIL: c-c++-common/asan/global-overflow-1.c  -Os  output pattern test, is =================================================================
FAIL: c-c++-common/asan/global-overflow-1.c  -O2 -flto -flto-partition=none  output pattern test, is =================================================================
FAIL: c-c++-common/asan/global-overflow-1.c  -O2 -flto  output pattern test, is =================================================================
FAIL: gcc.dg/cproj-fails-with-broken-glibc.c execution test
XPASS: gcc.dg/inline_3.c (test for excess errors)
XPASS: gcc.dg/inline_4.c (test for excess errors)
XPASS: gcc.dg/unroll_2.c (test for excess errors)
XPASS: gcc.dg/unroll_3.c (test for excess errors)
XPASS: gcc.dg/unroll_4.c (test for excess errors)
FAIL: gcc.dg/guality/clztest.c  -O3 -fomit-frame-pointer  line 12 g == f
FAIL: gcc.dg/guality/clztest.c  -O3 -fomit-frame-pointer  line 22 g == f
FAIL: gcc.dg/guality/clztest.c  -O3 -g  line 12 g == f
FAIL: gcc.dg/guality/clztest.c  -O3 -g  line 22 g == f
XPASS: gcc.dg/guality/example.c  -O0  execution test
XPASS: gcc.dg/guality/example.c  -O1  execution test
XPASS: gcc.dg/guality/example.c  -O2  execution test
XPASS: gcc.dg/guality/example.c  -Os  execution test
XPASS: gcc.dg/guality/example.c  -O2 -flto -flto-partition=none  execution test
XPASS: gcc.dg/guality/example.c  -O2 -flto  execution test
XPASS: gcc.dg/guality/guality.c  -O0  execution test
XPASS: gcc.dg/guality/guality.c  -O1  execution test
XPASS: gcc.dg/guality/guality.c  -O2  execution test
XPASS: gcc.dg/guality/guality.c  -O3 -fomit-frame-pointer  execution test
XPASS: gcc.dg/guality/guality.c  -O3 -g  execution test
XPASS: gcc.dg/guality/guality.c  -Os  execution test
XPASS: gcc.dg/guality/guality.c  -O2 -flto -flto-partition=none  execution test
XPASS: gcc.dg/guality/guality.c  -O2 -flto  execution test
XPASS: gcc.dg/guality/inline-params.c  -O2  execution test
XPASS: gcc.dg/guality/inline-params.c  -O3 -fomit-frame-pointer  execution test
XPASS: gcc.dg/guality/inline-params.c  -O3 -g  execution test
XPASS: gcc.dg/guality/inline-params.c  -Os  execution test
XPASS: gcc.dg/guality/inline-params.c  -O2 -flto -flto-partition=none  execution test
XPASS: gcc.dg/guality/inline-params.c  -O2 -flto  execution test
XPASS: gcc.dg/guality/pr41353-1.c  -O0  line 28 j == 28 + 37
XPASS: gcc.dg/guality/pr41353-1.c  -O1  line 28 j == 28 + 37
XPASS: gcc.dg/guality/pr41353-1.c  -O2  line 28 j == 28 + 37
XPASS: gcc.dg/guality/pr41353-1.c  -O3 -fomit-frame-pointer  line 28 j == 28 + 37
XPASS: gcc.dg/guality/pr41353-1.c  -O3 -g  line 28 j == 28 + 37
XPASS: gcc.dg/guality/pr41353-1.c  -Os  line 28 j == 28 + 37
XPASS: gcc.dg/guality/pr41353-1.c  -O2 -flto -flto-partition=none  line 28 j == 28 + 37
XPASS: gcc.dg/guality/pr41353-1.c  -O2 -flto  line 28 j == 28 + 37
XPASS: gcc.dg/guality/pr41447-1.c  -O0  execution test
XPASS: gcc.dg/guality/pr41447-1.c  -O1  execution test
XPASS: gcc.dg/guality/pr41447-1.c  -O2  execution test
XPASS: gcc.dg/guality/pr41447-1.c  -O3 -fomit-frame-pointer  execution test
XPASS: gcc.dg/guality/pr41447-1.c  -O3 -g  execution test
XPASS: gcc.dg/guality/pr41447-1.c  -Os  execution test
XPASS: gcc.dg/guality/pr41447-1.c  -O2 -flto -flto-partition=none  execution test
XPASS: gcc.dg/guality/pr41447-1.c  -O2 -flto  execution test
XPASS: gcc.dg/guality/pr41616-1.c  -O0  execution test
XPASS: gcc.dg/guality/pr41616-1.c  -O1  execution test
XPASS: gcc.dg/guality/pr41616-1.c  -O2  execution test
XPASS: gcc.dg/guality/pr41616-1.c  -O3 -fomit-frame-pointer  execution test
XPASS: gcc.dg/guality/pr41616-1.c  -O3 -g  execution test
XPASS: gcc.dg/guality/pr41616-1.c  -Os  execution test
XPASS: gcc.dg/guality/pr41616-1.c  -O2 -flto -flto-partition=none  execution test
XPASS: gcc.dg/guality/pr41616-1.c  -O2 -flto  execution test
FAIL: gcc.dg/guality/sra-1.c  -O1  line 21 a.j == 14
FAIL: gcc.dg/guality/sra-1.c  -O2  line 21 a.j == 14
FAIL: gcc.dg/guality/sra-1.c  -O3 -fomit-frame-pointer  line 21 a.j == 14
FAIL: gcc.dg/guality/sra-1.c  -O3 -g  line 21 a.j == 14
FAIL: gcc.dg/guality/sra-1.c  -Os  line 21 a.j == 14
FAIL: gcc.dg/guality/sra-1.c  -O2 -flto -flto-partition=none  line 21 a.j == 14
FAIL: gcc.dg/guality/sra-1.c  -O2 -flto  line 21 a.j == 14
FAIL: gcc.dg/guality/vla-1.c  -O0  line 17 sizeof (a) == 6
FAIL: gcc.dg/guality/vla-1.c  -O0  line 24 sizeof (a) == 17 * sizeof (short)
FAIL: gcc.dg/guality/vla-1.c  -O1  line 17 sizeof (a) == 6
FAIL: gcc.dg/guality/vla-1.c  -O1  line 24 sizeof (a) == 17 * sizeof (short)
FAIL: gcc.dg/guality/vla-1.c  -O2  line 17 sizeof (a) == 6
FAIL: gcc.dg/guality/vla-1.c  -O2  line 24 sizeof (a) == 17 * sizeof (short)
FAIL: gcc.dg/guality/vla-1.c  -O3 -fomit-frame-pointer  line 17 sizeof (a) == 6
FAIL: gcc.dg/guality/vla-1.c  -O3 -fomit-frame-pointer  line 24 sizeof (a) == 17 * sizeof (short)
FAIL: gcc.dg/guality/vla-1.c  -O3 -g  line 17 sizeof (a) == 6
FAIL: gcc.dg/guality/vla-1.c  -O3 -g  line 24 sizeof (a) == 17 * sizeof (short)
FAIL: gcc.dg/guality/vla-1.c  -Os  line 17 sizeof (a) == 6
FAIL: gcc.dg/guality/vla-1.c  -Os  line 24 sizeof (a) == 17 * sizeof (short)
FAIL: gcc.dg/guality/vla-1.c  -O2 -flto -flto-partition=none  line 17 sizeof (a) == 6
FAIL: gcc.dg/guality/vla-1.c  -O2 -flto -flto-partition=none  line 24 sizeof (a) == 17 * sizeof (short)
FAIL: gcc.dg/guality/vla-1.c  -O2 -flto  line 17 sizeof (a) == 6
FAIL: gcc.dg/guality/vla-1.c  -O2 -flto  line 24 sizeof (a) == 17 * sizeof (short)
FAIL: gcc.dg/guality/vla-2.c  -O0  line 16 sizeof (a) == 5 * sizeof (int)
FAIL: gcc.dg/guality/vla-2.c  -O0  line 25 sizeof (a) == 6 * sizeof (int)
FAIL: gcc.dg/guality/vla-2.c  -O1  line 16 sizeof (a) == 5 * sizeof (int)
FAIL: gcc.dg/guality/vla-2.c  -O1  line 25 sizeof (a) == 6 * sizeof (int)
FAIL: gcc.dg/guality/vla-2.c  -O2  line 16 sizeof (a) == 5 * sizeof (int)
FAIL: gcc.dg/guality/vla-2.c  -O2  line 25 sizeof (a) == 6 * sizeof (int)
FAIL: gcc.dg/guality/vla-2.c  -O3 -fomit-frame-pointer  line 16 sizeof (a) == 5 * sizeof (int)
FAIL: gcc.dg/guality/vla-2.c  -O3 -fomit-frame-pointer  line 25 sizeof (a) == 6 * sizeof (int)
FAIL: gcc.dg/guality/vla-2.c  -O3 -g  line 16 sizeof (a) == 5 * sizeof (int)
FAIL: gcc.dg/guality/vla-2.c  -O3 -g  line 25 sizeof (a) == 6 * sizeof (int)
FAIL: gcc.dg/guality/vla-2.c  -Os  line 16 sizeof (a) == 5 * sizeof (int)
FAIL: gcc.dg/guality/vla-2.c  -Os  line 25 sizeof (a) == 6 * sizeof (int)
FAIL: gcc.dg/guality/vla-2.c  -O2 -flto -flto-partition=none  line 16 sizeof (a) == 5 * sizeof (int)
FAIL: gcc.dg/guality/vla-2.c  -O2 -flto -flto-partition=none  line 25 sizeof (a) == 6 * sizeof (int)
FAIL: gcc.dg/guality/vla-2.c  -O2 -flto  line 16 sizeof (a) == 5 * sizeof (int)
FAIL: gcc.dg/guality/vla-2.c  -O2 -flto  line 25 sizeof (a) == 6 * sizeof (int)
WARNING: program timed out.
FAIL: gcc.dg/tree-prof/val-prof-7.c compilation,  -fprofile-use -D_PROFILE_USE
UNRESOLVED: gcc.dg/tree-prof/val-prof-7.c execution,    -fprofile-use -D_PROFILE_USE
FAIL: gcc.dg/tree-ssa/loop-38.c scan-tree-dump-times ch "3 loops found" 1
FAIL: gcc.dg/vect/vect-98-big-array.c execution test
FAIL: gcc.dg/vect/vect-98-big-array.c -flto execution test

                === gcc Summary for unix//-m64 ===

# of expected passes            87261
# of unexpected failures        58
# of unexpected successes       49
# of expected failures          259
# of unresolved testcases       5
# of unsupported tests          1684

                === gcc Summary ===

# of expected passes            173690
# of unexpected failures        119
# of unexpected successes       89
# of expected failures          527
# of unresolved testcases       9
# of unsupported tests          2964
/home/jenkins/workspace/GCC-native/objdir/gcc/xgcc  version 4.7.0 (GCC)

                === gfortran tests ===


Running target unix//-m32
FAIL: gfortran.dg/dependency_39.f90  -O3 -fomit-frame-pointer  execution test
FAIL: gfortran.dg/dependency_39.f90  -O3 -fomit-frame-pointer -funroll-loops  execution test
FAIL: gfortran.dg/dependency_39.f90  -O3 -fomit-frame-pointer -funroll-all-loops -finline-functions  execution test
FAIL: gfortran.dg/dependency_39.f90  -O3 -g  execution test

                === gfortran Summary for unix//-m32 ===

# of expected passes            40520
# of unexpected failures        4
# of expected failures          42
# of unsupported tests          208

Running target unix//-m64
FAIL: gfortran.dg/dependency_39.f90  -O3 -fomit-frame-pointer  execution test
FAIL: gfortran.dg/dependency_39.f90  -O3 -fomit-frame-pointer -funroll-loops  execution test
FAIL: gfortran.dg/dependency_39.f90  -O3 -fomit-frame-pointer -funroll-all-loops -finline-functions  execution test
FAIL: gfortran.dg/dependency_39.f90  -O3 -g  execution test

                === gfortran Summary for unix//-m64 ===

# of expected passes            40809
# of unexpected failures        4
# of expected failures          42
# of unsupported tests          68

                === gfortran Summary ===

# of expected passes            81329
# of unexpected failures        8
# of expected failures          84
# of unsupported tests          276
/home/jenkins/workspace/GCC-native/objdir/gcc/testsuite/gfortran/../../gfortran  version 4.7.0 (GCC)

                === g++ tests ===


Running target unix//-m32
FAIL: c-c++-common/asan/global-overflow-1.c  -O2  output pattern test, is =================================================================
FAIL: c-c++-common/asan/global-overflow-1.c  -O3 -fomit-frame-pointer  output pattern test, is =================================================================
FAIL: c-c++-common/asan/global-overflow-1.c  -O3 -g  output pattern test, is =================================================================
FAIL: c-c++-common/asan/global-overflow-1.c  -Os  output pattern test, is =================================================================
FAIL: g++.dg/asan/large-func-test-1.C  -O2  output pattern test, is =================================================================
FAIL: g++.dg/asan/large-func-test-1.C  -O3 -fomit-frame-pointer  output pattern test, is =================================================================
FAIL: g++.dg/asan/large-func-test-1.C  -O3 -g  output pattern test, is =================================================================
FAIL: g++.dg/asan/large-func-test-1.C  -Os  output pattern test, is =================================================================
FAIL: g++.dg/asan/large-func-test-1.C  -O2 -flto -flto-partition=none  output pattern test, is =================================================================
FAIL: g++.dg/asan/large-func-test-1.C  -O2 -flto  output pattern test, is =================================================================
FAIL: g++.dg/guality/redeclaration1.C  -O0  line 17 i == 24
FAIL: g++.dg/guality/redeclaration1.C  -O1  line 17 i == 24
FAIL: g++.dg/guality/redeclaration1.C  -O2  line 17 i == 24
FAIL: g++.dg/guality/redeclaration1.C  -O3 -fomit-frame-pointer  line 17 i == 24
FAIL: g++.dg/guality/redeclaration1.C  -O3 -g  line 17 i == 24
FAIL: g++.dg/guality/redeclaration1.C  -Os  line 17 i == 24

                === g++ Summary for unix//-m32 ===

# of expected passes            49866
# of unexpected failures        16
# of expected failures          313
# of unsupported tests          341

Running target unix//-m64
FAIL: c-c++-common/asan/global-overflow-1.c  -O2  output pattern test, is =================================================================
FAIL: c-c++-common/asan/global-overflow-1.c  -O3 -fomit-frame-pointer  output pattern test, is =================================================================
FAIL: c-c++-common/asan/global-overflow-1.c  -O3 -g  output pattern test, is =================================================================
FAIL: c-c++-common/asan/global-overflow-1.c  -Os  output pattern test, is =================================================================
FAIL: c-c++-common/asan/global-overflow-1.c  -O2 -flto -flto-partition=none  output pattern test, is =================================================================
FAIL: c-c++-common/asan/global-overflow-1.c  -O2 -flto  output pattern test, is =================================================================
FAIL: g++.dg/asan/large-func-test-1.C  -O2  output pattern test, is =================================================================
FAIL: g++.dg/asan/large-func-test-1.C  -O3 -fomit-frame-pointer  output pattern test, is =================================================================
FAIL: g++.dg/asan/large-func-test-1.C  -O3 -g  output pattern test, is =================================================================
FAIL: g++.dg/asan/large-func-test-1.C  -Os  output pattern test, is =================================================================
FAIL: g++.dg/asan/large-func-test-1.C  -O2 -flto -flto-partition=none  output pattern test, is =================================================================
FAIL: g++.dg/asan/large-func-test-1.C  -O2 -flto  output pattern test, is =================================================================
FAIL: g++.dg/guality/redeclaration1.C  -O0  line 17 i == 24
FAIL: g++.dg/guality/redeclaration1.C  -O1  line 17 i == 24
FAIL: g++.dg/guality/redeclaration1.C  -O2  line 17 i == 24
FAIL: g++.dg/guality/redeclaration1.C  -O3 -fomit-frame-pointer  line 17 i == 24
FAIL: g++.dg/guality/redeclaration1.C  -O3 -g  line 17 i == 24
FAIL: g++.dg/guality/redeclaration1.C  -Os  line 17 i == 24

                === g++ Summary for unix//-m64 ===

# of expected passes            50621
# of unexpected failures        18
# of expected failures          313
# of unsupported tests          587

                === g++ Summary ===

# of expected passes            100487
# of unexpected failures        34
# of expected failures          626
# of unsupported tests          928
/home/jenkins/workspace/GCC-native/objdir/gcc/testsuite/g++/../../g++  version 4.7.0 (GCC)

                === objc tests ===


Running target unix//-m32

                === objc Summary for unix//-m32 ===

# of expected passes            2988
# of expected failures          6
# of unsupported tests          74

Running target unix//-m64

                === objc Summary for unix//-m64 ===

# of expected passes            2988
# of expected failures          6
# of unsupported tests          74

                === objc Summary ===

# of expected passes            5976
# of expected failures          12
# of unsupported tests          148
/home/jenkins/workspace/GCC-native/objdir/gcc/xgcc  version 4.7.0 (GCC)

                === boehm-gc tests ===


Running target unix//-m32

                === boehm-gc Summary for unix//-m32 ===

# of expected passes            12
# of unsupported tests          1

Running target unix//-m64

                === boehm-gc Summary for unix//-m64 ===

# of expected passes            12
# of unsupported tests          1

                === boehm-gc Summary ===

# of expected passes            24
# of unsupported tests          2
                === libatomic tests ===


Running target unix//-m32

                === libatomic Summary for unix//-m32 ===

# of expected passes            44
# of unsupported tests          5

Running target unix//-m64

                === libatomic Summary for unix//-m64 ===

# of expected passes            54

                === libatomic Summary ===

# of expected passes            98
# of unsupported tests          5
                === libffi tests ===


Running target unix//-m32

                === libffi Summary for unix//-m32 ===

# of expected passes            1634
# of expected failures          10
# of unsupported tests          55

Running target unix//-m64

                === libffi Summary for unix//-m64 ===

# of expected passes            1634
# of expected failures          10
# of unsupported tests          55

                === libffi Summary ===

# of expected passes            3268
# of expected failures          20
# of unsupported tests          110
                === libgomp tests ===


Running target unix//-m32

                === libgomp Summary for unix//-m32 ===

# of expected passes            2952

Running target unix//-m64

                === libgomp Summary for unix//-m64 ===

# of expected passes            2952

                === libgomp Summary ===

# of expected passes            5904
                === libitm tests ===


Running target unix//-m32

                === libitm Summary for unix//-m32 ===

# of expected passes            26
# of expected failures          3
# of unsupported tests          1

Running target unix//-m64

                === libitm Summary for unix//-m64 ===

# of expected passes            26
# of expected failures          3
# of unsupported tests          1

                === libitm Summary ===

# of expected passes            52
# of expected failures          6
# of unsupported tests          2
                === libjava tests ===


Running target unix//-m32

                === libjava Summary for unix//-m32 ===

# of expected passes            2574

Running target unix//-m64

                === libjava Summary for unix//-m64 ===

# of expected passes            2574

                === libjava Summary ===

# of expected passes            5148
                === libmudflap tests ===


Running target unix//-m32

                === libmudflap Summary for unix//-m32 ===

# of expected passes            1906

Running target unix//-m64
FAIL: libmudflap.c++/pass55-frag.cxx ( -O) execution test

                === libmudflap Summary for unix//-m64 ===

# of expected passes            1435
# of unexpected failures        1

                === libmudflap Summary ===

# of expected passes            3341
# of unexpected failures        1
                === libstdc++ tests ===


Running target unix//-m32
FAIL: ext/pb_ds/regression/trie_map_rand.cc execution test
FAIL: ext/pb_ds/regression/trie_set_rand.cc execution test

                === libstdc++ Summary for unix//-m32 ===

# of expected passes            8235
# of unexpected failures        2
# of expected failures          43
# of unsupported tests          451

Running target unix//-m64
FAIL: ext/pb_ds/regression/trie_map_rand.cc execution test
FAIL: ext/pb_ds/regression/trie_set_rand.cc execution test

                === libstdc++ Summary for unix//-m64 ===

# of expected passes            8233
# of unexpected failures        2
# of expected failures          43
# of unsupported tests          452

                === libstdc++ Summary ===

# of expected passes            16468
# of unexpected failures        4
# of expected failures          86
# of unsupported tests          903

Compiler version: 4.7.0 (GCC)
Platform: x86_64-unknown-linux-gnu
configure flags: --prefix=/home/jenkins/workspace/GCC-native/objdir/install


Index Nav: [Date Index] [Subject Index] [Author Index] [Thread Index]
Message Nav: [Date Prev] [Date Next] [Thread Prev] [Thread Next]