This is the mail archive of the
gcc-testresults@gcc.gnu.org
mailing list for the GCC project.
Results for 4.9.0 20130818 (experimental) [trunk revision 201829p3] (GCC) testsuite on powerpc-apple-darwin9.8.0
- From: dominiq at lps dot ens dot fr (Dominique Dhumieres)
- To: gcc-testresults at gcc dot gnu dot org
- Date: Tue, 20 Aug 2013 21:03:45 +0200
- Subject: Results for 4.9.0 20130818 (experimental) [trunk revision 201829p3] (GCC) testsuite on powerpc-apple-darwin9.8.0
LAST_UPDATED: Updated Sun Aug 18 18:02:16 CEST 2013 to revision 201829
with known fixes.
=== acats tests ===
FAIL: c52103x
FAIL: c52104x
FAIL: c52104y
=== acats Summary ===
# of expected passes 2317
# of unexpected failures 3
Native configuration is powerpc-apple-darwin9.8.0
=== g++ tests ===
Running target unix/-m32
FAIL: g++.dg/ext/alignof2.C -std=c++98 execution test
FAIL: g++.dg/ext/alignof2.C -std=c++11 execution test
FAIL: g++.dg/opt/vt4.C -std=gnu++98 scan-assembler-not _ZTV.A
FAIL: g++.dg/opt/vt4.C -std=gnu++11 scan-assembler-not _ZTV.A
=== g++ Summary for unix/-m32 ===
# of expected passes 52732
# of unexpected failures 4
# of expected failures 293
# of unsupported tests 1028
Running target unix/-m64
FAIL: g++.dg/opt/vt4.C -std=gnu++98 scan-assembler-not _ZTV.A
FAIL: g++.dg/opt/vt4.C -std=gnu++11 scan-assembler-not _ZTV.A
=== g++ Summary for unix/-m64 ===
# of expected passes 53972
# of unexpected failures 2
# of expected failures 293
# of unsupported tests 1018
=== g++ Summary ===
# of expected passes 106704
# of unexpected failures 6
# of expected failures 586
# of unsupported tests 2046
/opt/gcc/darwin_buildw/gcc/testsuite/g++/../../xg++ version 4.9.0 20130818 (experimental) [trunk revision 201829p3] (GCC)
=== gcc tests ===
Running target unix/-m32
FAIL: gcc.dg/debug/dwarf2/pr53948.c scan-assembler .loc 1 8 0|[#/!][ \\t]+line 8
FAIL: gcc.dg/and-1.c scan-assembler-not nand
FAIL: gcc.dg/atomic-flag.c execution test
FAIL: gcc.dg/pr56228.c (test for excess errors)
FAIL: gcc.dg/pr56837.c scan-tree-dump-times optimized "memset ..b, 1, 1024.;" 1
FAIL: gcc.dg/torture/pr8081.c -O2 -flto -flto-partition=none (internal compiler error)
FAIL: gcc.dg/torture/pr8081.c -O2 -flto -flto-partition=none (test for excess errors)
FAIL: gcc.dg/torture/pr8081.c -O2 -flto (internal compiler error)
FAIL: gcc.dg/torture/pr8081.c -O2 -flto (test for excess errors)
FAIL: gcc.dg/tree-ssa/sra-12.c scan-tree-dump-times release_ssa "l;" 0
FAIL: gcc.dg/tree-ssa/ssa-dom-thread-4.c scan-tree-dump-times dom1 "Threaded" 3
FAIL: gcc.dg/tree-ssa/vrp47.c scan-tree-dump-times vrp1 "[xy][^ ]* !=" 0
FAIL: gcc.dg/vect/costmodel/ppc/costmodel-bb-slp-9a.c scan-tree-dump-times slp "basic block vectorized using SLP" 1
FAIL: gcc.dg/vect/pr56787.c scan-tree-dump vect "vectorized 1 loops"
FAIL: gcc.dg/vect/vect-96.c scan-tree-dump-times vect "Vectorizing an unaligned access" 1
FAIL: gcc.dg/vect/vect-96.c scan-tree-dump-times vect "Alignment of access forced using peeling" 1
FAIL: gcc.dg/vect/pr56787.c -flto scan-tree-dump vect "vectorized 1 loops"
FAIL: gcc.dg/vect/vect-96.c -flto scan-tree-dump-times vect "Vectorizing an unaligned access" 1
FAIL: gcc.dg/vect/vect-96.c -flto scan-tree-dump-times vect "Alignment of access forced using peeling" 1
FAIL: gcc.target/powerpc/405-dlmzb-strlen-1.c scan-assembler dlmzb\\\\.
FAIL: gcc.target/powerpc/440-dlmzb-strlen-1.c scan-assembler dlmzb\\\\.
UNRESOLVED: gcc.target/powerpc/dfmode_off.c object-size text == 320
UNRESOLVED: gcc.target/powerpc/dimode_off.c object-size text <= 640
UNRESOLVED: gcc.target/powerpc/tfmode_off.c object-size text == 544
=== gcc Summary for unix/-m32 ===
# of expected passes 90076
# of unexpected failures 21
# of expected failures 220
# of unresolved testcases 3
# of unsupported tests 1600
Running target unix/-m64
FAIL: gcc.c-torture/execute/va-arg-4.c execution, -O1
FAIL: gcc.c-torture/execute/va-arg-4.c execution, -Og -g
FAIL: gcc.dg/debug/dwarf2/pr53948.c scan-assembler .loc 1 8 0|[#/!][ \\t]+line 8
FAIL: gcc.dg/and-1.c scan-assembler-not nand
FAIL: gcc.dg/darwin-segaddr.c execution test
FAIL: gcc.dg/pr44194-1.c scan-rtl-dump dse1 "global deletions = (2|3)"
FAIL: gcc.dg/pr44194-1.c scan-rtl-dump-not final "insn [^\\n]*set \\\\(mem"
FAIL: gcc.dg/pr56228.c (test for excess errors)
FAIL: gcc.dg/torture/pr8081.c -O2 -flto -flto-partition=none (internal compiler error)
FAIL: gcc.dg/torture/pr8081.c -O2 -flto -flto-partition=none (test for excess errors)
FAIL: gcc.dg/torture/pr8081.c -O2 -flto (internal compiler error)
FAIL: gcc.dg/torture/pr8081.c -O2 -flto (test for excess errors)
FAIL: gcc.dg/torture/stackalign/nested-6.c -O0 execution test
FAIL: gcc.dg/torture/stackalign/nested-6.c -O0 -fpic execution test
FAIL: gcc.dg/tree-ssa/ssa-dom-thread-4.c scan-tree-dump-times dom1 "Threaded" 3
FAIL: gcc.dg/tree-ssa/vrp47.c scan-tree-dump-times vrp1 "[xy][^ ]* !=" 0
FAIL: gcc.dg/vect/costmodel/ppc/costmodel-pr37194.c scan-tree-dump-times vect "vectorization not profitable" 1
FAIL: gcc.dg/vect/costmodel/ppc/costmodel-pr37194.c scan-tree-dump-times vect "vectorized 1 loops" 1
FAIL: gcc.dg/vect/costmodel/ppc/costmodel-bb-slp-9a.c scan-tree-dump-times slp "basic block vectorized using SLP" 1
FAIL: gcc.dg/vect/pr48765.c (internal compiler error)
FAIL: gcc.dg/vect/pr48765.c (test for excess errors)
FAIL: gcc.dg/vect/pr56787.c scan-tree-dump vect "vectorized 1 loops"
FAIL: gcc.dg/vect/pr48765.c -flto (internal compiler error)
FAIL: gcc.dg/vect/pr48765.c -flto (test for excess errors)
FAIL: gcc.dg/vect/pr56787.c -flto scan-tree-dump vect "vectorized 1 loops"
UNRESOLVED: gcc.target/powerpc/dfmode_off.c object-size text == 320
UNRESOLVED: gcc.target/powerpc/dimode_off.c object-size text == 440
FAIL: gcc.target/powerpc/optimize-bswapdi-3.c scan-assembler ldbrx
FAIL: gcc.target/powerpc/optimize-bswapdi-3.c scan-assembler stdbrx
UNRESOLVED: gcc.target/powerpc/tfmode_off.c object-size text == 544
UNRESOLVED: gcc.target/powerpc/timode_off.c object-size text <= 700
=== gcc Summary for unix/-m64 ===
# of expected passes 90700
# of unexpected failures 27
# of expected failures 236
# of unresolved testcases 4
# of unsupported tests 1610
=== gcc Summary ===
# of expected passes 180776
# of unexpected failures 48
# of expected failures 456
# of unresolved testcases 7
# of unsupported tests 3210
/opt/gcc/darwin_buildw/gcc/xgcc version 4.9.0 20130818 (experimental) [trunk revision 201829p3] (GCC)
=== gfortran tests ===
Running target unix/-m32
FAIL: gfortran.dg/class_48.f90 -O2 (test for excess errors)
FAIL: gfortran.dg/class_48.f90 -Os (test for excess errors)
FAIL: gfortran.dg/large_real_kind_3.F90 -O0 execution test
FAIL: gfortran.dg/round_4.f90 -O0 execution test
FAIL: gfortran.dg/round_4.f90 -O1 execution test
FAIL: gfortran.dg/round_4.f90 -O2 execution test
FAIL: gfortran.dg/round_4.f90 -O3 -fomit-frame-pointer execution test
FAIL: gfortran.dg/round_4.f90 -O3 -fomit-frame-pointer -funroll-loops execution test
FAIL: gfortran.dg/round_4.f90 -O3 -fomit-frame-pointer -funroll-all-loops -finline-functions execution test
FAIL: gfortran.dg/round_4.f90 -O3 -g execution test
FAIL: gfortran.dg/round_4.f90 -Os execution test
FAIL: gfortran.dg/lto/pr45586-2 f_lto_pr45586-2_0.o-f_lto_pr45586-2_0.o link, -O0 -flto -flto-partition=none (internal compiler error)
UNRESOLVED: gfortran.dg/lto/pr45586-2 f_lto_pr45586-2_0.o-f_lto_pr45586-2_0.o execute -O0 -flto -flto-partition=none
FAIL: gfortran.dg/lto/pr45586-2 f_lto_pr45586-2_0.o-f_lto_pr45586-2_0.o link, -O0 -flto -flto-partition=1to1 (internal compiler error)
UNRESOLVED: gfortran.dg/lto/pr45586-2 f_lto_pr45586-2_0.o-f_lto_pr45586-2_0.o execute -O0 -flto -flto-partition=1to1
FAIL: gfortran.dg/lto/pr45586-2 f_lto_pr45586-2_0.o-f_lto_pr45586-2_0.o link, -O0 -flto (internal compiler error)
UNRESOLVED: gfortran.dg/lto/pr45586-2 f_lto_pr45586-2_0.o-f_lto_pr45586-2_0.o execute -O0 -flto
FAIL: gfortran.dg/lto/pr45586 f_lto_pr45586_0.o-f_lto_pr45586_0.o link, -O0 -flto -flto-partition=none (internal compiler error)
UNRESOLVED: gfortran.dg/lto/pr45586 f_lto_pr45586_0.o-f_lto_pr45586_0.o execute -O0 -flto -flto-partition=none
FAIL: gfortran.dg/lto/pr45586 f_lto_pr45586_0.o-f_lto_pr45586_0.o link, -O0 -flto -flto-partition=1to1 (internal compiler error)
UNRESOLVED: gfortran.dg/lto/pr45586 f_lto_pr45586_0.o-f_lto_pr45586_0.o execute -O0 -flto -flto-partition=1to1
FAIL: gfortran.dg/lto/pr45586 f_lto_pr45586_0.o-f_lto_pr45586_0.o link, -O0 -flto (internal compiler error)
UNRESOLVED: gfortran.dg/lto/pr45586 f_lto_pr45586_0.o-f_lto_pr45586_0.o execute -O0 -flto
=== gfortran Summary for unix/-m32 ===
# of expected passes 44501
# of unexpected failures 17
# of expected failures 86
# of unresolved testcases 6
# of unsupported tests 249
Running target unix/-m64
FAIL: gfortran.dg/large_real_kind_3.F90 -O0 execution test
FAIL: gfortran.dg/round_4.f90 -O0 execution test
FAIL: gfortran.dg/round_4.f90 -O1 execution test
FAIL: gfortran.dg/round_4.f90 -O2 execution test
FAIL: gfortran.dg/round_4.f90 -O3 -fomit-frame-pointer execution test
FAIL: gfortran.dg/round_4.f90 -O3 -fomit-frame-pointer -funroll-loops execution test
FAIL: gfortran.dg/round_4.f90 -O3 -fomit-frame-pointer -funroll-all-loops -finline-functions execution test
FAIL: gfortran.dg/round_4.f90 -O3 -g execution test
FAIL: gfortran.dg/round_4.f90 -Os execution test
FAIL: gfortran.dg/lto/pr45586-2 f_lto_pr45586-2_0.o-f_lto_pr45586-2_0.o link, -O0 -flto -flto-partition=none (internal compiler error)
UNRESOLVED: gfortran.dg/lto/pr45586-2 f_lto_pr45586-2_0.o-f_lto_pr45586-2_0.o execute -O0 -flto -flto-partition=none
FAIL: gfortran.dg/lto/pr45586-2 f_lto_pr45586-2_0.o-f_lto_pr45586-2_0.o link, -O0 -flto -flto-partition=1to1 (internal compiler error)
UNRESOLVED: gfortran.dg/lto/pr45586-2 f_lto_pr45586-2_0.o-f_lto_pr45586-2_0.o execute -O0 -flto -flto-partition=1to1
FAIL: gfortran.dg/lto/pr45586-2 f_lto_pr45586-2_0.o-f_lto_pr45586-2_0.o link, -O0 -flto (internal compiler error)
UNRESOLVED: gfortran.dg/lto/pr45586-2 f_lto_pr45586-2_0.o-f_lto_pr45586-2_0.o execute -O0 -flto
FAIL: gfortran.dg/lto/pr45586 f_lto_pr45586_0.o-f_lto_pr45586_0.o link, -O0 -flto -flto-partition=none (internal compiler error)
UNRESOLVED: gfortran.dg/lto/pr45586 f_lto_pr45586_0.o-f_lto_pr45586_0.o execute -O0 -flto -flto-partition=none
FAIL: gfortran.dg/lto/pr45586 f_lto_pr45586_0.o-f_lto_pr45586_0.o link, -O0 -flto -flto-partition=1to1 (internal compiler error)
UNRESOLVED: gfortran.dg/lto/pr45586 f_lto_pr45586_0.o-f_lto_pr45586_0.o execute -O0 -flto -flto-partition=1to1
FAIL: gfortran.dg/lto/pr45586 f_lto_pr45586_0.o-f_lto_pr45586_0.o link, -O0 -flto (internal compiler error)
UNRESOLVED: gfortran.dg/lto/pr45586 f_lto_pr45586_0.o-f_lto_pr45586_0.o execute -O0 -flto
=== gfortran Summary for unix/-m64 ===
# of expected passes 44830
# of unexpected failures 15
# of expected failures 91
# of unresolved testcases 6
# of unsupported tests 88
=== gfortran Summary ===
# of expected passes 89331
# of unexpected failures 32
# of expected failures 177
# of unresolved testcases 12
# of unsupported tests 337
/opt/gcc/darwin_buildw/gcc/testsuite/gfortran/../../gfortran version 4.9.0 20130818 (experimental) [trunk revision 201829p3] (GCC)
=== gnat tests ===
Running target unix/-m32
FAIL: gnat.dg/alignment8.adb execution test
FAIL: gnat.dg/lto13.adb (test for excess errors)
FAIL: gnat.dg/specs/linker_alias.ads (test for errors, line 5)
FAIL: gnat.dg/specs/linker_alias.ads (test for excess errors)
=== gnat Summary for unix/-m32 ===
# of expected passes 1165
# of unexpected failures 4
# of expected failures 18
# of unsupported tests 12
Running target unix/-m64
FAIL: gnat.dg/lto13.adb (test for excess errors)
FAIL: gnat.dg/specs/linker_alias.ads (test for errors, line 5)
FAIL: gnat.dg/specs/linker_alias.ads (test for excess errors)
=== gnat Summary for unix/-m64 ===
# of expected passes 1166
# of unexpected failures 3
# of expected failures 18
# of unsupported tests 12
=== gnat Summary ===
# of expected passes 2331
# of unexpected failures 7
# of expected failures 36
# of unsupported tests 24
/opt/gcc/darwin_buildw/gcc/gnatmake version 4.9.0 20130818 (experimental) [trunk revision 201829p3]
=== obj-c++ tests ===
Running target unix/-m32
=== obj-c++ Summary for unix/-m32 ===
# of expected passes 3157
# of expected failures 2
# of unsupported tests 68
Running target unix/-m64
=== obj-c++ Summary for unix/-m64 ===
# of expected passes 3107
# of expected failures 19
# of unsupported tests 73
=== obj-c++ Summary ===
# of expected passes 6264
# of expected failures 21
# of unsupported tests 141
/opt/gcc/darwin_buildw/gcc/testsuite/obj-c++/../../xg++ version 4.9.0 20130818 (experimental) [trunk revision 201829p3] (GCC)
=== objc tests ===
Running target unix/-m32
FAIL: objc.dg/exceptions-2.m -fnext-runtime execution test
=== objc Summary for unix/-m32 ===
# of expected passes 5989
# of unexpected failures 1
# of expected failures 4
# of unsupported tests 84
Running target unix/-m64
=== objc Summary for unix/-m64 ===
# of expected passes 6060
# of expected failures 8
# of unsupported tests 91
=== objc Summary ===
# of expected passes 12049
# of unexpected failures 1
# of expected failures 12
# of unsupported tests 175
/opt/gcc/darwin_buildw/gcc/xgcc version 4.9.0 20130818 (experimental) [trunk revision 201829p3] (GCC)
=== boehm-gc tests ===
Running target unix/-m32
=== boehm-gc Summary for unix/-m32 ===
# of expected passes 12
# of unsupported tests 1
Running target unix/-m64
=== boehm-gc Summary for unix/-m64 ===
# of expected passes 12
# of unsupported tests 1
=== boehm-gc Summary ===
# of expected passes 24
# of unsupported tests 2
=== libatomic tests ===
Running target unix/-m32
=== libatomic Summary for unix/-m32 ===
# of expected passes 34
# of unsupported tests 10
Running target unix/-m64
=== libatomic Summary for unix/-m64 ===
# of expected passes 44
# of unsupported tests 5
=== libatomic Summary ===
# of expected passes 78
# of unsupported tests 15
=== libffi tests ===
Running target unix/-m32
FAIL: libffi.call/nested_struct5.c -O0 -W -Wall execution test
FAIL: libffi.call/nested_struct5.c -O2 execution test
FAIL: libffi.call/nested_struct5.c -O3 execution test
FAIL: libffi.call/nested_struct5.c -Os execution test
FAIL: libffi.call/nested_struct5.c -O2 -fomit-frame-pointer execution test
=== libffi Summary for unix/-m32 ===
# of expected passes 1809
# of unexpected failures 5
# of unsupported tests 55
Running target unix/-m64
=== libffi Summary for unix/-m64 ===
# of expected passes 1819
# of unsupported tests 55
=== libffi Summary ===
# of expected passes 3628
# of unexpected failures 5
# of unsupported tests 110
=== libgomp tests ===
Running target unix/-m32
FAIL: libgomp.graphite/bounds.c scan-tree-dump-times graphite "0 loops carried no dependency" 1
FAIL: libgomp.graphite/force-parallel-4.c scan-tree-dump-times graphite "2 loops carried no dependency" 1
FAIL: libgomp.graphite/force-parallel-6.c scan-tree-dump-times graphite "1 loops carried no dependency" 1
FAIL: libgomp.graphite/pr41118.c scan-tree-dump-times optimized "loopfn" 0
=== libgomp Summary for unix/-m32 ===
# of expected passes 2188
# of unexpected failures 4
# of unsupported tests 3
Running target unix/-m64
FAIL: libgomp.graphite/bounds.c scan-tree-dump-times graphite "0 loops carried no dependency" 1
FAIL: libgomp.graphite/force-parallel-4.c scan-tree-dump-times graphite "2 loops carried no dependency" 1
FAIL: libgomp.graphite/force-parallel-6.c scan-tree-dump-times graphite "1 loops carried no dependency" 1
FAIL: libgomp.graphite/pr41118.c scan-tree-dump-times optimized "loopfn" 0
=== libgomp Summary for unix/-m64 ===
# of expected passes 2188
# of unexpected failures 4
# of unsupported tests 3
=== libgomp Summary ===
# of expected passes 4376
# of unexpected failures 8
# of unsupported tests 6
=== libitm tests ===
Running target unix/-m32
=== libitm Summary for unix/-m32 ===
# of expected passes 26
# of expected failures 3
# of unsupported tests 1
Running target unix/-m64
=== libitm Summary for unix/-m64 ===
# of expected passes 26
# of expected failures 3
# of unsupported tests 1
=== libitm Summary ===
# of expected passes 52
# of expected failures 6
# of unsupported tests 2
=== libjava tests ===
Running target unix/-m32
FAIL: Thread_Sleep_2 output - source compiled test
FAIL: Thread_Sleep_2 -findirect-dispatch output - source compiled test
FAIL: Thread_Sleep_2 -O3 output - source compiled test
FAIL: Thread_Sleep_2 -O3 -findirect-dispatch output - source compiled test
FAIL: sourcelocation output - source compiled test
FAIL: sourcelocation -findirect-dispatch output - source compiled test
FAIL: sourcelocation -O3 output - source compiled test
FAIL: sourcelocation -O3 -findirect-dispatch output - source compiled test
=== libjava Summary for unix/-m32 ===
# of expected passes 2578
# of unexpected failures 8
Running target unix/-m64
FAIL: PR16923 output
FAIL: Thread_Sleep_2 output - source compiled test
FAIL: Thread_Sleep_2 -findirect-dispatch output - source compiled test
FAIL: Thread_Sleep_2 -O3 output - source compiled test
FAIL: Thread_Sleep_2 -O3 -findirect-dispatch output - source compiled test
FAIL: sourcelocation output - source compiled test
FAIL: sourcelocation -findirect-dispatch output - source compiled test
FAIL: sourcelocation -O3 output - source compiled test
FAIL: sourcelocation -O3 -findirect-dispatch output - source compiled test
=== libjava Summary for unix/-m64 ===
# of expected passes 2577
# of unexpected failures 9
=== libjava Summary ===
# of expected passes 5155
# of unexpected failures 17
=== libstdc++ tests ===
Running target unix/-m32
FAIL: ext/mt_allocator/deallocate_global_thread-1.cc execution test
FAIL: ext/mt_allocator/deallocate_global_thread-3.cc execution test
=== libstdc++ Summary for unix/-m32 ===
# of expected passes 8308
# of unexpected failures 2
# of expected failures 43
# of unsupported tests 663
Running target unix/-m64
FAIL: ext/mt_allocator/deallocate_global_thread-1.cc execution test
FAIL: ext/mt_allocator/deallocate_global_thread-3.cc execution test
=== libstdc++ Summary for unix/-m64 ===
# of expected passes 8306
# of unexpected failures 2
# of expected failures 43
# of unsupported tests 664
=== libstdc++ Summary ===
# of expected passes 16614
# of unexpected failures 4
# of expected failures 86
# of unsupported tests 1327
Compiler version: 4.9.0 20130818 (experimental) [trunk revision 201829p3] (GCC)
Platform: powerpc-apple-darwin9.8.0
configure flags: --prefix=/opt/gcc/gcc4.9w --enable-languages=c,c++,fortran,objc,obj-c++,java,ada,lto --with-gmp=/opt/mp --with-system-zlib --with-isl=/opt/mp --enable-lto --enable-plugin