This is the mail archive of the gcc-testresults@gcc.gnu.org mailing list for the GCC project.


Index Nav: [Date Index] [Subject Index] [Author Index] [Thread Index]
Message Nav: [Date Prev] [Date Next] [Thread Prev] [Thread Next]
Other format: [Raw text]

Results for 4.9.0 20130820 (experimental) [trunk revision 201878] (GCC) testsuite on x86_64-unknown-linux-gnu


Native configuration is x86_64-unknown-linux-gnu

		=== g++ tests ===


Running target unix

		=== g++ Summary for unix ===

# of expected passes		45637
# of expected failures		285
# of unsupported tests		663

Running target unix/-m32
FAIL: g++.dg/torture/covariant-1.C  -O2 -flto -fno-use-linker-plugin -flto-partition=none  execution test
FAIL: g++.dg/torture/covariant-1.C  -O2 -flto -fuse-linker-plugin -fno-fat-lto-objects  execution test

		=== g++ Summary for unix/-m32 ===

# of expected passes		44560
# of unexpected failures	2
# of expected failures		285
# of unsupported tests		592

		=== g++ Summary ===

# of expected passes		90197
# of unexpected failures	2
# of expected failures		570
# of unsupported tests		1255
/export/gnu/import/git/gcc-test-intel64corei7/bld/gcc/testsuite/g++/../../xg++  version 4.9.0 20130820 (experimental) [trunk revision 201878] (GCC) 

		=== gcc tests ===


Running target unix
FAIL: gcc.c-torture/unsorted/dump-noaddr.c,  -O2   -dumpbase dump1/dump-noaddr.c -DMASK=1 -x c --param ggc-min-heapsize=1 -fdump-ipa-all -fdump-rtl-all -fdump-tree-all -fdump-noaddr (internal compiler error)
FAIL: gcc.c-torture/unsorted/dump-noaddr.c,  -O2   -dumpbase dump2/dump-noaddr.c -DMASK=2 -x c -fdump-ipa-all -fdump-rtl-all -fdump-tree-all -fdump-noaddr (internal compiler error)
FAIL: gcc.c-torture/unsorted/dump-noaddr.c,  -O3 -fomit-frame-pointer   -dumpbase dump1/dump-noaddr.c -DMASK=1 -x c --param ggc-min-heapsize=1 -fdump-ipa-all -fdump-rtl-all -fdump-tree-all -fdump-noaddr (internal compiler error)
FAIL: gcc.c-torture/unsorted/dump-noaddr.c,  -O3 -fomit-frame-pointer   -dumpbase dump2/dump-noaddr.c -DMASK=2 -x c -fdump-ipa-all -fdump-rtl-all -fdump-tree-all -fdump-noaddr (internal compiler error)
FAIL: gcc.c-torture/unsorted/dump-noaddr.c,  -O3 -fomit-frame-pointer -funroll-loops   -dumpbase dump1/dump-noaddr.c -DMASK=1 -x c --param ggc-min-heapsize=1 -fdump-ipa-all -fdump-rtl-all -fdump-tree-all -fdump-noaddr (internal compiler error)
FAIL: gcc.c-torture/unsorted/dump-noaddr.c,  -O3 -fomit-frame-pointer -funroll-loops   -dumpbase dump2/dump-noaddr.c -DMASK=2 -x c -fdump-ipa-all -fdump-rtl-all -fdump-tree-all -fdump-noaddr (internal compiler error)
FAIL: gcc.c-torture/unsorted/dump-noaddr.c,  -O3 -fomit-frame-pointer -funroll-all-loops -finline-functions   -dumpbase dump1/dump-noaddr.c -DMASK=1 -x c --param ggc-min-heapsize=1 -fdump-ipa-all -fdump-rtl-all -fdump-tree-all -fdump-noaddr (internal compiler error)
FAIL: gcc.c-torture/unsorted/dump-noaddr.c,  -O3 -fomit-frame-pointer -funroll-all-loops -finline-functions   -dumpbase dump2/dump-noaddr.c -DMASK=2 -x c -fdump-ipa-all -fdump-rtl-all -fdump-tree-all -fdump-noaddr (internal compiler error)
FAIL: gcc.c-torture/unsorted/dump-noaddr.c,  -O3 -g   -dumpbase dump1/dump-noaddr.c -DMASK=1 -x c --param ggc-min-heapsize=1 -fdump-ipa-all -fdump-rtl-all -fdump-tree-all -fdump-noaddr (internal compiler error)
FAIL: gcc.c-torture/unsorted/dump-noaddr.c,  -O3 -g   -dumpbase dump2/dump-noaddr.c -DMASK=2 -x c -fdump-ipa-all -fdump-rtl-all -fdump-tree-all -fdump-noaddr (internal compiler error)
FAIL: gcc.c-torture/unsorted/dump-noaddr.c,  -Os   -dumpbase dump1/dump-noaddr.c -DMASK=1 -x c --param ggc-min-heapsize=1 -fdump-ipa-all -fdump-rtl-all -fdump-tree-all -fdump-noaddr (internal compiler error)
FAIL: gcc.c-torture/unsorted/dump-noaddr.c,  -Os   -dumpbase dump2/dump-noaddr.c -DMASK=2 -x c -fdump-ipa-all -fdump-rtl-all -fdump-tree-all -fdump-noaddr (internal compiler error)
FAIL: gcc.c-torture/unsorted/dump-noaddr.c,  -O2 -flto -fno-use-linker-plugin -flto-partition=none   -dumpbase dump1/dump-noaddr.c -DMASK=1 -x c --param ggc-min-heapsize=1 -fdump-ipa-all -fdump-rtl-all -fdump-tree-all -fdump-noaddr (internal compiler error)
FAIL: gcc.c-torture/unsorted/dump-noaddr.c,  -O2 -flto -fno-use-linker-plugin -flto-partition=none   -dumpbase dump2/dump-noaddr.c -DMASK=2 -x c -fdump-ipa-all -fdump-rtl-all -fdump-tree-all -fdump-noaddr (internal compiler error)
FAIL: gcc.c-torture/unsorted/dump-noaddr.c,  -O2 -flto -fuse-linker-plugin -fno-fat-lto-objects   -dumpbase dump1/dump-noaddr.c -DMASK=1 -x c --param ggc-min-heapsize=1 -fdump-ipa-all -fdump-rtl-all -fdump-tree-all -fdump-noaddr (internal compiler error)
FAIL: gcc.c-torture/unsorted/dump-noaddr.c,  -O2 -flto -fuse-linker-plugin -fno-fat-lto-objects   -dumpbase dump2/dump-noaddr.c -DMASK=2 -x c -fdump-ipa-all -fdump-rtl-all -fdump-tree-all -fdump-noaddr (internal compiler error)
XPASS: gcc.dg/guality/example.c  -O0  execution test
XPASS: gcc.dg/guality/example.c  -O2  execution test
XPASS: gcc.dg/guality/example.c  -O2 -flto -fno-use-linker-plugin -flto-partition=none  execution test
XPASS: gcc.dg/guality/guality.c  -O0  execution test
XPASS: gcc.dg/guality/guality.c  -O1  execution test
XPASS: gcc.dg/guality/guality.c  -O2  execution test
XPASS: gcc.dg/guality/guality.c  -O3 -fomit-frame-pointer  execution test
XPASS: gcc.dg/guality/guality.c  -O3 -g  execution test
XPASS: gcc.dg/guality/guality.c  -Os  execution test
XPASS: gcc.dg/guality/guality.c  -O2 -flto -fno-use-linker-plugin -flto-partition=none  execution test
XPASS: gcc.dg/guality/guality.c  -O2 -flto -fuse-linker-plugin -fno-fat-lto-objects  execution test
XPASS: gcc.dg/guality/inline-params.c  -O2  execution test
XPASS: gcc.dg/guality/inline-params.c  -O3 -fomit-frame-pointer  execution test
XPASS: gcc.dg/guality/inline-params.c  -O3 -g  execution test
XPASS: gcc.dg/guality/inline-params.c  -Os  execution test
XPASS: gcc.dg/guality/inline-params.c  -O2 -flto -fno-use-linker-plugin -flto-partition=none  execution test
XPASS: gcc.dg/guality/pr41353-1.c  -O0  line 28 j == 28 + 37
XPASS: gcc.dg/guality/pr41353-1.c  -O1  line 28 j == 28 + 37
XPASS: gcc.dg/guality/pr41353-1.c  -O2  line 28 j == 28 + 37
XPASS: gcc.dg/guality/pr41353-1.c  -O3 -fomit-frame-pointer  line 28 j == 28 + 37
XPASS: gcc.dg/guality/pr41353-1.c  -O3 -g  line 28 j == 28 + 37
XPASS: gcc.dg/guality/pr41353-1.c  -Os  line 28 j == 28 + 37
XPASS: gcc.dg/guality/pr41353-1.c  -O2 -flto -fno-use-linker-plugin -flto-partition=none  line 28 j == 28 + 37
XPASS: gcc.dg/guality/pr41353-1.c  -O2 -flto -fuse-linker-plugin -fno-fat-lto-objects  line 28 j == 28 + 37
XPASS: gcc.dg/guality/pr41447-1.c  -O0  execution test
XPASS: gcc.dg/guality/pr41447-1.c  -O1  execution test
XPASS: gcc.dg/guality/pr41447-1.c  -O2  execution test
XPASS: gcc.dg/guality/pr41447-1.c  -O3 -fomit-frame-pointer  execution test
XPASS: gcc.dg/guality/pr41447-1.c  -O3 -g  execution test
XPASS: gcc.dg/guality/pr41447-1.c  -Os  execution test
XPASS: gcc.dg/guality/pr41447-1.c  -O2 -flto -fno-use-linker-plugin -flto-partition=none  execution test
XPASS: gcc.dg/guality/pr41447-1.c  -O2 -flto -fuse-linker-plugin -fno-fat-lto-objects  execution test
XPASS: gcc.dg/guality/pr41616-1.c  -O0  execution test
XPASS: gcc.dg/guality/pr41616-1.c  -O1  execution test
XPASS: gcc.dg/guality/pr41616-1.c  -O2  execution test
XPASS: gcc.dg/guality/pr41616-1.c  -O3 -fomit-frame-pointer  execution test
XPASS: gcc.dg/guality/pr41616-1.c  -O3 -g  execution test
XPASS: gcc.dg/guality/pr41616-1.c  -Os  execution test
XPASS: gcc.dg/guality/pr41616-1.c  -O2 -flto -fno-use-linker-plugin -flto-partition=none  execution test
FAIL: gcc.dg/guality/pr43051-1.c  -O3 -fomit-frame-pointer -funroll-loops  line 39 c == &a[0]
FAIL: gcc.dg/guality/pr43051-1.c  -O3 -fomit-frame-pointer -funroll-all-loops -finline-functions  line 39 c == &a[0]
FAIL: gcc.dg/guality/pr48437.c  -O2 -flto -fno-use-linker-plugin -flto-partition=none  line 14 i == 0
FAIL: gcc.dg/guality/pr48437.c  -O2 -flto -fuse-linker-plugin -fno-fat-lto-objects  line 14 i == 0
FAIL: gcc.dg/guality/pr54200.c  -Os  line 20 z == 3
FAIL: gcc.dg/guality/pr54519-1.c  -O2 -flto -fno-use-linker-plugin -flto-partition=none  line 20 y == 25
FAIL: gcc.dg/guality/pr54519-1.c  -O2 -flto -fno-use-linker-plugin -flto-partition=none  line 20 z == 6
FAIL: gcc.dg/guality/pr54519-1.c  -O2 -flto -fno-use-linker-plugin -flto-partition=none  line 23 y == 117
FAIL: gcc.dg/guality/pr54519-1.c  -O2 -flto -fno-use-linker-plugin -flto-partition=none  line 23 z == 8
FAIL: gcc.dg/guality/pr54519-1.c  -O2 -flto -fuse-linker-plugin -fno-fat-lto-objects  line 20 y == 25
FAIL: gcc.dg/guality/pr54519-1.c  -O2 -flto -fuse-linker-plugin -fno-fat-lto-objects  line 20 z == 6
FAIL: gcc.dg/guality/pr54519-2.c  -O2 -flto -fno-use-linker-plugin -flto-partition=none  line 17 y == 25
FAIL: gcc.dg/guality/pr54519-2.c  -O2 -flto -fuse-linker-plugin -fno-fat-lto-objects  line 17 y == 25
FAIL: gcc.dg/guality/pr54519-3.c  -O2 -flto -fno-use-linker-plugin -flto-partition=none  line 20 y == 25
FAIL: gcc.dg/guality/pr54519-3.c  -O2 -flto -fno-use-linker-plugin -flto-partition=none  line 20 z == 6
FAIL: gcc.dg/guality/pr54519-3.c  -O2 -flto -fno-use-linker-plugin -flto-partition=none  line 23 y == 117
FAIL: gcc.dg/guality/pr54519-3.c  -O2 -flto -fno-use-linker-plugin -flto-partition=none  line 23 z == 8
FAIL: gcc.dg/guality/pr54519-3.c  -O2 -flto -fuse-linker-plugin -fno-fat-lto-objects  line 20 y == 25
FAIL: gcc.dg/guality/pr54519-3.c  -O2 -flto -fuse-linker-plugin -fno-fat-lto-objects  line 20 z == 6
FAIL: gcc.dg/guality/pr54519-3.c  -O2 -flto -fuse-linker-plugin -fno-fat-lto-objects  line 23 y == 117
FAIL: gcc.dg/guality/pr54519-3.c  -O2 -flto -fuse-linker-plugin -fno-fat-lto-objects  line 23 z == 8
FAIL: gcc.dg/guality/pr54519-4.c  -O2 -flto -fno-use-linker-plugin -flto-partition=none  line 17 y == 25
FAIL: gcc.dg/guality/pr54519-4.c  -O2 -flto -fuse-linker-plugin -fno-fat-lto-objects  line 17 y == 25
FAIL: gcc.dg/guality/pr54519-5.c  -O2 -flto -fno-use-linker-plugin -flto-partition=none  line 17 y == 25
FAIL: gcc.dg/guality/pr54519-5.c  -O2 -flto -fuse-linker-plugin -fno-fat-lto-objects  line 17 y == 25
FAIL: gcc.dg/guality/pr54693-2.c  -Os  line 21 x == 10 - i
FAIL: gcc.dg/guality/pr54693-2.c  -Os  line 21 y == 20 - 2 * i
FAIL: gcc.dg/lto/pr56297 c_lto_pr56297_0.o-c_lto_pr56297_1.o link,  -flto -fno-common  (internal compiler error)
UNRESOLVED: gcc.dg/lto/pr56297 c_lto_pr56297_0.o-c_lto_pr56297_1.o execute  -flto -fno-common 
FAIL: gcc.dg/torture/pr8081.c  -O2 -flto -fno-use-linker-plugin -flto-partition=none  (internal compiler error)
FAIL: gcc.dg/torture/pr8081.c  -O2 -flto -fno-use-linker-plugin -flto-partition=none  (test for excess errors)
FAIL: gcc.dg/torture/pr8081.c  -O2 -flto -fuse-linker-plugin -fno-fat-lto-objects  (internal compiler error)
FAIL: gcc.dg/torture/pr8081.c  -O2 -flto -fuse-linker-plugin -fno-fat-lto-objects  (test for excess errors)
UNRESOLVED: gcc.dg/torture/pr8081.c  -O2 -flto -fuse-linker-plugin -fno-fat-lto-objects  compilation failed to produce executable
FAIL: gcc.dg/tree-ssa/attr-alias.c scan-tree-dump-times optimized "  test4 " 1

		=== gcc Summary for unix ===

# of expected passes		104238
# of unexpected failures	36
# of unexpected successes	39
# of expected failures		310
# of unresolved testcases	3
# of unsupported tests		1562

Running target unix/-m32
FAIL: gcc.c-torture/unsorted/dump-noaddr.c,  -O2   -dumpbase dump1/dump-noaddr.c -DMASK=1 -x c --param ggc-min-heapsize=1 -fdump-ipa-all -fdump-rtl-all -fdump-tree-all -fdump-noaddr (internal compiler error)
FAIL: gcc.c-torture/unsorted/dump-noaddr.c,  -O2   -dumpbase dump2/dump-noaddr.c -DMASK=2 -x c -fdump-ipa-all -fdump-rtl-all -fdump-tree-all -fdump-noaddr (internal compiler error)
FAIL: gcc.c-torture/unsorted/dump-noaddr.c,  -O3 -fomit-frame-pointer   -dumpbase dump1/dump-noaddr.c -DMASK=1 -x c --param ggc-min-heapsize=1 -fdump-ipa-all -fdump-rtl-all -fdump-tree-all -fdump-noaddr (internal compiler error)
FAIL: gcc.c-torture/unsorted/dump-noaddr.c,  -O3 -fomit-frame-pointer   -dumpbase dump2/dump-noaddr.c -DMASK=2 -x c -fdump-ipa-all -fdump-rtl-all -fdump-tree-all -fdump-noaddr (internal compiler error)
FAIL: gcc.c-torture/unsorted/dump-noaddr.c,  -O3 -fomit-frame-pointer -funroll-loops   -dumpbase dump1/dump-noaddr.c -DMASK=1 -x c --param ggc-min-heapsize=1 -fdump-ipa-all -fdump-rtl-all -fdump-tree-all -fdump-noaddr (internal compiler error)
FAIL: gcc.c-torture/unsorted/dump-noaddr.c,  -O3 -fomit-frame-pointer -funroll-loops   -dumpbase dump2/dump-noaddr.c -DMASK=2 -x c -fdump-ipa-all -fdump-rtl-all -fdump-tree-all -fdump-noaddr (internal compiler error)
FAIL: gcc.c-torture/unsorted/dump-noaddr.c,  -O3 -fomit-frame-pointer -funroll-all-loops -finline-functions   -dumpbase dump1/dump-noaddr.c -DMASK=1 -x c --param ggc-min-heapsize=1 -fdump-ipa-all -fdump-rtl-all -fdump-tree-all -fdump-noaddr (internal compiler error)
FAIL: gcc.c-torture/unsorted/dump-noaddr.c,  -O3 -fomit-frame-pointer -funroll-all-loops -finline-functions   -dumpbase dump2/dump-noaddr.c -DMASK=2 -x c -fdump-ipa-all -fdump-rtl-all -fdump-tree-all -fdump-noaddr (internal compiler error)
FAIL: gcc.c-torture/unsorted/dump-noaddr.c,  -O3 -g   -dumpbase dump1/dump-noaddr.c -DMASK=1 -x c --param ggc-min-heapsize=1 -fdump-ipa-all -fdump-rtl-all -fdump-tree-all -fdump-noaddr (internal compiler error)
FAIL: gcc.c-torture/unsorted/dump-noaddr.c,  -O3 -g   -dumpbase dump2/dump-noaddr.c -DMASK=2 -x c -fdump-ipa-all -fdump-rtl-all -fdump-tree-all -fdump-noaddr (internal compiler error)
FAIL: gcc.c-torture/unsorted/dump-noaddr.c,  -Os   -dumpbase dump1/dump-noaddr.c -DMASK=1 -x c --param ggc-min-heapsize=1 -fdump-ipa-all -fdump-rtl-all -fdump-tree-all -fdump-noaddr (internal compiler error)
FAIL: gcc.c-torture/unsorted/dump-noaddr.c,  -Os   -dumpbase dump2/dump-noaddr.c -DMASK=2 -x c -fdump-ipa-all -fdump-rtl-all -fdump-tree-all -fdump-noaddr (internal compiler error)
FAIL: gcc.c-torture/unsorted/dump-noaddr.c,  -O2 -flto -fno-use-linker-plugin -flto-partition=none   -dumpbase dump1/dump-noaddr.c -DMASK=1 -x c --param ggc-min-heapsize=1 -fdump-ipa-all -fdump-rtl-all -fdump-tree-all -fdump-noaddr (internal compiler error)
FAIL: gcc.c-torture/unsorted/dump-noaddr.c,  -O2 -flto -fno-use-linker-plugin -flto-partition=none   -dumpbase dump2/dump-noaddr.c -DMASK=2 -x c -fdump-ipa-all -fdump-rtl-all -fdump-tree-all -fdump-noaddr (internal compiler error)
FAIL: gcc.c-torture/unsorted/dump-noaddr.c,  -O2 -flto -fuse-linker-plugin -fno-fat-lto-objects   -dumpbase dump1/dump-noaddr.c -DMASK=1 -x c --param ggc-min-heapsize=1 -fdump-ipa-all -fdump-rtl-all -fdump-tree-all -fdump-noaddr (internal compiler error)
FAIL: gcc.c-torture/unsorted/dump-noaddr.c,  -O2 -flto -fuse-linker-plugin -fno-fat-lto-objects   -dumpbase dump2/dump-noaddr.c -DMASK=2 -x c -fdump-ipa-all -fdump-rtl-all -fdump-tree-all -fdump-noaddr (internal compiler error)
XPASS: gcc.dg/guality/example.c  -O0  execution test
XPASS: gcc.dg/guality/example.c  -O1  execution test
XPASS: gcc.dg/guality/example.c  -O2  execution test
XPASS: gcc.dg/guality/example.c  -O2 -flto -fno-use-linker-plugin -flto-partition=none  execution test
XPASS: gcc.dg/guality/guality.c  -O0  execution test
XPASS: gcc.dg/guality/guality.c  -O1  execution test
XPASS: gcc.dg/guality/guality.c  -O2  execution test
XPASS: gcc.dg/guality/guality.c  -O3 -fomit-frame-pointer  execution test
XPASS: gcc.dg/guality/guality.c  -O3 -g  execution test
XPASS: gcc.dg/guality/guality.c  -Os  execution test
XPASS: gcc.dg/guality/guality.c  -O2 -flto -fno-use-linker-plugin -flto-partition=none  execution test
XPASS: gcc.dg/guality/guality.c  -O2 -flto -fuse-linker-plugin -fno-fat-lto-objects  execution test
XPASS: gcc.dg/guality/inline-params.c  -O2  execution test
XPASS: gcc.dg/guality/inline-params.c  -O3 -fomit-frame-pointer  execution test
XPASS: gcc.dg/guality/inline-params.c  -O3 -g  execution test
XPASS: gcc.dg/guality/inline-params.c  -Os  execution test
XPASS: gcc.dg/guality/inline-params.c  -O2 -flto -fno-use-linker-plugin -flto-partition=none  execution test
XPASS: gcc.dg/guality/pr41353-1.c  -O0  line 28 j == 28 + 37
XPASS: gcc.dg/guality/pr41353-1.c  -O1  line 28 j == 28 + 37
XPASS: gcc.dg/guality/pr41353-1.c  -O2  line 28 j == 28 + 37
XPASS: gcc.dg/guality/pr41353-1.c  -O3 -fomit-frame-pointer  line 28 j == 28 + 37
XPASS: gcc.dg/guality/pr41353-1.c  -O3 -g  line 28 j == 28 + 37
XPASS: gcc.dg/guality/pr41353-1.c  -Os  line 28 j == 28 + 37
XPASS: gcc.dg/guality/pr41353-1.c  -O2 -flto -fno-use-linker-plugin -flto-partition=none  line 28 j == 28 + 37
XPASS: gcc.dg/guality/pr41353-1.c  -O2 -flto -fuse-linker-plugin -fno-fat-lto-objects  line 28 j == 28 + 37
XPASS: gcc.dg/guality/pr41447-1.c  -O0  execution test
XPASS: gcc.dg/guality/pr41447-1.c  -O1  execution test
XPASS: gcc.dg/guality/pr41447-1.c  -Os  execution test
XPASS: gcc.dg/guality/pr41447-1.c  -O2 -flto -fuse-linker-plugin -fno-fat-lto-objects  execution test
XPASS: gcc.dg/guality/pr41616-1.c  -O0  execution test
XPASS: gcc.dg/guality/pr41616-1.c  -O1  execution test
XPASS: gcc.dg/guality/pr41616-1.c  -O2  execution test
XPASS: gcc.dg/guality/pr41616-1.c  -O3 -fomit-frame-pointer  execution test
XPASS: gcc.dg/guality/pr41616-1.c  -O3 -g  execution test
XPASS: gcc.dg/guality/pr41616-1.c  -Os  execution test
XPASS: gcc.dg/guality/pr41616-1.c  -O2 -flto -fno-use-linker-plugin -flto-partition=none  execution test
FAIL: gcc.dg/guality/pr48437.c  -O2 -flto -fno-use-linker-plugin -flto-partition=none  line 14 i == 0
FAIL: gcc.dg/guality/pr48437.c  -O2 -flto -fuse-linker-plugin -fno-fat-lto-objects  line 14 i == 0
FAIL: gcc.dg/guality/pr54200.c  -O2 -flto -fuse-linker-plugin -fno-fat-lto-objects  line 20 z == 3
FAIL: gcc.dg/guality/pr54519-1.c  -O2 -flto -fno-use-linker-plugin -flto-partition=none  line 20 y == 25
FAIL: gcc.dg/guality/pr54519-1.c  -O2 -flto -fno-use-linker-plugin -flto-partition=none  line 20 z == 6
FAIL: gcc.dg/guality/pr54519-1.c  -O2 -flto -fno-use-linker-plugin -flto-partition=none  line 23 y == 117
FAIL: gcc.dg/guality/pr54519-1.c  -O2 -flto -fno-use-linker-plugin -flto-partition=none  line 23 z == 8
FAIL: gcc.dg/guality/pr54519-1.c  -O2 -flto -fuse-linker-plugin -fno-fat-lto-objects  line 20 y == 25
FAIL: gcc.dg/guality/pr54519-1.c  -O2 -flto -fuse-linker-plugin -fno-fat-lto-objects  line 20 z == 6
FAIL: gcc.dg/guality/pr54519-2.c  -O2 -flto -fno-use-linker-plugin -flto-partition=none  line 17 y == 25
FAIL: gcc.dg/guality/pr54519-2.c  -O2 -flto -fuse-linker-plugin -fno-fat-lto-objects  line 17 y == 25
FAIL: gcc.dg/guality/pr54519-3.c  -O2 -flto -fno-use-linker-plugin -flto-partition=none  line 20 y == 25
FAIL: gcc.dg/guality/pr54519-3.c  -O2 -flto -fno-use-linker-plugin -flto-partition=none  line 20 z == 6
FAIL: gcc.dg/guality/pr54519-3.c  -O2 -flto -fno-use-linker-plugin -flto-partition=none  line 23 y == 117
FAIL: gcc.dg/guality/pr54519-3.c  -O2 -flto -fno-use-linker-plugin -flto-partition=none  line 23 z == 8
FAIL: gcc.dg/guality/pr54519-3.c  -O2 -flto -fuse-linker-plugin -fno-fat-lto-objects  line 20 y == 25
FAIL: gcc.dg/guality/pr54519-3.c  -O2 -flto -fuse-linker-plugin -fno-fat-lto-objects  line 20 z == 6
FAIL: gcc.dg/guality/pr54519-3.c  -O2 -flto -fuse-linker-plugin -fno-fat-lto-objects  line 23 y == 117
FAIL: gcc.dg/guality/pr54519-3.c  -O2 -flto -fuse-linker-plugin -fno-fat-lto-objects  line 23 z == 8
FAIL: gcc.dg/guality/pr54519-4.c  -O2 -flto -fno-use-linker-plugin -flto-partition=none  line 17 y == 25
FAIL: gcc.dg/guality/pr54519-4.c  -O2 -flto -fuse-linker-plugin -fno-fat-lto-objects  line 17 y == 25
FAIL: gcc.dg/guality/pr54519-5.c  -O2 -flto -fno-use-linker-plugin -flto-partition=none  line 17 y == 25
FAIL: gcc.dg/guality/pr54519-5.c  -O2 -flto -fuse-linker-plugin -fno-fat-lto-objects  line 17 y == 25
FAIL: gcc.dg/guality/pr54970.c  -Os  line 15 a[0] == 1
FAIL: gcc.dg/guality/pr54970.c  -Os  line 20 a[0] == 1
FAIL: gcc.dg/guality/pr54970.c  -Os  line 25 a[0] == 1
FAIL: gcc.dg/guality/pr54970.c  -Os  line 31 *p == 6
FAIL: gcc.dg/guality/pr54970.c  -Os  line 31 *q == 5
FAIL: gcc.dg/guality/pr54970.c  -Os  line 36 *p == 26
FAIL: gcc.dg/guality/pr54970.c  -Os  line 36 *q == 5
FAIL: gcc.dg/guality/pr54970.c  -Os  line 45 *p == 26
FAIL: gcc.dg/guality/pr54970.c  -Os  line 45 p[-1] == 25
FAIL: gcc.dg/guality/pr54970.c  -Os  line 45 p[-2] == 4
FAIL: gcc.dg/guality/pr54970.c  -Os  line 45 q[-1] == 4
FAIL: gcc.dg/guality/pr54970.c  -Os  line 45 q[1] == 26
FAIL: gcc.dg/guality/pr54970.c  -Os  line 45 *q == 25
FAIL: gcc.dg/lto/pr56297 c_lto_pr56297_0.o-c_lto_pr56297_1.o link,  -flto -fno-common  (internal compiler error)
UNRESOLVED: gcc.dg/lto/pr56297 c_lto_pr56297_0.o-c_lto_pr56297_1.o execute  -flto -fno-common 
FAIL: gcc.dg/torture/pr8081.c  -O2 -flto -fno-use-linker-plugin -flto-partition=none  (internal compiler error)
FAIL: gcc.dg/torture/pr8081.c  -O2 -flto -fno-use-linker-plugin -flto-partition=none  (test for excess errors)
FAIL: gcc.dg/torture/pr8081.c  -O2 -flto -fuse-linker-plugin -fno-fat-lto-objects  (internal compiler error)
FAIL: gcc.dg/torture/pr8081.c  -O2 -flto -fuse-linker-plugin -fno-fat-lto-objects  (test for excess errors)
UNRESOLVED: gcc.dg/torture/pr8081.c  -O2 -flto -fuse-linker-plugin -fno-fat-lto-objects  compilation failed to produce executable
FAIL: gcc.dg/tree-ssa/attr-alias.c scan-tree-dump-times optimized "  test4 " 1
FAIL: gcc.target/i386/pr55342.c scan-assembler-not notb

		=== gcc Summary for unix/-m32 ===

# of expected passes		48573
# of unexpected failures	40
# of unexpected successes	36
# of expected failures		211
# of unresolved testcases	1
# of unsupported tests		715

		=== gcc Summary ===

# of expected passes		152811
# of unexpected failures	76
# of unexpected successes	75
# of expected failures		521
# of unresolved testcases	4
# of unsupported tests		2277
/export/gnu/import/git/gcc-test-intel64corei7/bld/gcc/xgcc  version 4.9.0 20130820 (experimental) [trunk revision 201878] (GCC) 

		=== gfortran tests ===


Running target unix
FAIL: gfortran.dg/round_4.f90  -O0  execution test
FAIL: gfortran.dg/round_4.f90  -O1  execution test
FAIL: gfortran.dg/round_4.f90  -O2  execution test
FAIL: gfortran.dg/round_4.f90  -O3 -fomit-frame-pointer  execution test
FAIL: gfortran.dg/round_4.f90  -O3 -fomit-frame-pointer -funroll-loops  execution test
FAIL: gfortran.dg/round_4.f90  -O3 -fomit-frame-pointer -funroll-all-loops -finline-functions  execution test
FAIL: gfortran.dg/round_4.f90  -O3 -g  execution test
FAIL: gfortran.dg/round_4.f90  -Os  execution test
FAIL: gfortran.dg/lto/pr45586-2 f_lto_pr45586-2_0.o-f_lto_pr45586-2_0.o link, -O0 -flto -flto-partition=none -fuse-linker-plugin (internal compiler error)
UNRESOLVED: gfortran.dg/lto/pr45586-2 f_lto_pr45586-2_0.o-f_lto_pr45586-2_0.o execute -O0 -flto -flto-partition=none -fuse-linker-plugin
FAIL: gfortran.dg/lto/pr45586-2 f_lto_pr45586-2_0.o-f_lto_pr45586-2_0.o link, -O0 -flto -flto-partition=1to1 -fno-use-linker-plugin  (internal compiler error)
UNRESOLVED: gfortran.dg/lto/pr45586-2 f_lto_pr45586-2_0.o-f_lto_pr45586-2_0.o execute -O0 -flto -flto-partition=1to1 -fno-use-linker-plugin 
FAIL: gfortran.dg/lto/pr45586-2 f_lto_pr45586-2_0.o-f_lto_pr45586-2_0.o link, -O0 -flto -fuse-linker-plugin -fno-fat-lto-objects  (internal compiler error)
UNRESOLVED: gfortran.dg/lto/pr45586-2 f_lto_pr45586-2_0.o-f_lto_pr45586-2_0.o execute -O0 -flto -fuse-linker-plugin -fno-fat-lto-objects 
FAIL: gfortran.dg/lto/pr45586 f_lto_pr45586_0.o-f_lto_pr45586_0.o link, -O0 -flto -flto-partition=none -fuse-linker-plugin (internal compiler error)
UNRESOLVED: gfortran.dg/lto/pr45586 f_lto_pr45586_0.o-f_lto_pr45586_0.o execute -O0 -flto -flto-partition=none -fuse-linker-plugin
FAIL: gfortran.dg/lto/pr45586 f_lto_pr45586_0.o-f_lto_pr45586_0.o link, -O0 -flto -flto-partition=1to1 -fno-use-linker-plugin  (internal compiler error)
UNRESOLVED: gfortran.dg/lto/pr45586 f_lto_pr45586_0.o-f_lto_pr45586_0.o execute -O0 -flto -flto-partition=1to1 -fno-use-linker-plugin 
FAIL: gfortran.dg/lto/pr45586 f_lto_pr45586_0.o-f_lto_pr45586_0.o link, -O0 -flto -fuse-linker-plugin -fno-fat-lto-objects  (internal compiler error)
UNRESOLVED: gfortran.dg/lto/pr45586 f_lto_pr45586_0.o-f_lto_pr45586_0.o execute -O0 -flto -fuse-linker-plugin -fno-fat-lto-objects 

		=== gfortran Summary for unix ===

# of expected passes		43339
# of unexpected failures	8
# of expected failures		35
# of unsupported tests		37

Running target unix/-m32
FAIL: gfortran.dg/class_48.f90  -O2  (test for excess errors)
FAIL: gfortran.dg/class_48.f90  -Os  (test for excess errors)
FAIL: gfortran.dg/round_4.f90  -O0  execution test
FAIL: gfortran.dg/round_4.f90  -O1  execution test
FAIL: gfortran.dg/round_4.f90  -O2  execution test
FAIL: gfortran.dg/round_4.f90  -O3 -fomit-frame-pointer  execution test
FAIL: gfortran.dg/round_4.f90  -O3 -fomit-frame-pointer -funroll-loops  execution test
FAIL: gfortran.dg/round_4.f90  -O3 -fomit-frame-pointer -funroll-all-loops -finline-functions  execution test
FAIL: gfortran.dg/round_4.f90  -O3 -g  execution test
FAIL: gfortran.dg/round_4.f90  -Os  execution test
FAIL: gfortran.dg/lto/pr45586-2 f_lto_pr45586-2_0.o-f_lto_pr45586-2_0.o link, -O0 -flto -flto-partition=none -fuse-linker-plugin (internal compiler error)
UNRESOLVED: gfortran.dg/lto/pr45586-2 f_lto_pr45586-2_0.o-f_lto_pr45586-2_0.o execute -O0 -flto -flto-partition=none -fuse-linker-plugin
FAIL: gfortran.dg/lto/pr45586-2 f_lto_pr45586-2_0.o-f_lto_pr45586-2_0.o link, -O0 -flto -flto-partition=1to1 -fno-use-linker-plugin  (internal compiler error)
UNRESOLVED: gfortran.dg/lto/pr45586-2 f_lto_pr45586-2_0.o-f_lto_pr45586-2_0.o execute -O0 -flto -flto-partition=1to1 -fno-use-linker-plugin 
FAIL: gfortran.dg/lto/pr45586-2 f_lto_pr45586-2_0.o-f_lto_pr45586-2_0.o link, -O0 -flto -fuse-linker-plugin -fno-fat-lto-objects  (internal compiler error)
UNRESOLVED: gfortran.dg/lto/pr45586-2 f_lto_pr45586-2_0.o-f_lto_pr45586-2_0.o execute -O0 -flto -fuse-linker-plugin -fno-fat-lto-objects 
FAIL: gfortran.dg/lto/pr45586 f_lto_pr45586_0.o-f_lto_pr45586_0.o link, -O0 -flto -flto-partition=none -fuse-linker-plugin (internal compiler error)
UNRESOLVED: gfortran.dg/lto/pr45586 f_lto_pr45586_0.o-f_lto_pr45586_0.o execute -O0 -flto -flto-partition=none -fuse-linker-plugin
FAIL: gfortran.dg/lto/pr45586 f_lto_pr45586_0.o-f_lto_pr45586_0.o link, -O0 -flto -flto-partition=1to1 -fno-use-linker-plugin  (internal compiler error)
UNRESOLVED: gfortran.dg/lto/pr45586 f_lto_pr45586_0.o-f_lto_pr45586_0.o execute -O0 -flto -flto-partition=1to1 -fno-use-linker-plugin 
FAIL: gfortran.dg/lto/pr45586 f_lto_pr45586_0.o-f_lto_pr45586_0.o link, -O0 -flto -fuse-linker-plugin -fno-fat-lto-objects  (internal compiler error)
UNRESOLVED: gfortran.dg/lto/pr45586 f_lto_pr45586_0.o-f_lto_pr45586_0.o execute -O0 -flto -fuse-linker-plugin -fno-fat-lto-objects 

		=== gfortran Summary for unix/-m32 ===

# of expected passes		43047
# of unexpected failures	10
# of expected failures		35
# of unsupported tests		178

		=== gfortran Summary ===

# of expected passes		86386
# of unexpected failures	18
# of expected failures		70
# of unsupported tests		215
/export/gnu/import/git/gcc-test-intel64corei7/bld/gcc/testsuite/gfortran/../../gfortran  version 4.9.0 20130820 (experimental) [trunk revision 201878] (GCC) 

		=== objc tests ===


Running target unix

		=== objc Summary for unix ===

# of expected passes		1304
# of expected failures		6

Running target unix/-m32

		=== objc Summary for unix/-m32 ===

# of expected passes		1304
# of expected failures		6

		=== objc Summary ===

# of expected passes		2608
# of expected failures		12
/export/gnu/import/git/gcc-test-intel64corei7/bld/gcc/xgcc  version 4.9.0 20130820 (experimental) [trunk revision 201878] (GCC) 

		=== boehm-gc tests ===


Running target unix/-m32

		=== boehm-gc Summary for unix/-m32 ===

# of expected passes		4

Running target unix

		=== boehm-gc Summary for unix ===

# of expected passes		4

		=== boehm-gc Summary ===

# of expected passes		24
# of unsupported tests		2
		=== libatomic tests ===


Running target unix/-m32

		=== libatomic Summary for unix/-m32 ===

# of expected passes		44
# of unsupported tests		5

Running target unix

		=== libatomic Summary for unix ===

# of expected passes		54

		=== libatomic Summary ===

# of expected passes		98
# of unsupported tests		5
		=== libffi tests ===


Running target unix/-m32

		=== libffi Summary for unix/-m32 ===

# of expected passes		24

Running target unix

		=== libffi Summary for unix ===

# of expected passes		24

		=== libffi Summary ===

# of expected passes		3638
# of unsupported tests		110
		=== libgomp tests ===


Running target unix/-m32

		=== libgomp Summary for unix/-m32 ===


Running target unix

		=== libgomp Summary for unix ===


		=== libgomp Summary ===

# of expected passes		4298
		=== libitm tests ===


Running target unix/-m32

		=== libitm Summary for unix/-m32 ===

# of expected passes		4
# of expected failures		1
# of unsupported tests		1

Running target unix

		=== libitm Summary for unix ===

# of expected passes		4
# of expected failures		1
# of unsupported tests		1

		=== libitm Summary ===

# of expected passes		52
# of expected failures		6
# of unsupported tests		2
		=== libjava tests ===


Running target unix/-m32
FAIL: sourcelocation output - source compiled test
FAIL: sourcelocation -findirect-dispatch output - source compiled test
FAIL: sourcelocation -O3 output - source compiled test
FAIL: sourcelocation -O3 -findirect-dispatch output - source compiled test

		=== libjava Summary for unix/-m32 ===


Running target unix
FAIL: sourcelocation output - source compiled test
FAIL: sourcelocation -findirect-dispatch output - source compiled test
FAIL: sourcelocation -O3 output - source compiled test
FAIL: sourcelocation -O3 -findirect-dispatch output - source compiled test

		=== libjava Summary for unix ===


		=== libjava Summary ===

# of expected passes		5164
# of unexpected failures	8
		=== libmudflap tests ===


Running target unix/-m32
FAIL: libmudflap.c++/pass41-frag.cxx ( -O) execution test
FAIL: libmudflap.c++/pass41-frag.cxx (-O2) execution test
FAIL: libmudflap.c++/pass41-frag.cxx (-O3) execution test

		=== libmudflap Summary for unix/-m32 ===

# of expected passes		264

Running target unix
FAIL: libmudflap.c++/pass41-frag.cxx ( -O) execution test
FAIL: libmudflap.c++/pass41-frag.cxx (-O2) execution test
FAIL: libmudflap.c++/pass41-frag.cxx (-O3) execution test

		=== libmudflap Summary for unix ===

# of expected passes		264

		=== libmudflap Summary ===

# of expected passes		2866
# of unexpected failures	6
		=== libstdc++ tests ===


Running target unix
FAIL: 17_intro/headers/c++1998/all.cc (test for excess errors)
FAIL: 17_intro/headers/c++200x/stdc++.cc (test for excess errors)
FAIL: 17_intro/headers/c++200x/stdc++_multiple_inclusion.cc (test for excess errors)
FAIL: 21_strings/basic_string/inserters_extractors/pod/10081-in.cc (test for excess errors)
UNRESOLVED: 21_strings/basic_string/inserters_extractors/pod/10081-in.cc compilation failed to produce executable
FAIL: 21_strings/basic_string/inserters_extractors/pod/10081-out.cc (test for excess errors)
UNRESOLVED: 21_strings/basic_string/inserters_extractors/pod/10081-out.cc compilation failed to produce executable
FAIL: 21_strings/basic_string/operators/char/2.cc (test for excess errors)
UNRESOLVED: 21_strings/basic_string/operators/char/2.cc compilation failed to produce executable
FAIL: 21_strings/basic_string/operators/wchar_t/2.cc (test for excess errors)
UNRESOLVED: 21_strings/basic_string/operators/wchar_t/2.cc compilation failed to produce executable
FAIL: 21_strings/basic_string/requirements/explicit_instantiation/1.cc (test for excess errors)
FAIL: 21_strings/basic_string/requirements/explicit_instantiation/char/1.cc (test for excess errors)
FAIL: 21_strings/basic_string/requirements/explicit_instantiation/debug.cc (test for excess errors)
FAIL: 21_strings/basic_string/requirements/explicit_instantiation/wchar_t/1.cc (test for excess errors)
FAIL: 22_locale/ctype/scan/char/1.cc (test for excess errors)
UNRESOLVED: 22_locale/ctype/scan/char/1.cc compilation failed to produce executable
FAIL: 22_locale/ctype/scan/char/wrapped_env.cc (test for excess errors)
UNRESOLVED: 22_locale/ctype/scan/char/wrapped_env.cc compilation failed to produce executable
FAIL: 22_locale/ctype/scan/char/wrapped_locale.cc (test for excess errors)
UNRESOLVED: 22_locale/ctype/scan/char/wrapped_locale.cc compilation failed to produce executable
FAIL: 22_locale/ctype/scan/wchar_t/wrapped_env.cc (test for excess errors)
UNRESOLVED: 22_locale/ctype/scan/wchar_t/wrapped_env.cc compilation failed to produce executable
FAIL: 22_locale/ctype/scan/wchar_t/wrapped_locale.cc (test for excess errors)
UNRESOLVED: 22_locale/ctype/scan/wchar_t/wrapped_locale.cc compilation failed to produce executable
FAIL: 22_locale/facet/1.cc (test for excess errors)
UNRESOLVED: 22_locale/facet/1.cc compilation failed to produce executable
FAIL: 22_locale/locale/cons/2.cc (test for excess errors)
UNRESOLVED: 22_locale/locale/cons/2.cc compilation failed to produce executable
FAIL: 22_locale/money_get/cons/3.cc (test for excess errors)
FAIL: 22_locale/money_get/get/char/1.cc (test for excess errors)
UNRESOLVED: 22_locale/money_get/get/char/1.cc compilation failed to produce executable
FAIL: 22_locale/money_get/get/char/5.cc (test for excess errors)
UNRESOLVED: 22_locale/money_get/get/char/5.cc compilation failed to produce executable
FAIL: 22_locale/money_get/get/char/wrapped_env.cc (test for excess errors)
UNRESOLVED: 22_locale/money_get/get/char/wrapped_env.cc compilation failed to produce executable
FAIL: 22_locale/money_get/get/char/wrapped_locale.cc (test for excess errors)
UNRESOLVED: 22_locale/money_get/get/char/wrapped_locale.cc compilation failed to produce executable
FAIL: 22_locale/money_get/get/wchar_t/1.cc (test for excess errors)
UNRESOLVED: 22_locale/money_get/get/wchar_t/1.cc compilation failed to produce executable
FAIL: 22_locale/money_get/get/wchar_t/5.cc (test for excess errors)
UNRESOLVED: 22_locale/money_get/get/wchar_t/5.cc compilation failed to produce executable
FAIL: 22_locale/money_get/get/wchar_t/wrapped_env.cc (test for excess errors)
UNRESOLVED: 22_locale/money_get/get/wchar_t/wrapped_env.cc compilation failed to produce executable
FAIL: 22_locale/money_get/get/wchar_t/wrapped_locale.cc (test for excess errors)
UNRESOLVED: 22_locale/money_get/get/wchar_t/wrapped_locale.cc compilation failed to produce executable
FAIL: 22_locale/money_get/requirements/explicit_instantiation.cc (test for excess errors)
FAIL: 22_locale/money_put/cons/3.cc (test for excess errors)
FAIL: 22_locale/money_put/put/char/1.cc (test for excess errors)
UNRESOLVED: 22_locale/money_put/put/char/1.cc compilation failed to produce executable
FAIL: 22_locale/money_put/put/char/4.cc (test for excess errors)
UNRESOLVED: 22_locale/money_put/put/char/4.cc compilation failed to produce executable
FAIL: 22_locale/money_put/put/char/wrapped_env.cc (test for excess errors)
UNRESOLVED: 22_locale/money_put/put/char/wrapped_env.cc compilation failed to produce executable
FAIL: 22_locale/money_put/put/char/wrapped_locale.cc (test for excess errors)
UNRESOLVED: 22_locale/money_put/put/char/wrapped_locale.cc compilation failed to produce executable
FAIL: 22_locale/money_put/put/wchar_t/1.cc (test for excess errors)
UNRESOLVED: 22_locale/money_put/put/wchar_t/1.cc compilation failed to produce executable
FAIL: 22_locale/money_put/put/wchar_t/4.cc (test for excess errors)
UNRESOLVED: 22_locale/money_put/put/wchar_t/4.cc compilation failed to produce executable
FAIL: 22_locale/money_put/put/wchar_t/wrapped_env.cc (test for excess errors)
UNRESOLVED: 22_locale/money_put/put/wchar_t/wrapped_env.cc compilation failed to produce executable
FAIL: 22_locale/money_put/put/wchar_t/wrapped_locale.cc (test for excess errors)
UNRESOLVED: 22_locale/money_put/put/wchar_t/wrapped_locale.cc compilation failed to produce executable
FAIL: 22_locale/money_put/requirements/explicit_instantiation.cc (test for excess errors)
FAIL: 22_locale/num_get/cons/3.cc (test for excess errors)
FAIL: 22_locale/num_get/get/char/1.cc (test for excess errors)
UNRESOLVED: 22_locale/num_get/get/char/1.cc compilation failed to produce executable
FAIL: 22_locale/num_get/get/char/12.cc (test for excess errors)
UNRESOLVED: 22_locale/num_get/get/char/12.cc compilation failed to produce executable
FAIL: 22_locale/num_get/get/char/16.cc (test for excess errors)
UNRESOLVED: 22_locale/num_get/get/char/16.cc compilation failed to produce executable
FAIL: 22_locale/num_get/get/char/22131.cc (test for excess errors)
UNRESOLVED: 22_locale/num_get/get/char/22131.cc compilation failed to produce executable
FAIL: 22_locale/num_get/get/char/37958.cc (test for excess errors)
UNRESOLVED: 22_locale/num_get/get/char/37958.cc compilation failed to produce executable
FAIL: 22_locale/num_get/get/char/4.cc (test for excess errors)
UNRESOLVED: 22_locale/num_get/get/char/4.cc compilation failed to produce executable
FAIL: 22_locale/num_get/get/char/wrapped_env.cc (test for excess errors)
UNRESOLVED: 22_locale/num_get/get/char/wrapped_env.cc compilation failed to produce executable
FAIL: 22_locale/num_get/get/char/wrapped_locale.cc (test for excess errors)
UNRESOLVED: 22_locale/num_get/get/char/wrapped_locale.cc compilation failed to produce executable
FAIL: 22_locale/num_get/get/wchar_t/1.cc (test for excess errors)
UNRESOLVED: 22_locale/num_get/get/wchar_t/1.cc compilation failed to produce executable
FAIL: 22_locale/num_get/get/wchar_t/12.cc (test for excess errors)
UNRESOLVED: 22_locale/num_get/get/wchar_t/12.cc compilation failed to produce executable
FAIL: 22_locale/num_get/get/wchar_t/16.cc (test for excess errors)
UNRESOLVED: 22_locale/num_get/get/wchar_t/16.cc compilation failed to produce executable
FAIL: 22_locale/num_get/get/wchar_t/22131.cc (test for excess errors)
UNRESOLVED: 22_locale/num_get/get/wchar_t/22131.cc compilation failed to produce executable
FAIL: 22_locale/num_get/get/wchar_t/37958.cc (test for excess errors)
UNRESOLVED: 22_locale/num_get/get/wchar_t/37958.cc compilation failed to produce executable
FAIL: 22_locale/num_get/get/wchar_t/4.cc (test for excess errors)
UNRESOLVED: 22_locale/num_get/get/wchar_t/4.cc compilation failed to produce executable
FAIL: 22_locale/num_get/get/wchar_t/wrapped_env.cc (test for excess errors)
UNRESOLVED: 22_locale/num_get/get/wchar_t/wrapped_env.cc compilation failed to produce executable
FAIL: 22_locale/num_get/get/wchar_t/wrapped_locale.cc (test for excess errors)
UNRESOLVED: 22_locale/num_get/get/wchar_t/wrapped_locale.cc compilation failed to produce executable
FAIL: 22_locale/num_get/requirements/explicit_instantiation.cc (test for excess errors)
FAIL: 22_locale/num_put/cons/3.cc (test for excess errors)
FAIL: 22_locale/num_put/put/char/1.cc (test for excess errors)
UNRESOLVED: 22_locale/num_put/put/char/1.cc compilation failed to produce executable
FAIL: 22_locale/num_put/put/char/23953.cc (test for excess errors)
UNRESOLVED: 22_locale/num_put/put/char/23953.cc compilation failed to produce executable
FAIL: 22_locale/num_put/put/char/38196.cc (test for excess errors)
UNRESOLVED: 22_locale/num_put/put/char/38196.cc compilation failed to produce executable
FAIL: 22_locale/num_put/put/char/38210.cc (test for excess errors)
UNRESOLVED: 22_locale/num_put/put/char/38210.cc compilation failed to produce executable
FAIL: 22_locale/num_put/put/char/4.cc (test for excess errors)
UNRESOLVED: 22_locale/num_put/put/char/4.cc compilation failed to produce executable
FAIL: 22_locale/num_put/put/char/wrapped_env.cc (test for excess errors)
UNRESOLVED: 22_locale/num_put/put/char/wrapped_env.cc compilation failed to produce executable
FAIL: 22_locale/num_put/put/char/wrapped_locale.cc (test for excess errors)
UNRESOLVED: 22_locale/num_put/put/char/wrapped_locale.cc compilation failed to produce executable
FAIL: 22_locale/num_put/put/wchar_t/1.cc (test for excess errors)
UNRESOLVED: 22_locale/num_put/put/wchar_t/1.cc compilation failed to produce executable
FAIL: 22_locale/num_put/put/wchar_t/2.cc (test for excess errors)
UNRESOLVED: 22_locale/num_put/put/wchar_t/2.cc compilation failed to produce executable
FAIL: 22_locale/num_put/put/wchar_t/23953.cc (test for excess errors)
UNRESOLVED: 22_locale/num_put/put/wchar_t/23953.cc compilation failed to produce executable
FAIL: 22_locale/num_put/put/wchar_t/38196.cc (test for excess errors)
UNRESOLVED: 22_locale/num_put/put/wchar_t/38196.cc compilation failed to produce executable
FAIL: 22_locale/num_put/put/wchar_t/38210.cc (test for excess errors)
UNRESOLVED: 22_locale/num_put/put/wchar_t/38210.cc compilation failed to produce executable
FAIL: 22_locale/num_put/put/wchar_t/4.cc (test for excess errors)
UNRESOLVED: 22_locale/num_put/put/wchar_t/4.cc compilation failed to produce executable
FAIL: 22_locale/num_put/put/wchar_t/wrapped_env.cc (test for excess errors)
UNRESOLVED: 22_locale/num_put/put/wchar_t/wrapped_env.cc compilation failed to produce executable
FAIL: 22_locale/num_put/put/wchar_t/wrapped_locale.cc (test for excess errors)
UNRESOLVED: 22_locale/num_put/put/wchar_t/wrapped_locale.cc compilation failed to produce executable
FAIL: 22_locale/num_put/requirements/explicit_instantiation.cc (test for excess errors)
FAIL: 22_locale/numpunct/members/pod/1.cc (test for excess errors)
UNRESOLVED: 22_locale/numpunct/members/pod/1.cc compilation failed to produce executable
FAIL: 22_locale/numpunct/members/pod/2.cc (test for excess errors)
UNRESOLVED: 22_locale/numpunct/members/pod/2.cc compilation failed to produce executable
FAIL: 22_locale/time_get/get_date/char/wrapped_env.cc (test for excess errors)
UNRESOLVED: 22_locale/time_get/get_date/char/wrapped_env.cc compilation failed to produce executable
FAIL: 22_locale/time_get/get_date/char/wrapped_locale.cc (test for excess errors)
UNRESOLVED: 22_locale/time_get/get_date/char/wrapped_locale.cc compilation failed to produce executable
FAIL: 22_locale/time_get/get_date/wchar_t/wrapped_env.cc (test for excess errors)
UNRESOLVED: 22_locale/time_get/get_date/wchar_t/wrapped_env.cc compilation failed to produce executable
FAIL: 22_locale/time_get/get_date/wchar_t/wrapped_locale.cc (test for excess errors)
UNRESOLVED: 22_locale/time_get/get_date/wchar_t/wrapped_locale.cc compilation failed to produce executable
FAIL: 22_locale/time_get/get_monthname/char/wrapped_env.cc (test for excess errors)
UNRESOLVED: 22_locale/time_get/get_monthname/char/wrapped_env.cc compilation failed to produce executable
FAIL: 22_locale/time_get/get_monthname/char/wrapped_locale.cc (test for excess errors)
UNRESOLVED: 22_locale/time_get/get_monthname/char/wrapped_locale.cc compilation failed to produce executable
FAIL: 22_locale/time_get/get_monthname/wchar_t/wrapped_env.cc (test for excess errors)
UNRESOLVED: 22_locale/time_get/get_monthname/wchar_t/wrapped_env.cc compilation failed to produce executable
FAIL: 22_locale/time_get/get_monthname/wchar_t/wrapped_locale.cc (test for excess errors)
UNRESOLVED: 22_locale/time_get/get_monthname/wchar_t/wrapped_locale.cc compilation failed to produce executable
FAIL: 22_locale/time_get/get_time/char/wrapped_env.cc (test for excess errors)
UNRESOLVED: 22_locale/time_get/get_time/char/wrapped_env.cc compilation failed to produce executable
FAIL: 22_locale/time_get/get_time/char/wrapped_locale.cc (test for excess errors)
UNRESOLVED: 22_locale/time_get/get_time/char/wrapped_locale.cc compilation failed to produce executable
FAIL: 22_locale/time_get/get_time/wchar_t/wrapped_env.cc (test for excess errors)
UNRESOLVED: 22_locale/time_get/get_time/wchar_t/wrapped_env.cc compilation failed to produce executable
FAIL: 22_locale/time_get/get_time/wchar_t/wrapped_locale.cc (test for excess errors)
UNRESOLVED: 22_locale/time_get/get_time/wchar_t/wrapped_locale.cc compilation failed to produce executable
FAIL: 22_locale/time_get/get_weekday/char/wrapped_env.cc (test for excess errors)
UNRESOLVED: 22_locale/time_get/get_weekday/char/wrapped_env.cc compilation failed to produce executable
FAIL: 22_locale/time_get/get_weekday/char/wrapped_locale.cc (test for excess errors)
UNRESOLVED: 22_locale/time_get/get_weekday/char/wrapped_locale.cc compilation failed to produce executable
FAIL: 22_locale/time_get/get_weekday/wchar_t/wrapped_env.cc (test for excess errors)
UNRESOLVED: 22_locale/time_get/get_weekday/wchar_t/wrapped_env.cc compilation failed to produce executable
FAIL: 22_locale/time_get/get_weekday/wchar_t/wrapped_locale.cc (test for excess errors)
UNRESOLVED: 22_locale/time_get/get_weekday/wchar_t/wrapped_locale.cc compilation failed to produce executable
FAIL: 22_locale/time_get/get_year/char/wrapped_env.cc (test for excess errors)
UNRESOLVED: 22_locale/time_get/get_year/char/wrapped_env.cc compilation failed to produce executable
FAIL: 22_locale/time_get/get_year/char/wrapped_locale.cc (test for excess errors)
UNRESOLVED: 22_locale/time_get/get_year/char/wrapped_locale.cc compilation failed to produce executable
FAIL: 22_locale/time_get/get_year/wchar_t/wrapped_env.cc (test for excess errors)
UNRESOLVED: 22_locale/time_get/get_year/wchar_t/wrapped_env.cc compilation failed to produce executable
FAIL: 22_locale/time_get/get_year/wchar_t/wrapped_locale.cc (test for excess errors)
UNRESOLVED: 22_locale/time_get/get_year/wchar_t/wrapped_locale.cc compilation failed to produce executable
FAIL: 22_locale/time_get/requirements/explicit_instantiation.cc (test for excess errors)
FAIL: 22_locale/time_put/put/char/wrapped_env.cc (test for excess errors)
UNRESOLVED: 22_locale/time_put/put/char/wrapped_env.cc compilation failed to produce executable
FAIL: 22_locale/time_put/put/char/wrapped_locale.cc (test for excess errors)
UNRESOLVED: 22_locale/time_put/put/char/wrapped_locale.cc compilation failed to produce executable
FAIL: 22_locale/time_put/put/wchar_t/wrapped_env.cc (test for excess errors)
UNRESOLVED: 22_locale/time_put/put/wchar_t/wrapped_env.cc compilation failed to produce executable
FAIL: 22_locale/time_put/put/wchar_t/wrapped_locale.cc (test for excess errors)
UNRESOLVED: 22_locale/time_put/put/wchar_t/wrapped_locale.cc compilation failed to produce executable
FAIL: 23_containers/bitset/operations/1.cc (test for excess errors)
UNRESOLVED: 23_containers/bitset/operations/1.cc compilation failed to produce executable
FAIL: 23_containers/deque/capacity/29134-2.cc (test for excess errors)
UNRESOLVED: 23_containers/deque/capacity/29134-2.cc compilation failed to produce executable
FAIL: 23_containers/deque/check_construct_destroy.cc (test for excess errors)
UNRESOLVED: 23_containers/deque/check_construct_destroy.cc compilation failed to produce executable
FAIL: 23_containers/deque/cons/2.cc (test for excess errors)
UNRESOLVED: 23_containers/deque/cons/2.cc compilation failed to produce executable
FAIL: 23_containers/deque/cons/assign/1.cc (test for excess errors)
UNRESOLVED: 23_containers/deque/cons/assign/1.cc compilation failed to produce executable
FAIL: 23_containers/deque/debug/assign4_neg.cc (test for excess errors)
UNRESOLVED: 23_containers/deque/debug/assign4_neg.cc compilation failed to produce executable
FAIL: 23_containers/deque/debug/construct4_neg.cc (test for excess errors)
UNRESOLVED: 23_containers/deque/debug/construct4_neg.cc compilation failed to produce executable
FAIL: 23_containers/deque/debug/insert4_neg.cc (test for excess errors)
UNRESOLVED: 23_containers/deque/debug/insert4_neg.cc compilation failed to produce executable
FAIL: 23_containers/deque/debug/invalidation/1.cc (test for excess errors)
UNRESOLVED: 23_containers/deque/debug/invalidation/1.cc compilation failed to produce executable
FAIL: 23_containers/deque/debug/invalidation/2.cc (test for excess errors)
UNRESOLVED: 23_containers/deque/debug/invalidation/2.cc compilation failed to produce executable
FAIL: 23_containers/deque/debug/invalidation/3.cc (test for excess errors)
UNRESOLVED: 23_containers/deque/debug/invalidation/3.cc compilation failed to produce executable
FAIL: 23_containers/deque/debug/invalidation/4.cc (test for excess errors)
UNRESOLVED: 23_containers/deque/debug/invalidation/4.cc compilation failed to produce executable
FAIL: 23_containers/deque/modifiers/erase/1.cc (test for excess errors)
UNRESOLVED: 23_containers/deque/modifiers/erase/1.cc compilation failed to produce executable
FAIL: 23_containers/deque/modifiers/erase/2.cc (test for excess errors)
UNRESOLVED: 23_containers/deque/modifiers/erase/2.cc compilation failed to produce executable
FAIL: 23_containers/deque/modifiers/swap/2.cc (test for excess errors)
UNRESOLVED: 23_containers/deque/modifiers/swap/2.cc compilation failed to produce executable
FAIL: 23_containers/deque/modifiers/swap/3.cc (test for excess errors)
UNRESOLVED: 23_containers/deque/modifiers/swap/3.cc compilation failed to produce executable
FAIL: 23_containers/deque/requirements/explicit_instantiation/1.cc (test for excess errors)
FAIL: 23_containers/deque/requirements/explicit_instantiation/2.cc (test for excess errors)
FAIL: 23_containers/deque/requirements/explicit_instantiation/3.cc (test for excess errors)
FAIL: 23_containers/deque/requirements/explicit_instantiation/4.cc (test for excess errors)
FAIL: 23_containers/deque/types/1.cc (test for excess errors)
FAIL: 23_containers/list/debug/assign4_neg.cc (test for excess errors)
UNRESOLVED: 23_containers/list/debug/assign4_neg.cc compilation failed to produce executable
FAIL: 23_containers/list/debug/construct4_neg.cc (test for excess errors)
UNRESOLVED: 23_containers/list/debug/construct4_neg.cc compilation failed to produce executable
FAIL: 23_containers/list/debug/insert4_neg.cc (test for excess errors)
UNRESOLVED: 23_containers/list/debug/insert4_neg.cc compilation failed to produce executable
FAIL: 23_containers/list/debug/invalidation/1.cc (test for excess errors)
UNRESOLVED: 23_containers/list/debug/invalidation/1.cc compilation failed to produce executable
FAIL: 23_containers/list/debug/invalidation/2.cc (test for excess errors)
UNRESOLVED: 23_containers/list/debug/invalidation/2.cc compilation failed to produce executable
FAIL: 23_containers/list/debug/invalidation/3.cc (test for excess errors)
UNRESOLVED: 23_containers/list/debug/invalidation/3.cc compilation failed to produce executable
FAIL: 23_containers/list/debug/invalidation/4.cc (test for excess errors)
UNRESOLVED: 23_containers/list/debug/invalidation/4.cc compilation failed to produce executable
FAIL: 23_containers/list/modifiers/insert/25288.cc (test for excess errors)
UNRESOLVED: 23_containers/list/modifiers/insert/25288.cc compilation failed to produce executable
FAIL: 23_containers/list/modifiers/swap/2.cc (test for excess errors)
UNRESOLVED: 23_containers/list/modifiers/swap/2.cc compilation failed to produce executable
FAIL: 23_containers/list/modifiers/swap/3.cc (test for excess errors)
UNRESOLVED: 23_containers/list/modifiers/swap/3.cc compilation failed to produce executable
FAIL: 23_containers/list/operations/5.cc (test for excess errors)
UNRESOLVED: 23_containers/list/operations/5.cc compilation failed to produce executable
FAIL: 23_containers/list/requirements/explicit_instantiation/5.cc (test for excess errors)
FAIL: 23_containers/map/debug/construct4_neg.cc (test for excess errors)
UNRESOLVED: 23_containers/map/debug/construct4_neg.cc compilation failed to produce executable
FAIL: 23_containers/map/debug/insert4_neg.cc (test for excess errors)
UNRESOLVED: 23_containers/map/debug/insert4_neg.cc compilation failed to produce executable
FAIL: 23_containers/map/debug/invalidation/1.cc (test for excess errors)
UNRESOLVED: 23_containers/map/debug/invalidation/1.cc compilation failed to produce executable
FAIL: 23_containers/map/debug/invalidation/2.cc (test for excess errors)
UNRESOLVED: 23_containers/map/debug/invalidation/2.cc compilation failed to produce executable
FAIL: 23_containers/map/modifiers/insert/16813.cc (test for excess errors)
UNRESOLVED: 23_containers/map/modifiers/insert/16813.cc compilation failed to produce executable
FAIL: 23_containers/map/modifiers/swap/2.cc (test for excess errors)
UNRESOLVED: 23_containers/map/modifiers/swap/2.cc compilation failed to produce executable
FAIL: 23_containers/map/modifiers/swap/3.cc (test for excess errors)
UNRESOLVED: 23_containers/map/modifiers/swap/3.cc compilation failed to produce executable
FAIL: 23_containers/map/requirements/explicit_instantiation/5.cc (test for excess errors)
FAIL: 23_containers/multimap/debug/construct4_neg.cc (test for excess errors)
UNRESOLVED: 23_containers/multimap/debug/construct4_neg.cc compilation failed to produce executable
FAIL: 23_containers/multimap/debug/insert4_neg.cc (test for excess errors)
UNRESOLVED: 23_containers/multimap/debug/insert4_neg.cc compilation failed to produce executable
FAIL: 23_containers/multimap/debug/invalidation/2.cc (test for excess errors)
UNRESOLVED: 23_containers/multimap/debug/invalidation/2.cc compilation failed to produce executable
FAIL: 23_containers/multimap/modifiers/swap/2.cc (test for excess errors)
UNRESOLVED: 23_containers/multimap/modifiers/swap/2.cc compilation failed to produce executable
FAIL: 23_containers/multimap/modifiers/swap/3.cc (test for excess errors)
UNRESOLVED: 23_containers/multimap/modifiers/swap/3.cc compilation failed to produce executable
FAIL: 23_containers/multimap/requirements/explicit_instantiation/5.cc (test for excess errors)
FAIL: 23_containers/multiset/debug/construct4_neg.cc (test for excess errors)
UNRESOLVED: 23_containers/multiset/debug/construct4_neg.cc compilation failed to produce executable
FAIL: 23_containers/multiset/debug/insert4_neg.cc (test for excess errors)
UNRESOLVED: 23_containers/multiset/debug/insert4_neg.cc compilation failed to produce executable
FAIL: 23_containers/multiset/debug/invalidation/2.cc (test for excess errors)
UNRESOLVED: 23_containers/multiset/debug/invalidation/2.cc compilation failed to produce executable
FAIL: 23_containers/multiset/modifiers/swap/2.cc (test for excess errors)
UNRESOLVED: 23_containers/multiset/modifiers/swap/2.cc compilation failed to produce executable
FAIL: 23_containers/multiset/modifiers/swap/3.cc (test for excess errors)
UNRESOLVED: 23_containers/multiset/modifiers/swap/3.cc compilation failed to produce executable
FAIL: 23_containers/multiset/requirements/explicit_instantiation/5.cc (test for excess errors)
FAIL: 23_containers/set/debug/construct4_neg.cc (test for excess errors)
UNRESOLVED: 23_containers/set/debug/construct4_neg.cc compilation failed to produce executable
FAIL: 23_containers/set/debug/insert4_neg.cc (test for excess errors)
UNRESOLVED: 23_containers/set/debug/insert4_neg.cc compilation failed to produce executable
FAIL: 23_containers/set/debug/invalidation/1.cc (test for excess errors)
UNRESOLVED: 23_containers/set/debug/invalidation/1.cc compilation failed to produce executable
FAIL: 23_containers/set/debug/invalidation/2.cc (test for excess errors)
UNRESOLVED: 23_containers/set/debug/invalidation/2.cc compilation failed to produce executable
FAIL: 23_containers/set/modifiers/swap/2.cc (test for excess errors)
UNRESOLVED: 23_containers/set/modifiers/swap/2.cc compilation failed to produce executable
FAIL: 23_containers/set/modifiers/swap/3.cc (test for excess errors)
UNRESOLVED: 23_containers/set/modifiers/swap/3.cc compilation failed to produce executable
FAIL: 23_containers/set/requirements/explicit_instantiation/5.cc (test for excess errors)
FAIL: 23_containers/vector/bool/capacity/1.cc (test for excess errors)
UNRESOLVED: 23_containers/vector/bool/capacity/1.cc compilation failed to produce executable
FAIL: 23_containers/vector/bool/cons/1.cc (test for excess errors)
UNRESOLVED: 23_containers/vector/bool/cons/1.cc compilation failed to produce executable
FAIL: 23_containers/vector/bool/cons/2.cc (test for excess errors)
UNRESOLVED: 23_containers/vector/bool/cons/2.cc compilation failed to produce executable
FAIL: 23_containers/vector/bool/modifiers/erase/1.cc (test for excess errors)
UNRESOLVED: 23_containers/vector/bool/modifiers/erase/1.cc compilation failed to produce executable
FAIL: 23_containers/vector/bool/modifiers/insert/1.cc (test for excess errors)
UNRESOLVED: 23_containers/vector/bool/modifiers/insert/1.cc compilation failed to produce executable
FAIL: 23_containers/vector/bool/modifiers/insert/31370.cc (test for excess errors)
UNRESOLVED: 23_containers/vector/bool/modifiers/insert/31370.cc compilation failed to produce executable
FAIL: 23_containers/vector/bool/modifiers/swap/1.cc (test for excess errors)
UNRESOLVED: 23_containers/vector/bool/modifiers/swap/1.cc compilation failed to produce executable
FAIL: 23_containers/vector/bool/modifiers/swap/2.cc (test for excess errors)
UNRESOLVED: 23_containers/vector/bool/modifiers/swap/2.cc compilation failed to produce executable
FAIL: 23_containers/vector/check_construct_destroy.cc (test for excess errors)
UNRESOLVED: 23_containers/vector/check_construct_destroy.cc compilation failed to produce executable
FAIL: 23_containers/vector/cons/2.cc (test for excess errors)
UNRESOLVED: 23_containers/vector/cons/2.cc compilation failed to produce executable
FAIL: 23_containers/vector/cons/4.cc (test for excess errors)
UNRESOLVED: 23_containers/vector/cons/4.cc compilation failed to produce executable
FAIL: 23_containers/vector/debug/insert4_neg.cc (test for excess errors)
UNRESOLVED: 23_containers/vector/debug/insert4_neg.cc compilation failed to produce executable
FAIL: 23_containers/vector/debug/insert6_neg.cc (test for excess errors)
UNRESOLVED: 23_containers/vector/debug/insert6_neg.cc compilation failed to produce executable
FAIL: 23_containers/vector/ext_pointer/explicit_instantiation/1.cc (test for excess errors)
FAIL: 23_containers/vector/ext_pointer/explicit_instantiation/3.cc (test for excess errors)
FAIL: 23_containers/vector/ext_pointer/modifiers/element.cc (test for excess errors)
UNRESOLVED: 23_containers/vector/ext_pointer/modifiers/element.cc compilation failed to produce executable
FAIL: 23_containers/vector/ext_pointer/modifiers/erase.cc (test for excess errors)
UNRESOLVED: 23_containers/vector/ext_pointer/modifiers/erase.cc compilation failed to produce executable
FAIL: 23_containers/vector/ext_pointer/modifiers/insert.cc (test for excess errors)
UNRESOLVED: 23_containers/vector/ext_pointer/modifiers/insert.cc compilation failed to produce executable
FAIL: 23_containers/vector/ext_pointer/resize.cc (test for excess errors)
UNRESOLVED: 23_containers/vector/ext_pointer/resize.cc compilation failed to produce executable
FAIL: 23_containers/vector/ext_pointer/types/1.cc (test for excess errors)
UNRESOLVED: 23_containers/vector/ext_pointer/types/1.cc compilation failed to produce executable
FAIL: 23_containers/vector/modifiers/erase/1.cc (test for excess errors)
UNRESOLVED: 23_containers/vector/modifiers/erase/1.cc compilation failed to produce executable
FAIL: 23_containers/vector/modifiers/swap/2.cc (test for excess errors)
UNRESOLVED: 23_containers/vector/modifiers/swap/2.cc compilation failed to produce executable
FAIL: 23_containers/vector/modifiers/swap/3.cc (test for excess errors)
UNRESOLVED: 23_containers/vector/modifiers/swap/3.cc compilation failed to produce executable
FAIL: 23_containers/vector/zero_sized_allocations.cc (test for excess errors)
UNRESOLVED: 23_containers/vector/zero_sized_allocations.cc compilation failed to produce executable
FAIL: 24_iterators/random_access_iterator/string_vector_iterators.cc (test for excess errors)
UNRESOLVED: 24_iterators/random_access_iterator/string_vector_iterators.cc compilation failed to produce executable
FAIL: 25_algorithms/copy/3.cc (test for excess errors)
UNRESOLVED: 25_algorithms/copy/3.cc compilation failed to produce executable
FAIL: 25_algorithms/copy/deque_iterators/1.cc (test for excess errors)
UNRESOLVED: 25_algorithms/copy/deque_iterators/1.cc compilation failed to produce executable
FAIL: 25_algorithms/copy/streambuf_iterators/char/1.cc (test for excess errors)
UNRESOLVED: 25_algorithms/copy/streambuf_iterators/char/1.cc compilation failed to produce executable
FAIL: 25_algorithms/copy/streambuf_iterators/char/3.cc (test for excess errors)
UNRESOLVED: 25_algorithms/copy/streambuf_iterators/char/3.cc compilation failed to produce executable
FAIL: 25_algorithms/copy/streambuf_iterators/wchar_t/1.cc (test for excess errors)
UNRESOLVED: 25_algorithms/copy/streambuf_iterators/wchar_t/1.cc compilation failed to produce executable
FAIL: 25_algorithms/copy/streambuf_iterators/wchar_t/3.cc (test for excess errors)
UNRESOLVED: 25_algorithms/copy/streambuf_iterators/wchar_t/3.cc compilation failed to produce executable
FAIL: 25_algorithms/copy_backward/deque_iterators/1.cc (test for excess errors)
UNRESOLVED: 25_algorithms/copy_backward/deque_iterators/1.cc compilation failed to produce executable
FAIL: 25_algorithms/inplace_merge/1.cc (test for excess errors)
UNRESOLVED: 25_algorithms/inplace_merge/1.cc compilation failed to produce executable
FAIL: 25_algorithms/inplace_merge/check_type.cc (test for excess errors)
FAIL: 25_algorithms/nth_element/1.cc (test for excess errors)
UNRESOLVED: 25_algorithms/nth_element/1.cc compilation failed to produce executable
FAIL: 25_algorithms/nth_element/check_type.cc (test for excess errors)
FAIL: 25_algorithms/partial_sort_copy/check_type.cc (test for excess errors)
FAIL: 25_algorithms/rotate/1.cc (test for excess errors)
UNRESOLVED: 25_algorithms/rotate/1.cc compilation failed to produce executable
FAIL: 25_algorithms/search_n/iterator.cc (test for excess errors)
UNRESOLVED: 25_algorithms/search_n/iterator.cc compilation failed to produce executable
FAIL: 25_algorithms/sort/34095.cc (test for excess errors)
UNRESOLVED: 25_algorithms/sort/34095.cc compilation failed to produce executable
FAIL: 25_algorithms/sort/34636.cc (test for excess errors)
UNRESOLVED: 25_algorithms/sort/34636.cc compilation failed to produce executable
FAIL: 25_algorithms/sort/35588.cc (test for excess errors)
UNRESOLVED: 25_algorithms/sort/35588.cc compilation failed to produce executable
FAIL: 25_algorithms/sort/vectorbool.cc (test for excess errors)
UNRESOLVED: 25_algorithms/sort/vectorbool.cc compilation failed to produce executable
FAIL: 25_algorithms/stable_partition/mem_check.cc (test for excess errors)
UNRESOLVED: 25_algorithms/stable_partition/mem_check.cc compilation failed to produce executable
FAIL: 25_algorithms/stable_sort/1.cc (test for excess errors)
UNRESOLVED: 25_algorithms/stable_sort/1.cc compilation failed to produce executable
FAIL: 25_algorithms/stable_sort/2.cc (test for excess errors)
UNRESOLVED: 25_algorithms/stable_sort/2.cc compilation failed to produce executable
FAIL: 25_algorithms/stable_sort/3.cc (test for excess errors)
UNRESOLVED: 25_algorithms/stable_sort/3.cc compilation failed to produce executable
FAIL: 25_algorithms/stable_sort/check_type.cc (test for excess errors)
FAIL: 25_algorithms/stable_sort/mem_check.cc (test for excess errors)
UNRESOLVED: 25_algorithms/stable_sort/mem_check.cc compilation failed to produce executable
FAIL: 25_algorithms/stable_sort/requirements/explicit_instantiation/pod.cc (test for excess errors)
FAIL: 26_numerics/complex/inserters_extractors/char/1.cc (test for excess errors)
UNRESOLVED: 26_numerics/complex/inserters_extractors/char/1.cc compilation failed to produce executable
FAIL: 26_numerics/complex/inserters_extractors/wchar_t/1.cc (test for excess errors)
UNRESOLVED: 26_numerics/complex/inserters_extractors/wchar_t/1.cc compilation failed to produce executable
FAIL: 26_numerics/valarray/30416.cc (test for excess errors)
UNRESOLVED: 26_numerics/valarray/30416.cc compilation failed to produce executable
FAIL: 26_numerics/valarray/name_lookup.cc (test for excess errors)
FAIL: 27_io/basic_filebuf/close/12790-1.cc (test for excess errors)
UNRESOLVED: 27_io/basic_filebuf/close/12790-1.cc compilation failed to produce executable
FAIL: 27_io/basic_filebuf/cons/2020.cc (test for excess errors)
UNRESOLVED: 27_io/basic_filebuf/cons/2020.cc compilation failed to produce executable
FAIL: 27_io/basic_filebuf/imbue/12206.cc (test for excess errors)
UNRESOLVED: 27_io/basic_filebuf/imbue/12206.cc compilation failed to produce executable
FAIL: 27_io/basic_filebuf/open/12790-1.cc (test for excess errors)
UNRESOLVED: 27_io/basic_filebuf/open/12790-1.cc compilation failed to produce executable
FAIL: 27_io/basic_filebuf/requirements/explicit_instantiation.cc (test for excess errors)
FAIL: 27_io/basic_filebuf/seekoff/10132-2.cc (test for excess errors)
UNRESOLVED: 27_io/basic_filebuf/seekoff/10132-2.cc compilation failed to produce executable
FAIL: 27_io/basic_filebuf/seekoff/12790-1.cc (test for excess errors)
UNRESOLVED: 27_io/basic_filebuf/seekoff/12790-1.cc compilation failed to produce executable
FAIL: 27_io/basic_filebuf/seekoff/12790-2.cc (test for excess errors)
UNRESOLVED: 27_io/basic_filebuf/seekoff/12790-2.cc compilation failed to produce executable
FAIL: 27_io/basic_filebuf/seekoff/12790-3.cc (test for excess errors)
UNRESOLVED: 27_io/basic_filebuf/seekoff/12790-3.cc compilation failed to produce executable
FAIL: 27_io/basic_filebuf/seekoff/12790-4.cc (test for excess errors)
UNRESOLVED: 27_io/basic_filebuf/seekoff/12790-4.cc compilation failed to produce executable
FAIL: 27_io/basic_filebuf/seekoff/45628-2.cc (test for excess errors)
UNRESOLVED: 27_io/basic_filebuf/seekoff/45628-2.cc compilation failed to produce executable
FAIL: 27_io/basic_filebuf/seekoff/char/11543.cc (test for excess errors)
UNRESOLVED: 27_io/basic_filebuf/seekoff/char/11543.cc compilation failed to produce executable
FAIL: 27_io/basic_filebuf/seekoff/wchar_t/11543.cc (test for excess errors)
UNRESOLVED: 27_io/basic_filebuf/seekoff/wchar_t/11543.cc compilation failed to produce executable
FAIL: 27_io/basic_filebuf/seekpos/10132-3.cc (test for excess errors)
UNRESOLVED: 27_io/basic_filebuf/seekpos/10132-3.cc compilation failed to produce executable
FAIL: 27_io/basic_filebuf/seekpos/12790-1.cc (test for excess errors)
UNRESOLVED: 27_io/basic_filebuf/seekpos/12790-1.cc compilation failed to produce executable
FAIL: 27_io/basic_filebuf/seekpos/12790-2.cc (test for excess errors)
UNRESOLVED: 27_io/basic_filebuf/seekpos/12790-2.cc compilation failed to produce executable
FAIL: 27_io/basic_filebuf/seekpos/12790-3.cc (test for excess errors)
UNRESOLVED: 27_io/basic_filebuf/seekpos/12790-3.cc compilation failed to produce executable
FAIL: 27_io/basic_filebuf/underflow/10096.cc (test for excess errors)
UNRESOLVED: 27_io/basic_filebuf/underflow/10096.cc compilation failed to produce executable
FAIL: 27_io/basic_fstream/cons/1.cc (test for excess errors)
UNRESOLVED: 27_io/basic_fstream/cons/1.cc compilation failed to produce executable
FAIL: 27_io/basic_fstream/requirements/explicit_instantiation.cc (test for excess errors)
FAIL: 27_io/basic_ifstream/cons/2020.cc (test for excess errors)
UNRESOLVED: 27_io/basic_ifstream/cons/2020.cc compilation failed to produce executable
FAIL: 27_io/basic_ifstream/requirements/explicit_instantiation.cc (test for excess errors)
FAIL: 27_io/basic_ios/cons/char/3.cc (test for excess errors)
UNRESOLVED: 27_io/basic_ios/cons/char/3.cc compilation failed to produce executable
FAIL: 27_io/basic_ios/imbue/14072.cc (test for excess errors)
UNRESOLVED: 27_io/basic_ios/imbue/14072.cc compilation failed to produce executable
FAIL: 27_io/basic_istream/extractors_arithmetic/char/dr696.cc (test for excess errors)
UNRESOLVED: 27_io/basic_istream/extractors_arithmetic/char/dr696.cc compilation failed to produce executable
FAIL: 27_io/basic_istream/extractors_arithmetic/char/exceptions_badbit_throw.cc (test for excess errors)
UNRESOLVED: 27_io/basic_istream/extractors_arithmetic/char/exceptions_badbit_throw.cc compilation failed to produce executable
FAIL: 27_io/basic_istream/extractors_arithmetic/char/exceptions_failbit_throw.cc (test for excess errors)
UNRESOLVED: 27_io/basic_istream/extractors_arithmetic/char/exceptions_failbit_throw.cc compilation failed to produce executable
FAIL: 27_io/basic_istream/extractors_arithmetic/pod/3983-1.cc (test for excess errors)
UNRESOLVED: 27_io/basic_istream/extractors_arithmetic/pod/3983-1.cc compilation failed to produce executable
FAIL: 27_io/basic_istream/extractors_arithmetic/wchar_t/dr696.cc (test for excess errors)
UNRESOLVED: 27_io/basic_istream/extractors_arithmetic/wchar_t/dr696.cc compilation failed to produce executable
FAIL: 27_io/basic_istream/extractors_arithmetic/wchar_t/exceptions_badbit_throw.cc (test for excess errors)
UNRESOLVED: 27_io/basic_istream/extractors_arithmetic/wchar_t/exceptions_badbit_throw.cc compilation failed to produce executable
FAIL: 27_io/basic_istream/extractors_arithmetic/wchar_t/exceptions_failbit_throw.cc (test for excess errors)
UNRESOLVED: 27_io/basic_istream/extractors_arithmetic/wchar_t/exceptions_failbit_throw.cc compilation failed to produce executable
FAIL: 27_io/basic_istream/extractors_character/char/9826.cc (test for excess errors)
FAIL: 27_io/basic_istream/extractors_character/pod/3983-2.cc (test for excess errors)
UNRESOLVED: 27_io/basic_istream/extractors_character/pod/3983-2.cc compilation failed to produce executable
FAIL: 27_io/basic_istream/extractors_other/char/1.cc (test for excess errors)
UNRESOLVED: 27_io/basic_istream/extractors_other/char/1.cc compilation failed to produce executable
FAIL: 27_io/basic_istream/extractors_other/pod/3983-3.cc (test for excess errors)
UNRESOLVED: 27_io/basic_istream/extractors_other/pod/3983-3.cc compilation failed to produce executable
FAIL: 27_io/basic_istream/extractors_other/wchar_t/1.cc (test for excess errors)
UNRESOLVED: 27_io/basic_istream/extractors_other/wchar_t/1.cc compilation failed to produce executable
FAIL: 27_io/basic_istream/requirements/explicit_instantiation.cc (test for excess errors)
FAIL: 27_io/basic_istream/sentry/pod/1.cc (test for excess errors)
UNRESOLVED: 27_io/basic_istream/sentry/pod/1.cc compilation failed to produce executable
FAIL: 27_io/basic_istringstream/cons/2020.cc (test for excess errors)
UNRESOLVED: 27_io/basic_istringstream/cons/2020.cc compilation failed to produce executable
FAIL: 27_io/basic_istringstream/requirements/explicit_instantiation.cc (test for excess errors)
FAIL: 27_io/basic_ofstream/cons/2020.cc (test for excess errors)
UNRESOLVED: 27_io/basic_ofstream/cons/2020.cc compilation failed to produce executable
FAIL: 27_io/basic_ofstream/requirements/explicit_instantiation.cc (test for excess errors)
FAIL: 27_io/basic_ostream/inserters_arithmetic/char/exceptions_badbit_throw.cc (test for excess errors)
UNRESOLVED: 27_io/basic_ostream/inserters_arithmetic/char/exceptions_badbit_throw.cc compilation failed to produce executable
FAIL: 27_io/basic_ostream/inserters_arithmetic/char/exceptions_failbit_throw.cc (test for excess errors)
UNRESOLVED: 27_io/basic_ostream/inserters_arithmetic/char/exceptions_failbit_throw.cc compilation failed to produce executable
FAIL: 27_io/basic_ostream/inserters_arithmetic/pod/23875.cc (test for excess errors)
UNRESOLVED: 27_io/basic_ostream/inserters_arithmetic/pod/23875.cc compilation failed to produce executable
FAIL: 27_io/basic_ostream/inserters_arithmetic/wchar_t/exceptions_badbit_throw.cc (test for excess errors)
UNRESOLVED: 27_io/basic_ostream/inserters_arithmetic/wchar_t/exceptions_badbit_throw.cc compilation failed to produce executable
FAIL: 27_io/basic_ostream/inserters_arithmetic/wchar_t/exceptions_failbit_throw.cc (test for excess errors)
UNRESOLVED: 27_io/basic_ostream/inserters_arithmetic/wchar_t/exceptions_failbit_throw.cc compilation failed to produce executable
FAIL: 27_io/basic_ostream/inserters_character/char/5.cc (test for excess errors)
UNRESOLVED: 27_io/basic_ostream/inserters_character/char/5.cc compilation failed to produce executable
FAIL: 27_io/basic_ostream/inserters_character/char/6.cc (test for excess errors)
UNRESOLVED: 27_io/basic_ostream/inserters_character/char/6.cc compilation failed to produce executable
FAIL: 27_io/basic_ostream/inserters_character/wchar_t/5.cc (test for excess errors)
UNRESOLVED: 27_io/basic_ostream/inserters_character/wchar_t/5.cc compilation failed to produce executable
FAIL: 27_io/basic_ostream/inserters_character/wchar_t/6.cc (test for excess errors)
UNRESOLVED: 27_io/basic_ostream/inserters_character/wchar_t/6.cc compilation failed to produce executable
FAIL: 27_io/basic_ostream/requirements/explicit_instantiation.cc (test for excess errors)
FAIL: 27_io/basic_ostream/sentry/pod/1.cc (test for excess errors)
UNRESOLVED: 27_io/basic_ostream/sentry/pod/1.cc compilation failed to produce executable
FAIL: 27_io/basic_ostringstream/cons/2020.cc (test for excess errors)
UNRESOLVED: 27_io/basic_ostringstream/cons/2020.cc compilation failed to produce executable
FAIL: 27_io/basic_ostringstream/requirements/explicit_instantiation.cc (test for excess errors)
FAIL: 27_io/basic_stringbuf/cons/2020.cc (test for excess errors)
UNRESOLVED: 27_io/basic_stringbuf/cons/2020.cc compilation failed to produce executable
FAIL: 27_io/basic_stringbuf/requirements/explicit_instantiation/2.cc (test for excess errors)
FAIL: 27_io/basic_stringbuf/requirements/explicit_instantiation/4.cc (test for excess errors)
FAIL: 27_io/basic_stringbuf/sputbackc/char/1.cc (test for excess errors)
UNRESOLVED: 27_io/basic_stringbuf/sputbackc/char/1.cc compilation failed to produce executable
FAIL: 27_io/basic_stringbuf/sputbackc/wchar_t/1.cc (test for excess errors)
UNRESOLVED: 27_io/basic_stringbuf/sputbackc/wchar_t/1.cc compilation failed to produce executable
FAIL: 27_io/basic_stringbuf/sputn/char/1.cc (test for excess errors)
UNRESOLVED: 27_io/basic_stringbuf/sputn/char/1.cc compilation failed to produce executable
FAIL: 27_io/basic_stringbuf/sputn/wchar_t/1.cc (test for excess errors)
UNRESOLVED: 27_io/basic_stringbuf/sputn/wchar_t/1.cc compilation failed to produce executable
FAIL: 27_io/basic_stringbuf/sungetc/char/1.cc (test for excess errors)
UNRESOLVED: 27_io/basic_stringbuf/sungetc/char/1.cc compilation failed to produce executable
FAIL: 27_io/basic_stringbuf/sungetc/wchar_t/1.cc (test for excess errors)
UNRESOLVED: 27_io/basic_stringbuf/sungetc/wchar_t/1.cc compilation failed to produce executable
FAIL: 27_io/basic_stringstream/cons/2020.cc (test for excess errors)
UNRESOLVED: 27_io/basic_stringstream/cons/2020.cc compilation failed to produce executable
FAIL: 27_io/basic_stringstream/requirements/explicit_instantiation.cc (test for excess errors)
FAIL: 27_io/manipulators/basefield/char/1.cc (test for excess errors)
UNRESOLVED: 27_io/manipulators/basefield/char/1.cc compilation failed to produce executable
FAIL: 27_io/manipulators/basefield/wchar_t/1.cc (test for excess errors)
UNRESOLVED: 27_io/manipulators/basefield/wchar_t/1.cc compilation failed to produce executable
FAIL: decimal/binary-arith.cc (test for excess errors)
UNRESOLVED: decimal/binary-arith.cc compilation failed to produce executable
FAIL: decimal/comparison.cc (test for excess errors)
UNRESOLVED: decimal/comparison.cc compilation failed to produce executable
FAIL: decimal/compound-assignment-memfunc.cc (test for excess errors)
UNRESOLVED: decimal/compound-assignment-memfunc.cc compilation failed to produce executable
FAIL: decimal/compound-assignment.cc (test for excess errors)
UNRESOLVED: decimal/compound-assignment.cc compilation failed to produce executable
FAIL: decimal/make-decimal.cc (test for excess errors)
UNRESOLVED: decimal/make-decimal.cc compilation failed to produce executable
FAIL: ext/bitmap_allocator/check_allocate_max_size.cc (test for excess errors)
UNRESOLVED: ext/bitmap_allocator/check_allocate_max_size.cc compilation failed to produce executable
FAIL: ext/bitmap_allocator/check_deallocate_null.cc (test for excess errors)
UNRESOLVED: ext/bitmap_allocator/check_deallocate_null.cc compilation failed to produce executable
FAIL: ext/debug_allocator/56170.cc (test for excess errors)
FAIL: ext/enc_filebuf/char/13189.cc (test for excess errors)
UNRESOLVED: ext/enc_filebuf/char/13189.cc compilation failed to produce executable
FAIL: ext/enc_filebuf/char/13598.cc (test for excess errors)
UNRESOLVED: ext/enc_filebuf/char/13598.cc compilation failed to produce executable
FAIL: ext/enc_filebuf/wchar_t/13189.cc (test for excess errors)
UNRESOLVED: ext/enc_filebuf/wchar_t/13189.cc compilation failed to produce executable
FAIL: ext/forced_error/cons_virtual_derivation.cc (test for excess errors)
UNRESOLVED: ext/forced_error/cons_virtual_derivation.cc compilation failed to produce executable
FAIL: ext/headers.cc (test for excess errors)
FAIL: ext/mt_allocator/tune-4.cc (test for excess errors)
UNRESOLVED: ext/mt_allocator/tune-4.cc compilation failed to produce executable
FAIL: ext/pb_ds/example/assoc_container_traits.cc (test for excess errors)
UNRESOLVED: ext/pb_ds/example/assoc_container_traits.cc compilation failed to produce executable
FAIL: ext/pb_ds/example/basic_map.cc (test for excess errors)
UNRESOLVED: ext/pb_ds/example/basic_map.cc compilation failed to produce executable
FAIL: ext/pb_ds/example/basic_multimap.cc (test for excess errors)
UNRESOLVED: ext/pb_ds/example/basic_multimap.cc compilation failed to produce executable
FAIL: ext/pb_ds/example/basic_multiset.cc (test for excess errors)
UNRESOLVED: ext/pb_ds/example/basic_multiset.cc compilation failed to produce executable
FAIL: ext/pb_ds/example/basic_priority_queue.cc (test for excess errors)
UNRESOLVED: ext/pb_ds/example/basic_priority_queue.cc compilation failed to produce executable
FAIL: ext/pb_ds/example/basic_set.cc (test for excess errors)
UNRESOLVED: ext/pb_ds/example/basic_set.cc compilation failed to produce executable
FAIL: ext/pb_ds/example/erase_if.cc (test for excess errors)
UNRESOLVED: ext/pb_ds/example/erase_if.cc compilation failed to produce executable
FAIL: ext/pb_ds/example/hash_find_neg.cc  (test for errors, line 65)
FAIL: ext/pb_ds/example/hash_find_neg.cc (test for excess errors)
FAIL: ext/pb_ds/example/hash_illegal_resize.cc (test for excess errors)
UNRESOLVED: ext/pb_ds/example/hash_illegal_resize.cc compilation failed to produce executable
FAIL: ext/pb_ds/example/hash_initial_size.cc (test for excess errors)
UNRESOLVED: ext/pb_ds/example/hash_initial_size.cc compilation failed to produce executable
FAIL: ext/pb_ds/example/hash_load_set_change.cc (test for excess errors)
UNRESOLVED: ext/pb_ds/example/hash_load_set_change.cc compilation failed to produce executable
FAIL: ext/pb_ds/example/hash_mod.cc (test for excess errors)
UNRESOLVED: ext/pb_ds/example/hash_mod.cc compilation failed to produce executable
FAIL: ext/pb_ds/example/hash_resize.cc (test for excess errors)
UNRESOLVED: ext/pb_ds/example/hash_resize.cc compilation failed to produce executable
FAIL: ext/pb_ds/example/hash_resize_neg.cc  (test for errors, line 60)
FAIL: ext/pb_ds/example/hash_resize_neg.cc (test for excess errors)
FAIL: ext/pb_ds/example/hash_shift_mask.cc (test for excess errors)
UNRESOLVED: ext/pb_ds/example/hash_shift_mask.cc compilation failed to produce executable
FAIL: ext/pb_ds/example/priority_queue_container_traits.cc (test for excess errors)
UNRESOLVED: ext/pb_ds/example/priority_queue_container_traits.cc compilation failed to produce executable
FAIL: ext/pb_ds/example/priority_queue_dijkstra.cc (test for excess errors)
UNRESOLVED: ext/pb_ds/example/priority_queue_dijkstra.cc compilation failed to produce executable
FAIL: ext/pb_ds/example/priority_queue_erase_if.cc (test for excess errors)
UNRESOLVED: ext/pb_ds/example/priority_queue_erase_if.cc compilation failed to produce executable
FAIL: ext/pb_ds/example/priority_queue_split_join.cc (test for excess errors)
UNRESOLVED: ext/pb_ds/example/priority_queue_split_join.cc compilation failed to produce executable
FAIL: ext/pb_ds/example/priority_queue_xref.cc (test for excess errors)
UNRESOLVED: ext/pb_ds/example/priority_queue_xref.cc compilation failed to produce executable
FAIL: ext/pb_ds/example/ranged_hash.cc (test for excess errors)
UNRESOLVED: ext/pb_ds/example/ranged_hash.cc compilation failed to produce executable
FAIL: ext/pb_ds/example/store_hash.cc (test for excess errors)
UNRESOLVED: ext/pb_ds/example/store_hash.cc compilation failed to produce executable
FAIL: ext/pb_ds/example/tree_intervals.cc (test for excess errors)
UNRESOLVED: ext/pb_ds/example/tree_intervals.cc compilation failed to produce executable
FAIL: ext/pb_ds/example/tree_join.cc (test for excess errors)
UNRESOLVED: ext/pb_ds/example/tree_join.cc compilation failed to produce executable
FAIL: ext/pb_ds/example/tree_order_statistics.cc (test for excess errors)
UNRESOLVED: ext/pb_ds/example/tree_order_statistics.cc compilation failed to produce executable
FAIL: ext/pb_ds/example/tree_order_statistics_join.cc (test for excess errors)
UNRESOLVED: ext/pb_ds/example/tree_order_statistics_join.cc compilation failed to produce executable
FAIL: ext/pb_ds/example/trie_dna.cc (test for excess errors)
UNRESOLVED: ext/pb_ds/example/trie_dna.cc compilation failed to produce executable
FAIL: ext/pb_ds/example/trie_prefix_search.cc (test for excess errors)
UNRESOLVED: ext/pb_ds/example/trie_prefix_search.cc compilation failed to produce executable
FAIL: ext/pb_ds/example/trie_split.cc (test for excess errors)
UNRESOLVED: ext/pb_ds/example/trie_split.cc compilation failed to produce executable
FAIL: ext/pb_ds/regression/associative_containers.cc (test for excess errors)
UNRESOLVED: ext/pb_ds/regression/associative_containers.cc compilation failed to produce executable
FAIL: ext/pb_ds/regression/hash_map_rand.cc (test for excess errors)
UNRESOLVED: ext/pb_ds/regression/hash_map_rand.cc compilation failed to produce executable
FAIL: ext/pb_ds/regression/hash_set_rand.cc (test for excess errors)
UNRESOLVED: ext/pb_ds/regression/hash_set_rand.cc compilation failed to produce executable
FAIL: ext/pb_ds/regression/list_update_map_rand.cc (test for excess errors)
UNRESOLVED: ext/pb_ds/regression/list_update_map_rand.cc compilation failed to produce executable
FAIL: ext/pb_ds/regression/list_update_set_rand.cc (test for excess errors)
UNRESOLVED: ext/pb_ds/regression/list_update_set_rand.cc compilation failed to produce executable
FAIL: ext/pb_ds/regression/priority_queue_rand.cc (test for excess errors)
UNRESOLVED: ext/pb_ds/regression/priority_queue_rand.cc compilation failed to produce executable
FAIL: ext/pb_ds/regression/priority_queues.cc (test for excess errors)
UNRESOLVED: ext/pb_ds/regression/priority_queues.cc compilation failed to produce executable
FAIL: ext/pb_ds/regression/tree_map_rand.cc (test for excess errors)
UNRESOLVED: ext/pb_ds/regression/tree_map_rand.cc compilation failed to produce executable
FAIL: ext/pb_ds/regression/tree_set_rand.cc (test for excess errors)
UNRESOLVED: ext/pb_ds/regression/tree_set_rand.cc compilation failed to produce executable
FAIL: ext/pb_ds/regression/trie_map_rand.cc (test for excess errors)
UNRESOLVED: ext/pb_ds/regression/trie_map_rand.cc compilation failed to produce executable
FAIL: ext/pb_ds/regression/trie_set_rand.cc (test for excess errors)
UNRESOLVED: ext/pb_ds/regression/trie_set_rand.cc compilation failed to produce executable
FAIL: ext/rope/1.cc (test for excess errors)
UNRESOLVED: ext/rope/1.cc compilation failed to produce executable
FAIL: ext/rope/2.cc (test for excess errors)
UNRESOLVED: ext/rope/2.cc compilation failed to produce executable
FAIL: ext/rope/3.cc (test for excess errors)
UNRESOLVED: ext/rope/3.cc compilation failed to produce executable
FAIL: ext/rope/36832.cc (test for excess errors)
UNRESOLVED: ext/rope/36832.cc compilation failed to produce executable
FAIL: ext/rope/4.cc (test for excess errors)
UNRESOLVED: ext/rope/4.cc compilation failed to produce executable
FAIL: ext/rope/5.cc (test for excess errors)
FAIL: ext/stdio_filebuf/requirements/explicit_instantiation.cc (test for excess errors)
FAIL: ext/throw_allocator/check_allocate_max_size.cc (test for excess errors)
UNRESOLVED: ext/throw_allocator/check_allocate_max_size.cc compilation failed to produce executable
FAIL: ext/throw_allocator/check_deallocate_null.cc (test for excess errors)
UNRESOLVED: ext/throw_allocator/check_deallocate_null.cc compilation failed to produce executable
FAIL: ext/throw_allocator/check_delete.cc (test for excess errors)
UNRESOLVED: ext/throw_allocator/check_delete.cc compilation failed to produce executable
FAIL: ext/throw_allocator/check_new.cc (test for excess errors)
UNRESOLVED: ext/throw_allocator/check_new.cc compilation failed to produce executable
FAIL: ext/throw_allocator/deallocate_global.cc (test for excess errors)
UNRESOLVED: ext/throw_allocator/deallocate_global.cc compilation failed to produce executable
FAIL: ext/throw_allocator/deallocate_local.cc (test for excess errors)
UNRESOLVED: ext/throw_allocator/deallocate_local.cc compilation failed to produce executable
FAIL: ext/throw_allocator/explicit_instantiation.cc (test for excess errors)
FAIL: ext/vstring/requirements/explicit_instantiation/1.cc (test for excess errors)
FAIL: ext/vstring/requirements/explicit_instantiation/2.cc (test for excess errors)
FAIL: ext/vstring/requirements/explicit_instantiation/char/1.cc (test for excess errors)
FAIL: ext/vstring/requirements/explicit_instantiation/wchar_t/1.cc (test for excess errors)
FAIL: tr1/3_function_objects/function/5.cc (test for excess errors)
UNRESOLVED: tr1/3_function_objects/function/5.cc compilation failed to produce executable
FAIL: tr1/3_function_objects/function/8.cc (test for excess errors)
UNRESOLVED: tr1/3_function_objects/function/8.cc compilation failed to produce executable
FAIL: tr1/3_function_objects/function/9.cc (test for excess errors)
UNRESOLVED: tr1/3_function_objects/function/9.cc compilation failed to produce executable
FAIL: tr1/3_function_objects/reference_wrapper/invoke.cc (test for excess errors)
UNRESOLVED: tr1/3_function_objects/reference_wrapper/invoke.cc compilation failed to produce executable
FAIL: tr1/5_numerical_facilities/random/discard_block/operators/equal.cc (test for excess errors)
UNRESOLVED: tr1/5_numerical_facilities/random/discard_block/operators/equal.cc compilation failed to produce executable
FAIL: tr1/5_numerical_facilities/random/discard_block/operators/not_equal.cc (test for excess errors)
UNRESOLVED: tr1/5_numerical_facilities/random/discard_block/operators/not_equal.cc compilation failed to produce executable
FAIL: tr1/5_numerical_facilities/random/discard_block/operators/serialize.cc (test for excess errors)
UNRESOLVED: tr1/5_numerical_facilities/random/discard_block/operators/serialize.cc compilation failed to produce executable
FAIL: tr1/5_numerical_facilities/random/linear_congruential/operators/serialize.cc (test for excess errors)
UNRESOLVED: tr1/5_numerical_facilities/random/linear_congruential/operators/serialize.cc compilation failed to produce executable
FAIL: tr1/5_numerical_facilities/random/mersenne_twister/operators/equal.cc (test for excess errors)
UNRESOLVED: tr1/5_numerical_facilities/random/mersenne_twister/operators/equal.cc compilation failed to produce executable
FAIL: tr1/5_numerical_facilities/random/mersenne_twister/operators/serialize.cc (test for excess errors)
UNRESOLVED: tr1/5_numerical_facilities/random/mersenne_twister/operators/serialize.cc compilation failed to produce executable
FAIL: tr1/5_numerical_facilities/random/ranlux3.cc (test for excess errors)
UNRESOLVED: tr1/5_numerical_facilities/random/ranlux3.cc compilation failed to produce executable
FAIL: tr1/5_numerical_facilities/random/ranlux4.cc (test for excess errors)
UNRESOLVED: tr1/5_numerical_facilities/random/ranlux4.cc compilation failed to produce executable
FAIL: tr1/5_numerical_facilities/random/ranlux4_01.cc (test for excess errors)
UNRESOLVED: tr1/5_numerical_facilities/random/ranlux4_01.cc compilation failed to produce executable
FAIL: tr1/5_numerical_facilities/random/subtract_with_carry/operators/equal.cc (test for excess errors)
UNRESOLVED: tr1/5_numerical_facilities/random/subtract_with_carry/operators/equal.cc compilation failed to produce executable
FAIL: tr1/5_numerical_facilities/random/subtract_with_carry/operators/not_equal.cc (test for excess errors)
UNRESOLVED: tr1/5_numerical_facilities/random/subtract_with_carry/operators/not_equal.cc compilation failed to produce executable
FAIL: tr1/5_numerical_facilities/random/subtract_with_carry/operators/serialize.cc (test for excess errors)
UNRESOLVED: tr1/5_numerical_facilities/random/subtract_with_carry/operators/serialize.cc compilation failed to produce executable
FAIL: tr1/5_numerical_facilities/random/subtract_with_carry_01/cons/default.cc (test for excess errors)
UNRESOLVED: tr1/5_numerical_facilities/random/subtract_with_carry_01/cons/default.cc compilation failed to produce executable
FAIL: tr1/5_numerical_facilities/random/subtract_with_carry_01/cons/seed2.cc (test for excess errors)
UNRESOLVED: tr1/5_numerical_facilities/random/subtract_with_carry_01/cons/seed2.cc compilation failed to produce executable
FAIL: tr1/5_numerical_facilities/random/subtract_with_carry_01/operators/equal.cc (test for excess errors)
UNRESOLVED: tr1/5_numerical_facilities/random/subtract_with_carry_01/operators/equal.cc compilation failed to produce executable
FAIL: tr1/5_numerical_facilities/random/subtract_with_carry_01/operators/not_equal.cc (test for excess errors)
UNRESOLVED: tr1/5_numerical_facilities/random/subtract_with_carry_01/operators/not_equal.cc compilation failed to produce executable
FAIL: tr1/5_numerical_facilities/random/subtract_with_carry_01/operators/serialize.cc (test for excess errors)
UNRESOLVED: tr1/5_numerical_facilities/random/subtract_with_carry_01/operators/serialize.cc compilation failed to produce executable
FAIL: tr1/5_numerical_facilities/random/uniform_int/33128.cc (test for excess errors)
UNRESOLVED: tr1/5_numerical_facilities/random/uniform_int/33128.cc compilation failed to produce executable
FAIL: tr1/5_numerical_facilities/random/variate_generator/37986.cc (test for excess errors)
FAIL: tr1/5_numerical_facilities/random/xor_combine/cons/default.cc (test for excess errors)
UNRESOLVED: tr1/5_numerical_facilities/random/xor_combine/cons/default.cc compilation failed to produce executable
FAIL: tr1/5_numerical_facilities/random/xor_combine/operators/equal.cc (test for excess errors)
UNRESOLVED: tr1/5_numerical_facilities/random/xor_combine/operators/equal.cc compilation failed to produce executable
FAIL: tr1/5_numerical_facilities/random/xor_combine/operators/not_equal.cc (test for excess errors)
UNRESOLVED: tr1/5_numerical_facilities/random/xor_combine/operators/not_equal.cc compilation failed to produce executable
FAIL: tr1/5_numerical_facilities/random/xor_combine/operators/serialize.cc (test for excess errors)
UNRESOLVED: tr1/5_numerical_facilities/random/xor_combine/operators/serialize.cc compilation failed to produce executable
FAIL: tr1/5_numerical_facilities/special_functions/01_assoc_laguerre/check_value.cc (test for excess errors)
UNRESOLVED: tr1/5_numerical_facilities/special_functions/01_assoc_laguerre/check_value.cc compilation failed to produce executable
FAIL: tr1/5_numerical_facilities/special_functions/02_assoc_legendre/check_value.cc (test for excess errors)
UNRESOLVED: tr1/5_numerical_facilities/special_functions/02_assoc_legendre/check_value.cc compilation failed to produce executable
FAIL: tr1/5_numerical_facilities/special_functions/05_comp_ellint_2/compile.cc (test for excess errors)
FAIL: tr1/5_numerical_facilities/special_functions/05_comp_ellint_2/compile_2.cc (test for excess errors)
FAIL: tr1/5_numerical_facilities/special_functions/06_comp_ellint_3/check_nan.cc (test for excess errors)
UNRESOLVED: tr1/5_numerical_facilities/special_functions/06_comp_ellint_3/check_nan.cc compilation failed to produce executable
FAIL: tr1/5_numerical_facilities/special_functions/06_comp_ellint_3/check_value.cc (test for excess errors)
UNRESOLVED: tr1/5_numerical_facilities/special_functions/06_comp_ellint_3/check_value.cc compilation failed to produce executable
FAIL: tr1/5_numerical_facilities/special_functions/06_comp_ellint_3/compile.cc (test for excess errors)
FAIL: tr1/5_numerical_facilities/special_functions/06_comp_ellint_3/compile_2.cc (test for excess errors)
FAIL: tr1/5_numerical_facilities/special_functions/07_conf_hyperg/check_nan.cc (test for excess errors)
UNRESOLVED: tr1/5_numerical_facilities/special_functions/07_conf_hyperg/check_nan.cc compilation failed to produce executable
FAIL: tr1/5_numerical_facilities/special_functions/07_conf_hyperg/check_value.cc (test for excess errors)
UNRESOLVED: tr1/5_numerical_facilities/special_functions/07_conf_hyperg/check_value.cc compilation failed to produce executable
FAIL: tr1/5_numerical_facilities/special_functions/08_cyl_bessel_i/check_nan.cc (test for excess errors)
UNRESOLVED: tr1/5_numerical_facilities/special_functions/08_cyl_bessel_i/check_nan.cc compilation failed to produce executable
FAIL: tr1/5_numerical_facilities/special_functions/08_cyl_bessel_i/check_value.cc (test for excess errors)
UNRESOLVED: tr1/5_numerical_facilities/special_functions/08_cyl_bessel_i/check_value.cc compilation failed to produce executable
FAIL: tr1/5_numerical_facilities/special_functions/08_cyl_bessel_i/compile.cc (test for excess errors)
FAIL: tr1/5_numerical_facilities/special_functions/08_cyl_bessel_i/compile_2.cc (test for excess errors)
FAIL: tr1/5_numerical_facilities/special_functions/09_cyl_bessel_j/check_nan.cc (test for excess errors)
UNRESOLVED: tr1/5_numerical_facilities/special_functions/09_cyl_bessel_j/check_nan.cc compilation failed to produce executable
FAIL: tr1/5_numerical_facilities/special_functions/09_cyl_bessel_j/check_value.cc (test for excess errors)
UNRESOLVED: tr1/5_numerical_facilities/special_functions/09_cyl_bessel_j/check_value.cc compilation failed to produce executable
FAIL: tr1/5_numerical_facilities/special_functions/09_cyl_bessel_j/compile.cc (test for excess errors)
FAIL: tr1/5_numerical_facilities/special_functions/09_cyl_bessel_j/compile_2.cc (test for excess errors)
FAIL: tr1/5_numerical_facilities/special_functions/10_cyl_bessel_k/check_nan.cc (test for excess errors)
UNRESOLVED: tr1/5_numerical_facilities/special_functions/10_cyl_bessel_k/check_nan.cc compilation failed to produce executable
FAIL: tr1/5_numerical_facilities/special_functions/10_cyl_bessel_k/check_value.cc (test for excess errors)
UNRESOLVED: tr1/5_numerical_facilities/special_functions/10_cyl_bessel_k/check_value.cc compilation failed to produce executable
FAIL: tr1/5_numerical_facilities/special_functions/10_cyl_bessel_k/compile_2.cc (test for excess errors)
FAIL: tr1/5_numerical_facilities/special_functions/11_cyl_neumann/check_nan.cc (test for excess errors)
UNRESOLVED: tr1/5_numerical_facilities/special_functions/11_cyl_neumann/check_nan.cc compilation failed to produce executable
FAIL: tr1/5_numerical_facilities/special_functions/11_cyl_neumann/check_value.cc (test for excess errors)
UNRESOLVED: tr1/5_numerical_facilities/special_functions/11_cyl_neumann/check_value.cc compilation failed to produce executable
FAIL: tr1/5_numerical_facilities/special_functions/11_cyl_neumann/compile.cc (test for excess errors)
FAIL: tr1/5_numerical_facilities/special_functions/11_cyl_neumann/compile_2.cc (test for excess errors)
FAIL: tr1/5_numerical_facilities/special_functions/12_ellint_1/check_nan.cc (test for excess errors)
UNRESOLVED: tr1/5_numerical_facilities/special_functions/12_ellint_1/check_nan.cc compilation failed to produce executable
FAIL: tr1/5_numerical_facilities/special_functions/12_ellint_1/check_value.cc (test for excess errors)
UNRESOLVED: tr1/5_numerical_facilities/special_functions/12_ellint_1/check_value.cc compilation failed to produce executable
FAIL: tr1/5_numerical_facilities/special_functions/13_ellint_2/check_nan.cc (test for excess errors)
UNRESOLVED: tr1/5_numerical_facilities/special_functions/13_ellint_2/check_nan.cc compilation failed to produce executable
FAIL: tr1/5_numerical_facilities/special_functions/13_ellint_2/check_value.cc (test for excess errors)
UNRESOLVED: tr1/5_numerical_facilities/special_functions/13_ellint_2/check_value.cc compilation failed to produce executable
FAIL: tr1/5_numerical_facilities/special_functions/13_ellint_2/compile.cc (test for excess errors)
FAIL: tr1/5_numerical_facilities/special_functions/13_ellint_2/compile_2.cc (test for excess errors)
FAIL: tr1/5_numerical_facilities/special_functions/14_ellint_3/check_nan.cc (test for excess errors)
UNRESOLVED: tr1/5_numerical_facilities/special_functions/14_ellint_3/check_nan.cc compilation failed to produce executable
FAIL: tr1/5_numerical_facilities/special_functions/14_ellint_3/check_value.cc (test for excess errors)
UNRESOLVED: tr1/5_numerical_facilities/special_functions/14_ellint_3/check_value.cc compilation failed to produce executable
FAIL: tr1/5_numerical_facilities/special_functions/14_ellint_3/compile.cc (test for excess errors)
FAIL: tr1/5_numerical_facilities/special_functions/14_ellint_3/compile_2.cc (test for excess errors)
FAIL: tr1/5_numerical_facilities/special_functions/17_hyperg/check_nan.cc (test for excess errors)
UNRESOLVED: tr1/5_numerical_facilities/special_functions/17_hyperg/check_nan.cc compilation failed to produce executable
FAIL: tr1/5_numerical_facilities/special_functions/17_hyperg/check_value.cc (test for excess errors)
UNRESOLVED: tr1/5_numerical_facilities/special_functions/17_hyperg/check_value.cc compilation failed to produce executable
FAIL: tr1/5_numerical_facilities/special_functions/17_hyperg/compile.cc (test for excess errors)
FAIL: tr1/5_numerical_facilities/special_functions/17_hyperg/compile_2.cc (test for excess errors)
FAIL: tr1/5_numerical_facilities/special_functions/21_sph_bessel/check_nan.cc (test for excess errors)
UNRESOLVED: tr1/5_numerical_facilities/special_functions/21_sph_bessel/check_nan.cc compilation failed to produce executable
FAIL: tr1/5_numerical_facilities/special_functions/21_sph_bessel/check_value.cc (test for excess errors)
UNRESOLVED: tr1/5_numerical_facilities/special_functions/21_sph_bessel/check_value.cc compilation failed to produce executable
FAIL: tr1/5_numerical_facilities/special_functions/21_sph_bessel/compile.cc (test for excess errors)
FAIL: tr1/5_numerical_facilities/special_functions/21_sph_bessel/compile_2.cc (test for excess errors)
FAIL: tr1/5_numerical_facilities/special_functions/22_sph_legendre/check_value.cc (test for excess errors)
UNRESOLVED: tr1/5_numerical_facilities/special_functions/22_sph_legendre/check_value.cc compilation failed to produce executable
FAIL: tr1/5_numerical_facilities/special_functions/23_sph_neumann/check_nan.cc (test for excess errors)
UNRESOLVED: tr1/5_numerical_facilities/special_functions/23_sph_neumann/check_nan.cc compilation failed to produce executable
FAIL: tr1/5_numerical_facilities/special_functions/23_sph_neumann/check_value.cc (test for excess errors)
UNRESOLVED: tr1/5_numerical_facilities/special_functions/23_sph_neumann/check_value.cc compilation failed to produce executable
FAIL: tr1/5_numerical_facilities/special_functions/23_sph_neumann/compile.cc (test for excess errors)
FAIL: tr1/5_numerical_facilities/special_functions/23_sph_neumann/compile_2.cc (test for excess errors)
FAIL: tr1/6_containers/tuple/cons/big_tuples.cc (test for excess errors)
UNRESOLVED: tr1/6_containers/tuple/cons/big_tuples.cc compilation failed to produce executable
FAIL: tr1/6_containers/unordered_map/erase/1.cc (test for excess errors)
UNRESOLVED: tr1/6_containers/unordered_map/erase/1.cc compilation failed to produce executable
FAIL: tr1/6_containers/unordered_map/erase/24061-map.cc (test for excess errors)
UNRESOLVED: tr1/6_containers/unordered_map/erase/24061-map.cc compilation failed to produce executable
FAIL: tr1/6_containers/unordered_map/find/map1.cc (test for excess errors)
UNRESOLVED: tr1/6_containers/unordered_map/find/map1.cc compilation failed to produce executable
FAIL: tr1/6_containers/unordered_map/insert/24061-map.cc (test for excess errors)
UNRESOLVED: tr1/6_containers/unordered_map/insert/24061-map.cc compilation failed to produce executable
FAIL: tr1/6_containers/unordered_map/insert/array_syntax.cc (test for excess errors)
UNRESOLVED: tr1/6_containers/unordered_map/insert/array_syntax.cc compilation failed to produce executable
FAIL: tr1/6_containers/unordered_map/insert/map_range.cc (test for excess errors)
UNRESOLVED: tr1/6_containers/unordered_map/insert/map_range.cc compilation failed to produce executable
FAIL: tr1/6_containers/unordered_map/insert/map_single.cc (test for excess errors)
UNRESOLVED: tr1/6_containers/unordered_map/insert/map_single.cc compilation failed to produce executable
FAIL: tr1/6_containers/unordered_map/swap/1.cc (test for excess errors)
UNRESOLVED: tr1/6_containers/unordered_map/swap/1.cc compilation failed to produce executable
FAIL: tr1/6_containers/unordered_map/swap/2.cc (test for excess errors)
UNRESOLVED: tr1/6_containers/unordered_map/swap/2.cc compilation failed to produce executable
FAIL: tr1/6_containers/unordered_multimap/erase/1.cc (test for excess errors)
UNRESOLVED: tr1/6_containers/unordered_multimap/erase/1.cc compilation failed to produce executable
FAIL: tr1/6_containers/unordered_multimap/erase/24061-multimap.cc (test for excess errors)
UNRESOLVED: tr1/6_containers/unordered_multimap/erase/24061-multimap.cc compilation failed to produce executable
FAIL: tr1/6_containers/unordered_multimap/find/multimap1.cc (test for excess errors)
UNRESOLVED: tr1/6_containers/unordered_multimap/find/multimap1.cc compilation failed to produce executable
FAIL: tr1/6_containers/unordered_multimap/insert/24061-multimap.cc (test for excess errors)
UNRESOLVED: tr1/6_containers/unordered_multimap/insert/24061-multimap.cc compilation failed to produce executable
FAIL: tr1/6_containers/unordered_multimap/insert/multimap_range.cc (test for excess errors)
UNRESOLVED: tr1/6_containers/unordered_multimap/insert/multimap_range.cc compilation failed to produce executable
FAIL: tr1/6_containers/unordered_multimap/insert/multimap_single.cc (test for excess errors)
UNRESOLVED: tr1/6_containers/unordered_multimap/insert/multimap_single.cc compilation failed to produce executable
FAIL: tr1/6_containers/unordered_multimap/swap/1.cc (test for excess errors)
UNRESOLVED: tr1/6_containers/unordered_multimap/swap/1.cc compilation failed to produce executable
FAIL: tr1/6_containers/unordered_multimap/swap/2.cc (test for excess errors)
UNRESOLVED: tr1/6_containers/unordered_multimap/swap/2.cc compilation failed to produce executable
FAIL: tr1/6_containers/unordered_multiset/24054.cc (test for excess errors)
UNRESOLVED: tr1/6_containers/unordered_multiset/24054.cc compilation failed to produce executable
FAIL: tr1/6_containers/unordered_multiset/erase/1.cc (test for excess errors)
UNRESOLVED: tr1/6_containers/unordered_multiset/erase/1.cc compilation failed to produce executable
FAIL: tr1/6_containers/unordered_multiset/erase/24061-multiset.cc (test for excess errors)
UNRESOLVED: tr1/6_containers/unordered_multiset/erase/24061-multiset.cc compilation failed to produce executable
FAIL: tr1/6_containers/unordered_multiset/find/multiset1.cc (test for excess errors)
UNRESOLVED: tr1/6_containers/unordered_multiset/find/multiset1.cc compilation failed to produce executable
FAIL: tr1/6_containers/unordered_multiset/insert/multiset_range.cc (test for excess errors)
UNRESOLVED: tr1/6_containers/unordered_multiset/insert/multiset_range.cc compilation failed to produce executable
FAIL: tr1/6_containers/unordered_multiset/insert/multiset_single.cc (test for excess errors)
UNRESOLVED: tr1/6_containers/unordered_multiset/insert/multiset_single.cc compilation failed to produce executable
FAIL: tr1/6_containers/unordered_multiset/swap/1.cc (test for excess errors)
UNRESOLVED: tr1/6_containers/unordered_multiset/swap/1.cc compilation failed to produce executable
FAIL: tr1/6_containers/unordered_multiset/swap/2.cc (test for excess errors)
UNRESOLVED: tr1/6_containers/unordered_multiset/swap/2.cc compilation failed to produce executable
FAIL: tr1/6_containers/unordered_set/erase/1.cc (test for excess errors)
UNRESOLVED: tr1/6_containers/unordered_set/erase/1.cc compilation failed to produce executable
FAIL: tr1/6_containers/unordered_set/erase/24061-set.cc (test for excess errors)
UNRESOLVED: tr1/6_containers/unordered_set/erase/24061-set.cc compilation failed to produce executable
FAIL: tr1/6_containers/unordered_set/find/set1.cc (test for excess errors)
UNRESOLVED: tr1/6_containers/unordered_set/find/set1.cc compilation failed to produce executable
FAIL: tr1/6_containers/unordered_set/insert/set_range.cc (test for excess errors)
UNRESOLVED: tr1/6_containers/unordered_set/insert/set_range.cc compilation failed to produce executable
FAIL: tr1/6_containers/unordered_set/insert/set_single.cc (test for excess errors)
UNRESOLVED: tr1/6_containers/unordered_set/insert/set_single.cc compilation failed to produce executable
FAIL: tr1/6_containers/unordered_set/swap/1.cc (test for excess errors)
UNRESOLVED: tr1/6_containers/unordered_set/swap/1.cc compilation failed to produce executable
FAIL: tr1/6_containers/unordered_set/swap/2.cc (test for excess errors)
UNRESOLVED: tr1/6_containers/unordered_set/swap/2.cc compilation failed to produce executable
FAIL: tr1/7_regular_expressions/basic_regex/ctors/char/string.cc (test for excess errors)
FAIL: tr1/7_regular_expressions/basic_regex/ctors/wchar_t/string.cc (test for excess errors)
FAIL: tr1/headers/all.cc (test for excess errors)

		=== libstdc++ Summary for unix ===

# of expected passes		8657
# of unexpected failures	467
# of expected failures		27
# of unresolved testcases	383
# of unsupported tests		224

Running target unix/-m32
FAIL: 17_intro/headers/c++1998/all.cc (test for excess errors)
FAIL: 17_intro/headers/c++200x/stdc++.cc (test for excess errors)
FAIL: 17_intro/headers/c++200x/stdc++_multiple_inclusion.cc (test for excess errors)
FAIL: 21_strings/basic_string/inserters_extractors/pod/10081-in.cc (test for excess errors)
UNRESOLVED: 21_strings/basic_string/inserters_extractors/pod/10081-in.cc compilation failed to produce executable
FAIL: 21_strings/basic_string/inserters_extractors/pod/10081-out.cc (test for excess errors)
UNRESOLVED: 21_strings/basic_string/inserters_extractors/pod/10081-out.cc compilation failed to produce executable
FAIL: 21_strings/basic_string/operators/char/2.cc (test for excess errors)
UNRESOLVED: 21_strings/basic_string/operators/char/2.cc compilation failed to produce executable
FAIL: 21_strings/basic_string/operators/wchar_t/2.cc (test for excess errors)
UNRESOLVED: 21_strings/basic_string/operators/wchar_t/2.cc compilation failed to produce executable
FAIL: 21_strings/basic_string/requirements/explicit_instantiation/1.cc (test for excess errors)
FAIL: 21_strings/basic_string/requirements/explicit_instantiation/char/1.cc (test for excess errors)
FAIL: 21_strings/basic_string/requirements/explicit_instantiation/debug.cc (test for excess errors)
FAIL: 21_strings/basic_string/requirements/explicit_instantiation/wchar_t/1.cc (test for excess errors)
FAIL: 22_locale/ctype/scan/char/1.cc (test for excess errors)
UNRESOLVED: 22_locale/ctype/scan/char/1.cc compilation failed to produce executable
FAIL: 22_locale/ctype/scan/char/wrapped_env.cc (test for excess errors)
UNRESOLVED: 22_locale/ctype/scan/char/wrapped_env.cc compilation failed to produce executable
FAIL: 22_locale/ctype/scan/char/wrapped_locale.cc (test for excess errors)
UNRESOLVED: 22_locale/ctype/scan/char/wrapped_locale.cc compilation failed to produce executable
FAIL: 22_locale/ctype/scan/wchar_t/1.cc (test for excess errors)
UNRESOLVED: 22_locale/ctype/scan/wchar_t/1.cc compilation failed to produce executable
FAIL: 22_locale/ctype/scan/wchar_t/wrapped_env.cc (test for excess errors)
UNRESOLVED: 22_locale/ctype/scan/wchar_t/wrapped_env.cc compilation failed to produce executable
FAIL: 22_locale/ctype/scan/wchar_t/wrapped_locale.cc (test for excess errors)
UNRESOLVED: 22_locale/ctype/scan/wchar_t/wrapped_locale.cc compilation failed to produce executable
FAIL: 22_locale/facet/1.cc (test for excess errors)
UNRESOLVED: 22_locale/facet/1.cc compilation failed to produce executable
FAIL: 22_locale/locale/cons/2.cc (test for excess errors)
UNRESOLVED: 22_locale/locale/cons/2.cc compilation failed to produce executable
FAIL: 22_locale/money_get/cons/3.cc (test for excess errors)
FAIL: 22_locale/money_get/get/char/1.cc (test for excess errors)
UNRESOLVED: 22_locale/money_get/get/char/1.cc compilation failed to produce executable
FAIL: 22_locale/money_get/get/char/5.cc (test for excess errors)
UNRESOLVED: 22_locale/money_get/get/char/5.cc compilation failed to produce executable
FAIL: 22_locale/money_get/get/char/wrapped_env.cc (test for excess errors)
UNRESOLVED: 22_locale/money_get/get/char/wrapped_env.cc compilation failed to produce executable
FAIL: 22_locale/money_get/get/char/wrapped_locale.cc (test for excess errors)
UNRESOLVED: 22_locale/money_get/get/char/wrapped_locale.cc compilation failed to produce executable
FAIL: 22_locale/money_get/get/wchar_t/1.cc (test for excess errors)
UNRESOLVED: 22_locale/money_get/get/wchar_t/1.cc compilation failed to produce executable
FAIL: 22_locale/money_get/get/wchar_t/5.cc (test for excess errors)
UNRESOLVED: 22_locale/money_get/get/wchar_t/5.cc compilation failed to produce executable
FAIL: 22_locale/money_get/get/wchar_t/wrapped_env.cc (test for excess errors)
UNRESOLVED: 22_locale/money_get/get/wchar_t/wrapped_env.cc compilation failed to produce executable
FAIL: 22_locale/money_get/get/wchar_t/wrapped_locale.cc (test for excess errors)
UNRESOLVED: 22_locale/money_get/get/wchar_t/wrapped_locale.cc compilation failed to produce executable
FAIL: 22_locale/money_get/requirements/explicit_instantiation.cc (test for excess errors)
FAIL: 22_locale/money_put/cons/3.cc (test for excess errors)
FAIL: 22_locale/money_put/put/char/1.cc (test for excess errors)
UNRESOLVED: 22_locale/money_put/put/char/1.cc compilation failed to produce executable
FAIL: 22_locale/money_put/put/char/2.cc (test for excess errors)
UNRESOLVED: 22_locale/money_put/put/char/2.cc compilation failed to produce executable
FAIL: 22_locale/money_put/put/char/4.cc (test for excess errors)
UNRESOLVED: 22_locale/money_put/put/char/4.cc compilation failed to produce executable
FAIL: 22_locale/money_put/put/char/wrapped_env.cc (test for excess errors)
UNRESOLVED: 22_locale/money_put/put/char/wrapped_env.cc compilation failed to produce executable
FAIL: 22_locale/money_put/put/char/wrapped_locale.cc (test for excess errors)
UNRESOLVED: 22_locale/money_put/put/char/wrapped_locale.cc compilation failed to produce executable
FAIL: 22_locale/money_put/put/wchar_t/1.cc (test for excess errors)
UNRESOLVED: 22_locale/money_put/put/wchar_t/1.cc compilation failed to produce executable
FAIL: 22_locale/money_put/put/wchar_t/2.cc (test for excess errors)
UNRESOLVED: 22_locale/money_put/put/wchar_t/2.cc compilation failed to produce executable
FAIL: 22_locale/money_put/put/wchar_t/4.cc (test for excess errors)
UNRESOLVED: 22_locale/money_put/put/wchar_t/4.cc compilation failed to produce executable
FAIL: 22_locale/money_put/put/wchar_t/wrapped_env.cc (test for excess errors)
UNRESOLVED: 22_locale/money_put/put/wchar_t/wrapped_env.cc compilation failed to produce executable
FAIL: 22_locale/money_put/put/wchar_t/wrapped_locale.cc (test for excess errors)
UNRESOLVED: 22_locale/money_put/put/wchar_t/wrapped_locale.cc compilation failed to produce executable
FAIL: 22_locale/money_put/requirements/explicit_instantiation.cc (test for excess errors)
FAIL: 22_locale/num_get/cons/3.cc (test for excess errors)
FAIL: 22_locale/num_get/get/char/1.cc (test for excess errors)
UNRESOLVED: 22_locale/num_get/get/char/1.cc compilation failed to produce executable
FAIL: 22_locale/num_get/get/char/12.cc (test for excess errors)
UNRESOLVED: 22_locale/num_get/get/char/12.cc compilation failed to produce executable
FAIL: 22_locale/num_get/get/char/16.cc (test for excess errors)
UNRESOLVED: 22_locale/num_get/get/char/16.cc compilation failed to produce executable
FAIL: 22_locale/num_get/get/char/22131.cc (test for excess errors)
UNRESOLVED: 22_locale/num_get/get/char/22131.cc compilation failed to produce executable
FAIL: 22_locale/num_get/get/char/37958.cc (test for excess errors)
UNRESOLVED: 22_locale/num_get/get/char/37958.cc compilation failed to produce executable
FAIL: 22_locale/num_get/get/char/4.cc (test for excess errors)
UNRESOLVED: 22_locale/num_get/get/char/4.cc compilation failed to produce executable
FAIL: 22_locale/num_get/get/char/wrapped_env.cc (test for excess errors)
UNRESOLVED: 22_locale/num_get/get/char/wrapped_env.cc compilation failed to produce executable
FAIL: 22_locale/num_get/get/char/wrapped_locale.cc (test for excess errors)
UNRESOLVED: 22_locale/num_get/get/char/wrapped_locale.cc compilation failed to produce executable
FAIL: 22_locale/num_get/get/wchar_t/1.cc (test for excess errors)
UNRESOLVED: 22_locale/num_get/get/wchar_t/1.cc compilation failed to produce executable
FAIL: 22_locale/num_get/get/wchar_t/12.cc (test for excess errors)
UNRESOLVED: 22_locale/num_get/get/wchar_t/12.cc compilation failed to produce executable
FAIL: 22_locale/num_get/get/wchar_t/16.cc (test for excess errors)
UNRESOLVED: 22_locale/num_get/get/wchar_t/16.cc compilation failed to produce executable
FAIL: 22_locale/num_get/get/wchar_t/22131.cc (test for excess errors)
UNRESOLVED: 22_locale/num_get/get/wchar_t/22131.cc compilation failed to produce executable
FAIL: 22_locale/num_get/get/wchar_t/37958.cc (test for excess errors)
UNRESOLVED: 22_locale/num_get/get/wchar_t/37958.cc compilation failed to produce executable
FAIL: 22_locale/num_get/get/wchar_t/4.cc (test for excess errors)
UNRESOLVED: 22_locale/num_get/get/wchar_t/4.cc compilation failed to produce executable
FAIL: 22_locale/num_get/get/wchar_t/wrapped_env.cc (test for excess errors)
UNRESOLVED: 22_locale/num_get/get/wchar_t/wrapped_env.cc compilation failed to produce executable
FAIL: 22_locale/num_get/get/wchar_t/wrapped_locale.cc (test for excess errors)
UNRESOLVED: 22_locale/num_get/get/wchar_t/wrapped_locale.cc compilation failed to produce executable
FAIL: 22_locale/num_get/requirements/explicit_instantiation.cc (test for excess errors)
FAIL: 22_locale/num_put/cons/3.cc (test for excess errors)
FAIL: 22_locale/num_put/put/char/1.cc (test for excess errors)
UNRESOLVED: 22_locale/num_put/put/char/1.cc compilation failed to produce executable
FAIL: 22_locale/num_put/put/char/23953.cc (test for excess errors)
UNRESOLVED: 22_locale/num_put/put/char/23953.cc compilation failed to produce executable
FAIL: 22_locale/num_put/put/char/38196.cc (test for excess errors)
UNRESOLVED: 22_locale/num_put/put/char/38196.cc compilation failed to produce executable
FAIL: 22_locale/num_put/put/char/38210.cc (test for excess errors)
UNRESOLVED: 22_locale/num_put/put/char/38210.cc compilation failed to produce executable
FAIL: 22_locale/num_put/put/char/4.cc (test for excess errors)
UNRESOLVED: 22_locale/num_put/put/char/4.cc compilation failed to produce executable
FAIL: 22_locale/num_put/put/char/wrapped_env.cc (test for excess errors)
UNRESOLVED: 22_locale/num_put/put/char/wrapped_env.cc compilation failed to produce executable
FAIL: 22_locale/num_put/put/char/wrapped_locale.cc (test for excess errors)
UNRESOLVED: 22_locale/num_put/put/char/wrapped_locale.cc compilation failed to produce executable
FAIL: 22_locale/num_put/put/wchar_t/1.cc (test for excess errors)
UNRESOLVED: 22_locale/num_put/put/wchar_t/1.cc compilation failed to produce executable
FAIL: 22_locale/num_put/put/wchar_t/2.cc (test for excess errors)
UNRESOLVED: 22_locale/num_put/put/wchar_t/2.cc compilation failed to produce executable
FAIL: 22_locale/num_put/put/wchar_t/23953.cc (test for excess errors)
UNRESOLVED: 22_locale/num_put/put/wchar_t/23953.cc compilation failed to produce executable
FAIL: 22_locale/num_put/put/wchar_t/38196.cc (test for excess errors)
UNRESOLVED: 22_locale/num_put/put/wchar_t/38196.cc compilation failed to produce executable
FAIL: 22_locale/num_put/put/wchar_t/38210.cc (test for excess errors)
UNRESOLVED: 22_locale/num_put/put/wchar_t/38210.cc compilation failed to produce executable
FAIL: 22_locale/num_put/put/wchar_t/4.cc (test for excess errors)
UNRESOLVED: 22_locale/num_put/put/wchar_t/4.cc compilation failed to produce executable
FAIL: 22_locale/num_put/put/wchar_t/wrapped_env.cc (test for excess errors)
UNRESOLVED: 22_locale/num_put/put/wchar_t/wrapped_env.cc compilation failed to produce executable
FAIL: 22_locale/num_put/put/wchar_t/wrapped_locale.cc (test for excess errors)
UNRESOLVED: 22_locale/num_put/put/wchar_t/wrapped_locale.cc compilation failed to produce executable
FAIL: 22_locale/num_put/requirements/explicit_instantiation.cc (test for excess errors)
FAIL: 22_locale/numpunct/members/pod/1.cc (test for excess errors)
UNRESOLVED: 22_locale/numpunct/members/pod/1.cc compilation failed to produce executable
FAIL: 22_locale/numpunct/members/pod/2.cc (test for excess errors)
UNRESOLVED: 22_locale/numpunct/members/pod/2.cc compilation failed to produce executable
FAIL: 22_locale/time_get/get_date/char/3.cc (test for excess errors)
UNRESOLVED: 22_locale/time_get/get_date/char/3.cc compilation failed to produce executable
FAIL: 22_locale/time_get/get_date/char/wrapped_env.cc (test for excess errors)
UNRESOLVED: 22_locale/time_get/get_date/char/wrapped_env.cc compilation failed to produce executable
FAIL: 22_locale/time_get/get_date/char/wrapped_locale.cc (test for excess errors)
UNRESOLVED: 22_locale/time_get/get_date/char/wrapped_locale.cc compilation failed to produce executable
FAIL: 22_locale/time_get/get_date/wchar_t/3.cc (test for excess errors)
UNRESOLVED: 22_locale/time_get/get_date/wchar_t/3.cc compilation failed to produce executable
FAIL: 22_locale/time_get/get_date/wchar_t/wrapped_env.cc (test for excess errors)
UNRESOLVED: 22_locale/time_get/get_date/wchar_t/wrapped_env.cc compilation failed to produce executable
FAIL: 22_locale/time_get/get_date/wchar_t/wrapped_locale.cc (test for excess errors)
UNRESOLVED: 22_locale/time_get/get_date/wchar_t/wrapped_locale.cc compilation failed to produce executable
FAIL: 22_locale/time_get/get_monthname/char/3.cc (test for excess errors)
UNRESOLVED: 22_locale/time_get/get_monthname/char/3.cc compilation failed to produce executable
FAIL: 22_locale/time_get/get_monthname/char/wrapped_env.cc (test for excess errors)
UNRESOLVED: 22_locale/time_get/get_monthname/char/wrapped_env.cc compilation failed to produce executable
FAIL: 22_locale/time_get/get_monthname/char/wrapped_locale.cc (test for excess errors)
UNRESOLVED: 22_locale/time_get/get_monthname/char/wrapped_locale.cc compilation failed to produce executable
FAIL: 22_locale/time_get/get_monthname/wchar_t/3.cc (test for excess errors)
UNRESOLVED: 22_locale/time_get/get_monthname/wchar_t/3.cc compilation failed to produce executable
FAIL: 22_locale/time_get/get_monthname/wchar_t/wrapped_env.cc (test for excess errors)
UNRESOLVED: 22_locale/time_get/get_monthname/wchar_t/wrapped_env.cc compilation failed to produce executable
FAIL: 22_locale/time_get/get_monthname/wchar_t/wrapped_locale.cc (test for excess errors)
UNRESOLVED: 22_locale/time_get/get_monthname/wchar_t/wrapped_locale.cc compilation failed to produce executable
FAIL: 22_locale/time_get/get_time/char/3.cc (test for excess errors)
UNRESOLVED: 22_locale/time_get/get_time/char/3.cc compilation failed to produce executable
FAIL: 22_locale/time_get/get_time/char/wrapped_env.cc (test for excess errors)
UNRESOLVED: 22_locale/time_get/get_time/char/wrapped_env.cc compilation failed to produce executable
FAIL: 22_locale/time_get/get_time/char/wrapped_locale.cc (test for excess errors)
UNRESOLVED: 22_locale/time_get/get_time/char/wrapped_locale.cc compilation failed to produce executable
FAIL: 22_locale/time_get/get_time/wchar_t/wrapped_env.cc (test for excess errors)
UNRESOLVED: 22_locale/time_get/get_time/wchar_t/wrapped_env.cc compilation failed to produce executable
FAIL: 22_locale/time_get/get_time/wchar_t/wrapped_locale.cc (test for excess errors)
UNRESOLVED: 22_locale/time_get/get_time/wchar_t/wrapped_locale.cc compilation failed to produce executable
FAIL: 22_locale/time_get/get_weekday/char/3.cc (test for excess errors)
UNRESOLVED: 22_locale/time_get/get_weekday/char/3.cc compilation failed to produce executable
FAIL: 22_locale/time_get/get_weekday/char/wrapped_env.cc (test for excess errors)
UNRESOLVED: 22_locale/time_get/get_weekday/char/wrapped_env.cc compilation failed to produce executable
FAIL: 22_locale/time_get/get_weekday/char/wrapped_locale.cc (test for excess errors)
UNRESOLVED: 22_locale/time_get/get_weekday/char/wrapped_locale.cc compilation failed to produce executable
FAIL: 22_locale/time_get/get_weekday/wchar_t/wrapped_env.cc (test for excess errors)
UNRESOLVED: 22_locale/time_get/get_weekday/wchar_t/wrapped_env.cc compilation failed to produce executable
FAIL: 22_locale/time_get/get_weekday/wchar_t/wrapped_locale.cc (test for excess errors)
UNRESOLVED: 22_locale/time_get/get_weekday/wchar_t/wrapped_locale.cc compilation failed to produce executable
FAIL: 22_locale/time_get/get_year/char/3.cc (test for excess errors)
UNRESOLVED: 22_locale/time_get/get_year/char/3.cc compilation failed to produce executable
FAIL: 22_locale/time_get/get_year/char/wrapped_env.cc (test for excess errors)
UNRESOLVED: 22_locale/time_get/get_year/char/wrapped_env.cc compilation failed to produce executable
FAIL: 22_locale/time_get/get_year/char/wrapped_locale.cc (test for excess errors)
UNRESOLVED: 22_locale/time_get/get_year/char/wrapped_locale.cc compilation failed to produce executable
FAIL: 22_locale/time_get/get_year/wchar_t/3.cc (test for excess errors)
UNRESOLVED: 22_locale/time_get/get_year/wchar_t/3.cc compilation failed to produce executable
FAIL: 22_locale/time_get/get_year/wchar_t/wrapped_env.cc (test for excess errors)
UNRESOLVED: 22_locale/time_get/get_year/wchar_t/wrapped_env.cc compilation failed to produce executable
FAIL: 22_locale/time_get/get_year/wchar_t/wrapped_locale.cc (test for excess errors)
UNRESOLVED: 22_locale/time_get/get_year/wchar_t/wrapped_locale.cc compilation failed to produce executable
FAIL: 22_locale/time_get/requirements/explicit_instantiation.cc (test for excess errors)
FAIL: 22_locale/time_put/put/char/wrapped_env.cc (test for excess errors)
UNRESOLVED: 22_locale/time_put/put/char/wrapped_env.cc compilation failed to produce executable
FAIL: 22_locale/time_put/put/char/wrapped_locale.cc (test for excess errors)
UNRESOLVED: 22_locale/time_put/put/char/wrapped_locale.cc compilation failed to produce executable
FAIL: 22_locale/time_put/put/wchar_t/wrapped_env.cc (test for excess errors)
UNRESOLVED: 22_locale/time_put/put/wchar_t/wrapped_env.cc compilation failed to produce executable
FAIL: 22_locale/time_put/put/wchar_t/wrapped_locale.cc (test for excess errors)
UNRESOLVED: 22_locale/time_put/put/wchar_t/wrapped_locale.cc compilation failed to produce executable
FAIL: 23_containers/bitset/operations/1.cc (test for excess errors)
UNRESOLVED: 23_containers/bitset/operations/1.cc compilation failed to produce executable
FAIL: 23_containers/deque/capacity/29134-2.cc (test for excess errors)
UNRESOLVED: 23_containers/deque/capacity/29134-2.cc compilation failed to produce executable
FAIL: 23_containers/deque/check_construct_destroy.cc (test for excess errors)
UNRESOLVED: 23_containers/deque/check_construct_destroy.cc compilation failed to produce executable
FAIL: 23_containers/deque/cons/2.cc (test for excess errors)
UNRESOLVED: 23_containers/deque/cons/2.cc compilation failed to produce executable
FAIL: 23_containers/deque/cons/assign/1.cc (test for excess errors)
UNRESOLVED: 23_containers/deque/cons/assign/1.cc compilation failed to produce executable
FAIL: 23_containers/deque/debug/assign4_neg.cc (test for excess errors)
UNRESOLVED: 23_containers/deque/debug/assign4_neg.cc compilation failed to produce executable
FAIL: 23_containers/deque/debug/construct4_neg.cc (test for excess errors)
UNRESOLVED: 23_containers/deque/debug/construct4_neg.cc compilation failed to produce executable
FAIL: 23_containers/deque/debug/insert4_neg.cc (test for excess errors)
UNRESOLVED: 23_containers/deque/debug/insert4_neg.cc compilation failed to produce executable
FAIL: 23_containers/deque/debug/invalidation/1.cc (test for excess errors)
UNRESOLVED: 23_containers/deque/debug/invalidation/1.cc compilation failed to produce executable
FAIL: 23_containers/deque/debug/invalidation/2.cc (test for excess errors)
UNRESOLVED: 23_containers/deque/debug/invalidation/2.cc compilation failed to produce executable
FAIL: 23_containers/deque/debug/invalidation/3.cc (test for excess errors)
UNRESOLVED: 23_containers/deque/debug/invalidation/3.cc compilation failed to produce executable
FAIL: 23_containers/deque/debug/invalidation/4.cc (test for excess errors)
UNRESOLVED: 23_containers/deque/debug/invalidation/4.cc compilation failed to produce executable
FAIL: 23_containers/deque/modifiers/erase/1.cc (test for excess errors)
UNRESOLVED: 23_containers/deque/modifiers/erase/1.cc compilation failed to produce executable
FAIL: 23_containers/deque/modifiers/erase/2.cc (test for excess errors)
UNRESOLVED: 23_containers/deque/modifiers/erase/2.cc compilation failed to produce executable
FAIL: 23_containers/deque/modifiers/swap/2.cc (test for excess errors)
UNRESOLVED: 23_containers/deque/modifiers/swap/2.cc compilation failed to produce executable
FAIL: 23_containers/deque/modifiers/swap/3.cc (test for excess errors)
UNRESOLVED: 23_containers/deque/modifiers/swap/3.cc compilation failed to produce executable
FAIL: 23_containers/deque/requirements/explicit_instantiation/1.cc (test for excess errors)
FAIL: 23_containers/deque/requirements/explicit_instantiation/2.cc (test for excess errors)
FAIL: 23_containers/deque/requirements/explicit_instantiation/3.cc (test for excess errors)
FAIL: 23_containers/deque/requirements/explicit_instantiation/4.cc (test for excess errors)
FAIL: 23_containers/deque/types/1.cc (test for excess errors)
FAIL: 23_containers/list/check_construct_destroy.cc (test for excess errors)
UNRESOLVED: 23_containers/list/check_construct_destroy.cc compilation failed to produce executable
FAIL: 23_containers/list/debug/assign4_neg.cc (test for excess errors)
UNRESOLVED: 23_containers/list/debug/assign4_neg.cc compilation failed to produce executable
FAIL: 23_containers/list/debug/construct4_neg.cc (test for excess errors)
UNRESOLVED: 23_containers/list/debug/construct4_neg.cc compilation failed to produce executable
FAIL: 23_containers/list/debug/invalidation/1.cc (test for excess errors)
UNRESOLVED: 23_containers/list/debug/invalidation/1.cc compilation failed to produce executable
FAIL: 23_containers/list/debug/invalidation/2.cc (test for excess errors)
UNRESOLVED: 23_containers/list/debug/invalidation/2.cc compilation failed to produce executable
FAIL: 23_containers/list/debug/invalidation/3.cc (test for excess errors)
UNRESOLVED: 23_containers/list/debug/invalidation/3.cc compilation failed to produce executable
FAIL: 23_containers/list/debug/invalidation/4.cc (test for excess errors)
UNRESOLVED: 23_containers/list/debug/invalidation/4.cc compilation failed to produce executable
FAIL: 23_containers/list/modifiers/insert/25288.cc (test for excess errors)
UNRESOLVED: 23_containers/list/modifiers/insert/25288.cc compilation failed to produce executable
FAIL: 23_containers/list/modifiers/swap/2.cc (test for excess errors)
UNRESOLVED: 23_containers/list/modifiers/swap/2.cc compilation failed to produce executable
FAIL: 23_containers/list/modifiers/swap/3.cc (test for excess errors)
UNRESOLVED: 23_containers/list/modifiers/swap/3.cc compilation failed to produce executable
FAIL: 23_containers/list/operations/5.cc (test for excess errors)
UNRESOLVED: 23_containers/list/operations/5.cc compilation failed to produce executable
FAIL: 23_containers/list/requirements/explicit_instantiation/5.cc (test for excess errors)
FAIL: 23_containers/map/debug/construct4_neg.cc (test for excess errors)
UNRESOLVED: 23_containers/map/debug/construct4_neg.cc compilation failed to produce executable
FAIL: 23_containers/map/debug/insert4_neg.cc (test for excess errors)
UNRESOLVED: 23_containers/map/debug/insert4_neg.cc compilation failed to produce executable
FAIL: 23_containers/map/debug/invalidation/1.cc (test for excess errors)
UNRESOLVED: 23_containers/map/debug/invalidation/1.cc compilation failed to produce executable
FAIL: 23_containers/map/debug/invalidation/2.cc (test for excess errors)
UNRESOLVED: 23_containers/map/debug/invalidation/2.cc compilation failed to produce executable
FAIL: 23_containers/map/modifiers/insert/16813.cc (test for excess errors)
UNRESOLVED: 23_containers/map/modifiers/insert/16813.cc compilation failed to produce executable
FAIL: 23_containers/map/modifiers/swap/2.cc (test for excess errors)
UNRESOLVED: 23_containers/map/modifiers/swap/2.cc compilation failed to produce executable
FAIL: 23_containers/map/modifiers/swap/3.cc (test for excess errors)
UNRESOLVED: 23_containers/map/modifiers/swap/3.cc compilation failed to produce executable
FAIL: 23_containers/map/operations/count.cc (test for excess errors)
UNRESOLVED: 23_containers/map/operations/count.cc compilation failed to produce executable
FAIL: 23_containers/map/requirements/explicit_instantiation/5.cc (test for excess errors)
FAIL: 23_containers/multimap/debug/construct4_neg.cc (test for excess errors)
UNRESOLVED: 23_containers/multimap/debug/construct4_neg.cc compilation failed to produce executable
FAIL: 23_containers/multimap/debug/insert4_neg.cc (test for excess errors)
UNRESOLVED: 23_containers/multimap/debug/insert4_neg.cc compilation failed to produce executable
FAIL: 23_containers/multimap/debug/invalidation/2.cc (test for excess errors)
UNRESOLVED: 23_containers/multimap/debug/invalidation/2.cc compilation failed to produce executable
FAIL: 23_containers/multimap/modifiers/swap/2.cc (test for excess errors)
UNRESOLVED: 23_containers/multimap/modifiers/swap/2.cc compilation failed to produce executable
FAIL: 23_containers/multimap/modifiers/swap/3.cc (test for excess errors)
UNRESOLVED: 23_containers/multimap/modifiers/swap/3.cc compilation failed to produce executable
FAIL: 23_containers/multimap/requirements/explicit_instantiation/5.cc (test for excess errors)
FAIL: 23_containers/multiset/debug/construct4_neg.cc (test for excess errors)
UNRESOLVED: 23_containers/multiset/debug/construct4_neg.cc compilation failed to produce executable
FAIL: 23_containers/multiset/debug/insert4_neg.cc (test for excess errors)
UNRESOLVED: 23_containers/multiset/debug/insert4_neg.cc compilation failed to produce executable
FAIL: 23_containers/multiset/debug/invalidation/2.cc (test for excess errors)
UNRESOLVED: 23_containers/multiset/debug/invalidation/2.cc compilation failed to produce executable
FAIL: 23_containers/multiset/modifiers/swap/2.cc (test for excess errors)
UNRESOLVED: 23_containers/multiset/modifiers/swap/2.cc compilation failed to produce executable
FAIL: 23_containers/multiset/modifiers/swap/3.cc (test for excess errors)
UNRESOLVED: 23_containers/multiset/modifiers/swap/3.cc compilation failed to produce executable
FAIL: 23_containers/multiset/requirements/explicit_instantiation/5.cc (test for excess errors)
FAIL: 23_containers/set/debug/construct4_neg.cc (test for excess errors)
UNRESOLVED: 23_containers/set/debug/construct4_neg.cc compilation failed to produce executable
FAIL: 23_containers/set/debug/insert4_neg.cc (test for excess errors)
UNRESOLVED: 23_containers/set/debug/insert4_neg.cc compilation failed to produce executable
FAIL: 23_containers/set/debug/invalidation/1.cc (test for excess errors)
UNRESOLVED: 23_containers/set/debug/invalidation/1.cc compilation failed to produce executable
FAIL: 23_containers/set/debug/invalidation/2.cc (test for excess errors)
UNRESOLVED: 23_containers/set/debug/invalidation/2.cc compilation failed to produce executable
FAIL: 23_containers/set/modifiers/swap/2.cc (test for excess errors)
UNRESOLVED: 23_containers/set/modifiers/swap/2.cc compilation failed to produce executable
FAIL: 23_containers/set/modifiers/swap/3.cc (test for excess errors)
UNRESOLVED: 23_containers/set/modifiers/swap/3.cc compilation failed to produce executable
FAIL: 23_containers/set/requirements/explicit_instantiation/5.cc (test for excess errors)
FAIL: 23_containers/vector/bool/capacity/1.cc (test for excess errors)
UNRESOLVED: 23_containers/vector/bool/capacity/1.cc compilation failed to produce executable
FAIL: 23_containers/vector/bool/cons/1.cc (test for excess errors)
UNRESOLVED: 23_containers/vector/bool/cons/1.cc compilation failed to produce executable
FAIL: 23_containers/vector/bool/modifiers/erase/1.cc (test for excess errors)
UNRESOLVED: 23_containers/vector/bool/modifiers/erase/1.cc compilation failed to produce executable
FAIL: 23_containers/vector/bool/modifiers/insert/1.cc (test for excess errors)
UNRESOLVED: 23_containers/vector/bool/modifiers/insert/1.cc compilation failed to produce executable
FAIL: 23_containers/vector/bool/modifiers/insert/31370.cc (test for excess errors)
UNRESOLVED: 23_containers/vector/bool/modifiers/insert/31370.cc compilation failed to produce executable
FAIL: 23_containers/vector/bool/modifiers/swap/1.cc (test for excess errors)
UNRESOLVED: 23_containers/vector/bool/modifiers/swap/1.cc compilation failed to produce executable
FAIL: 23_containers/vector/bool/modifiers/swap/2.cc (test for excess errors)
UNRESOLVED: 23_containers/vector/bool/modifiers/swap/2.cc compilation failed to produce executable
FAIL: 23_containers/vector/check_construct_destroy.cc (test for excess errors)
UNRESOLVED: 23_containers/vector/check_construct_destroy.cc compilation failed to produce executable
FAIL: 23_containers/vector/cons/2.cc (test for excess errors)
UNRESOLVED: 23_containers/vector/cons/2.cc compilation failed to produce executable
FAIL: 23_containers/vector/cons/4.cc (test for excess errors)
UNRESOLVED: 23_containers/vector/cons/4.cc compilation failed to produce executable
FAIL: 23_containers/vector/debug/assign4_neg.cc (test for excess errors)
UNRESOLVED: 23_containers/vector/debug/assign4_neg.cc compilation failed to produce executable
FAIL: 23_containers/vector/debug/insert4_neg.cc (test for excess errors)
UNRESOLVED: 23_containers/vector/debug/insert4_neg.cc compilation failed to produce executable
FAIL: 23_containers/vector/debug/insert6_neg.cc (test for excess errors)
UNRESOLVED: 23_containers/vector/debug/insert6_neg.cc compilation failed to produce executable
FAIL: 23_containers/vector/ext_pointer/explicit_instantiation/1.cc (test for excess errors)
FAIL: 23_containers/vector/ext_pointer/explicit_instantiation/3.cc (test for excess errors)
FAIL: 23_containers/vector/ext_pointer/modifiers/element.cc (test for excess errors)
UNRESOLVED: 23_containers/vector/ext_pointer/modifiers/element.cc compilation failed to produce executable
FAIL: 23_containers/vector/ext_pointer/modifiers/erase.cc (test for excess errors)
UNRESOLVED: 23_containers/vector/ext_pointer/modifiers/erase.cc compilation failed to produce executable
FAIL: 23_containers/vector/ext_pointer/modifiers/insert.cc (test for excess errors)
UNRESOLVED: 23_containers/vector/ext_pointer/modifiers/insert.cc compilation failed to produce executable
FAIL: 23_containers/vector/ext_pointer/resize.cc (test for excess errors)
UNRESOLVED: 23_containers/vector/ext_pointer/resize.cc compilation failed to produce executable
FAIL: 23_containers/vector/ext_pointer/types/1.cc (test for excess errors)
UNRESOLVED: 23_containers/vector/ext_pointer/types/1.cc compilation failed to produce executable
FAIL: 23_containers/vector/modifiers/erase/1.cc (test for excess errors)
UNRESOLVED: 23_containers/vector/modifiers/erase/1.cc compilation failed to produce executable
FAIL: 23_containers/vector/modifiers/swap/2.cc (test for excess errors)
UNRESOLVED: 23_containers/vector/modifiers/swap/2.cc compilation failed to produce executable
FAIL: 23_containers/vector/modifiers/swap/3.cc (test for excess errors)
UNRESOLVED: 23_containers/vector/modifiers/swap/3.cc compilation failed to produce executable
FAIL: 23_containers/vector/zero_sized_allocations.cc (test for excess errors)
UNRESOLVED: 23_containers/vector/zero_sized_allocations.cc compilation failed to produce executable
FAIL: 24_iterators/random_access_iterator/string_vector_iterators.cc (test for excess errors)
UNRESOLVED: 24_iterators/random_access_iterator/string_vector_iterators.cc compilation failed to produce executable
FAIL: 25_algorithms/copy/3.cc (test for excess errors)
UNRESOLVED: 25_algorithms/copy/3.cc compilation failed to produce executable
FAIL: 25_algorithms/copy/deque_iterators/1.cc (test for excess errors)
UNRESOLVED: 25_algorithms/copy/deque_iterators/1.cc compilation failed to produce executable
FAIL: 25_algorithms/copy/streambuf_iterators/char/1.cc (test for excess errors)
UNRESOLVED: 25_algorithms/copy/streambuf_iterators/char/1.cc compilation failed to produce executable
FAIL: 25_algorithms/copy/streambuf_iterators/char/3.cc (test for excess errors)
UNRESOLVED: 25_algorithms/copy/streambuf_iterators/char/3.cc compilation failed to produce executable
FAIL: 25_algorithms/copy/streambuf_iterators/wchar_t/1.cc (test for excess errors)
UNRESOLVED: 25_algorithms/copy/streambuf_iterators/wchar_t/1.cc compilation failed to produce executable
FAIL: 25_algorithms/copy/streambuf_iterators/wchar_t/3.cc (test for excess errors)
UNRESOLVED: 25_algorithms/copy/streambuf_iterators/wchar_t/3.cc compilation failed to produce executable
FAIL: 25_algorithms/copy_backward/deque_iterators/1.cc (test for excess errors)
UNRESOLVED: 25_algorithms/copy_backward/deque_iterators/1.cc compilation failed to produce executable
FAIL: 25_algorithms/inplace_merge/1.cc (test for excess errors)
UNRESOLVED: 25_algorithms/inplace_merge/1.cc compilation failed to produce executable
FAIL: 25_algorithms/inplace_merge/check_type.cc (test for excess errors)
FAIL: 25_algorithms/nth_element/1.cc (test for excess errors)
UNRESOLVED: 25_algorithms/nth_element/1.cc compilation failed to produce executable
FAIL: 25_algorithms/nth_element/check_type.cc (test for excess errors)
FAIL: 25_algorithms/partial_sort_copy/check_type.cc (test for excess errors)
FAIL: 25_algorithms/rotate/1.cc (test for excess errors)
UNRESOLVED: 25_algorithms/rotate/1.cc compilation failed to produce executable
FAIL: 25_algorithms/search_n/iterator.cc (test for excess errors)
UNRESOLVED: 25_algorithms/search_n/iterator.cc compilation failed to produce executable
FAIL: 25_algorithms/sort/34095.cc (test for excess errors)
UNRESOLVED: 25_algorithms/sort/34095.cc compilation failed to produce executable
FAIL: 25_algorithms/sort/34636.cc (test for excess errors)
UNRESOLVED: 25_algorithms/sort/34636.cc compilation failed to produce executable
FAIL: 25_algorithms/sort/35588.cc (test for excess errors)
UNRESOLVED: 25_algorithms/sort/35588.cc compilation failed to produce executable
FAIL: 25_algorithms/sort/vectorbool.cc (test for excess errors)
UNRESOLVED: 25_algorithms/sort/vectorbool.cc compilation failed to produce executable
FAIL: 25_algorithms/stable_partition/mem_check.cc (test for excess errors)
UNRESOLVED: 25_algorithms/stable_partition/mem_check.cc compilation failed to produce executable
FAIL: 25_algorithms/stable_sort/1.cc (test for excess errors)
UNRESOLVED: 25_algorithms/stable_sort/1.cc compilation failed to produce executable
FAIL: 25_algorithms/stable_sort/2.cc (test for excess errors)
UNRESOLVED: 25_algorithms/stable_sort/2.cc compilation failed to produce executable
FAIL: 25_algorithms/stable_sort/3.cc (test for excess errors)
UNRESOLVED: 25_algorithms/stable_sort/3.cc compilation failed to produce executable
FAIL: 25_algorithms/stable_sort/check_type.cc (test for excess errors)
FAIL: 25_algorithms/stable_sort/mem_check.cc (test for excess errors)
UNRESOLVED: 25_algorithms/stable_sort/mem_check.cc compilation failed to produce executable
FAIL: 25_algorithms/stable_sort/requirements/explicit_instantiation/pod.cc (test for excess errors)
FAIL: 26_numerics/complex/inserters_extractors/char/1.cc (test for excess errors)
UNRESOLVED: 26_numerics/complex/inserters_extractors/char/1.cc compilation failed to produce executable
FAIL: 26_numerics/complex/inserters_extractors/wchar_t/1.cc (test for excess errors)
UNRESOLVED: 26_numerics/complex/inserters_extractors/wchar_t/1.cc compilation failed to produce executable
FAIL: 26_numerics/valarray/30416.cc (test for excess errors)
UNRESOLVED: 26_numerics/valarray/30416.cc compilation failed to produce executable
FAIL: 26_numerics/valarray/name_lookup.cc (test for excess errors)
FAIL: 27_io/basic_filebuf/close/12790-1.cc (test for excess errors)
UNRESOLVED: 27_io/basic_filebuf/close/12790-1.cc compilation failed to produce executable
FAIL: 27_io/basic_filebuf/cons/2020.cc (test for excess errors)
UNRESOLVED: 27_io/basic_filebuf/cons/2020.cc compilation failed to produce executable
FAIL: 27_io/basic_filebuf/imbue/12206.cc (test for excess errors)
UNRESOLVED: 27_io/basic_filebuf/imbue/12206.cc compilation failed to produce executable
FAIL: 27_io/basic_filebuf/open/12790-1.cc (test for excess errors)
UNRESOLVED: 27_io/basic_filebuf/open/12790-1.cc compilation failed to produce executable
FAIL: 27_io/basic_filebuf/requirements/explicit_instantiation.cc (test for excess errors)
FAIL: 27_io/basic_filebuf/seekoff/10132-2.cc (test for excess errors)
UNRESOLVED: 27_io/basic_filebuf/seekoff/10132-2.cc compilation failed to produce executable
FAIL: 27_io/basic_filebuf/seekoff/12790-1.cc (test for excess errors)
UNRESOLVED: 27_io/basic_filebuf/seekoff/12790-1.cc compilation failed to produce executable
FAIL: 27_io/basic_filebuf/seekoff/12790-2.cc (test for excess errors)
UNRESOLVED: 27_io/basic_filebuf/seekoff/12790-2.cc compilation failed to produce executable
FAIL: 27_io/basic_filebuf/seekoff/12790-3.cc (test for excess errors)
UNRESOLVED: 27_io/basic_filebuf/seekoff/12790-3.cc compilation failed to produce executable
FAIL: 27_io/basic_filebuf/seekoff/12790-4.cc (test for excess errors)
UNRESOLVED: 27_io/basic_filebuf/seekoff/12790-4.cc compilation failed to produce executable
FAIL: 27_io/basic_filebuf/seekoff/45628-2.cc (test for excess errors)
UNRESOLVED: 27_io/basic_filebuf/seekoff/45628-2.cc compilation failed to produce executable
FAIL: 27_io/basic_filebuf/seekoff/char/11543.cc (test for excess errors)
UNRESOLVED: 27_io/basic_filebuf/seekoff/char/11543.cc compilation failed to produce executable
FAIL: 27_io/basic_filebuf/seekoff/wchar_t/11543.cc (test for excess errors)
UNRESOLVED: 27_io/basic_filebuf/seekoff/wchar_t/11543.cc compilation failed to produce executable
FAIL: 27_io/basic_filebuf/seekpos/10132-3.cc (test for excess errors)
UNRESOLVED: 27_io/basic_filebuf/seekpos/10132-3.cc compilation failed to produce executable
FAIL: 27_io/basic_filebuf/seekpos/12790-1.cc (test for excess errors)
UNRESOLVED: 27_io/basic_filebuf/seekpos/12790-1.cc compilation failed to produce executable
FAIL: 27_io/basic_filebuf/seekpos/12790-2.cc (test for excess errors)
UNRESOLVED: 27_io/basic_filebuf/seekpos/12790-2.cc compilation failed to produce executable
FAIL: 27_io/basic_filebuf/seekpos/12790-3.cc (test for excess errors)
UNRESOLVED: 27_io/basic_filebuf/seekpos/12790-3.cc compilation failed to produce executable
FAIL: 27_io/basic_filebuf/underflow/10096.cc (test for excess errors)
UNRESOLVED: 27_io/basic_filebuf/underflow/10096.cc compilation failed to produce executable
FAIL: 27_io/basic_fstream/cons/1.cc (test for excess errors)
UNRESOLVED: 27_io/basic_fstream/cons/1.cc compilation failed to produce executable
FAIL: 27_io/basic_fstream/requirements/explicit_instantiation.cc (test for excess errors)
FAIL: 27_io/basic_ifstream/cons/2020.cc (test for excess errors)
UNRESOLVED: 27_io/basic_ifstream/cons/2020.cc compilation failed to produce executable
FAIL: 27_io/basic_ifstream/requirements/explicit_instantiation.cc (test for excess errors)
FAIL: 27_io/basic_ios/cons/char/3.cc (test for excess errors)
UNRESOLVED: 27_io/basic_ios/cons/char/3.cc compilation failed to produce executable
FAIL: 27_io/basic_ios/imbue/14072.cc (test for excess errors)
UNRESOLVED: 27_io/basic_ios/imbue/14072.cc compilation failed to produce executable
FAIL: 27_io/basic_istream/extractors_arithmetic/char/dr696.cc (test for excess errors)
UNRESOLVED: 27_io/basic_istream/extractors_arithmetic/char/dr696.cc compilation failed to produce executable
FAIL: 27_io/basic_istream/extractors_arithmetic/char/exceptions_badbit_throw.cc (test for excess errors)
UNRESOLVED: 27_io/basic_istream/extractors_arithmetic/char/exceptions_badbit_throw.cc compilation failed to produce executable
FAIL: 27_io/basic_istream/extractors_arithmetic/char/exceptions_failbit_throw.cc (test for excess errors)
UNRESOLVED: 27_io/basic_istream/extractors_arithmetic/char/exceptions_failbit_throw.cc compilation failed to produce executable
FAIL: 27_io/basic_istream/extractors_arithmetic/pod/3983-1.cc (test for excess errors)
UNRESOLVED: 27_io/basic_istream/extractors_arithmetic/pod/3983-1.cc compilation failed to produce executable
FAIL: 27_io/basic_istream/extractors_arithmetic/wchar_t/dr696.cc (test for excess errors)
UNRESOLVED: 27_io/basic_istream/extractors_arithmetic/wchar_t/dr696.cc compilation failed to produce executable
FAIL: 27_io/basic_istream/extractors_arithmetic/wchar_t/exceptions_badbit_throw.cc (test for excess errors)
UNRESOLVED: 27_io/basic_istream/extractors_arithmetic/wchar_t/exceptions_badbit_throw.cc compilation failed to produce executable
FAIL: 27_io/basic_istream/extractors_arithmetic/wchar_t/exceptions_failbit_throw.cc (test for excess errors)
UNRESOLVED: 27_io/basic_istream/extractors_arithmetic/wchar_t/exceptions_failbit_throw.cc compilation failed to produce executable
FAIL: 27_io/basic_istream/extractors_character/char/9826.cc (test for excess errors)
FAIL: 27_io/basic_istream/extractors_character/pod/3983-2.cc (test for excess errors)
UNRESOLVED: 27_io/basic_istream/extractors_character/pod/3983-2.cc compilation failed to produce executable
FAIL: 27_io/basic_istream/extractors_other/char/1.cc (test for excess errors)
UNRESOLVED: 27_io/basic_istream/extractors_other/char/1.cc compilation failed to produce executable
FAIL: 27_io/basic_istream/extractors_other/pod/3983-3.cc (test for excess errors)
UNRESOLVED: 27_io/basic_istream/extractors_other/pod/3983-3.cc compilation failed to produce executable
FAIL: 27_io/basic_istream/extractors_other/wchar_t/1.cc (test for excess errors)
UNRESOLVED: 27_io/basic_istream/extractors_other/wchar_t/1.cc compilation failed to produce executable
FAIL: 27_io/basic_istream/requirements/explicit_instantiation.cc (test for excess errors)
FAIL: 27_io/basic_istream/sentry/pod/1.cc (test for excess errors)
UNRESOLVED: 27_io/basic_istream/sentry/pod/1.cc compilation failed to produce executable
FAIL: 27_io/basic_istringstream/cons/2020.cc (test for excess errors)
UNRESOLVED: 27_io/basic_istringstream/cons/2020.cc compilation failed to produce executable
FAIL: 27_io/basic_istringstream/requirements/explicit_instantiation.cc (test for excess errors)
FAIL: 27_io/basic_ofstream/cons/2020.cc (test for excess errors)
UNRESOLVED: 27_io/basic_ofstream/cons/2020.cc compilation failed to produce executable
FAIL: 27_io/basic_ofstream/requirements/explicit_instantiation.cc (test for excess errors)
FAIL: 27_io/basic_ostream/inserters_arithmetic/char/exceptions_badbit_throw.cc (test for excess errors)
UNRESOLVED: 27_io/basic_ostream/inserters_arithmetic/char/exceptions_badbit_throw.cc compilation failed to produce executable
FAIL: 27_io/basic_ostream/inserters_arithmetic/char/exceptions_failbit_throw.cc (test for excess errors)
UNRESOLVED: 27_io/basic_ostream/inserters_arithmetic/char/exceptions_failbit_throw.cc compilation failed to produce executable
FAIL: 27_io/basic_ostream/inserters_arithmetic/pod/23875.cc (test for excess errors)
UNRESOLVED: 27_io/basic_ostream/inserters_arithmetic/pod/23875.cc compilation failed to produce executable
FAIL: 27_io/basic_ostream/inserters_arithmetic/wchar_t/exceptions_badbit_throw.cc (test for excess errors)
UNRESOLVED: 27_io/basic_ostream/inserters_arithmetic/wchar_t/exceptions_badbit_throw.cc compilation failed to produce executable
FAIL: 27_io/basic_ostream/inserters_arithmetic/wchar_t/exceptions_failbit_throw.cc (test for excess errors)
UNRESOLVED: 27_io/basic_ostream/inserters_arithmetic/wchar_t/exceptions_failbit_throw.cc compilation failed to produce executable
FAIL: 27_io/basic_ostream/inserters_character/char/5.cc (test for excess errors)
UNRESOLVED: 27_io/basic_ostream/inserters_character/char/5.cc compilation failed to produce executable
FAIL: 27_io/basic_ostream/inserters_character/char/6.cc (test for excess errors)
UNRESOLVED: 27_io/basic_ostream/inserters_character/char/6.cc compilation failed to produce executable
FAIL: 27_io/basic_ostream/inserters_character/wchar_t/5.cc (test for excess errors)
UNRESOLVED: 27_io/basic_ostream/inserters_character/wchar_t/5.cc compilation failed to produce executable
FAIL: 27_io/basic_ostream/inserters_character/wchar_t/6.cc (test for excess errors)
UNRESOLVED: 27_io/basic_ostream/inserters_character/wchar_t/6.cc compilation failed to produce executable
FAIL: 27_io/basic_ostream/requirements/explicit_instantiation.cc (test for excess errors)
FAIL: 27_io/basic_ostream/sentry/pod/1.cc (test for excess errors)
UNRESOLVED: 27_io/basic_ostream/sentry/pod/1.cc compilation failed to produce executable
FAIL: 27_io/basic_ostringstream/cons/2020.cc (test for excess errors)
UNRESOLVED: 27_io/basic_ostringstream/cons/2020.cc compilation failed to produce executable
FAIL: 27_io/basic_ostringstream/requirements/explicit_instantiation.cc (test for excess errors)
FAIL: 27_io/basic_streambuf/requirements/base_classes.cc (test for excess errors)
FAIL: 27_io/basic_stringbuf/cons/2020.cc (test for excess errors)
UNRESOLVED: 27_io/basic_stringbuf/cons/2020.cc compilation failed to produce executable
FAIL: 27_io/basic_stringbuf/requirements/explicit_instantiation/2.cc (test for excess errors)
FAIL: 27_io/basic_stringbuf/requirements/explicit_instantiation/4.cc (test for excess errors)
FAIL: 27_io/basic_stringbuf/sputbackc/char/1.cc (test for excess errors)
UNRESOLVED: 27_io/basic_stringbuf/sputbackc/char/1.cc compilation failed to produce executable
FAIL: 27_io/basic_stringbuf/sputbackc/wchar_t/1.cc (test for excess errors)
UNRESOLVED: 27_io/basic_stringbuf/sputbackc/wchar_t/1.cc compilation failed to produce executable
FAIL: 27_io/basic_stringbuf/sputn/wchar_t/1.cc (test for excess errors)
UNRESOLVED: 27_io/basic_stringbuf/sputn/wchar_t/1.cc compilation failed to produce executable
FAIL: 27_io/basic_stringbuf/sungetc/char/1.cc (test for excess errors)
UNRESOLVED: 27_io/basic_stringbuf/sungetc/char/1.cc compilation failed to produce executable
FAIL: 27_io/basic_stringbuf/sungetc/wchar_t/1.cc (test for excess errors)
UNRESOLVED: 27_io/basic_stringbuf/sungetc/wchar_t/1.cc compilation failed to produce executable
FAIL: 27_io/basic_stringstream/cons/2020.cc (test for excess errors)
UNRESOLVED: 27_io/basic_stringstream/cons/2020.cc compilation failed to produce executable
FAIL: 27_io/basic_stringstream/requirements/explicit_instantiation.cc (test for excess errors)
FAIL: 27_io/manipulators/basefield/char/1.cc (test for excess errors)
UNRESOLVED: 27_io/manipulators/basefield/char/1.cc compilation failed to produce executable
FAIL: 27_io/manipulators/basefield/wchar_t/1.cc (test for excess errors)
UNRESOLVED: 27_io/manipulators/basefield/wchar_t/1.cc compilation failed to produce executable
FAIL: decimal/binary-arith.cc (test for excess errors)
UNRESOLVED: decimal/binary-arith.cc compilation failed to produce executable
FAIL: decimal/comparison.cc (test for excess errors)
UNRESOLVED: decimal/comparison.cc compilation failed to produce executable
FAIL: decimal/compound-assignment-memfunc.cc (test for excess errors)
UNRESOLVED: decimal/compound-assignment-memfunc.cc compilation failed to produce executable
FAIL: decimal/compound-assignment.cc (test for excess errors)
UNRESOLVED: decimal/compound-assignment.cc compilation failed to produce executable
FAIL: decimal/make-decimal.cc (test for excess errors)
UNRESOLVED: decimal/make-decimal.cc compilation failed to produce executable
FAIL: ext/bitmap_allocator/check_allocate_max_size.cc (test for excess errors)
UNRESOLVED: ext/bitmap_allocator/check_allocate_max_size.cc compilation failed to produce executable
FAIL: ext/bitmap_allocator/check_deallocate_null.cc (test for excess errors)
UNRESOLVED: ext/bitmap_allocator/check_deallocate_null.cc compilation failed to produce executable
FAIL: ext/debug_allocator/56170.cc (test for excess errors)
FAIL: ext/enc_filebuf/char/13189.cc (test for excess errors)
UNRESOLVED: ext/enc_filebuf/char/13189.cc compilation failed to produce executable
FAIL: ext/enc_filebuf/char/13598.cc (test for excess errors)
UNRESOLVED: ext/enc_filebuf/char/13598.cc compilation failed to produce executable
FAIL: ext/enc_filebuf/wchar_t/13189.cc (test for excess errors)
UNRESOLVED: ext/enc_filebuf/wchar_t/13189.cc compilation failed to produce executable
FAIL: ext/forced_error/cons_virtual_derivation.cc (test for excess errors)
UNRESOLVED: ext/forced_error/cons_virtual_derivation.cc compilation failed to produce executable
FAIL: ext/headers.cc (test for excess errors)
FAIL: ext/mt_allocator/tune-4.cc (test for excess errors)
UNRESOLVED: ext/mt_allocator/tune-4.cc compilation failed to produce executable
FAIL: ext/pb_ds/example/assoc_container_traits.cc (test for excess errors)
UNRESOLVED: ext/pb_ds/example/assoc_container_traits.cc compilation failed to produce executable
FAIL: ext/pb_ds/example/basic_map.cc (test for excess errors)
UNRESOLVED: ext/pb_ds/example/basic_map.cc compilation failed to produce executable
FAIL: ext/pb_ds/example/basic_multimap.cc (test for excess errors)
UNRESOLVED: ext/pb_ds/example/basic_multimap.cc compilation failed to produce executable
FAIL: ext/pb_ds/example/basic_multiset.cc (test for excess errors)
UNRESOLVED: ext/pb_ds/example/basic_multiset.cc compilation failed to produce executable
FAIL: ext/pb_ds/example/basic_priority_queue.cc (test for excess errors)
UNRESOLVED: ext/pb_ds/example/basic_priority_queue.cc compilation failed to produce executable
FAIL: ext/pb_ds/example/basic_set.cc (test for excess errors)
UNRESOLVED: ext/pb_ds/example/basic_set.cc compilation failed to produce executable
FAIL: ext/pb_ds/example/erase_if.cc (test for excess errors)
UNRESOLVED: ext/pb_ds/example/erase_if.cc compilation failed to produce executable
FAIL: ext/pb_ds/example/hash_find_neg.cc  (test for errors, line 65)
FAIL: ext/pb_ds/example/hash_find_neg.cc (test for excess errors)
FAIL: ext/pb_ds/example/hash_illegal_resize.cc (test for excess errors)
UNRESOLVED: ext/pb_ds/example/hash_illegal_resize.cc compilation failed to produce executable
FAIL: ext/pb_ds/example/hash_initial_size.cc (test for excess errors)
UNRESOLVED: ext/pb_ds/example/hash_initial_size.cc compilation failed to produce executable
FAIL: ext/pb_ds/example/hash_load_set_change.cc (test for excess errors)
UNRESOLVED: ext/pb_ds/example/hash_load_set_change.cc compilation failed to produce executable
FAIL: ext/pb_ds/example/hash_mod.cc (test for excess errors)
UNRESOLVED: ext/pb_ds/example/hash_mod.cc compilation failed to produce executable
FAIL: ext/pb_ds/example/hash_resize.cc (test for excess errors)
UNRESOLVED: ext/pb_ds/example/hash_resize.cc compilation failed to produce executable
FAIL: ext/pb_ds/example/hash_resize_neg.cc  (test for errors, line 60)
FAIL: ext/pb_ds/example/hash_resize_neg.cc (test for excess errors)
FAIL: ext/pb_ds/example/hash_shift_mask.cc (test for excess errors)
UNRESOLVED: ext/pb_ds/example/hash_shift_mask.cc compilation failed to produce executable
FAIL: ext/pb_ds/example/priority_queue_container_traits.cc (test for excess errors)
UNRESOLVED: ext/pb_ds/example/priority_queue_container_traits.cc compilation failed to produce executable
FAIL: ext/pb_ds/example/priority_queue_dijkstra.cc (test for excess errors)
UNRESOLVED: ext/pb_ds/example/priority_queue_dijkstra.cc compilation failed to produce executable
FAIL: ext/pb_ds/example/priority_queue_erase_if.cc (test for excess errors)
UNRESOLVED: ext/pb_ds/example/priority_queue_erase_if.cc compilation failed to produce executable
FAIL: ext/pb_ds/example/priority_queue_split_join.cc (test for excess errors)
UNRESOLVED: ext/pb_ds/example/priority_queue_split_join.cc compilation failed to produce executable
FAIL: ext/pb_ds/example/priority_queue_xref.cc (test for excess errors)
UNRESOLVED: ext/pb_ds/example/priority_queue_xref.cc compilation failed to produce executable
FAIL: ext/pb_ds/example/ranged_hash.cc (test for excess errors)
UNRESOLVED: ext/pb_ds/example/ranged_hash.cc compilation failed to produce executable
FAIL: ext/pb_ds/example/store_hash.cc (test for excess errors)
UNRESOLVED: ext/pb_ds/example/store_hash.cc compilation failed to produce executable
FAIL: ext/pb_ds/example/tree_intervals.cc (test for excess errors)
UNRESOLVED: ext/pb_ds/example/tree_intervals.cc compilation failed to produce executable
FAIL: ext/pb_ds/example/tree_join.cc (test for excess errors)
UNRESOLVED: ext/pb_ds/example/tree_join.cc compilation failed to produce executable
FAIL: ext/pb_ds/example/tree_order_statistics.cc (test for excess errors)
UNRESOLVED: ext/pb_ds/example/tree_order_statistics.cc compilation failed to produce executable
FAIL: ext/pb_ds/example/tree_order_statistics_join.cc (test for excess errors)
UNRESOLVED: ext/pb_ds/example/tree_order_statistics_join.cc compilation failed to produce executable
FAIL: ext/pb_ds/example/trie_dna.cc (test for excess errors)
UNRESOLVED: ext/pb_ds/example/trie_dna.cc compilation failed to produce executable
FAIL: ext/pb_ds/example/trie_prefix_search.cc (test for excess errors)
UNRESOLVED: ext/pb_ds/example/trie_prefix_search.cc compilation failed to produce executable
FAIL: ext/pb_ds/example/trie_split.cc (test for excess errors)
UNRESOLVED: ext/pb_ds/example/trie_split.cc compilation failed to produce executable
FAIL: ext/pb_ds/regression/associative_containers.cc (test for excess errors)
UNRESOLVED: ext/pb_ds/regression/associative_containers.cc compilation failed to produce executable
FAIL: ext/pb_ds/regression/hash_map_rand.cc (test for excess errors)
UNRESOLVED: ext/pb_ds/regression/hash_map_rand.cc compilation failed to produce executable
FAIL: ext/pb_ds/regression/hash_set_rand.cc (test for excess errors)
UNRESOLVED: ext/pb_ds/regression/hash_set_rand.cc compilation failed to produce executable
FAIL: ext/pb_ds/regression/list_update_map_rand.cc (test for excess errors)
UNRESOLVED: ext/pb_ds/regression/list_update_map_rand.cc compilation failed to produce executable
FAIL: ext/pb_ds/regression/list_update_set_rand.cc (test for excess errors)
UNRESOLVED: ext/pb_ds/regression/list_update_set_rand.cc compilation failed to produce executable
FAIL: ext/pb_ds/regression/priority_queue_rand.cc (test for excess errors)
UNRESOLVED: ext/pb_ds/regression/priority_queue_rand.cc compilation failed to produce executable
FAIL: ext/pb_ds/regression/priority_queues.cc (test for excess errors)
UNRESOLVED: ext/pb_ds/regression/priority_queues.cc compilation failed to produce executable
FAIL: ext/pb_ds/regression/tree_map_rand.cc (test for excess errors)
UNRESOLVED: ext/pb_ds/regression/tree_map_rand.cc compilation failed to produce executable
FAIL: ext/pb_ds/regression/tree_set_rand.cc (test for excess errors)
UNRESOLVED: ext/pb_ds/regression/tree_set_rand.cc compilation failed to produce executable
FAIL: ext/pb_ds/regression/trie_map_rand.cc (test for excess errors)
UNRESOLVED: ext/pb_ds/regression/trie_map_rand.cc compilation failed to produce executable
FAIL: ext/pb_ds/regression/trie_set_rand.cc (test for excess errors)
UNRESOLVED: ext/pb_ds/regression/trie_set_rand.cc compilation failed to produce executable
FAIL: ext/rope/1.cc (test for excess errors)
UNRESOLVED: ext/rope/1.cc compilation failed to produce executable
FAIL: ext/rope/2.cc (test for excess errors)
UNRESOLVED: ext/rope/2.cc compilation failed to produce executable
FAIL: ext/rope/3.cc (test for excess errors)
UNRESOLVED: ext/rope/3.cc compilation failed to produce executable
FAIL: ext/rope/36832.cc (test for excess errors)
UNRESOLVED: ext/rope/36832.cc compilation failed to produce executable
FAIL: ext/rope/4.cc (test for excess errors)
UNRESOLVED: ext/rope/4.cc compilation failed to produce executable
FAIL: ext/rope/5.cc (test for excess errors)
FAIL: ext/stdio_filebuf/requirements/explicit_instantiation.cc (test for excess errors)
FAIL: ext/throw_allocator/check_allocate_max_size.cc (test for excess errors)
UNRESOLVED: ext/throw_allocator/check_allocate_max_size.cc compilation failed to produce executable
FAIL: ext/throw_allocator/check_deallocate_null.cc (test for excess errors)
UNRESOLVED: ext/throw_allocator/check_deallocate_null.cc compilation failed to produce executable
FAIL: ext/throw_allocator/check_delete.cc (test for excess errors)
UNRESOLVED: ext/throw_allocator/check_delete.cc compilation failed to produce executable
FAIL: ext/throw_allocator/check_new.cc (test for excess errors)
UNRESOLVED: ext/throw_allocator/check_new.cc compilation failed to produce executable
FAIL: ext/throw_allocator/deallocate_global.cc (test for excess errors)
UNRESOLVED: ext/throw_allocator/deallocate_global.cc compilation failed to produce executable
FAIL: ext/throw_allocator/deallocate_local.cc (test for excess errors)
UNRESOLVED: ext/throw_allocator/deallocate_local.cc compilation failed to produce executable
FAIL: ext/throw_allocator/explicit_instantiation.cc (test for excess errors)
FAIL: ext/vstring/requirements/explicit_instantiation/1.cc (test for excess errors)
FAIL: ext/vstring/requirements/explicit_instantiation/2.cc (test for excess errors)
FAIL: ext/vstring/requirements/explicit_instantiation/char/1.cc (test for excess errors)
FAIL: ext/vstring/requirements/explicit_instantiation/wchar_t/1.cc (test for excess errors)
FAIL: tr1/3_function_objects/function/5.cc (test for excess errors)
UNRESOLVED: tr1/3_function_objects/function/5.cc compilation failed to produce executable
FAIL: tr1/3_function_objects/function/8.cc (test for excess errors)
UNRESOLVED: tr1/3_function_objects/function/8.cc compilation failed to produce executable
FAIL: tr1/3_function_objects/function/9.cc (test for excess errors)
UNRESOLVED: tr1/3_function_objects/function/9.cc compilation failed to produce executable
FAIL: tr1/3_function_objects/reference_wrapper/invoke.cc (test for excess errors)
UNRESOLVED: tr1/3_function_objects/reference_wrapper/invoke.cc compilation failed to produce executable
FAIL: tr1/5_numerical_facilities/random/discard_block/operators/equal.cc (test for excess errors)
UNRESOLVED: tr1/5_numerical_facilities/random/discard_block/operators/equal.cc compilation failed to produce executable
FAIL: tr1/5_numerical_facilities/random/discard_block/operators/not_equal.cc (test for excess errors)
UNRESOLVED: tr1/5_numerical_facilities/random/discard_block/operators/not_equal.cc compilation failed to produce executable
FAIL: tr1/5_numerical_facilities/random/discard_block/operators/serialize.cc (test for excess errors)
UNRESOLVED: tr1/5_numerical_facilities/random/discard_block/operators/serialize.cc compilation failed to produce executable
FAIL: tr1/5_numerical_facilities/random/linear_congruential/operators/serialize.cc (test for excess errors)
UNRESOLVED: tr1/5_numerical_facilities/random/linear_congruential/operators/serialize.cc compilation failed to produce executable
FAIL: tr1/5_numerical_facilities/random/mersenne_twister/operators/equal.cc (test for excess errors)
UNRESOLVED: tr1/5_numerical_facilities/random/mersenne_twister/operators/equal.cc compilation failed to produce executable
FAIL: tr1/5_numerical_facilities/random/mersenne_twister/operators/serialize.cc (test for excess errors)
UNRESOLVED: tr1/5_numerical_facilities/random/mersenne_twister/operators/serialize.cc compilation failed to produce executable
FAIL: tr1/5_numerical_facilities/random/ranlux3.cc (test for excess errors)
UNRESOLVED: tr1/5_numerical_facilities/random/ranlux3.cc compilation failed to produce executable
FAIL: tr1/5_numerical_facilities/random/ranlux3_01.cc (test for excess errors)
UNRESOLVED: tr1/5_numerical_facilities/random/ranlux3_01.cc compilation failed to produce executable
FAIL: tr1/5_numerical_facilities/random/ranlux4.cc (test for excess errors)
UNRESOLVED: tr1/5_numerical_facilities/random/ranlux4.cc compilation failed to produce executable
FAIL: tr1/5_numerical_facilities/random/ranlux4_01.cc (test for excess errors)
UNRESOLVED: tr1/5_numerical_facilities/random/ranlux4_01.cc compilation failed to produce executable
FAIL: tr1/5_numerical_facilities/random/subtract_with_carry/operators/equal.cc (test for excess errors)
UNRESOLVED: tr1/5_numerical_facilities/random/subtract_with_carry/operators/equal.cc compilation failed to produce executable
FAIL: tr1/5_numerical_facilities/random/subtract_with_carry/operators/not_equal.cc (test for excess errors)
UNRESOLVED: tr1/5_numerical_facilities/random/subtract_with_carry/operators/not_equal.cc compilation failed to produce executable
FAIL: tr1/5_numerical_facilities/random/subtract_with_carry/operators/serialize.cc (test for excess errors)
UNRESOLVED: tr1/5_numerical_facilities/random/subtract_with_carry/operators/serialize.cc compilation failed to produce executable
FAIL: tr1/5_numerical_facilities/random/subtract_with_carry_01/cons/default.cc (test for excess errors)
UNRESOLVED: tr1/5_numerical_facilities/random/subtract_with_carry_01/cons/default.cc compilation failed to produce executable
FAIL: tr1/5_numerical_facilities/random/subtract_with_carry_01/cons/seed2.cc (test for excess errors)
UNRESOLVED: tr1/5_numerical_facilities/random/subtract_with_carry_01/cons/seed2.cc compilation failed to produce executable
FAIL: tr1/5_numerical_facilities/random/subtract_with_carry_01/operators/equal.cc (test for excess errors)
UNRESOLVED: tr1/5_numerical_facilities/random/subtract_with_carry_01/operators/equal.cc compilation failed to produce executable
FAIL: tr1/5_numerical_facilities/random/subtract_with_carry_01/operators/not_equal.cc (test for excess errors)
UNRESOLVED: tr1/5_numerical_facilities/random/subtract_with_carry_01/operators/not_equal.cc compilation failed to produce executable
FAIL: tr1/5_numerical_facilities/random/subtract_with_carry_01/operators/serialize.cc (test for excess errors)
UNRESOLVED: tr1/5_numerical_facilities/random/subtract_with_carry_01/operators/serialize.cc compilation failed to produce executable
FAIL: tr1/5_numerical_facilities/random/uniform_int/33128.cc (test for excess errors)
UNRESOLVED: tr1/5_numerical_facilities/random/uniform_int/33128.cc compilation failed to produce executable
FAIL: tr1/5_numerical_facilities/random/variate_generator/37986.cc (test for excess errors)
FAIL: tr1/5_numerical_facilities/random/xor_combine/cons/default.cc (test for excess errors)
UNRESOLVED: tr1/5_numerical_facilities/random/xor_combine/cons/default.cc compilation failed to produce executable
FAIL: tr1/5_numerical_facilities/random/xor_combine/operators/equal.cc (test for excess errors)
UNRESOLVED: tr1/5_numerical_facilities/random/xor_combine/operators/equal.cc compilation failed to produce executable
FAIL: tr1/5_numerical_facilities/random/xor_combine/operators/not_equal.cc (test for excess errors)
UNRESOLVED: tr1/5_numerical_facilities/random/xor_combine/operators/not_equal.cc compilation failed to produce executable
FAIL: tr1/5_numerical_facilities/random/xor_combine/operators/serialize.cc (test for excess errors)
UNRESOLVED: tr1/5_numerical_facilities/random/xor_combine/operators/serialize.cc compilation failed to produce executable
FAIL: tr1/5_numerical_facilities/special_functions/01_assoc_laguerre/check_value.cc (test for excess errors)
UNRESOLVED: tr1/5_numerical_facilities/special_functions/01_assoc_laguerre/check_value.cc compilation failed to produce executable
FAIL: tr1/5_numerical_facilities/special_functions/02_assoc_legendre/check_value.cc (test for excess errors)
UNRESOLVED: tr1/5_numerical_facilities/special_functions/02_assoc_legendre/check_value.cc compilation failed to produce executable
FAIL: tr1/5_numerical_facilities/special_functions/03_beta/check_value.cc (test for excess errors)
UNRESOLVED: tr1/5_numerical_facilities/special_functions/03_beta/check_value.cc compilation failed to produce executable
FAIL: tr1/5_numerical_facilities/special_functions/05_comp_ellint_2/compile.cc (test for excess errors)
FAIL: tr1/5_numerical_facilities/special_functions/05_comp_ellint_2/compile_2.cc (test for excess errors)
FAIL: tr1/5_numerical_facilities/special_functions/06_comp_ellint_3/check_nan.cc (test for excess errors)
UNRESOLVED: tr1/5_numerical_facilities/special_functions/06_comp_ellint_3/check_nan.cc compilation failed to produce executable
FAIL: tr1/5_numerical_facilities/special_functions/06_comp_ellint_3/check_value.cc (test for excess errors)
UNRESOLVED: tr1/5_numerical_facilities/special_functions/06_comp_ellint_3/check_value.cc compilation failed to produce executable
FAIL: tr1/5_numerical_facilities/special_functions/06_comp_ellint_3/compile.cc (test for excess errors)
FAIL: tr1/5_numerical_facilities/special_functions/06_comp_ellint_3/compile_2.cc (test for excess errors)
FAIL: tr1/5_numerical_facilities/special_functions/07_conf_hyperg/check_nan.cc (test for excess errors)
UNRESOLVED: tr1/5_numerical_facilities/special_functions/07_conf_hyperg/check_nan.cc compilation failed to produce executable
FAIL: tr1/5_numerical_facilities/special_functions/07_conf_hyperg/check_value.cc (test for excess errors)
UNRESOLVED: tr1/5_numerical_facilities/special_functions/07_conf_hyperg/check_value.cc compilation failed to produce executable
FAIL: tr1/5_numerical_facilities/special_functions/08_cyl_bessel_i/check_nan.cc (test for excess errors)
UNRESOLVED: tr1/5_numerical_facilities/special_functions/08_cyl_bessel_i/check_nan.cc compilation failed to produce executable
FAIL: tr1/5_numerical_facilities/special_functions/08_cyl_bessel_i/check_value.cc (test for excess errors)
UNRESOLVED: tr1/5_numerical_facilities/special_functions/08_cyl_bessel_i/check_value.cc compilation failed to produce executable
FAIL: tr1/5_numerical_facilities/special_functions/08_cyl_bessel_i/compile.cc (test for excess errors)
FAIL: tr1/5_numerical_facilities/special_functions/08_cyl_bessel_i/compile_2.cc (test for excess errors)
FAIL: tr1/5_numerical_facilities/special_functions/09_cyl_bessel_j/check_nan.cc (test for excess errors)
UNRESOLVED: tr1/5_numerical_facilities/special_functions/09_cyl_bessel_j/check_nan.cc compilation failed to produce executable
FAIL: tr1/5_numerical_facilities/special_functions/09_cyl_bessel_j/check_value.cc (test for excess errors)
UNRESOLVED: tr1/5_numerical_facilities/special_functions/09_cyl_bessel_j/check_value.cc compilation failed to produce executable
FAIL: tr1/5_numerical_facilities/special_functions/09_cyl_bessel_j/compile.cc (test for excess errors)
FAIL: tr1/5_numerical_facilities/special_functions/09_cyl_bessel_j/compile_2.cc (test for excess errors)
FAIL: tr1/5_numerical_facilities/special_functions/10_cyl_bessel_k/check_nan.cc (test for excess errors)
UNRESOLVED: tr1/5_numerical_facilities/special_functions/10_cyl_bessel_k/check_nan.cc compilation failed to produce executable
FAIL: tr1/5_numerical_facilities/special_functions/10_cyl_bessel_k/check_value.cc (test for excess errors)
UNRESOLVED: tr1/5_numerical_facilities/special_functions/10_cyl_bessel_k/check_value.cc compilation failed to produce executable
FAIL: tr1/5_numerical_facilities/special_functions/10_cyl_bessel_k/compile_2.cc (test for excess errors)
FAIL: tr1/5_numerical_facilities/special_functions/11_cyl_neumann/check_nan.cc (test for excess errors)
UNRESOLVED: tr1/5_numerical_facilities/special_functions/11_cyl_neumann/check_nan.cc compilation failed to produce executable
FAIL: tr1/5_numerical_facilities/special_functions/11_cyl_neumann/check_value.cc (test for excess errors)
UNRESOLVED: tr1/5_numerical_facilities/special_functions/11_cyl_neumann/check_value.cc compilation failed to produce executable
FAIL: tr1/5_numerical_facilities/special_functions/11_cyl_neumann/compile.cc (test for excess errors)
FAIL: tr1/5_numerical_facilities/special_functions/11_cyl_neumann/compile_2.cc (test for excess errors)
FAIL: tr1/5_numerical_facilities/special_functions/12_ellint_1/check_nan.cc (test for excess errors)
UNRESOLVED: tr1/5_numerical_facilities/special_functions/12_ellint_1/check_nan.cc compilation failed to produce executable
FAIL: tr1/5_numerical_facilities/special_functions/13_ellint_2/check_nan.cc (test for excess errors)
UNRESOLVED: tr1/5_numerical_facilities/special_functions/13_ellint_2/check_nan.cc compilation failed to produce executable
FAIL: tr1/5_numerical_facilities/special_functions/13_ellint_2/check_value.cc (test for excess errors)
UNRESOLVED: tr1/5_numerical_facilities/special_functions/13_ellint_2/check_value.cc compilation failed to produce executable
FAIL: tr1/5_numerical_facilities/special_functions/13_ellint_2/compile.cc (test for excess errors)
FAIL: tr1/5_numerical_facilities/special_functions/13_ellint_2/compile_2.cc (test for excess errors)
FAIL: tr1/5_numerical_facilities/special_functions/14_ellint_3/check_nan.cc (test for excess errors)
UNRESOLVED: tr1/5_numerical_facilities/special_functions/14_ellint_3/check_nan.cc compilation failed to produce executable
FAIL: tr1/5_numerical_facilities/special_functions/14_ellint_3/check_value.cc (test for excess errors)
UNRESOLVED: tr1/5_numerical_facilities/special_functions/14_ellint_3/check_value.cc compilation failed to produce executable
FAIL: tr1/5_numerical_facilities/special_functions/14_ellint_3/compile.cc (test for excess errors)
FAIL: tr1/5_numerical_facilities/special_functions/14_ellint_3/compile_2.cc (test for excess errors)
FAIL: tr1/5_numerical_facilities/special_functions/17_hyperg/check_nan.cc (test for excess errors)
UNRESOLVED: tr1/5_numerical_facilities/special_functions/17_hyperg/check_nan.cc compilation failed to produce executable
FAIL: tr1/5_numerical_facilities/special_functions/17_hyperg/check_value.cc (test for excess errors)
UNRESOLVED: tr1/5_numerical_facilities/special_functions/17_hyperg/check_value.cc compilation failed to produce executable
FAIL: tr1/5_numerical_facilities/special_functions/17_hyperg/compile.cc (test for excess errors)
FAIL: tr1/5_numerical_facilities/special_functions/17_hyperg/compile_2.cc (test for excess errors)
FAIL: tr1/5_numerical_facilities/special_functions/18_laguerre/check_value.cc (test for excess errors)
UNRESOLVED: tr1/5_numerical_facilities/special_functions/18_laguerre/check_value.cc compilation failed to produce executable
FAIL: tr1/5_numerical_facilities/special_functions/21_sph_bessel/check_nan.cc (test for excess errors)
UNRESOLVED: tr1/5_numerical_facilities/special_functions/21_sph_bessel/check_nan.cc compilation failed to produce executable
FAIL: tr1/5_numerical_facilities/special_functions/21_sph_bessel/check_value.cc (test for excess errors)
UNRESOLVED: tr1/5_numerical_facilities/special_functions/21_sph_bessel/check_value.cc compilation failed to produce executable
FAIL: tr1/5_numerical_facilities/special_functions/21_sph_bessel/compile.cc (test for excess errors)
FAIL: tr1/5_numerical_facilities/special_functions/21_sph_bessel/compile_2.cc (test for excess errors)
FAIL: tr1/5_numerical_facilities/special_functions/22_sph_legendre/check_value.cc (test for excess errors)
UNRESOLVED: tr1/5_numerical_facilities/special_functions/22_sph_legendre/check_value.cc compilation failed to produce executable
FAIL: tr1/5_numerical_facilities/special_functions/23_sph_neumann/check_nan.cc (test for excess errors)
UNRESOLVED: tr1/5_numerical_facilities/special_functions/23_sph_neumann/check_nan.cc compilation failed to produce executable
FAIL: tr1/5_numerical_facilities/special_functions/23_sph_neumann/check_value.cc (test for excess errors)
UNRESOLVED: tr1/5_numerical_facilities/special_functions/23_sph_neumann/check_value.cc compilation failed to produce executable
FAIL: tr1/5_numerical_facilities/special_functions/23_sph_neumann/compile.cc (test for excess errors)
FAIL: tr1/5_numerical_facilities/special_functions/23_sph_neumann/compile_2.cc (test for excess errors)
FAIL: tr1/6_containers/tuple/cons/big_tuples.cc (test for excess errors)
UNRESOLVED: tr1/6_containers/tuple/cons/big_tuples.cc compilation failed to produce executable
FAIL: tr1/6_containers/unordered_map/erase/1.cc (test for excess errors)
UNRESOLVED: tr1/6_containers/unordered_map/erase/1.cc compilation failed to produce executable
FAIL: tr1/6_containers/unordered_map/erase/24061-map.cc (test for excess errors)
UNRESOLVED: tr1/6_containers/unordered_map/erase/24061-map.cc compilation failed to produce executable
FAIL: tr1/6_containers/unordered_map/find/map1.cc (test for excess errors)
UNRESOLVED: tr1/6_containers/unordered_map/find/map1.cc compilation failed to produce executable
FAIL: tr1/6_containers/unordered_map/insert/24061-map.cc (test for excess errors)
UNRESOLVED: tr1/6_containers/unordered_map/insert/24061-map.cc compilation failed to produce executable
FAIL: tr1/6_containers/unordered_map/insert/array_syntax.cc (test for excess errors)
UNRESOLVED: tr1/6_containers/unordered_map/insert/array_syntax.cc compilation failed to produce executable
FAIL: tr1/6_containers/unordered_map/insert/map_range.cc (test for excess errors)
UNRESOLVED: tr1/6_containers/unordered_map/insert/map_range.cc compilation failed to produce executable
FAIL: tr1/6_containers/unordered_map/insert/map_single.cc (test for excess errors)
UNRESOLVED: tr1/6_containers/unordered_map/insert/map_single.cc compilation failed to produce executable
FAIL: tr1/6_containers/unordered_map/swap/1.cc (test for excess errors)
UNRESOLVED: tr1/6_containers/unordered_map/swap/1.cc compilation failed to produce executable
FAIL: tr1/6_containers/unordered_map/swap/2.cc (test for excess errors)
UNRESOLVED: tr1/6_containers/unordered_map/swap/2.cc compilation failed to produce executable
FAIL: tr1/6_containers/unordered_multimap/erase/1.cc (test for excess errors)
UNRESOLVED: tr1/6_containers/unordered_multimap/erase/1.cc compilation failed to produce executable
FAIL: tr1/6_containers/unordered_multimap/erase/24061-multimap.cc (test for excess errors)
UNRESOLVED: tr1/6_containers/unordered_multimap/erase/24061-multimap.cc compilation failed to produce executable
FAIL: tr1/6_containers/unordered_multimap/find/multimap1.cc (test for excess errors)
UNRESOLVED: tr1/6_containers/unordered_multimap/find/multimap1.cc compilation failed to produce executable
FAIL: tr1/6_containers/unordered_multimap/insert/24061-multimap.cc (test for excess errors)
UNRESOLVED: tr1/6_containers/unordered_multimap/insert/24061-multimap.cc compilation failed to produce executable
FAIL: tr1/6_containers/unordered_multimap/insert/multimap_range.cc (test for excess errors)
UNRESOLVED: tr1/6_containers/unordered_multimap/insert/multimap_range.cc compilation failed to produce executable
FAIL: tr1/6_containers/unordered_multimap/insert/multimap_single.cc (test for excess errors)
UNRESOLVED: tr1/6_containers/unordered_multimap/insert/multimap_single.cc compilation failed to produce executable
FAIL: tr1/6_containers/unordered_multimap/swap/1.cc (test for excess errors)
UNRESOLVED: tr1/6_containers/unordered_multimap/swap/1.cc compilation failed to produce executable
FAIL: tr1/6_containers/unordered_multimap/swap/2.cc (test for excess errors)
UNRESOLVED: tr1/6_containers/unordered_multimap/swap/2.cc compilation failed to produce executable
FAIL: tr1/6_containers/unordered_multiset/24054.cc (test for excess errors)
UNRESOLVED: tr1/6_containers/unordered_multiset/24054.cc compilation failed to produce executable
FAIL: tr1/6_containers/unordered_multiset/erase/1.cc (test for excess errors)
UNRESOLVED: tr1/6_containers/unordered_multiset/erase/1.cc compilation failed to produce executable
FAIL: tr1/6_containers/unordered_multiset/erase/24061-multiset.cc (test for excess errors)
UNRESOLVED: tr1/6_containers/unordered_multiset/erase/24061-multiset.cc compilation failed to produce executable
FAIL: tr1/6_containers/unordered_multiset/find/multiset1.cc (test for excess errors)
UNRESOLVED: tr1/6_containers/unordered_multiset/find/multiset1.cc compilation failed to produce executable
FAIL: tr1/6_containers/unordered_multiset/insert/multiset_range.cc (test for excess errors)
UNRESOLVED: tr1/6_containers/unordered_multiset/insert/multiset_range.cc compilation failed to produce executable
FAIL: tr1/6_containers/unordered_multiset/insert/multiset_single.cc (test for excess errors)
UNRESOLVED: tr1/6_containers/unordered_multiset/insert/multiset_single.cc compilation failed to produce executable
FAIL: tr1/6_containers/unordered_multiset/swap/1.cc (test for excess errors)
UNRESOLVED: tr1/6_containers/unordered_multiset/swap/1.cc compilation failed to produce executable
FAIL: tr1/6_containers/unordered_multiset/swap/2.cc (test for excess errors)
UNRESOLVED: tr1/6_containers/unordered_multiset/swap/2.cc compilation failed to produce executable
FAIL: tr1/6_containers/unordered_set/erase/1.cc (test for excess errors)
UNRESOLVED: tr1/6_containers/unordered_set/erase/1.cc compilation failed to produce executable
FAIL: tr1/6_containers/unordered_set/erase/24061-set.cc (test for excess errors)
UNRESOLVED: tr1/6_containers/unordered_set/erase/24061-set.cc compilation failed to produce executable
FAIL: tr1/6_containers/unordered_set/find/set1.cc (test for excess errors)
UNRESOLVED: tr1/6_containers/unordered_set/find/set1.cc compilation failed to produce executable
FAIL: tr1/6_containers/unordered_set/insert/set_range.cc (test for excess errors)
UNRESOLVED: tr1/6_containers/unordered_set/insert/set_range.cc compilation failed to produce executable
FAIL: tr1/6_containers/unordered_set/insert/set_single.cc (test for excess errors)
UNRESOLVED: tr1/6_containers/unordered_set/insert/set_single.cc compilation failed to produce executable
FAIL: tr1/6_containers/unordered_set/swap/1.cc (test for excess errors)
UNRESOLVED: tr1/6_containers/unordered_set/swap/1.cc compilation failed to produce executable
FAIL: tr1/6_containers/unordered_set/swap/2.cc (test for excess errors)
UNRESOLVED: tr1/6_containers/unordered_set/swap/2.cc compilation failed to produce executable
FAIL: tr1/7_regular_expressions/basic_regex/ctors/char/string.cc (test for excess errors)
FAIL: tr1/7_regular_expressions/basic_regex/ctors/wchar_t/string.cc (test for excess errors)
FAIL: tr1/8_c_compatibility/cmath/overloads.cc (test for excess errors)
FAIL: tr1/headers/all.cc (test for excess errors)

		=== libstdc++ Summary for unix/-m32 ===

# of expected passes		8690
# of unexpected failures	482
# of expected failures		27
# of unresolved testcases	396
# of unsupported tests		214

		=== libstdc++ Summary ===

# of expected passes		17347
# of unexpected failures	949
# of expected failures		54
# of unresolved testcases	779
# of unsupported tests		438

Compiler version: 4.9.0 20130820 (experimental) [trunk revision 201878] (GCC) 
Platform: x86_64-unknown-linux-gnu
configure flags: --with-arch=corei7 --with-cpu=corei7 --prefix=/usr/local --enable-clocale=gnu --with-system-zlib --enable-shared --with-demangler-in-ld --with-fpmath=sse --enable-languages=c,c++,fortran,java,lto,objc


Index Nav: [Date Index] [Subject Index] [Author Index] [Thread Index]
Message Nav: [Date Prev] [Date Next] [Thread Prev] [Thread Next]