This is the mail archive of the gcc-testresults@gcc.gnu.org mailing list for the GCC project.


Index Nav: [Date Index] [Subject Index] [Author Index] [Thread Index]
Message Nav: [Date Prev] [Date Next] [Thread Prev] [Thread Next]
Other format: [Raw text]

Results for 4.9.0 20130818 (experimental) testsuite on powerpc64-unknown-linux-gnu


LAST_UPDATED: Obtained from SVN: trunk revision 201829

		=== acats tests ===

		=== acats Summary ===
# of expected passes		2320
# of unexpected failures	0
Native configuration is powerpc64-unknown-linux-gnu

		=== g++ tests ===


Running target unix

		=== g++ Summary ===

# of expected passes		52046
# of expected failures		291
# of unsupported tests		1041
/mnt/archive/objdir49/gcc/testsuite/g++/../../xg++  version 4.9.0 20130818 (experimental) (GCC) 

		=== gcc tests ===


Running target unix
FAIL: c-c++-common/asan/null-deref-1.c  -O0  output pattern test, is ASAN:SIGSEGV
FAIL: c-c++-common/asan/null-deref-1.c  -O1  output pattern test, is ASAN:SIGSEGV
FAIL: c-c++-common/asan/null-deref-1.c  -O2  output pattern test, is ASAN:SIGSEGV
FAIL: c-c++-common/asan/null-deref-1.c  -O3 -fomit-frame-pointer  output pattern test, is ASAN:SIGSEGV
FAIL: c-c++-common/asan/null-deref-1.c  -O3 -g  output pattern test, is ASAN:SIGSEGV
FAIL: c-c++-common/asan/null-deref-1.c  -Os  output pattern test, is ASAN:SIGSEGV
FAIL: gcc.dg/and-1.c scan-assembler-not nand
XPASS: gcc.dg/guality/example.c  -O0  execution test
XPASS: gcc.dg/guality/example.c  -O1  execution test
XPASS: gcc.dg/guality/example.c  -O2  execution test
XPASS: gcc.dg/guality/example.c  -Os  execution test
XPASS: gcc.dg/guality/guality.c  -O0  execution test
XPASS: gcc.dg/guality/guality.c  -O1  execution test
XPASS: gcc.dg/guality/guality.c  -O2  execution test
XPASS: gcc.dg/guality/guality.c  -O3 -fomit-frame-pointer  execution test
XPASS: gcc.dg/guality/guality.c  -O3 -g  execution test
XPASS: gcc.dg/guality/guality.c  -Os  execution test
XPASS: gcc.dg/guality/inline-params.c  -O2  execution test
XPASS: gcc.dg/guality/inline-params.c  -O3 -fomit-frame-pointer  execution test
XPASS: gcc.dg/guality/inline-params.c  -O3 -g  execution test
XPASS: gcc.dg/guality/inline-params.c  -Os  execution test
FAIL: gcc.dg/guality/pr36728-1.c  -O1  line 16 arg6 == 6
FAIL: gcc.dg/guality/pr36728-1.c  -O1  line 16 arg7 == 30
FAIL: gcc.dg/guality/pr36728-1.c  -O1  line 18 arg5 == 5
FAIL: gcc.dg/guality/pr36728-1.c  -O1  line 18 arg6 == 6
FAIL: gcc.dg/guality/pr36728-1.c  -O1  line 18 arg7 == 30
FAIL: gcc.dg/guality/pr36728-1.c  -O2  line 16 arg6 == 6
FAIL: gcc.dg/guality/pr36728-1.c  -O2  line 18 arg1 == 1
FAIL: gcc.dg/guality/pr36728-1.c  -O2  line 18 arg5 == 5
FAIL: gcc.dg/guality/pr36728-1.c  -O2  line 18 arg6 == 6
FAIL: gcc.dg/guality/pr36728-1.c  -O2  line 18 arg7 == 30
FAIL: gcc.dg/guality/pr36728-1.c  -O3 -fomit-frame-pointer  line 16 arg6 == 6
FAIL: gcc.dg/guality/pr36728-1.c  -O3 -fomit-frame-pointer  line 18 arg1 == 1
FAIL: gcc.dg/guality/pr36728-1.c  -O3 -fomit-frame-pointer  line 18 arg5 == 5
FAIL: gcc.dg/guality/pr36728-1.c  -O3 -fomit-frame-pointer  line 18 arg6 == 6
FAIL: gcc.dg/guality/pr36728-1.c  -O3 -fomit-frame-pointer  line 18 arg7 == 30
FAIL: gcc.dg/guality/pr36728-1.c  -O3 -g  line 16 arg6 == 6
FAIL: gcc.dg/guality/pr36728-1.c  -O3 -g  line 18 arg1 == 1
FAIL: gcc.dg/guality/pr36728-1.c  -O3 -g  line 18 arg5 == 5
FAIL: gcc.dg/guality/pr36728-1.c  -O3 -g  line 18 arg6 == 6
FAIL: gcc.dg/guality/pr36728-1.c  -O3 -g  line 18 arg7 == 30
FAIL: gcc.dg/guality/pr36728-1.c  -Os  line 16 arg5 == 5
FAIL: gcc.dg/guality/pr36728-1.c  -Os  line 16 arg6 == 6
FAIL: gcc.dg/guality/pr36728-1.c  -Os  line 16 arg7 == 30
FAIL: gcc.dg/guality/pr36728-1.c  -Os  line 18 arg1 == 1
FAIL: gcc.dg/guality/pr36728-1.c  -Os  line 18 arg5 == 5
FAIL: gcc.dg/guality/pr36728-1.c  -Os  line 18 arg6 == 6
FAIL: gcc.dg/guality/pr36728-1.c  -Os  line 18 arg7 == 30
FAIL: gcc.dg/guality/pr36728-2.c  -O1  line 16 arg7 == 30
FAIL: gcc.dg/guality/pr36728-2.c  -O1  line 18 arg6 == 6
FAIL: gcc.dg/guality/pr36728-2.c  -O1  line 18 arg7 == 30
FAIL: gcc.dg/guality/pr36728-2.c  -O2  line 16 arg6 == 6
FAIL: gcc.dg/guality/pr36728-2.c  -O2  line 18 arg6 == 6
FAIL: gcc.dg/guality/pr36728-2.c  -O2  line 18 arg7 == 30
FAIL: gcc.dg/guality/pr36728-2.c  -O3 -fomit-frame-pointer  line 16 arg6 == 6
FAIL: gcc.dg/guality/pr36728-2.c  -O3 -fomit-frame-pointer  line 18 arg6 == 6
FAIL: gcc.dg/guality/pr36728-2.c  -O3 -fomit-frame-pointer  line 18 arg7 == 30
FAIL: gcc.dg/guality/pr36728-2.c  -O3 -g  line 16 arg6 == 6
FAIL: gcc.dg/guality/pr36728-2.c  -O3 -g  line 18 arg6 == 6
FAIL: gcc.dg/guality/pr36728-2.c  -O3 -g  line 18 arg7 == 30
FAIL: gcc.dg/guality/pr36728-2.c  -Os  line 16 arg6 == 6
FAIL: gcc.dg/guality/pr36728-2.c  -Os  line 16 arg7 == 30
FAIL: gcc.dg/guality/pr36728-2.c  -Os  line 18 arg6 == 6
FAIL: gcc.dg/guality/pr36728-2.c  -Os  line 18 arg7 == 30
FAIL: gcc.dg/guality/pr36728-2.c  -Os  line 18 y == 2
FAIL: gcc.dg/guality/pr36728-3.c  -O1  line 14 arg6 == 6
FAIL: gcc.dg/guality/pr36728-3.c  -O1  line 14 arg7 == 30
FAIL: gcc.dg/guality/pr36728-3.c  -O1  line 16 arg6 == 6
FAIL: gcc.dg/guality/pr36728-3.c  -O1  line 16 arg7 == 30
FAIL: gcc.dg/guality/pr36728-3.c  -O2  line 14 arg6 == 6
FAIL: gcc.dg/guality/pr36728-3.c  -O2  line 14 arg7 == 30
FAIL: gcc.dg/guality/pr36728-3.c  -O2  line 16 arg6 == 6
FAIL: gcc.dg/guality/pr36728-3.c  -O2  line 16 arg7 == 30
FAIL: gcc.dg/guality/pr36728-3.c  -O3 -fomit-frame-pointer  line 14 arg6 == 6
FAIL: gcc.dg/guality/pr36728-3.c  -O3 -fomit-frame-pointer  line 14 arg7 == 30
FAIL: gcc.dg/guality/pr36728-3.c  -O3 -fomit-frame-pointer  line 16 arg6 == 6
FAIL: gcc.dg/guality/pr36728-3.c  -O3 -fomit-frame-pointer  line 16 arg7 == 30
FAIL: gcc.dg/guality/pr36728-3.c  -O3 -g  line 14 arg6 == 6
FAIL: gcc.dg/guality/pr36728-3.c  -O3 -g  line 14 arg7 == 30
FAIL: gcc.dg/guality/pr36728-3.c  -O3 -g  line 16 arg6 == 6
FAIL: gcc.dg/guality/pr36728-3.c  -O3 -g  line 16 arg7 == 30
FAIL: gcc.dg/guality/pr36728-3.c  -Os  line 14 arg6 == 6
FAIL: gcc.dg/guality/pr36728-3.c  -Os  line 14 arg7 == 30
FAIL: gcc.dg/guality/pr36728-3.c  -Os  line 16 arg6 == 6
FAIL: gcc.dg/guality/pr36728-3.c  -Os  line 16 arg7 == 30
FAIL: gcc.dg/guality/pr36728-4.c  -O1  line 14 arg7 == 30
FAIL: gcc.dg/guality/pr36728-4.c  -O1  line 16 arg7 == 30
FAIL: gcc.dg/guality/pr36728-4.c  -O2  line 14 arg7 == 30
FAIL: gcc.dg/guality/pr36728-4.c  -O2  line 16 arg7 == 30
FAIL: gcc.dg/guality/pr36728-4.c  -O3 -fomit-frame-pointer  line 14 arg7 == 30
FAIL: gcc.dg/guality/pr36728-4.c  -O3 -fomit-frame-pointer  line 16 arg7 == 30
FAIL: gcc.dg/guality/pr36728-4.c  -O3 -g  line 14 arg7 == 30
FAIL: gcc.dg/guality/pr36728-4.c  -O3 -g  line 16 arg7 == 30
FAIL: gcc.dg/guality/pr36728-4.c  -Os  line 14 arg7 == 30
FAIL: gcc.dg/guality/pr36728-4.c  -Os  line 16 arg7 == 30
XPASS: gcc.dg/guality/pr41353-1.c  -O0  line 28 j == 28 + 37
XPASS: gcc.dg/guality/pr41447-1.c  -O0  execution test
XPASS: gcc.dg/guality/pr41447-1.c  -O1  execution test
XPASS: gcc.dg/guality/pr41447-1.c  -O2  execution test
XPASS: gcc.dg/guality/pr41447-1.c  -O3 -fomit-frame-pointer  execution test
XPASS: gcc.dg/guality/pr41447-1.c  -O3 -g  execution test
XPASS: gcc.dg/guality/pr41447-1.c  -Os  execution test
XPASS: gcc.dg/guality/pr41616-1.c  -O0  execution test
XPASS: gcc.dg/guality/pr41616-1.c  -O1  execution test
XPASS: gcc.dg/guality/pr41616-1.c  -O2  execution test
XPASS: gcc.dg/guality/pr41616-1.c  -O3 -fomit-frame-pointer  execution test
XPASS: gcc.dg/guality/pr41616-1.c  -O3 -g  execution test
XPASS: gcc.dg/guality/pr41616-1.c  -Os  execution test
FAIL: gcc.dg/guality/pr54200.c  -O1  line 20 z == 3
FAIL: gcc.dg/guality/pr54200.c  -O2  line 20 z == 3
FAIL: gcc.dg/guality/pr54200.c  -O3 -fomit-frame-pointer  line 20 z == 3
FAIL: gcc.dg/guality/pr54200.c  -O3 -g  line 20 z == 3
FAIL: gcc.dg/guality/pr54200.c  -Os  line 20 z == 3
FAIL: gcc.dg/guality/pr54693-2.c  -Os  line 21 y == 20 - 2 * i
FAIL: gcc.dg/guality/pr54693-2.c  -Os  line 21 z == 30 - 3 * i
FAIL: gcc.dg/guality/pr54970.c  -O1  line 15 a[0] == 1
FAIL: gcc.dg/guality/pr54970.c  -O1  line 20 a[0] == 1
FAIL: gcc.dg/guality/pr54970.c  -O1  line 25 a[0] == 1
FAIL: gcc.dg/guality/pr54970.c  -O1  line 31 *p == 6
FAIL: gcc.dg/guality/pr54970.c  -O1  line 31 *q == 5
FAIL: gcc.dg/guality/pr54970.c  -O1  line 36 *p == 26
FAIL: gcc.dg/guality/pr54970.c  -O1  line 36 *q == 5
FAIL: gcc.dg/guality/pr54970.c  -O1  line 45 *p == 26
FAIL: gcc.dg/guality/pr54970.c  -O1  line 45 p[-1] == 25
FAIL: gcc.dg/guality/pr54970.c  -O1  line 45 p[-2] == 4
FAIL: gcc.dg/guality/pr54970.c  -O1  line 45 q[-1] == 4
FAIL: gcc.dg/guality/pr54970.c  -O1  line 45 q[1] == 26
FAIL: gcc.dg/guality/pr54970.c  -O1  line 45 *q == 25
FAIL: gcc.dg/guality/pr54970.c  -O2  line 15 a[0] == 1
FAIL: gcc.dg/guality/pr54970.c  -O2  line 20 a[0] == 1
FAIL: gcc.dg/guality/pr54970.c  -O2  line 25 a[0] == 1
FAIL: gcc.dg/guality/pr54970.c  -O2  line 31 *p == 6
FAIL: gcc.dg/guality/pr54970.c  -O2  line 31 *q == 5
FAIL: gcc.dg/guality/pr54970.c  -O2  line 36 *p == 26
FAIL: gcc.dg/guality/pr54970.c  -O2  line 36 *q == 5
FAIL: gcc.dg/guality/pr54970.c  -O2  line 45 *p == 26
FAIL: gcc.dg/guality/pr54970.c  -O2  line 45 p[-1] == 25
FAIL: gcc.dg/guality/pr54970.c  -O2  line 45 p[-2] == 4
FAIL: gcc.dg/guality/pr54970.c  -O2  line 45 q[-1] == 4
FAIL: gcc.dg/guality/pr54970.c  -O2  line 45 q[1] == 26
FAIL: gcc.dg/guality/pr54970.c  -O2  line 45 *q == 25
FAIL: gcc.dg/guality/pr54970.c  -O3 -fomit-frame-pointer  line 15 a[0] == 1
FAIL: gcc.dg/guality/pr54970.c  -O3 -fomit-frame-pointer  line 20 a[0] == 1
FAIL: gcc.dg/guality/pr54970.c  -O3 -fomit-frame-pointer  line 25 a[0] == 1
FAIL: gcc.dg/guality/pr54970.c  -O3 -fomit-frame-pointer  line 31 *p == 6
FAIL: gcc.dg/guality/pr54970.c  -O3 -fomit-frame-pointer  line 31 *q == 5
FAIL: gcc.dg/guality/pr54970.c  -O3 -fomit-frame-pointer  line 36 *p == 26
FAIL: gcc.dg/guality/pr54970.c  -O3 -fomit-frame-pointer  line 36 *q == 5
FAIL: gcc.dg/guality/pr54970.c  -O3 -fomit-frame-pointer  line 45 *p == 26
FAIL: gcc.dg/guality/pr54970.c  -O3 -fomit-frame-pointer  line 45 p[-1] == 25
FAIL: gcc.dg/guality/pr54970.c  -O3 -fomit-frame-pointer  line 45 p[-2] == 4
FAIL: gcc.dg/guality/pr54970.c  -O3 -fomit-frame-pointer  line 45 q[-1] == 4
FAIL: gcc.dg/guality/pr54970.c  -O3 -fomit-frame-pointer  line 45 q[1] == 26
FAIL: gcc.dg/guality/pr54970.c  -O3 -fomit-frame-pointer  line 45 *q == 25
FAIL: gcc.dg/guality/pr54970.c  -O3 -g  line 15 a[0] == 1
FAIL: gcc.dg/guality/pr54970.c  -O3 -g  line 20 a[0] == 1
FAIL: gcc.dg/guality/pr54970.c  -O3 -g  line 25 a[0] == 1
FAIL: gcc.dg/guality/pr54970.c  -O3 -g  line 31 *p == 6
FAIL: gcc.dg/guality/pr54970.c  -O3 -g  line 31 *q == 5
FAIL: gcc.dg/guality/pr54970.c  -O3 -g  line 36 *p == 26
FAIL: gcc.dg/guality/pr54970.c  -O3 -g  line 36 *q == 5
FAIL: gcc.dg/guality/pr54970.c  -O3 -g  line 45 *p == 26
FAIL: gcc.dg/guality/pr54970.c  -O3 -g  line 45 p[-1] == 25
FAIL: gcc.dg/guality/pr54970.c  -O3 -g  line 45 p[-2] == 4
FAIL: gcc.dg/guality/pr54970.c  -O3 -g  line 45 q[-1] == 4
FAIL: gcc.dg/guality/pr54970.c  -O3 -g  line 45 q[1] == 26
FAIL: gcc.dg/guality/pr54970.c  -O3 -g  line 45 *q == 25
FAIL: gcc.dg/guality/pr54970.c  -Os  line 15 a[0] == 1
FAIL: gcc.dg/guality/pr54970.c  -Os  line 20 a[0] == 1
FAIL: gcc.dg/guality/pr54970.c  -Os  line 25 a[0] == 1
FAIL: gcc.dg/guality/pr54970.c  -Os  line 31 *p == 6
FAIL: gcc.dg/guality/pr54970.c  -Os  line 31 *q == 5
FAIL: gcc.dg/guality/pr54970.c  -Os  line 36 *p == 26
FAIL: gcc.dg/guality/pr54970.c  -Os  line 36 *q == 5
FAIL: gcc.dg/guality/pr54970.c  -Os  line 45 *p == 26
FAIL: gcc.dg/guality/pr54970.c  -Os  line 45 p[-1] == 25
FAIL: gcc.dg/guality/pr54970.c  -Os  line 45 p[-2] == 4
FAIL: gcc.dg/guality/pr54970.c  -Os  line 45 q[-1] == 4
FAIL: gcc.dg/guality/pr54970.c  -Os  line 45 q[1] == 26
FAIL: gcc.dg/guality/pr54970.c  -Os  line 45 *q == 25
FAIL: gcc.dg/guality/sra-1.c  -O1  line 43 a.j == 14
FAIL: gcc.dg/guality/sra-1.c  -O2  line 43 a.j == 14
FAIL: gcc.dg/guality/sra-1.c  -O3 -fomit-frame-pointer  line 43 a.j == 14
FAIL: gcc.dg/guality/sra-1.c  -O3 -g  line 43 a.j == 14
FAIL: gcc.dg/guality/sra-1.c  -Os  line 43 a.j == 14
FAIL: gcc.dg/tree-prof/crossmodule-indircall-1a.c compilation,  -fprofile-generate -D_PROFILE_GENERATE
UNRESOLVED: gcc.dg/tree-prof/crossmodule-indircall-1a.c execution,    -fprofile-generate -D_PROFILE_GENERATE
UNRESOLVED: gcc.dg/tree-prof/crossmodule-indircall-1a.c compilation,  -fprofile-use -D_PROFILE_USE
UNRESOLVED: gcc.dg/tree-prof/crossmodule-indircall-1a.c execution,    -fprofile-use -D_PROFILE_USE
FAIL: gcc.dg/tree-ssa/attr-alias.c scan-tree-dump-times optimized "  test4 " 1
FAIL: gcc.dg/tree-ssa/sra-12.c scan-tree-dump-times release_ssa "l;" 0
FAIL: gcc.dg/tree-ssa/ssa-dom-thread-4.c scan-tree-dump-times dom1 "Threaded" 3
FAIL: gcc.dg/tree-ssa/vrp47.c scan-tree-dump-times vrp1 "[xy][^ ]* !=" 0
FAIL: gcc.dg/vect/costmodel/ppc/costmodel-bb-slp-9a.c scan-tree-dump-times slp "basic block vectorized using SLP" 1
FAIL: gcc.dg/vect/pr56787.c scan-tree-dump vect "vectorized 1 loops"
FAIL: gcc.dg/vect/vect-96.c scan-tree-dump-times vect "Vectorizing an unaligned access" 1
FAIL: gcc.dg/vect/vect-96.c scan-tree-dump-times vect "Alignment of access forced using peeling" 1
FAIL: gcc.target/powerpc/405-dlmzb-strlen-1.c scan-assembler dlmzb\\\\. 
FAIL: gcc.target/powerpc/440-dlmzb-strlen-1.c scan-assembler dlmzb\\\\. 

		=== gcc Summary ===

# of expected passes		78951
# of unexpected failures	169
# of unexpected successes	27
# of expected failures		179
# of unresolved testcases	3
# of unsupported tests		1373
/mnt/archive/objdir49/gcc/xgcc  version 4.9.0 20130818 (experimental) (GCC) 

		=== gfortran tests ===


Running target unix
FAIL: gfortran.dg/bessel_6.f90  -O0  execution test
FAIL: gfortran.dg/bessel_6.f90  -O1  execution test
FAIL: gfortran.dg/bessel_6.f90  -O2  execution test
FAIL: gfortran.dg/bessel_6.f90  -O3 -fomit-frame-pointer  execution test
FAIL: gfortran.dg/bessel_6.f90  -O3 -fomit-frame-pointer -funroll-loops  execution test
FAIL: gfortran.dg/bessel_6.f90  -O3 -fomit-frame-pointer -funroll-all-loops -finline-functions  execution test
FAIL: gfortran.dg/bessel_6.f90  -O3 -g  execution test
FAIL: gfortran.dg/bessel_6.f90  -Os  execution test
FAIL: gfortran.dg/class_48.f90  -O2  (test for excess errors)
FAIL: gfortran.dg/class_48.f90  -Os  (test for excess errors)
XPASS: gfortran.dg/nint_2.f90  -O0  execution test
FAIL: gfortran.dg/round_4.f90  -O0  execution test
FAIL: gfortran.dg/round_4.f90  -O1  execution test
FAIL: gfortran.dg/round_4.f90  -O2  execution test
FAIL: gfortran.dg/round_4.f90  -O3 -fomit-frame-pointer  execution test
FAIL: gfortran.dg/round_4.f90  -O3 -fomit-frame-pointer -funroll-loops  execution test
FAIL: gfortran.dg/round_4.f90  -O3 -fomit-frame-pointer -funroll-all-loops -finline-functions  execution test
FAIL: gfortran.dg/round_4.f90  -O3 -g  execution test
FAIL: gfortran.dg/round_4.f90  -Os  execution test

		=== gfortran Summary ===

# of expected passes		44239
# of unexpected failures	18
# of unexpected successes	1
# of expected failures		63
# of unsupported tests		237
/mnt/archive/objdir49/gcc/testsuite/gfortran/../../gfortran  version 4.9.0 20130818 (experimental) (GCC) 

		=== gnat tests ===


Running target unix

		=== gnat Summary ===

# of expected passes		1172
# of expected failures		18
# of unsupported tests		11
/mnt/archive/objdir49/gcc/gnatmake version 4.9.0 20130818 (experimental)

		=== libatomic tests ===


Running target unix

		=== libatomic Summary ===

# of expected passes		34
# of unsupported tests		10
		=== libgomp tests ===


Running target unix

		=== libgomp Summary ===

# of expected passes		2147
# of unsupported tests		1
		=== libitm tests ===


Running target unix

		=== libitm Summary ===

# of expected passes		26
# of expected failures		3
# of unsupported tests		1
		=== libstdc++ tests ===


Running target unix
FAIL: libstdc++-abi/abi_check

		=== libstdc++ Summary ===

# of expected passes		9525
# of unexpected failures	1
# of expected failures		43
# of unsupported tests		227

Compiler version: 4.9.0 20130818 (experimental) 
Platform: powerpc64-unknown-linux-gnu
configure flags: --prefix=/mnt/archive/install49 --with-gmp=/home/mikpe/pkgs/linux-ppc64/gmp-5.1.2 --with-mpfr=/home/mikpe/pkgs/linux-ppc64/mpfr-3.1.2 --with-mpc=/home/mikpe/pkgs/linux-ppc64/mpc-1.0.1 --disable-plugin --disable-lto --disable-nls --enable-threads=posix --with-cpu=default32 --enable-checking=release --disable-libmudflap --enable-languages=c,c++,fortran,ada
BOOT_CFLAGS=-g -O2


Index Nav: [Date Index] [Subject Index] [Author Index] [Thread Index]
Message Nav: [Date Prev] [Date Next] [Thread Prev] [Thread Next]