This is the mail archive of the gcc-testresults@gcc.gnu.org mailing list for the GCC project.


Index Nav: [Date Index] [Subject Index] [Author Index] [Thread Index]
Message Nav: [Date Prev] [Date Next] [Thread Prev] [Thread Next]
Other format: [Raw text]

Results for 4.9.0 20130814 (experimental) (GCC) testsuite on moxie-unknown-elf


Target is moxie-unknown-elf
Host   is x86_64-unknown-linux-gnu

		=== gcc tests ===


Running target moxie-sim
FAIL: gcc.c-torture/execute/20101011-1.c execution,  -O0 
FAIL: gcc.c-torture/execute/20101011-1.c execution,  -O1 
FAIL: gcc.c-torture/execute/20101011-1.c execution,  -O2 
FAIL: gcc.c-torture/execute/20101011-1.c execution,  -O3 -fomit-frame-pointer 
FAIL: gcc.c-torture/execute/20101011-1.c execution,  -O3 -g 
FAIL: gcc.c-torture/execute/20101011-1.c execution,  -Os 
FAIL: gcc.c-torture/execute/20101011-1.c execution,  -Og -g 
FAIL: gcc.c-torture/execute/20101011-1.c execution,  -O2 -flto -fno-use-linker-plugin -flto-partition=none 
FAIL: gcc.c-torture/execute/20101011-1.c execution,  -O2 -flto -fuse-linker-plugin -fno-fat-lto-objects 
FAIL: gcc.c-torture/execute/pr49161.c execution,  -O2 
FAIL: gcc.c-torture/execute/pr49161.c execution,  -O3 -fomit-frame-pointer 
FAIL: gcc.c-torture/execute/pr49161.c execution,  -O3 -g 
FAIL: gcc.c-torture/execute/pr49161.c execution,  -O2 -flto -fno-use-linker-plugin -flto-partition=none 
FAIL: gcc.c-torture/execute/pr49161.c execution,  -O2 -flto -fuse-linker-plugin -fno-fat-lto-objects 
FAIL: gcc.c-torture/execute/pr56982.c execution,  -O1 
FAIL: gcc.c-torture/execute/pr56982.c execution,  -Os 
FAIL: gcc.c-torture/execute/pr56982.c execution,  -Og -g 
FAIL: gcc.c-torture/execute/pr56982.c execution,  -O2 -flto -fuse-linker-plugin -fno-fat-lto-objects 
FAIL: gcc.dg/20001117-1.c execution test
FAIL: gcc.dg/builtin-apply2.c execution test
FAIL: gcc.dg/cleanup-12.c execution test
FAIL: gcc.dg/cleanup-13.c execution test
FAIL: gcc.dg/cleanup-5.c execution test
FAIL: gcc.dg/pr42629.c (test for excess errors)
FAIL: gcc.dg/sibcall-3.c execution test
FAIL: gcc.dg/sibcall-4.c execution test
UNRESOLVED: gcc.dg/superblock.c scan-rtl-dump-times sched2 "ADVANCING TO" 2
FAIL: gcc.dg/lto/pr54709 c_lto_pr54709_0.o-c_lto_pr54709_1.o link,  -fPIC -fvisibility=hidden -flto 
UNRESOLVED: gcc.dg/lto/pr54709 c_lto_pr54709_0.o-c_lto_pr54709_1.o execute  -fPIC -fvisibility=hidden -flto 
FAIL: gcc.dg/torture/pr37868.c  -O0  execution test
FAIL: gcc.dg/torture/pr48542.c  -O0  execution test
FAIL: gcc.dg/torture/pr48542.c  -O1  execution test
FAIL: gcc.dg/torture/pr48542.c  -O2  execution test
FAIL: gcc.dg/torture/pr48542.c  -O3 -fomit-frame-pointer  execution test
FAIL: gcc.dg/torture/pr48542.c  -O3 -fomit-frame-pointer -funroll-loops  execution test
FAIL: gcc.dg/torture/pr48542.c  -O3 -fomit-frame-pointer -funroll-all-loops -finline-functions  execution test
FAIL: gcc.dg/torture/pr48542.c  -O3 -g  execution test
FAIL: gcc.dg/torture/pr48542.c  -Os  execution test
FAIL: gcc.dg/torture/pr48542.c  -O2 -flto -fno-use-linker-plugin -flto-partition=none  execution test
FAIL: gcc.dg/torture/pr48542.c  -O2 -flto -fuse-linker-plugin -fno-fat-lto-objects  execution test
FAIL: gcc.dg/torture/pr8081.c  -O2 -flto -fno-use-linker-plugin -flto-partition=none  (internal compiler error)
FAIL: gcc.dg/torture/pr8081.c  -O2 -flto -fno-use-linker-plugin -flto-partition=none  (test for excess errors)
FAIL: gcc.dg/torture/pr8081.c  -O2 -flto -fuse-linker-plugin -fno-fat-lto-objects  (internal compiler error)
FAIL: gcc.dg/torture/pr8081.c  -O2 -flto -fuse-linker-plugin -fno-fat-lto-objects  (test for excess errors)
UNRESOLVED: gcc.dg/torture/pr8081.c  -O2 -flto -fuse-linker-plugin -fno-fat-lto-objects  compilation failed to produce executable
FAIL: gcc.dg/torture/stackalign/builtin-apply-2.c  -O0  execution test
FAIL: gcc.dg/torture/stackalign/builtin-apply-2.c  -O0 -fpic execution test
FAIL: gcc.dg/torture/stackalign/builtin-apply-2.c  -O1 -fpic execution test
FAIL: gcc.dg/torture/stackalign/builtin-apply-2.c  -O2 -fpic execution test
FAIL: gcc.dg/torture/stackalign/builtin-apply-2.c  -O3 -fomit-frame-pointer -fpic execution test
FAIL: gcc.dg/torture/stackalign/builtin-apply-2.c  -O3 -g -fpic execution test
FAIL: gcc.dg/torture/stackalign/builtin-apply-2.c  -Os -fpic execution test
FAIL: gcc.dg/torture/stackalign/builtin-apply-2.c  -O2 -flto -fno-use-linker-plugin -flto-partition=none -fpic execution test
FAIL: gcc.dg/tree-ssa/attr-alias.c scan-tree-dump-times optimized "  test4 " 1
FAIL: gcc.dg/tree-ssa/loop-1.c scan-assembler-times foo 5
FAIL: gcc.dg/tree-ssa/ssa-dom-thread-4.c scan-tree-dump-times dom1 "Threaded" 3
FAIL: gcc.dg/tree-ssa/vrp47.c scan-tree-dump-times vrp1 "[xy][^ ]* !=" 0
FAIL: gcc.dg/tree-ssa/vrp47.c scan-tree-dump-times vrp1 "x[^ ]* [|] y" 1

		=== gcc Summary ===

# of expected passes		82075
# of unexpected failures	55
# of expected failures		96
# of unresolved testcases	3
# of unsupported tests		1485
/home/green/tool-ci/build/gcc/gcc/xgcc  version 4.9.0 20130814 (experimental) (GCC) 

Host   is x86_64-unknown-linux-gnu

		=== g++ tests ===


Running target moxie-sim
FAIL: g++.dg/compat/eh/ctor1 cp_compat_x_tst.o-cp_compat_y_tst.o execute 
FAIL: g++.dg/compat/eh/ctor2 cp_compat_x_tst.o-cp_compat_y_tst.o execute 
FAIL: g++.dg/compat/eh/dtor1 cp_compat_x_tst.o-cp_compat_y_tst.o execute 
FAIL: g++.dg/compat/eh/filter1 cp_compat_x_tst.o-cp_compat_y_tst.o execute 
FAIL: g++.dg/compat/eh/filter2 cp_compat_x_tst.o-cp_compat_y_tst.o execute 
FAIL: g++.dg/compat/eh/new1 cp_compat_x_tst.o-cp_compat_y_tst.o execute 
FAIL: g++.dg/compat/eh/nrv1 cp_compat_x_tst.o-cp_compat_y_tst.o execute 
FAIL: g++.dg/compat/eh/spec3 cp_compat_x_tst.o-cp_compat_y_tst.o execute 
FAIL: g++.dg/compat/eh/template1 cp_compat_x_tst.o-cp_compat_y_tst.o execute 
FAIL: g++.dg/compat/eh/unexpected1 cp_compat_x_tst.o-cp_compat_y_tst.o execute 
FAIL: g++.dg/compat/init/array5 cp_compat_x_tst.o-cp_compat_y_tst.o execute 
FAIL: g++.dg/debug/dwarf2/non-virtual-thunk.C -std=gnu++98  scan-assembler thunk.C:30
FAIL: g++.dg/debug/dwarf2/non-virtual-thunk.C -std=gnu++11  scan-assembler thunk.C:30
FAIL: g++.dg/cpp0x/bad_array_new1.C execution test
FAIL: g++.dg/cpp0x/bad_array_new2.C execution test
FAIL: g++.dg/cpp0x/inh-ctor12.C execution test
FAIL: g++.dg/cpp0x/lambda/lambda-eh2.C execution test
FAIL: g++.dg/cpp0x/noexcept03.C execution test
FAIL: g++.dg/cpp0x/noexcept04.C execution test
FAIL: g++.dg/cpp0x/noexcept06.C execution test
FAIL: g++.dg/cpp0x/noexcept07.C execution test
FAIL: g++.dg/cpp0x/nullptr21.C execution test
FAIL: g++.dg/cpp0x/range-for7.C execution test
FAIL: g++.dg/cpp0x/variadic73.C execution test
FAIL: g++.dg/cpp1y/vla3.C execution test
FAIL: g++.dg/eh/alias1.C -std=gnu++98 execution test
FAIL: g++.dg/eh/alias1.C -std=gnu++11 execution test
FAIL: g++.dg/eh/anon1.C -std=c++98 execution test
FAIL: g++.dg/eh/anon1.C -std=c++11 execution test
FAIL: g++.dg/eh/cond1.C -std=c++98 execution test
FAIL: g++.dg/eh/cond1.C -std=c++11 execution test
FAIL: g++.dg/eh/cond4.C -std=c++98 execution test
FAIL: g++.dg/eh/cond4.C -std=c++11 execution test
FAIL: g++.dg/eh/cond5.C -std=c++98 execution test
FAIL: g++.dg/eh/cond5.C -std=c++11 execution test
FAIL: g++.dg/eh/cond6.C -std=c++98 execution test
FAIL: g++.dg/eh/cond6.C -std=c++11 execution test
FAIL: g++.dg/eh/crossjump1.C -std=gnu++98 execution test
FAIL: g++.dg/eh/crossjump1.C -std=gnu++11 execution test
FAIL: g++.dg/eh/ctor1.C -std=c++98 execution test
FAIL: g++.dg/eh/ctor1.C -std=c++11 execution test
FAIL: g++.dg/eh/ctor2.C -std=c++98 execution test
FAIL: g++.dg/eh/ctor2.C -std=c++11 execution test
FAIL: g++.dg/eh/defarg1.C -std=c++98 execution test
FAIL: g++.dg/eh/defarg1.C -std=c++11 execution test
FAIL: g++.dg/eh/delayslot1.C -std=gnu++98 execution test
FAIL: g++.dg/eh/delayslot1.C -std=gnu++11 execution test
FAIL: g++.dg/eh/dtor1.C -std=c++98 execution test
FAIL: g++.dg/eh/dtor1.C -std=c++11 execution test
FAIL: g++.dg/eh/dtor3.C -std=c++98 execution test
FAIL: g++.dg/eh/elide1.C -std=c++98 execution test
FAIL: g++.dg/eh/elide1.C -std=c++11 execution test
FAIL: g++.dg/eh/elide2.C -std=c++98 execution test
FAIL: g++.dg/eh/elide2.C -std=c++11 execution test
FAIL: g++.dg/eh/filter1.C -std=c++98 execution test
FAIL: g++.dg/eh/filter1.C -std=c++11 execution test
FAIL: g++.dg/eh/filter2.C -std=gnu++98 execution test
FAIL: g++.dg/eh/filter2.C -std=gnu++11 execution test
FAIL: g++.dg/eh/forced1.C -std=c++98 execution test
FAIL: g++.dg/eh/forced1.C -std=c++11 execution test
FAIL: g++.dg/eh/forced2.C -std=c++98 execution test
FAIL: g++.dg/eh/forced2.C -std=c++11 execution test
FAIL: g++.dg/eh/forced3.C -std=c++98 execution test
FAIL: g++.dg/eh/forced3.C -std=c++11 execution test
FAIL: g++.dg/eh/forced4.C -std=c++98 execution test
FAIL: g++.dg/eh/forced4.C -std=c++11 execution test
FAIL: g++.dg/eh/fp-regs.C -std=gnu++98 execution test
FAIL: g++.dg/eh/fp-regs.C -std=gnu++11 execution test
FAIL: g++.dg/eh/gcsec1.C -std=gnu++98 execution test
FAIL: g++.dg/eh/gcsec1.C -std=gnu++11 execution test
FAIL: g++.dg/eh/ia64-2.C -std=gnu++98 execution test
FAIL: g++.dg/eh/ia64-2.C -std=gnu++11 execution test
FAIL: g++.dg/eh/init-temp1.C -std=c++98 execution test
FAIL: g++.dg/eh/init-temp1.C -std=c++11 execution test
FAIL: g++.dg/eh/loop1.C -std=gnu++98 execution test
FAIL: g++.dg/eh/loop1.C -std=gnu++11 execution test
FAIL: g++.dg/eh/loop2.C -std=c++98 execution test
FAIL: g++.dg/eh/loop2.C -std=c++11 execution test
FAIL: g++.dg/eh/new1.C -std=c++98 execution test
FAIL: g++.dg/eh/new1.C -std=c++11 execution test
FAIL: g++.dg/eh/omit-frame-pointer.C -std=gnu++98 execution test
FAIL: g++.dg/eh/omit-frame-pointer.C -std=gnu++11 execution test
FAIL: g++.dg/eh/omit-frame-pointer2.C -std=gnu++98 execution test
FAIL: g++.dg/eh/omit-frame-pointer2.C -std=gnu++11 execution test
FAIL: g++.dg/eh/partial1.C -std=c++98 execution test
FAIL: g++.dg/eh/partial1.C -std=c++11 execution test
FAIL: g++.dg/eh/pr29166.C -std=c++98 execution test
FAIL: g++.dg/eh/pr29166.C -std=c++11 execution test
FAIL: g++.dg/eh/registers1.C -std=gnu++98 execution test
FAIL: g++.dg/eh/registers1.C -std=gnu++11 execution test
FAIL: g++.dg/eh/simd-1.C -std=gnu++98 execution test
FAIL: g++.dg/eh/simd-1.C -std=gnu++11 execution test
FAIL: g++.dg/eh/simd-2.C -std=gnu++98 execution test
FAIL: g++.dg/eh/simd-2.C -std=gnu++11 execution test
FAIL: g++.dg/eh/simd-3.C -std=gnu++98 execution test
FAIL: g++.dg/eh/simd-3.C -std=gnu++11 execution test
FAIL: g++.dg/eh/spbp.C -std=gnu++98 execution test
FAIL: g++.dg/eh/spbp.C -std=gnu++11 execution test
FAIL: g++.dg/eh/spec10.C -std=gnu++98 execution test
FAIL: g++.dg/eh/spec10.C -std=gnu++11 execution test
FAIL: g++.dg/eh/spec3.C -std=c++98 execution test
FAIL: g++.dg/eh/spec3.C -std=c++11 execution test
FAIL: g++.dg/eh/spec7.C -std=gnu++98 execution test
FAIL: g++.dg/eh/spec7.C -std=gnu++11 execution test
FAIL: g++.dg/eh/spec9.C -std=c++98 execution test
FAIL: g++.dg/eh/spec9.C -std=c++11 execution test
FAIL: g++.dg/eh/synth2.C -std=c++98 execution test
FAIL: g++.dg/eh/synth2.C -std=c++11 execution test
FAIL: g++.dg/eh/template1.C -std=c++98 execution test
FAIL: g++.dg/eh/template1.C -std=c++11 execution test
FAIL: g++.dg/eh/uncaught1.C -std=gnu++98 execution test
FAIL: g++.dg/eh/uncaught1.C -std=gnu++11 execution test
FAIL: g++.dg/eh/unexpected1.C -std=c++98 execution test
FAIL: g++.dg/eh/unexpected1.C -std=c++11 execution test
FAIL: g++.dg/eh/weak1.C -std=gnu++98 execution test
FAIL: g++.dg/eh/weak1.C -std=gnu++11 execution test
FAIL: g++.dg/ext/cleanup-5.C -std=gnu++98 execution test
FAIL: g++.dg/ext/cleanup-5.C -std=gnu++11 execution test
FAIL: g++.dg/init/array15.C -std=c++98 execution test
FAIL: g++.dg/init/array15.C -std=c++11 execution test
FAIL: g++.dg/init/array16.C -std=gnu++98 execution test
FAIL: g++.dg/init/array16.C -std=gnu++11 execution test
FAIL: g++.dg/init/array5.C -std=c++98 execution test
FAIL: g++.dg/init/array5.C -std=c++11 execution test
FAIL: g++.dg/init/ctor1.C -std=c++98 execution test
FAIL: g++.dg/init/ctor1.C -std=c++11 execution test
FAIL: g++.dg/init/new36.C -std=c++98 execution test
FAIL: g++.dg/init/new36.C -std=c++11 execution test
FAIL: g++.dg/init/new39.C -std=c++98 execution test
FAIL: g++.dg/init/new39.C -std=c++11 execution test
FAIL: g++.dg/init/new40.C execution test
FAIL: g++.dg/init/placement2.C -std=c++98 execution test
FAIL: g++.dg/init/placement2.C -std=c++11 execution test
FAIL: g++.dg/init/ref9.C -std=c++98 execution test
FAIL: g++.dg/init/ref9.C -std=c++11 execution test
FAIL: g++.dg/ipa/pr46984.C -std=gnu++98 (internal compiler error)
FAIL: g++.dg/ipa/pr46984.C -std=gnu++98 (test for excess errors)
UNRESOLVED: g++.dg/ipa/pr46984.C -std=gnu++98 compilation failed to produce executable
FAIL: g++.dg/ipa/pr46984.C -std=gnu++11 (internal compiler error)
FAIL: g++.dg/ipa/pr46984.C -std=gnu++11 (test for excess errors)
UNRESOLVED: g++.dg/ipa/pr46984.C -std=gnu++11 compilation failed to produce executable
FAIL: g++.dg/opt/eh2.C -std=gnu++98 execution test
FAIL: g++.dg/opt/eh2.C -std=gnu++11 execution test
FAIL: g++.dg/opt/eh3.C -std=gnu++98 execution test
FAIL: g++.dg/opt/eh3.C -std=gnu++11 execution test
FAIL: g++.dg/opt/eh4.C -std=gnu++98 execution test
FAIL: g++.dg/opt/eh4.C -std=gnu++11 execution test
WARNING: program timed out.
FAIL: g++.dg/opt/pr15551.C -std=gnu++98 execution test
WARNING: program timed out.
FAIL: g++.dg/opt/pr15551.C -std=gnu++11 execution test
FAIL: g++.dg/opt/pr23478.C -std=gnu++98 execution test
FAIL: g++.dg/opt/pr23478.C -std=gnu++11 execution test
FAIL: g++.dg/opt/pr36449.C -std=gnu++98 execution test
FAIL: g++.dg/opt/pr36449.C -std=gnu++11 execution test
FAIL: g++.dg/rtti/typeid10.C -std=c++98 execution test
FAIL: g++.dg/rtti/typeid10.C -std=c++11 execution test
FAIL: g++.dg/lto/20081109 cp_lto_20081109_0.o-cp_lto_20081109_1.o execute -O0 -flto -flto-partition=none -fuse-linker-plugin
FAIL: g++.dg/lto/20081109 cp_lto_20081109_0.o-cp_lto_20081109_1.o execute -O2 -flto -flto-partition=none -fuse-linker-plugin -fno-fat-lto-objects 
FAIL: g++.dg/lto/20081109 cp_lto_20081109_0.o-cp_lto_20081109_1.o execute -O0 -flto -flto-partition=1to1 -fno-use-linker-plugin 
FAIL: g++.dg/lto/20081109 cp_lto_20081109_0.o-cp_lto_20081109_1.o execute -O2 -flto -flto-partition=1to1 -fno-use-linker-plugin 
FAIL: g++.dg/lto/20081109 cp_lto_20081109_0.o-cp_lto_20081109_1.o execute -O0 -flto -fuse-linker-plugin -fno-fat-lto-objects 
FAIL: g++.dg/lto/20081109 cp_lto_20081109_0.o-cp_lto_20081109_1.o execute -O2 -flto -fuse-linker-plugin
FAIL: g++.dg/lto/20081217-1 cp_lto_20081217-1_0.o-cp_lto_20081217-1_0.o link, -O0 -flto -flto-partition=none -fuse-linker-plugin (internal compiler error)
UNRESOLVED: g++.dg/lto/20081217-1 cp_lto_20081217-1_0.o-cp_lto_20081217-1_0.o execute -O0 -flto -flto-partition=none -fuse-linker-plugin
FAIL: g++.dg/lto/20081217-1 cp_lto_20081217-1_0.o-cp_lto_20081217-1_0.o link, -O2 -flto -flto-partition=none -fuse-linker-plugin -fno-fat-lto-objects  (internal compiler error)
UNRESOLVED: g++.dg/lto/20081217-1 cp_lto_20081217-1_0.o-cp_lto_20081217-1_0.o execute -O2 -flto -flto-partition=none -fuse-linker-plugin -fno-fat-lto-objects 
FAIL: g++.dg/lto/20081217-1 cp_lto_20081217-1_0.o-cp_lto_20081217-1_0.o link, -O0 -flto -flto-partition=1to1 -fno-use-linker-plugin  (internal compiler error)
UNRESOLVED: g++.dg/lto/20081217-1 cp_lto_20081217-1_0.o-cp_lto_20081217-1_0.o execute -O0 -flto -flto-partition=1to1 -fno-use-linker-plugin 
FAIL: g++.dg/lto/20081217-1 cp_lto_20081217-1_0.o-cp_lto_20081217-1_0.o link, -O2 -flto -flto-partition=1to1 -fno-use-linker-plugin  (internal compiler error)
UNRESOLVED: g++.dg/lto/20081217-1 cp_lto_20081217-1_0.o-cp_lto_20081217-1_0.o execute -O2 -flto -flto-partition=1to1 -fno-use-linker-plugin 
FAIL: g++.dg/lto/20081217-1 cp_lto_20081217-1_0.o-cp_lto_20081217-1_0.o link, -O0 -flto -fuse-linker-plugin -fno-fat-lto-objects  (internal compiler error)
UNRESOLVED: g++.dg/lto/20081217-1 cp_lto_20081217-1_0.o-cp_lto_20081217-1_0.o execute -O0 -flto -fuse-linker-plugin -fno-fat-lto-objects 
FAIL: g++.dg/lto/20081217-1 cp_lto_20081217-1_0.o-cp_lto_20081217-1_0.o link, -O2 -flto -fuse-linker-plugin (internal compiler error)
UNRESOLVED: g++.dg/lto/20081217-1 cp_lto_20081217-1_0.o-cp_lto_20081217-1_0.o execute -O2 -flto -fuse-linker-plugin
FAIL: g++.dg/lto/20081217-2 cp_lto_20081217-2_0.o-cp_lto_20081217-2_0.o link, -O0 -flto -flto-partition=none -fuse-linker-plugin (internal compiler error)
UNRESOLVED: g++.dg/lto/20081217-2 cp_lto_20081217-2_0.o-cp_lto_20081217-2_0.o execute -O0 -flto -flto-partition=none -fuse-linker-plugin
FAIL: g++.dg/lto/20081217-2 cp_lto_20081217-2_0.o-cp_lto_20081217-2_0.o link, -O0 -flto -flto-partition=1to1 -fno-use-linker-plugin  (internal compiler error)
UNRESOLVED: g++.dg/lto/20081217-2 cp_lto_20081217-2_0.o-cp_lto_20081217-2_0.o execute -O0 -flto -flto-partition=1to1 -fno-use-linker-plugin 
FAIL: g++.dg/lto/20081217-2 cp_lto_20081217-2_0.o-cp_lto_20081217-2_0.o link, -O2 -flto -flto-partition=1to1 -fno-use-linker-plugin  (internal compiler error)
UNRESOLVED: g++.dg/lto/20081217-2 cp_lto_20081217-2_0.o-cp_lto_20081217-2_0.o execute -O2 -flto -flto-partition=1to1 -fno-use-linker-plugin 
FAIL: g++.dg/lto/20081217-2 cp_lto_20081217-2_0.o-cp_lto_20081217-2_0.o link, -O0 -flto -fuse-linker-plugin -fno-fat-lto-objects  (internal compiler error)
UNRESOLVED: g++.dg/lto/20081217-2 cp_lto_20081217-2_0.o-cp_lto_20081217-2_0.o execute -O0 -flto -fuse-linker-plugin -fno-fat-lto-objects 
FAIL: g++.dg/lto/20091210-1 cp_lto_20091210-1_0.o-cp_lto_20091210-1_1.o link, -O0 -flto -flto-partition=1to1 -fno-use-linker-plugin  (internal compiler error)
UNRESOLVED: g++.dg/lto/20091210-1 cp_lto_20091210-1_0.o-cp_lto_20091210-1_1.o execute -O0 -flto -flto-partition=1to1 -fno-use-linker-plugin 
FAIL: g++.dg/lto/20091210-1 cp_lto_20091210-1_0.o-cp_lto_20091210-1_1.o link, -O2 -flto -flto-partition=1to1 -fno-use-linker-plugin  (internal compiler error)
UNRESOLVED: g++.dg/lto/20091210-1 cp_lto_20091210-1_0.o-cp_lto_20091210-1_1.o execute -O2 -flto -flto-partition=1to1 -fno-use-linker-plugin 
FAIL: g++.dg/torture/covariant-1.C  -O2 -flto -fno-use-linker-plugin -flto-partition=none  (internal compiler error)
FAIL: g++.dg/torture/covariant-1.C  -O2 -flto -fno-use-linker-plugin -flto-partition=none  (test for excess errors)
FAIL: g++.dg/torture/covariant-1.C  -O2 -flto -fuse-linker-plugin -fno-fat-lto-objects  (internal compiler error)
FAIL: g++.dg/torture/covariant-1.C  -O2 -flto -fuse-linker-plugin -fno-fat-lto-objects  (test for excess errors)
UNRESOLVED: g++.dg/torture/covariant-1.C  -O2 -flto -fuse-linker-plugin -fno-fat-lto-objects  compilation failed to produce executable
FAIL: g++.dg/torture/pr37922.C  -Os  execution test
FAIL: g++.dg/torture/pr45699.C  -O2 -flto -fno-use-linker-plugin -flto-partition=none  (internal compiler error)
FAIL: g++.dg/torture/pr45699.C  -O2 -flto -fno-use-linker-plugin -flto-partition=none  (test for excess errors)
FAIL: g++.dg/torture/pr45699.C  -O2 -flto -fuse-linker-plugin -fno-fat-lto-objects  (internal compiler error)
FAIL: g++.dg/torture/pr45699.C  -O2 -flto -fuse-linker-plugin -fno-fat-lto-objects  (test for excess errors)
UNRESOLVED: g++.dg/torture/pr45699.C  -O2 -flto -fuse-linker-plugin -fno-fat-lto-objects  compilation failed to produce executable
FAIL: g++.dg/torture/pr46287.C  -O2 -flto -fno-use-linker-plugin -flto-partition=none  (internal compiler error)
FAIL: g++.dg/torture/pr46287.C  -O2 -flto -fno-use-linker-plugin -flto-partition=none  (test for excess errors)
FAIL: g++.dg/torture/pr46287.C  -O2 -flto -fuse-linker-plugin -fno-fat-lto-objects  (internal compiler error)
FAIL: g++.dg/torture/pr46287.C  -O2 -flto -fuse-linker-plugin -fno-fat-lto-objects  (test for excess errors)
UNRESOLVED: g++.dg/torture/pr46287.C  -O2 -flto -fuse-linker-plugin -fno-fat-lto-objects  compilation failed to produce executable
FAIL: g++.dg/torture/pr48661.C  -O2 -flto -fno-use-linker-plugin -flto-partition=none  (internal compiler error)
FAIL: g++.dg/torture/pr48661.C  -O2 -flto -fno-use-linker-plugin -flto-partition=none  (test for excess errors)
FAIL: g++.dg/torture/pr48661.C  -O2 -flto -fuse-linker-plugin -fno-fat-lto-objects  (internal compiler error)
FAIL: g++.dg/torture/pr48661.C  -O2 -flto -fuse-linker-plugin -fno-fat-lto-objects  (test for excess errors)
UNRESOLVED: g++.dg/torture/pr48661.C  -O2 -flto -fuse-linker-plugin -fno-fat-lto-objects  compilation failed to produce executable
FAIL: g++.dg/torture/pr49115.C  -O0  execution test
FAIL: g++.dg/torture/pr49115.C  -O1  execution test
FAIL: g++.dg/torture/pr49115.C  -O2  execution test
FAIL: g++.dg/torture/pr49115.C  -O3 -fomit-frame-pointer  execution test
FAIL: g++.dg/torture/pr49115.C  -O3 -g  execution test
FAIL: g++.dg/torture/pr49115.C  -Os  execution test
FAIL: g++.dg/torture/pr49115.C  -O2 -flto -fno-use-linker-plugin -flto-partition=none  execution test
FAIL: g++.dg/torture/pr49115.C  -O2 -flto -fuse-linker-plugin -fno-fat-lto-objects  execution test
FAIL: g++.dg/torture/stackalign/eh-alloca-1.C  -O0  execution test
FAIL: g++.dg/torture/stackalign/eh-alloca-1.C  -O0 -fpic execution test
FAIL: g++.dg/torture/stackalign/eh-alloca-1.C  -O1  execution test
FAIL: g++.dg/torture/stackalign/eh-alloca-1.C  -O1 -fpic execution test
FAIL: g++.dg/torture/stackalign/eh-alloca-1.C  -O2  execution test
FAIL: g++.dg/torture/stackalign/eh-alloca-1.C  -O2 -fpic execution test
FAIL: g++.dg/torture/stackalign/eh-alloca-1.C  -O3 -fomit-frame-pointer  execution test
FAIL: g++.dg/torture/stackalign/eh-alloca-1.C  -O3 -fomit-frame-pointer -fpic execution test
FAIL: g++.dg/torture/stackalign/eh-alloca-1.C  -O3 -g  execution test
FAIL: g++.dg/torture/stackalign/eh-alloca-1.C  -O3 -g -fpic execution test
FAIL: g++.dg/torture/stackalign/eh-alloca-1.C  -Os  execution test
FAIL: g++.dg/torture/stackalign/eh-alloca-1.C  -Os -fpic execution test
FAIL: g++.dg/torture/stackalign/eh-alloca-1.C  -O2 -flto -fno-use-linker-plugin -flto-partition=none  execution test
FAIL: g++.dg/torture/stackalign/eh-alloca-1.C  -O2 -flto -fno-use-linker-plugin -flto-partition=none -fpic execution test
FAIL: g++.dg/torture/stackalign/eh-alloca-1.C  -O2 -flto -fuse-linker-plugin -fno-fat-lto-objects  execution test
FAIL: g++.dg/torture/stackalign/eh-alloca-1.C  -O2 -flto -fuse-linker-plugin -fno-fat-lto-objects -fpic execution test
FAIL: g++.dg/torture/stackalign/eh-global-1.C  -O0  execution test
FAIL: g++.dg/torture/stackalign/eh-global-1.C  -O0 -fpic execution test
FAIL: g++.dg/torture/stackalign/eh-global-1.C  -O1  execution test
FAIL: g++.dg/torture/stackalign/eh-global-1.C  -O1 -fpic execution test
FAIL: g++.dg/torture/stackalign/eh-global-1.C  -O2  execution test
FAIL: g++.dg/torture/stackalign/eh-global-1.C  -O2 -fpic execution test
FAIL: g++.dg/torture/stackalign/eh-global-1.C  -O3 -fomit-frame-pointer  execution test
FAIL: g++.dg/torture/stackalign/eh-global-1.C  -O3 -fomit-frame-pointer -fpic execution test
FAIL: g++.dg/torture/stackalign/eh-global-1.C  -O3 -g  execution test
FAIL: g++.dg/torture/stackalign/eh-global-1.C  -O3 -g -fpic execution test
FAIL: g++.dg/torture/stackalign/eh-global-1.C  -Os  execution test
FAIL: g++.dg/torture/stackalign/eh-global-1.C  -Os -fpic execution test
FAIL: g++.dg/torture/stackalign/eh-global-1.C  -O2 -flto -fno-use-linker-plugin -flto-partition=none  execution test
FAIL: g++.dg/torture/stackalign/eh-global-1.C  -O2 -flto -fno-use-linker-plugin -flto-partition=none -fpic execution test
FAIL: g++.dg/torture/stackalign/eh-global-1.C  -O2 -flto -fuse-linker-plugin -fno-fat-lto-objects  execution test
FAIL: g++.dg/torture/stackalign/eh-global-1.C  -O2 -flto -fuse-linker-plugin -fno-fat-lto-objects -fpic execution test
FAIL: g++.dg/torture/stackalign/eh-inline-1.C  -O0  execution test
FAIL: g++.dg/torture/stackalign/eh-inline-1.C  -O0 -fpic execution test
FAIL: g++.dg/torture/stackalign/eh-inline-1.C  -O1  execution test
FAIL: g++.dg/torture/stackalign/eh-inline-1.C  -O1 -fpic execution test
FAIL: g++.dg/torture/stackalign/eh-inline-1.C  -O2  execution test
FAIL: g++.dg/torture/stackalign/eh-inline-1.C  -O2 -fpic execution test
FAIL: g++.dg/torture/stackalign/eh-inline-1.C  -O3 -fomit-frame-pointer  execution test
FAIL: g++.dg/torture/stackalign/eh-inline-1.C  -O3 -fomit-frame-pointer -fpic execution test
FAIL: g++.dg/torture/stackalign/eh-inline-1.C  -O3 -g  execution test
FAIL: g++.dg/torture/stackalign/eh-inline-1.C  -O3 -g -fpic execution test
FAIL: g++.dg/torture/stackalign/eh-inline-1.C  -Os  execution test
FAIL: g++.dg/torture/stackalign/eh-inline-1.C  -Os -fpic execution test
FAIL: g++.dg/torture/stackalign/eh-inline-1.C  -O2 -flto -fno-use-linker-plugin -flto-partition=none  execution test
FAIL: g++.dg/torture/stackalign/eh-inline-1.C  -O2 -flto -fno-use-linker-plugin -flto-partition=none -fpic execution test
FAIL: g++.dg/torture/stackalign/eh-inline-1.C  -O2 -flto -fuse-linker-plugin -fno-fat-lto-objects  execution test
FAIL: g++.dg/torture/stackalign/eh-inline-1.C  -O2 -flto -fuse-linker-plugin -fno-fat-lto-objects -fpic execution test
FAIL: g++.dg/torture/stackalign/eh-inline-2.C  -O0  execution test
FAIL: g++.dg/torture/stackalign/eh-inline-2.C  -O0 -fpic execution test
FAIL: g++.dg/torture/stackalign/eh-inline-2.C  -O1  execution test
FAIL: g++.dg/torture/stackalign/eh-inline-2.C  -O1 -fpic execution test
FAIL: g++.dg/torture/stackalign/eh-inline-2.C  -O2  execution test
FAIL: g++.dg/torture/stackalign/eh-inline-2.C  -O2 -fpic execution test
FAIL: g++.dg/torture/stackalign/eh-inline-2.C  -O3 -fomit-frame-pointer  execution test
FAIL: g++.dg/torture/stackalign/eh-inline-2.C  -O3 -fomit-frame-pointer -fpic execution test
FAIL: g++.dg/torture/stackalign/eh-inline-2.C  -O3 -g  execution test
FAIL: g++.dg/torture/stackalign/eh-inline-2.C  -O3 -g -fpic execution test
FAIL: g++.dg/torture/stackalign/eh-inline-2.C  -Os  execution test
FAIL: g++.dg/torture/stackalign/eh-inline-2.C  -Os -fpic execution test
FAIL: g++.dg/torture/stackalign/eh-inline-2.C  -O2 -flto -fno-use-linker-plugin -flto-partition=none  execution test
FAIL: g++.dg/torture/stackalign/eh-inline-2.C  -O2 -flto -fno-use-linker-plugin -flto-partition=none -fpic execution test
FAIL: g++.dg/torture/stackalign/eh-inline-2.C  -O2 -flto -fuse-linker-plugin -fno-fat-lto-objects  execution test
FAIL: g++.dg/torture/stackalign/eh-inline-2.C  -O2 -flto -fuse-linker-plugin -fno-fat-lto-objects -fpic execution test
FAIL: g++.dg/torture/stackalign/eh-vararg-1.C  -O0  execution test
FAIL: g++.dg/torture/stackalign/eh-vararg-1.C  -O0 -fpic execution test
FAIL: g++.dg/torture/stackalign/eh-vararg-1.C  -O1  execution test
FAIL: g++.dg/torture/stackalign/eh-vararg-1.C  -O1 -fpic execution test
FAIL: g++.dg/torture/stackalign/eh-vararg-1.C  -O2  execution test
FAIL: g++.dg/torture/stackalign/eh-vararg-1.C  -O2 -fpic execution test
FAIL: g++.dg/torture/stackalign/eh-vararg-1.C  -O3 -fomit-frame-pointer  execution test
FAIL: g++.dg/torture/stackalign/eh-vararg-1.C  -O3 -fomit-frame-pointer -fpic execution test
FAIL: g++.dg/torture/stackalign/eh-vararg-1.C  -O3 -g  execution test
FAIL: g++.dg/torture/stackalign/eh-vararg-1.C  -O3 -g -fpic execution test
FAIL: g++.dg/torture/stackalign/eh-vararg-1.C  -Os  execution test
FAIL: g++.dg/torture/stackalign/eh-vararg-1.C  -Os -fpic execution test
FAIL: g++.dg/torture/stackalign/eh-vararg-1.C  -O2 -flto -fno-use-linker-plugin -flto-partition=none  execution test
FAIL: g++.dg/torture/stackalign/eh-vararg-1.C  -O2 -flto -fno-use-linker-plugin -flto-partition=none -fpic execution test
FAIL: g++.dg/torture/stackalign/eh-vararg-1.C  -O2 -flto -fuse-linker-plugin -fno-fat-lto-objects  execution test
FAIL: g++.dg/torture/stackalign/eh-vararg-1.C  -O2 -flto -fuse-linker-plugin -fno-fat-lto-objects -fpic execution test
FAIL: g++.dg/torture/stackalign/eh-vararg-2.C  -O0  execution test
FAIL: g++.dg/torture/stackalign/eh-vararg-2.C  -O0 -fpic execution test
FAIL: g++.dg/torture/stackalign/eh-vararg-2.C  -O1  execution test
FAIL: g++.dg/torture/stackalign/eh-vararg-2.C  -O1 -fpic execution test
FAIL: g++.dg/torture/stackalign/eh-vararg-2.C  -O2  execution test
FAIL: g++.dg/torture/stackalign/eh-vararg-2.C  -O2 -fpic execution test
FAIL: g++.dg/torture/stackalign/eh-vararg-2.C  -O3 -fomit-frame-pointer  execution test
FAIL: g++.dg/torture/stackalign/eh-vararg-2.C  -O3 -fomit-frame-pointer -fpic execution test
FAIL: g++.dg/torture/stackalign/eh-vararg-2.C  -O3 -g  execution test
FAIL: g++.dg/torture/stackalign/eh-vararg-2.C  -O3 -g -fpic execution test
FAIL: g++.dg/torture/stackalign/eh-vararg-2.C  -Os  execution test
FAIL: g++.dg/torture/stackalign/eh-vararg-2.C  -Os -fpic execution test
FAIL: g++.dg/torture/stackalign/eh-vararg-2.C  -O2 -flto -fno-use-linker-plugin -flto-partition=none  execution test
FAIL: g++.dg/torture/stackalign/eh-vararg-2.C  -O2 -flto -fno-use-linker-plugin -flto-partition=none -fpic execution test
FAIL: g++.dg/torture/stackalign/eh-vararg-2.C  -O2 -flto -fuse-linker-plugin -fno-fat-lto-objects  execution test
FAIL: g++.dg/torture/stackalign/eh-vararg-2.C  -O2 -flto -fuse-linker-plugin -fno-fat-lto-objects -fpic execution test
FAIL: g++.dg/torture/stackalign/throw-1.C  -O0  execution test
FAIL: g++.dg/torture/stackalign/throw-1.C  -O0 -fpic execution test
FAIL: g++.dg/torture/stackalign/throw-1.C  -O1  execution test
FAIL: g++.dg/torture/stackalign/throw-1.C  -O1 -fpic execution test
FAIL: g++.dg/torture/stackalign/throw-1.C  -O2  execution test
FAIL: g++.dg/torture/stackalign/throw-1.C  -O2 -fpic execution test
FAIL: g++.dg/torture/stackalign/throw-1.C  -O3 -fomit-frame-pointer  execution test
FAIL: g++.dg/torture/stackalign/throw-1.C  -O3 -fomit-frame-pointer -fpic execution test
FAIL: g++.dg/torture/stackalign/throw-1.C  -O3 -fomit-frame-pointer -funroll-loops  execution test
FAIL: g++.dg/torture/stackalign/throw-1.C  -O3 -fomit-frame-pointer -funroll-loops -fpic execution test
FAIL: g++.dg/torture/stackalign/throw-1.C  -O3 -fomit-frame-pointer -funroll-all-loops -finline-functions  execution test
FAIL: g++.dg/torture/stackalign/throw-1.C  -O3 -fomit-frame-pointer -funroll-all-loops -finline-functions -fpic execution test
FAIL: g++.dg/torture/stackalign/throw-1.C  -O3 -g  execution test
FAIL: g++.dg/torture/stackalign/throw-1.C  -O3 -g -fpic execution test
FAIL: g++.dg/torture/stackalign/throw-1.C  -Os  execution test
FAIL: g++.dg/torture/stackalign/throw-1.C  -Os -fpic execution test
FAIL: g++.dg/torture/stackalign/throw-1.C  -O2 -flto -fno-use-linker-plugin -flto-partition=none  execution test
FAIL: g++.dg/torture/stackalign/throw-1.C  -O2 -flto -fno-use-linker-plugin -flto-partition=none -fpic execution test
FAIL: g++.dg/torture/stackalign/throw-1.C  -O2 -flto -fuse-linker-plugin -fno-fat-lto-objects  execution test
FAIL: g++.dg/torture/stackalign/throw-1.C  -O2 -flto -fuse-linker-plugin -fno-fat-lto-objects -fpic execution test
FAIL: g++.dg/torture/stackalign/throw-2.C  -O0  execution test
FAIL: g++.dg/torture/stackalign/throw-2.C  -O0 -fpic execution test
FAIL: g++.dg/torture/stackalign/throw-2.C  -O1  execution test
FAIL: g++.dg/torture/stackalign/throw-2.C  -O1 -fpic execution test
FAIL: g++.dg/torture/stackalign/throw-2.C  -O2  execution test
FAIL: g++.dg/torture/stackalign/throw-2.C  -O2 -fpic execution test
FAIL: g++.dg/torture/stackalign/throw-2.C  -O3 -fomit-frame-pointer  execution test
FAIL: g++.dg/torture/stackalign/throw-2.C  -O3 -fomit-frame-pointer -fpic execution test
FAIL: g++.dg/torture/stackalign/throw-2.C  -O3 -fomit-frame-pointer -funroll-loops  execution test
FAIL: g++.dg/torture/stackalign/throw-2.C  -O3 -fomit-frame-pointer -funroll-loops -fpic execution test
FAIL: g++.dg/torture/stackalign/throw-2.C  -O3 -fomit-frame-pointer -funroll-all-loops -finline-functions  execution test
FAIL: g++.dg/torture/stackalign/throw-2.C  -O3 -fomit-frame-pointer -funroll-all-loops -finline-functions -fpic execution test
FAIL: g++.dg/torture/stackalign/throw-2.C  -O3 -g  execution test
FAIL: g++.dg/torture/stackalign/throw-2.C  -O3 -g -fpic execution test
FAIL: g++.dg/torture/stackalign/throw-2.C  -Os  execution test
FAIL: g++.dg/torture/stackalign/throw-2.C  -Os -fpic execution test
FAIL: g++.dg/torture/stackalign/throw-2.C  -O2 -flto -fno-use-linker-plugin -flto-partition=none  execution test
FAIL: g++.dg/torture/stackalign/throw-2.C  -O2 -flto -fno-use-linker-plugin -flto-partition=none -fpic execution test
FAIL: g++.dg/torture/stackalign/throw-2.C  -O2 -flto -fuse-linker-plugin -fno-fat-lto-objects  execution test
FAIL: g++.dg/torture/stackalign/throw-2.C  -O2 -flto -fuse-linker-plugin -fno-fat-lto-objects -fpic execution test
FAIL: g++.dg/torture/stackalign/throw-3.C  -O0  execution test
FAIL: g++.dg/torture/stackalign/throw-3.C  -O0 -fpic execution test
FAIL: g++.dg/torture/stackalign/throw-3.C  -O1  execution test
FAIL: g++.dg/torture/stackalign/throw-3.C  -O1 -fpic execution test
FAIL: g++.dg/torture/stackalign/throw-3.C  -O2  execution test
FAIL: g++.dg/torture/stackalign/throw-3.C  -O2 -fpic execution test
FAIL: g++.dg/torture/stackalign/throw-3.C  -O3 -fomit-frame-pointer  execution test
FAIL: g++.dg/torture/stackalign/throw-3.C  -O3 -fomit-frame-pointer -fpic execution test
FAIL: g++.dg/torture/stackalign/throw-3.C  -O3 -fomit-frame-pointer -funroll-loops  execution test
FAIL: g++.dg/torture/stackalign/throw-3.C  -O3 -fomit-frame-pointer -funroll-loops -fpic execution test
FAIL: g++.dg/torture/stackalign/throw-3.C  -O3 -fomit-frame-pointer -funroll-all-loops -finline-functions  execution test
FAIL: g++.dg/torture/stackalign/throw-3.C  -O3 -fomit-frame-pointer -funroll-all-loops -finline-functions -fpic execution test
FAIL: g++.dg/torture/stackalign/throw-3.C  -O3 -g  execution test
FAIL: g++.dg/torture/stackalign/throw-3.C  -O3 -g -fpic execution test
FAIL: g++.dg/torture/stackalign/throw-3.C  -Os  execution test
FAIL: g++.dg/torture/stackalign/throw-3.C  -Os -fpic execution test
FAIL: g++.dg/torture/stackalign/throw-3.C  -O2 -flto -fno-use-linker-plugin -flto-partition=none  execution test
FAIL: g++.dg/torture/stackalign/throw-3.C  -O2 -flto -fno-use-linker-plugin -flto-partition=none -fpic execution test
FAIL: g++.dg/torture/stackalign/throw-3.C  -O2 -flto -fuse-linker-plugin -fno-fat-lto-objects  execution test
FAIL: g++.dg/torture/stackalign/throw-3.C  -O2 -flto -fuse-linker-plugin -fno-fat-lto-objects -fpic execution test
FAIL: g++.old-deja/g++.abi/cxa_vec.C -std=gnu++98 execution test
FAIL: g++.old-deja/g++.abi/cxa_vec.C -std=gnu++11 execution test
FAIL: g++.old-deja/g++.brendan/eh1.C -std=gnu++98 execution test
FAIL: g++.old-deja/g++.brendan/eh1.C -std=gnu++11 execution test
FAIL: g++.old-deja/g++.eh/badalloc1.C -std=c++98 execution test
FAIL: g++.old-deja/g++.eh/badalloc1.C -std=c++11 execution test
FAIL: g++.old-deja/g++.eh/catch11.C -std=c++98 execution test
FAIL: g++.old-deja/g++.eh/catch11.C -std=c++11 execution test
FAIL: g++.old-deja/g++.eh/catch12.C -std=c++98 execution test
FAIL: g++.old-deja/g++.eh/catch12.C -std=c++11 execution test
FAIL: g++.old-deja/g++.eh/catch3.C -std=gnu++98 execution test
FAIL: g++.old-deja/g++.eh/catch3.C -std=gnu++11 execution test
FAIL: g++.old-deja/g++.eh/catch3p.C -std=gnu++98 execution test
FAIL: g++.old-deja/g++.eh/catch3p.C -std=gnu++11 execution test
FAIL: g++.old-deja/g++.eh/catch4.C -std=gnu++98 execution test
FAIL: g++.old-deja/g++.eh/catch4.C -std=gnu++11 execution test
FAIL: g++.old-deja/g++.eh/catch4p.C -std=gnu++98 execution test
FAIL: g++.old-deja/g++.eh/catch4p.C -std=gnu++11 execution test
FAIL: g++.old-deja/g++.eh/catch5.C -std=gnu++98 execution test
FAIL: g++.old-deja/g++.eh/catch5.C -std=gnu++11 execution test
FAIL: g++.old-deja/g++.eh/catch5p.C -std=gnu++98 execution test
FAIL: g++.old-deja/g++.eh/catch5p.C -std=gnu++11 execution test
FAIL: g++.old-deja/g++.eh/catch6.C -std=gnu++98 execution test
FAIL: g++.old-deja/g++.eh/catch6.C -std=gnu++11 execution test
FAIL: g++.old-deja/g++.eh/catch6p.C -std=gnu++98 execution test
FAIL: g++.old-deja/g++.eh/catch6p.C -std=gnu++11 execution test
FAIL: g++.old-deja/g++.eh/catch7.C -std=gnu++98 execution test
FAIL: g++.old-deja/g++.eh/catch7.C -std=gnu++11 execution test
FAIL: g++.old-deja/g++.eh/catch7p.C -std=gnu++98 execution test
FAIL: g++.old-deja/g++.eh/catch7p.C -std=gnu++11 execution test
FAIL: g++.old-deja/g++.eh/catch8.C -std=gnu++98 execution test
FAIL: g++.old-deja/g++.eh/catch8.C -std=gnu++11 execution test
FAIL: g++.old-deja/g++.eh/catch8p.C -std=gnu++98 execution test
FAIL: g++.old-deja/g++.eh/catch8p.C -std=gnu++11 execution test
FAIL: g++.old-deja/g++.eh/catch9.C -std=gnu++98 execution test
FAIL: g++.old-deja/g++.eh/catch9.C -std=gnu++11 execution test
FAIL: g++.old-deja/g++.eh/catch9p.C -std=gnu++98 execution test
FAIL: g++.old-deja/g++.eh/catch9p.C -std=gnu++11 execution test
FAIL: g++.old-deja/g++.eh/catchptr1.C -std=c++98 execution test
FAIL: g++.old-deja/g++.eh/catchptr1.C -std=c++11 execution test
FAIL: g++.old-deja/g++.eh/cleanup1.C -std=c++98 execution test
FAIL: g++.old-deja/g++.eh/cleanup1.C -std=c++11 execution test
FAIL: g++.old-deja/g++.eh/cleanup2.C -std=c++98 execution test
FAIL: g++.old-deja/g++.eh/cleanup2.C -std=c++11 execution test
FAIL: g++.old-deja/g++.eh/flow1.C -std=c++98 execution test
FAIL: g++.old-deja/g++.eh/flow1.C -std=c++11 execution test
FAIL: g++.old-deja/g++.eh/fntry1.C -std=c++98 execution test
FAIL: g++.old-deja/g++.eh/fntry1.C -std=c++11 execution test
FAIL: g++.old-deja/g++.eh/ia64-1.C -std=gnu++98 execution test
FAIL: g++.old-deja/g++.eh/ia64-1.C -std=gnu++11 execution test
FAIL: g++.old-deja/g++.eh/inline2.C -std=gnu++98 execution test
FAIL: g++.old-deja/g++.eh/inline2.C -std=gnu++11 execution test
FAIL: g++.old-deja/g++.eh/new1.C -std=gnu++98 execution test
FAIL: g++.old-deja/g++.eh/new1.C -std=gnu++11 execution test
FAIL: g++.old-deja/g++.eh/new2.C -std=gnu++98 execution test
FAIL: g++.old-deja/g++.eh/new2.C -std=gnu++11 execution test
FAIL: g++.old-deja/g++.eh/pdel1.C -std=c++98 execution test
FAIL: g++.old-deja/g++.eh/pdel1.C -std=c++11 execution test
FAIL: g++.old-deja/g++.eh/pdel2.C -std=c++98 execution test
FAIL: g++.old-deja/g++.eh/pdel2.C -std=c++11 execution test
FAIL: g++.old-deja/g++.eh/ptr1.C -std=c++98 execution test
FAIL: g++.old-deja/g++.eh/ptr1.C -std=c++11 execution test
FAIL: g++.old-deja/g++.eh/ptrmem1.C -std=c++98 execution test
FAIL: g++.old-deja/g++.eh/ptrmem1.C -std=c++11 execution test
FAIL: g++.old-deja/g++.eh/rethrow1.C -std=c++98 execution test
FAIL: g++.old-deja/g++.eh/rethrow1.C -std=c++11 execution test
FAIL: g++.old-deja/g++.eh/rethrow2.C -std=c++98 execution test
FAIL: g++.old-deja/g++.eh/rethrow2.C -std=c++11 execution test
FAIL: g++.old-deja/g++.eh/rethrow3.C -std=c++98 execution test
FAIL: g++.old-deja/g++.eh/rethrow3.C -std=c++11 execution test
FAIL: g++.old-deja/g++.eh/rethrow4.C -std=c++98 execution test
FAIL: g++.old-deja/g++.eh/rethrow4.C -std=c++11 execution test
FAIL: g++.old-deja/g++.eh/rethrow5.C -std=c++98 execution test
FAIL: g++.old-deja/g++.eh/rethrow5.C -std=c++11 execution test
FAIL: g++.old-deja/g++.eh/rethrow6.C -std=c++98 execution test
FAIL: g++.old-deja/g++.eh/rethrow6.C -std=c++11 execution test
FAIL: g++.old-deja/g++.eh/spec1.C -std=c++98 execution test
FAIL: g++.old-deja/g++.eh/spec1.C -std=c++11 execution test
FAIL: g++.old-deja/g++.eh/spec2.C -std=c++98 execution test
FAIL: g++.old-deja/g++.eh/spec2.C -std=c++11 execution test
FAIL: g++.old-deja/g++.eh/spec3.C -std=c++98 execution test
FAIL: g++.old-deja/g++.eh/spec3.C -std=c++11 execution test
FAIL: g++.old-deja/g++.eh/spec4.C -std=c++98 execution test
FAIL: g++.old-deja/g++.eh/spec4.C -std=c++11 execution test
FAIL: g++.old-deja/g++.eh/terminate1.C -std=c++98 execution test
FAIL: g++.old-deja/g++.eh/terminate1.C -std=c++11 execution test
FAIL: g++.old-deja/g++.eh/terminate2.C -std=c++98 execution test
FAIL: g++.old-deja/g++.eh/terminate2.C -std=c++11 execution test
FAIL: g++.old-deja/g++.eh/tmpl1.C -std=c++98 execution test
FAIL: g++.old-deja/g++.eh/tmpl1.C -std=c++11 execution test
FAIL: g++.old-deja/g++.eh/unwind1.C -std=c++98 execution test
FAIL: g++.old-deja/g++.eh/unwind1.C -std=c++11 execution test
FAIL: g++.old-deja/g++.eh/vbase1.C -std=c++98 execution test
FAIL: g++.old-deja/g++.eh/vbase1.C -std=c++11 execution test
FAIL: g++.old-deja/g++.eh/vbase2.C -std=c++98 execution test
FAIL: g++.old-deja/g++.eh/vbase2.C -std=c++11 execution test
FAIL: g++.old-deja/g++.eh/vbase4.C -std=c++98 execution test
FAIL: g++.old-deja/g++.eh/vbase4.C -std=c++11 execution test
FAIL: g++.old-deja/g++.jason/thunk3.C -std=c++98 (test for excess errors)
UNRESOLVED: g++.old-deja/g++.jason/thunk3.C -std=c++98 compilation failed to produce executable
FAIL: g++.old-deja/g++.jason/thunk3.C -std=c++11 (test for excess errors)
UNRESOLVED: g++.old-deja/g++.jason/thunk3.C -std=c++11 compilation failed to produce executable
FAIL: g++.old-deja/g++.martin/new1.C -std=c++98 execution test
FAIL: g++.old-deja/g++.martin/new1.C -std=c++11 execution test
FAIL: g++.old-deja/g++.mike/dyncast1.C -std=gnu++98 execution test
FAIL: g++.old-deja/g++.mike/dyncast1.C -std=gnu++11 execution test
FAIL: g++.old-deja/g++.mike/dyncast2.C -std=gnu++98 execution test
FAIL: g++.old-deja/g++.mike/dyncast2.C -std=gnu++11 execution test
FAIL: g++.old-deja/g++.mike/eh10.C -std=gnu++98 execution test
FAIL: g++.old-deja/g++.mike/eh10.C -std=gnu++11 execution test
FAIL: g++.old-deja/g++.mike/eh12.C -std=gnu++98 execution test
FAIL: g++.old-deja/g++.mike/eh12.C -std=gnu++11 execution test
FAIL: g++.old-deja/g++.mike/eh14.C -std=gnu++98 execution test
FAIL: g++.old-deja/g++.mike/eh14.C -std=gnu++11 execution test
FAIL: g++.old-deja/g++.mike/eh16.C -std=gnu++98 execution test
FAIL: g++.old-deja/g++.mike/eh16.C -std=gnu++11 execution test
FAIL: g++.old-deja/g++.mike/eh17.C -std=gnu++98 execution test
FAIL: g++.old-deja/g++.mike/eh17.C -std=gnu++11 execution test
FAIL: g++.old-deja/g++.mike/eh18.C -std=gnu++98 execution test
FAIL: g++.old-deja/g++.mike/eh18.C -std=gnu++11 execution test
FAIL: g++.old-deja/g++.mike/eh2.C -std=gnu++98 execution test
FAIL: g++.old-deja/g++.mike/eh2.C -std=gnu++11 execution test
FAIL: g++.old-deja/g++.mike/eh21.C -std=gnu++98 execution test
FAIL: g++.old-deja/g++.mike/eh21.C -std=gnu++11 execution test
FAIL: g++.old-deja/g++.mike/eh23.C -std=gnu++98 execution test
FAIL: g++.old-deja/g++.mike/eh23.C -std=gnu++11 execution test
FAIL: g++.old-deja/g++.mike/eh24.C -std=gnu++98 execution test
FAIL: g++.old-deja/g++.mike/eh24.C -std=gnu++11 execution test
FAIL: g++.old-deja/g++.mike/eh25.C -std=gnu++98 execution test
FAIL: g++.old-deja/g++.mike/eh25.C -std=gnu++11 execution test
FAIL: g++.old-deja/g++.mike/eh26.C -std=gnu++98 execution test
FAIL: g++.old-deja/g++.mike/eh26.C -std=gnu++11 execution test
FAIL: g++.old-deja/g++.mike/eh27.C -std=gnu++98 execution test
FAIL: g++.old-deja/g++.mike/eh27.C -std=gnu++11 execution test
FAIL: g++.old-deja/g++.mike/eh28.C -std=gnu++98 execution test
FAIL: g++.old-deja/g++.mike/eh28.C -std=gnu++11 execution test
FAIL: g++.old-deja/g++.mike/eh29.C -std=gnu++98 execution test
FAIL: g++.old-deja/g++.mike/eh29.C -std=gnu++11 execution test
FAIL: g++.old-deja/g++.mike/eh3.C -std=gnu++98 execution test
FAIL: g++.old-deja/g++.mike/eh3.C -std=gnu++11 execution test
FAIL: g++.old-deja/g++.mike/eh31.C -std=gnu++98 execution test
FAIL: g++.old-deja/g++.mike/eh31.C -std=gnu++11 execution test
FAIL: g++.old-deja/g++.mike/eh33.C -std=gnu++98 execution test
FAIL: g++.old-deja/g++.mike/eh33.C -std=gnu++11 execution test
FAIL: g++.old-deja/g++.mike/eh34.C -std=c++98 execution test
FAIL: g++.old-deja/g++.mike/eh34.C -std=c++11 execution test
FAIL: g++.old-deja/g++.mike/eh35.C -std=gnu++98 execution test
FAIL: g++.old-deja/g++.mike/eh35.C -std=gnu++11 execution test
FAIL: g++.old-deja/g++.mike/eh36.C -std=gnu++98 execution test
FAIL: g++.old-deja/g++.mike/eh36.C -std=gnu++11 execution test
FAIL: g++.old-deja/g++.mike/eh37.C -std=gnu++98 execution test
FAIL: g++.old-deja/g++.mike/eh37.C -std=gnu++11 execution test
FAIL: g++.old-deja/g++.mike/eh38.C -std=gnu++98 execution test
FAIL: g++.old-deja/g++.mike/eh38.C -std=gnu++11 execution test
FAIL: g++.old-deja/g++.mike/eh39.C -std=gnu++98 execution test
FAIL: g++.old-deja/g++.mike/eh39.C -std=gnu++11 execution test
FAIL: g++.old-deja/g++.mike/eh40.C -std=gnu++98 execution test
FAIL: g++.old-deja/g++.mike/eh40.C -std=gnu++11 execution test
FAIL: g++.old-deja/g++.mike/eh41.C -std=gnu++98 execution test
FAIL: g++.old-deja/g++.mike/eh41.C -std=gnu++11 execution test
FAIL: g++.old-deja/g++.mike/eh42.C -std=gnu++98 execution test
FAIL: g++.old-deja/g++.mike/eh42.C -std=gnu++11 execution test
FAIL: g++.old-deja/g++.mike/eh44.C -std=gnu++98 execution test
FAIL: g++.old-deja/g++.mike/eh44.C -std=gnu++11 execution test
FAIL: g++.old-deja/g++.mike/eh47.C -std=gnu++98 execution test
FAIL: g++.old-deja/g++.mike/eh47.C -std=gnu++11 execution test
FAIL: g++.old-deja/g++.mike/eh48.C -std=gnu++98 execution test
FAIL: g++.old-deja/g++.mike/eh48.C -std=gnu++11 execution test
FAIL: g++.old-deja/g++.mike/eh49.C -std=gnu++98 execution test
FAIL: g++.old-deja/g++.mike/eh49.C -std=gnu++11 execution test
FAIL: g++.old-deja/g++.mike/eh5.C -std=gnu++98 execution test
FAIL: g++.old-deja/g++.mike/eh5.C -std=gnu++11 execution test
FAIL: g++.old-deja/g++.mike/eh50.C -std=gnu++98 execution test
FAIL: g++.old-deja/g++.mike/eh50.C -std=gnu++11 execution test
FAIL: g++.old-deja/g++.mike/eh51.C -std=gnu++98 execution test
FAIL: g++.old-deja/g++.mike/eh51.C -std=gnu++11 execution test
FAIL: g++.old-deja/g++.mike/eh55.C -std=gnu++98 execution test
FAIL: g++.old-deja/g++.mike/eh55.C -std=gnu++11 execution test
FAIL: g++.old-deja/g++.mike/eh6.C -std=gnu++98 execution test
FAIL: g++.old-deja/g++.mike/eh6.C -std=gnu++11 execution test
FAIL: g++.old-deja/g++.mike/eh8.C -std=gnu++98 execution test
FAIL: g++.old-deja/g++.mike/eh8.C -std=gnu++11 execution test
FAIL: g++.old-deja/g++.mike/p7912.C -std=gnu++98 execution test
FAIL: g++.old-deja/g++.mike/p7912.C -std=gnu++11 execution test
FAIL: g++.old-deja/g++.mike/p9706.C -std=gnu++98 execution test
FAIL: g++.old-deja/g++.mike/p9706.C -std=gnu++11 execution test
FAIL: g++.old-deja/g++.oliva/delete3.C -std=c++98 execution test
FAIL: g++.old-deja/g++.oliva/delete3.C -std=c++11 execution test
FAIL: g++.old-deja/g++.oliva/new1.C -std=c++98 execution test
FAIL: g++.old-deja/g++.oliva/new1.C -std=c++11 execution test
FAIL: g++.old-deja/g++.other/array1.C -std=c++98 execution test
FAIL: g++.old-deja/g++.other/array1.C -std=c++11 execution test
FAIL: g++.old-deja/g++.other/eh3.C -std=gnu++98 execution test
FAIL: g++.old-deja/g++.other/eh3.C -std=gnu++11 execution test
FAIL: g++.old-deja/g++.other/init7.C -std=c++98 execution test
FAIL: g++.old-deja/g++.other/init7.C -std=c++11 execution test
FAIL: g++.old-deja/g++.other/new7.C -std=c++98 execution test
FAIL: g++.old-deja/g++.other/new7.C -std=c++11 execution test
FAIL: g++.old-deja/g++.other/singleton.C -std=c++98 execution test
FAIL: g++.old-deja/g++.other/singleton.C -std=c++11 execution test
FAIL: g++.old-deja/g++.other/vbase2.C -std=c++98 execution test
FAIL: g++.old-deja/g++.other/vbase2.C -std=c++11 execution test
FAIL: g++.old-deja/g++.pt/fntry1.C -std=c++98 execution test
FAIL: g++.old-deja/g++.pt/fntry1.C -std=c++11 execution test
FAIL: g++.old-deja/g++.robertl/eb31.C -std=c++98 execution test
FAIL: g++.old-deja/g++.robertl/eb31.C -std=c++11 execution test
FAIL: g++.old-deja/g++.robertl/eb50.C -std=c++98 execution test
FAIL: g++.old-deja/g++.robertl/eb50.C -std=c++11 execution test
FAIL: g++.old-deja/g++.robertl/eb66.C -std=c++98 execution test
FAIL: g++.old-deja/g++.robertl/eb66.C -std=c++11 execution test
FAIL: g++.old-deja/g++.robertl/eb88.C -std=gnu++98 execution test
FAIL: g++.old-deja/g++.robertl/eb88.C -std=gnu++11 execution test
FAIL: g++.old-deja/g++.robertl/eh990323-1.C -std=c++98 execution test
FAIL: g++.old-deja/g++.robertl/eh990323-1.C -std=c++11 execution test
FAIL: g++.old-deja/g++.robertl/eh990323-2.C -std=c++98 execution test
FAIL: g++.old-deja/g++.robertl/eh990323-2.C -std=c++11 execution test
FAIL: g++.old-deja/g++.robertl/eh990323-3.C -std=c++98 execution test
FAIL: g++.old-deja/g++.robertl/eh990323-3.C -std=c++11 execution test
FAIL: g++.old-deja/g++.robertl/eh990323-4.C -std=c++98 execution test
FAIL: g++.old-deja/g++.robertl/eh990323-4.C -std=c++11 execution test
FAIL: g++.old-deja/g++.robertl/eh990323-5.C -std=c++98 execution test
FAIL: g++.old-deja/g++.robertl/eh990323-5.C -std=c++11 execution test
FAIL: g++.old-deja/g++.robertl/ice990323-2.C -std=c++98 execution test
FAIL: g++.old-deja/g++.robertl/ice990323-2.C -std=c++11 execution test

		=== g++ Summary ===

# of expected passes		50161
# of unexpected failures	574
# of expected failures		287
# of unresolved testcases	20
# of unsupported tests		1202
/home/green/tool-ci/build/gcc/gcc/testsuite/g++/../../xg++  version 4.9.0 20130814 (experimental) (GCC) 


Compiler version: 4.9.0 20130814 (experimental) (GCC) 
Platform: moxie-unknown-elf
configure flags:Test Run By green on Wed Aug 14 02:33:17 2013

Index Nav: [Date Index] [Subject Index] [Author Index] [Thread Index]
Message Nav: [Date Prev] [Date Next] [Thread Prev] [Thread Next]