This is the mail archive of the gcc-testresults@gcc.gnu.org mailing list for the GCC project.
Index Nav: | [Date Index] [Subject Index] [Author Index] [Thread Index] | |
---|---|---|
Message Nav: | [Date Prev] [Date Next] | [Thread Prev] [Thread Next] |
Other format: | [Raw text] |
LAST_UPDATED: Obtained from SVN: branches/gcc-4_8-branch revision 201611 Native configuration is m68k-unknown-linux-gnu === g++ tests === Running target unix FAIL: g++.dg/cdce3.C -std=gnu++98 scan-tree-dump cdce "cdce3.C:107: note: function call is shrink-wrapped into error conditions." FAIL: g++.dg/cdce3.C -std=gnu++11 scan-tree-dump cdce "cdce3.C:107: note: function call is shrink-wrapped into error conditions." FAIL: g++.dg/cpp0x/gen-attrs-52.C -std=c++11 (test for excess errors) FAIL: c-c++-common/gomp/atomic-10.c -std=gnu++98 scan-tree-dump-times ompexp "__atomic_fetch_add" 4 FAIL: c-c++-common/gomp/atomic-10.c -std=gnu++11 scan-tree-dump-times ompexp "__atomic_fetch_add" 4 FAIL: c-c++-common/gomp/atomic-3.c -std=gnu++98 scan-tree-dump-times ompexp "xyzzy, 4" 1 FAIL: c-c++-common/gomp/atomic-3.c -std=gnu++11 scan-tree-dump-times ompexp "xyzzy, 4" 1 FAIL: c-c++-common/gomp/atomic-9.c -std=gnu++98 scan-tree-dump-times ompexp "__atomic_fetch_add" 1 FAIL: c-c++-common/gomp/atomic-9.c -std=gnu++11 scan-tree-dump-times ompexp "__atomic_fetch_add" 1 FAIL: c-c++-common/torture/vector-compare-1.c -O1 execution test === g++ Summary === # of expected passes 48465 # of unexpected failures 10 # of expected failures 288 # of unsupported tests 944 /mnt/scratch/objdir48/gcc/testsuite/g++/../../xg++ version 4.8.2 20130808 (prerelease) (GCC) === gcc tests === Running target unix WARNING: program timed out. FAIL: gcc.c-torture/compile/limits-externalid.c -O3 -g (test for excess errors) FAIL: gcc.c-torture/compile/limits-structnest.c -O2 (test for excess errors) FAIL: gcc.c-torture/compile/limits-structnest.c -O3 -fomit-frame-pointer (test for excess errors) FAIL: gcc.c-torture/compile/limits-structnest.c -O3 -g (test for excess errors) FAIL: gcc.c-torture/compile/limits-structnest.c -Os (test for excess errors) WARNING: program timed out. FAIL: gcc.c-torture/compile/pr37669-2.c -O1 (test for excess errors) WARNING: program timed out. FAIL: gcc.c-torture/compile/pr37669-2.c -O2 (test for excess errors) WARNING: program timed out. FAIL: gcc.c-torture/compile/pr37669-2.c -O3 -fomit-frame-pointer (test for excess errors) WARNING: program timed out. FAIL: gcc.c-torture/compile/pr37669-2.c -O3 -g (test for excess errors) WARNING: program timed out. FAIL: gcc.c-torture/compile/pr37669-2.c -Os (test for excess errors) FAIL: gcc.c-torture/execute/ieee/copysign1.c execution, -O0 FAIL: gcc.c-torture/execute/ieee/copysign1.c execution, -O1 FAIL: gcc.c-torture/execute/ieee/copysign1.c execution, -O2 FAIL: gcc.c-torture/execute/ieee/copysign1.c execution, -O3 -fomit-frame-pointer FAIL: gcc.c-torture/execute/ieee/copysign1.c execution, -O3 -fomit-frame-pointer -funroll-loops FAIL: gcc.c-torture/execute/ieee/copysign1.c execution, -O3 -fomit-frame-pointer -funroll-all-loops -finline-functions FAIL: gcc.c-torture/execute/ieee/copysign1.c execution, -O3 -g FAIL: gcc.c-torture/execute/ieee/copysign1.c execution, -Os FAIL: gcc.c-torture/execute/ieee/copysign1.c execution, -Og -g FAIL: gcc.c-torture/execute/ieee/copysign2.c execution, -O0 FAIL: gcc.c-torture/execute/ieee/copysign2.c execution, -O1 FAIL: gcc.c-torture/execute/ieee/copysign2.c execution, -O2 FAIL: gcc.c-torture/execute/ieee/copysign2.c execution, -O3 -fomit-frame-pointer FAIL: gcc.c-torture/execute/ieee/copysign2.c execution, -O3 -fomit-frame-pointer -funroll-loops FAIL: gcc.c-torture/execute/ieee/copysign2.c execution, -O3 -fomit-frame-pointer -funroll-all-loops -finline-functions FAIL: gcc.c-torture/execute/ieee/copysign2.c execution, -O3 -g FAIL: gcc.c-torture/execute/ieee/copysign2.c execution, -Os FAIL: gcc.c-torture/execute/ieee/copysign2.c execution, -Og -g WARNING: program timed out. FAIL: gcc.dg/20020425-1.c (test for excess errors) FAIL: gcc.dg/pr46647.c scan-tree-dump-not optimized "memset" FAIL: gcc.dg/pr52139.c (internal compiler error) FAIL: gcc.dg/pr52139.c (test for excess errors) UNRESOLVED: gcc.dg/superblock.c scan-rtl-dump-times sched2 "ADVANCING TO" 2 FAIL: c-c++-common/gomp/atomic-10.c scan-tree-dump-times ompexp "__atomic_fetch_add" 4 FAIL: c-c++-common/gomp/atomic-3.c scan-tree-dump-times ompexp "xyzzy, 4" 1 FAIL: c-c++-common/gomp/atomic-9.c scan-tree-dump-times ompexp "__atomic_fetch_add" 1 FAIL: c-c++-common/torture/vector-compare-1.c -O1 execution test FAIL: gcc.dg/tree-prof/stringop-2.c scan-tree-dump optimized "a\\\\[0\\\\] = 168430090" FAIL: gcc.dg/tree-ssa/ssa-dom-thread-4.c scan-tree-dump-times dom1 "Threaded" 3 FAIL: gcc.dg/tree-ssa/vrp47.c scan-tree-dump-times vrp1 "[xy][^ ]* !=" 0 FAIL: gcc.dg/tree-ssa/vrp47.c scan-tree-dump-times dom2 "x[^ ]* & y" 1 FAIL: gcc.dg/tree-ssa/vrp47.c scan-tree-dump-times vrp1 "x[^ ]* [|] y" 1 FAIL: gcc.target/m68k/20090709-1.c scan-assembler-times .LC0 3 FAIL: gcc.target/m68k/pr36134.c scan-assembler-not add FAIL: gcc.target/m68k/tls-gd.c scan-assembler foo@TLSGD\\\\(%a5\\\\) FAIL: gcc.target/m68k/tls-ie-xgot.c scan-assembler #foo@TLSIE,%[ad][0-7] FAIL: gcc.target/m68k/tls-ld-xgot.c scan-assembler lea \\\\(foo@TLSLDO,%a0\\\\) FAIL: gcc.target/m68k/tls-ld-xtls.c scan-assembler foo@TLSLDM\\\\(%a5\\\\) FAIL: gcc.target/m68k/tls-ld.c scan-assembler foo@TLSLDM\\\\(%a5\\\\) FAIL: gcc.target/m68k/tls-ld.c scan-assembler lea \\\\(foo@TLSLDO,%a0\\\\) FAIL: gcc.target/m68k/tls-le.c scan-assembler lea \\\\(foo@TLSLE,%a0\\\\) === gcc Summary === # of expected passes 67745 # of unexpected failures 50 # of expected failures 115 # of unresolved testcases 1 # of unsupported tests 1089 /mnt/scratch/objdir48/gcc/xgcc version 4.8.2 20130808 (prerelease) (GCC) === libatomic tests === Running target unix === libatomic Summary === # of expected passes 4 # of unsupported tests 25 === libgomp tests === Running target unix WARNING: program timed out. FAIL: libgomp.c/appendix-a/a.18.1.c execution test === libgomp Summary === # of expected passes 1296 # of unexpected failures 1 # of unsupported tests 8 === libstdc++ tests === Running target unix === libstdc++ Summary === # of expected passes 8981 # of expected failures 45 # of unsupported tests 245 Compiler version: 4.8.2 20130808 (prerelease) (GCC) Platform: m68k-unknown-linux-gnu configure flags: --prefix=/mnt/scratch/install48 --enable-bootstrap --enable-shared --enable-threads=posix --enable-checking=release --with-system-zlib --enable-__cxa_atexit --disable-libunwind-exceptions --enable-languages=c,c++ --disable-dssi --with-java-home=/usr/lib/jvm/java-1.5.0-gcj-1.5.0.0/jre --enable-libgcj-multifile --disable-java-maintainer-mode --with-ecj-jar=/usr/share/java/eclipse-ecj.jar --disable-libjava-multilib --disable-sjlj-exceptions --disable-libmudflap --disable-plugin --disable-lto --disable-multilib BOOT_CFLAGS=-g -O2
Index Nav: | [Date Index] [Subject Index] [Author Index] [Thread Index] | |
---|---|---|
Message Nav: | [Date Prev] [Date Next] | [Thread Prev] [Thread Next] |