This is the mail archive of the gcc-testresults@gcc.gnu.org mailing list for the GCC project.


Index Nav: [Date Index] [Subject Index] [Author Index] [Thread Index]
Message Nav: [Date Prev] [Date Next] [Thread Prev] [Thread Next]
Other format: [Raw text]

Results for 4.9.0 20130810 (experimental) (GCC) testsuite on nds32le-unknown-elf v2


LAST_UPDATED: Sat Aug 10 20:52:06 UTC 2013 (revision 201648)

Target is nds32le-unknown-elf
Host   is i686-pc-linux-gnu

		=== g++ tests ===


Running target nds32-sim
FAIL: c-c++-common/cilk-plus/AN/gather_scatter.c  -fcilkplus (test for excess errors)
UNRESOLVED: c-c++-common/cilk-plus/AN/gather_scatter.c  -fcilkplus compilation failed to produce executable
FAIL: c-c++-common/cilk-plus/AN/gather_scatter.c  -O0 -fcilkplus (test for excess errors)
UNRESOLVED: c-c++-common/cilk-plus/AN/gather_scatter.c  -O0 -fcilkplus compilation failed to produce executable
FAIL: c-c++-common/cilk-plus/AN/gather_scatter.c  -O1 -fcilkplus (test for excess errors)
UNRESOLVED: c-c++-common/cilk-plus/AN/gather_scatter.c  -O1 -fcilkplus compilation failed to produce executable
FAIL: c-c++-common/cilk-plus/AN/gather_scatter.c  -O2 -ftree-vectorize -fcilkplus (test for excess errors)
UNRESOLVED: c-c++-common/cilk-plus/AN/gather_scatter.c  -O2 -ftree-vectorize -fcilkplus compilation failed to produce executable
FAIL: c-c++-common/cilk-plus/AN/gather_scatter.c  -O3 -fcilkplus (test for excess errors)
UNRESOLVED: c-c++-common/cilk-plus/AN/gather_scatter.c  -O3 -fcilkplus compilation failed to produce executable
FAIL: c-c++-common/cilk-plus/AN/gather_scatter.c  -g -fcilkplus (test for excess errors)
UNRESOLVED: c-c++-common/cilk-plus/AN/gather_scatter.c  -g -fcilkplus compilation failed to produce executable
FAIL: c-c++-common/cilk-plus/AN/gather_scatter.c  -g -O0 -fcilkplus (test for excess errors)
UNRESOLVED: c-c++-common/cilk-plus/AN/gather_scatter.c  -g -O0 -fcilkplus compilation failed to produce executable
FAIL: c-c++-common/cilk-plus/AN/gather_scatter.c  -g -O1 -fcilkplus (test for excess errors)
UNRESOLVED: c-c++-common/cilk-plus/AN/gather_scatter.c  -g -O1 -fcilkplus compilation failed to produce executable
FAIL: c-c++-common/cilk-plus/AN/gather_scatter.c  -g -O2 -ftree-vectorize -fcilkplus (test for excess errors)
UNRESOLVED: c-c++-common/cilk-plus/AN/gather_scatter.c  -g -O2 -ftree-vectorize -fcilkplus compilation failed to produce executable
FAIL: c-c++-common/cilk-plus/AN/gather_scatter.c  -g -O3 -fcilkplus (test for excess errors)
UNRESOLVED: c-c++-common/cilk-plus/AN/gather_scatter.c  -g -O3 -fcilkplus compilation failed to produce executable
FAIL: c-c++-common/cilk-plus/AN/gather_scatter.c  -O3 -ftree-vectorize -fcilkplus -g (test for excess errors)
UNRESOLVED: c-c++-common/cilk-plus/AN/gather_scatter.c  -O3 -ftree-vectorize -fcilkplus -g compilation failed to produce executable
FAIL: g++.dg/init/array15.C -std=c++98 (test for excess errors)
UNRESOLVED: g++.dg/init/array15.C -std=c++98 compilation failed to produce executable
FAIL: g++.dg/init/array15.C -std=c++11 (test for excess errors)
UNRESOLVED: g++.dg/init/array15.C -std=c++11 compilation failed to produce executable
FAIL: g++.dg/init/array16.C -std=gnu++98 (test for excess errors)
UNRESOLVED: g++.dg/init/array16.C -std=gnu++98 compilation failed to produce executable
FAIL: g++.dg/init/array16.C -std=gnu++11 (test for excess errors)
UNRESOLVED: g++.dg/init/array16.C -std=gnu++11 compilation failed to produce executable
FAIL: g++.dg/torture/pr48661.C  -O2 -flto -flto-partition=none  (internal compiler error)
FAIL: g++.dg/torture/pr48661.C  -O2 -flto -flto-partition=none  (test for excess errors)
FAIL: g++.dg/torture/pr48661.C  -O2 -flto  (internal compiler error)
FAIL: g++.dg/torture/pr48661.C  -O2 -flto  (test for excess errors)

		=== g++ Summary ===

# of expected passes		50335
# of unexpected failures	19
# of expected failures		287
# of unresolved testcases	15
# of unsupported tests		1198
/playground/shiva/build-system-3-native/build/build-nds32le-elf-newlib-v2/build-gcc-final/gcc/testsuite/g++/../../xg++  version 4.9.0 20130810 (experimental) (2013-08-12 nds32le-elf-newlib-v2)

		=== gcc tests ===


Running target nds32-sim
FAIL: c-c++-common/cilk-plus/AN/gather_scatter.c  -fcilkplus (test for excess errors)
UNRESOLVED: c-c++-common/cilk-plus/AN/gather_scatter.c  -fcilkplus compilation failed to produce executable
FAIL: c-c++-common/cilk-plus/AN/gather_scatter.c  -O0 -fcilkplus (test for excess errors)
UNRESOLVED: c-c++-common/cilk-plus/AN/gather_scatter.c  -O0 -fcilkplus compilation failed to produce executable
FAIL: c-c++-common/cilk-plus/AN/gather_scatter.c  -O1 -fcilkplus (test for excess errors)
UNRESOLVED: c-c++-common/cilk-plus/AN/gather_scatter.c  -O1 -fcilkplus compilation failed to produce executable
FAIL: c-c++-common/cilk-plus/AN/gather_scatter.c  -O2 -ftree-vectorize -fcilkplus (test for excess errors)
UNRESOLVED: c-c++-common/cilk-plus/AN/gather_scatter.c  -O2 -ftree-vectorize -fcilkplus compilation failed to produce executable
FAIL: c-c++-common/cilk-plus/AN/gather_scatter.c  -O3 -fcilkplus (test for excess errors)
UNRESOLVED: c-c++-common/cilk-plus/AN/gather_scatter.c  -O3 -fcilkplus compilation failed to produce executable
FAIL: c-c++-common/cilk-plus/AN/gather_scatter.c  -g -fcilkplus (test for excess errors)
UNRESOLVED: c-c++-common/cilk-plus/AN/gather_scatter.c  -g -fcilkplus compilation failed to produce executable
FAIL: c-c++-common/cilk-plus/AN/gather_scatter.c  -g -O0 -fcilkplus (test for excess errors)
UNRESOLVED: c-c++-common/cilk-plus/AN/gather_scatter.c  -g -O0 -fcilkplus compilation failed to produce executable
FAIL: c-c++-common/cilk-plus/AN/gather_scatter.c  -g -O1 -fcilkplus (test for excess errors)
UNRESOLVED: c-c++-common/cilk-plus/AN/gather_scatter.c  -g -O1 -fcilkplus compilation failed to produce executable
FAIL: c-c++-common/cilk-plus/AN/gather_scatter.c  -g -O2 -ftree-vectorize -fcilkplus (test for excess errors)
UNRESOLVED: c-c++-common/cilk-plus/AN/gather_scatter.c  -g -O2 -ftree-vectorize -fcilkplus compilation failed to produce executable
FAIL: c-c++-common/cilk-plus/AN/gather_scatter.c  -g -O3 -fcilkplus (test for excess errors)
UNRESOLVED: c-c++-common/cilk-plus/AN/gather_scatter.c  -g -O3 -fcilkplus compilation failed to produce executable
FAIL: c-c++-common/cilk-plus/AN/gather_scatter.c  -O3 -ftree-vectorize -fcilkplus -g (test for excess errors)
UNRESOLVED: c-c++-common/cilk-plus/AN/gather_scatter.c  -O3 -ftree-vectorize -fcilkplus -g compilation failed to produce executable
FAIL: c-c++-common/cilk-plus/AN/gather_scatter.c  -fcilkplus -std=c99 (test for excess errors)
UNRESOLVED: c-c++-common/cilk-plus/AN/gather_scatter.c  -fcilkplus -std=c99 compilation failed to produce executable
FAIL: c-c++-common/cilk-plus/AN/gather_scatter.c  -fcilkplus -O0 -std=c99 (test for excess errors)
UNRESOLVED: c-c++-common/cilk-plus/AN/gather_scatter.c  -fcilkplus -O0 -std=c99 compilation failed to produce executable
FAIL: c-c++-common/cilk-plus/AN/gather_scatter.c  -fcilkplus -O1 -std=c99 (test for excess errors)
UNRESOLVED: c-c++-common/cilk-plus/AN/gather_scatter.c  -fcilkplus -O1 -std=c99 compilation failed to produce executable
FAIL: c-c++-common/cilk-plus/AN/gather_scatter.c  -fcilkplus -O2 -ftree-vectorize -std=c99 (test for excess errors)
UNRESOLVED: c-c++-common/cilk-plus/AN/gather_scatter.c  -fcilkplus -O2 -ftree-vectorize -std=c99 compilation failed to produce executable
FAIL: c-c++-common/cilk-plus/AN/gather_scatter.c  -fcilkplus -O3 -std=c99 (test for excess errors)
UNRESOLVED: c-c++-common/cilk-plus/AN/gather_scatter.c  -fcilkplus -O3 -std=c99 compilation failed to produce executable
FAIL: c-c++-common/cilk-plus/AN/gather_scatter.c  -fcilkplus -g -std=c99 (test for excess errors)
UNRESOLVED: c-c++-common/cilk-plus/AN/gather_scatter.c  -fcilkplus -g -std=c99 compilation failed to produce executable
FAIL: c-c++-common/cilk-plus/AN/gather_scatter.c  -fcilkplus -g -O0 -std=c99 (test for excess errors)
UNRESOLVED: c-c++-common/cilk-plus/AN/gather_scatter.c  -fcilkplus -g -O0 -std=c99 compilation failed to produce executable
FAIL: c-c++-common/cilk-plus/AN/gather_scatter.c  -fcilkplus -g -O1 -std=c99 (test for excess errors)
UNRESOLVED: c-c++-common/cilk-plus/AN/gather_scatter.c  -fcilkplus -g -O1 -std=c99 compilation failed to produce executable
FAIL: c-c++-common/cilk-plus/AN/gather_scatter.c  -fcilkplus -g -O2 -ftree-vectorize -std=c99 (test for excess errors)
UNRESOLVED: c-c++-common/cilk-plus/AN/gather_scatter.c  -fcilkplus -g -O2 -ftree-vectorize -std=c99 compilation failed to produce executable
FAIL: c-c++-common/cilk-plus/AN/gather_scatter.c  -fcilkplus -g -O3 -std=c99 (test for excess errors)
UNRESOLVED: c-c++-common/cilk-plus/AN/gather_scatter.c  -fcilkplus -g -O3 -std=c99 compilation failed to produce executable
FAIL: c-c++-common/cilk-plus/AN/gather_scatter.c  -O3 -ftree-vectorize -std=c99 -g -fcilkplus (test for excess errors)
UNRESOLVED: c-c++-common/cilk-plus/AN/gather_scatter.c  -O3 -ftree-vectorize -std=c99 -g -fcilkplus compilation failed to produce executable
FAIL: gcc.dg/cpp/_Pragma3.c (test for excess errors)
FAIL: gcc.dg/large-size-array-6.c (internal compiler error)
FAIL: gcc.dg/large-size-array-6.c  (test for errors, line 6)
FAIL: gcc.dg/large-size-array-6.c (test for excess errors)
FAIL: gcc.dg/graphite/interchange-0.c (test for excess errors)
UNRESOLVED: gcc.dg/graphite/interchange-0.c compilation failed to produce executable
FAIL: gcc.dg/graphite/interchange-1.c (test for excess errors)
UNRESOLVED: gcc.dg/graphite/interchange-1.c compilation failed to produce executable
FAIL: gcc.dg/graphite/interchange-10.c (test for excess errors)
UNRESOLVED: gcc.dg/graphite/interchange-10.c compilation failed to produce executable
FAIL: gcc.dg/graphite/interchange-11.c (test for excess errors)
UNRESOLVED: gcc.dg/graphite/interchange-11.c compilation failed to produce executable
FAIL: gcc.dg/graphite/interchange-15.c (test for excess errors)
UNRESOLVED: gcc.dg/graphite/interchange-15.c compilation failed to produce executable
FAIL: gcc.dg/graphite/interchange-2.c (test for excess errors)
UNRESOLVED: gcc.dg/graphite/interchange-2.c compilation failed to produce executable
FAIL: gcc.dg/graphite/interchange-3.c (test for excess errors)
UNRESOLVED: gcc.dg/graphite/interchange-3.c compilation failed to produce executable
FAIL: gcc.dg/graphite/interchange-4.c (test for excess errors)
UNRESOLVED: gcc.dg/graphite/interchange-4.c compilation failed to produce executable
FAIL: gcc.dg/graphite/interchange-mvt.c (test for excess errors)
UNRESOLVED: gcc.dg/graphite/interchange-mvt.c compilation failed to produce executable
FAIL: gcc.dg/graphite/pr46185.c (test for excess errors)
UNRESOLVED: gcc.dg/graphite/pr46185.c compilation failed to produce executable
FAIL: gcc.dg/torture/pr8081.c  -O2 -flto -flto-partition=none  (internal compiler error)
FAIL: gcc.dg/torture/pr8081.c  -O2 -flto -flto-partition=none  (test for excess errors)
FAIL: gcc.dg/torture/pr8081.c  -O2 -flto  (internal compiler error)
FAIL: gcc.dg/torture/pr8081.c  -O2 -flto  (test for excess errors)
FAIL: gcc.dg/tree-ssa/attr-alias.c scan-tree-dump-times optimized "  test4 " 1

		=== gcc Summary ===

# of expected passes		81604
# of unexpected failures	41
# of expected failures		102
# of unresolved testcases	32
# of unsupported tests		1447
/playground/shiva/build-system-3-native/build/build-nds32le-elf-newlib-v2/build-gcc-final/gcc/xgcc  version 4.9.0 20130810 (experimental) (2013-08-12 nds32le-elf-newlib-v2)

Platform: i686-pc-linux-gnu
configure flags: --target=nds32le-elf --with-arch=v2 --with-nds32-lib=newlib --prefix=/playground/shiva/build-system-3-native/toolchain/nds32le-elf-newlib-v2 --with-pkgversion=2013-08-12 nds32le-elf-newlib-v2 --disable-nls --disable-shared --enable-werror-always --enable-languages=c,c++ --enable-threads=single --enable-lto --with-newlib --with-headers=/playground/shiva/build-system-3-native/toolchain/nds32le-elf-newlib-v2/nds32le-elf/include --with-gmp=/playground/shiva/build-system-3-native/host-tools --with-mpfr=/playground/shiva/build-system-3-native/host-tools --with-mpc=/playground/shiva/build-system-3-native/host-tools --with-isl=/playground/shiva/build-system-3-native/host-tools --with-cloog=/playground/shiva/build-system-3-native/host-tools


Index Nav: [Date Index] [Subject Index] [Author Index] [Thread Index]
Message Nav: [Date Prev] [Date Next] [Thread Prev] [Thread Next]