This is the mail archive of the gcc-testresults@gcc.gnu.org mailing list for the GCC project.


Index Nav: [Date Index] [Subject Index] [Author Index] [Thread Index]
Message Nav: [Date Prev] [Date Next] [Thread Prev] [Thread Next]
Other format: [Raw text]

Results for 4.9.0 20130810 (experimental) (GCC) testsuite on armv7l-unknown-linux-gnueabihf


Native configuration is armv7l-unknown-linux-gnueabihf

		=== libatomic tests ===


Running target unix

		=== libatomic Summary ===

# of expected passes		44
# of unsupported tests		5
		=== libgomp tests ===


Running target unix
FAIL: libgomp.graphite/bounds.c scan-tree-dump-times graphite "0 loops carried no dependency" 1
FAIL: libgomp.graphite/force-parallel-4.c execution test
FAIL: libgomp.graphite/force-parallel-4.c scan-tree-dump-times graphite "2 loops carried no dependency" 1
FAIL: libgomp.graphite/force-parallel-6.c scan-tree-dump-times graphite "1 loops carried no dependency" 1
FAIL: libgomp.graphite/pr41118.c scan-tree-dump-times optimized "loopfn" 0

		=== libgomp Summary ===

# of expected passes		501
# of unexpected failures	5
# of unsupported tests		1
		=== libitm tests ===


Running target unix
FAIL: libitm.c/simple-2.c execution test

		=== libitm Summary ===

# of expected passes		25
# of unexpected failures	1
# of expected failures		3
# of unsupported tests		1
		=== libmudflap tests ===


Running target unix
FAIL: libmudflap.c++/pass41-frag.cxx (-static) execution test
FAIL: libmudflap.c++/pass41-frag.cxx ( -O) execution test
FAIL: libmudflap.c++/pass41-frag.cxx (-O2) execution test
FAIL: libmudflap.c++/pass41-frag.cxx (-O3) execution test

		=== libmudflap Summary ===

# of expected passes		1902
# of unexpected failures	4
		=== libstdc++ tests ===


Running target unix

		=== libstdc++ Summary ===

# of expected passes		8603
# of expected failures		43
# of unsupported tests		547
		=== gcc tests ===


Running target unix
FAIL: gcc.dg/builtin-apply2.c execution test
FAIL: gcc.dg/pr49994-2.c (internal compiler error)
FAIL: gcc.dg/pr49994-2.c (test for excess errors)
FAIL: gcc.dg/tls/pr42894.c (test for excess errors)
FAIL: gcc.dg/torture/arm-fp16-ops-5.c  -O0  (test for excess errors)
UNRESOLVED: gcc.dg/torture/arm-fp16-ops-5.c  -O0   scan-assembler-not \\tbl\\t__.*hf2
UNRESOLVED: gcc.dg/torture/arm-fp16-ops-5.c  -O0   scan-assembler-not \\tbl\\t__.*hf3
UNRESOLVED: gcc.dg/torture/arm-fp16-ops-5.c  -O0   scan-assembler-not \\tbl\\t__gnu_h[a-z]*_ieee
UNRESOLVED: gcc.dg/torture/arm-fp16-ops-5.c  -O0   scan-assembler-not \\tbl\\t__gnu_h2f_ieee
UNRESOLVED: gcc.dg/torture/arm-fp16-ops-5.c  -O0   scan-assembler-not \\tbl\\t__gnu_f2h_ieee
FAIL: gcc.dg/torture/arm-fp16-ops-5.c  -O1  (test for excess errors)
UNRESOLVED: gcc.dg/torture/arm-fp16-ops-5.c  -O1   scan-assembler-not \\tbl\\t__.*hf2
UNRESOLVED: gcc.dg/torture/arm-fp16-ops-5.c  -O1   scan-assembler-not \\tbl\\t__.*hf3
UNRESOLVED: gcc.dg/torture/arm-fp16-ops-5.c  -O1   scan-assembler-not \\tbl\\t__gnu_h[a-z]*_ieee
UNRESOLVED: gcc.dg/torture/arm-fp16-ops-5.c  -O1   scan-assembler-not \\tbl\\t__gnu_h2f_ieee
UNRESOLVED: gcc.dg/torture/arm-fp16-ops-5.c  -O1   scan-assembler-not \\tbl\\t__gnu_f2h_ieee
FAIL: gcc.dg/torture/arm-fp16-ops-5.c  -O2  (test for excess errors)
UNRESOLVED: gcc.dg/torture/arm-fp16-ops-5.c  -O2   scan-assembler-not \\tbl\\t__.*hf2
UNRESOLVED: gcc.dg/torture/arm-fp16-ops-5.c  -O2   scan-assembler-not \\tbl\\t__.*hf3
UNRESOLVED: gcc.dg/torture/arm-fp16-ops-5.c  -O2   scan-assembler-not \\tbl\\t__gnu_h[a-z]*_ieee
UNRESOLVED: gcc.dg/torture/arm-fp16-ops-5.c  -O2   scan-assembler-not \\tbl\\t__gnu_h2f_ieee
UNRESOLVED: gcc.dg/torture/arm-fp16-ops-5.c  -O2   scan-assembler-not \\tbl\\t__gnu_f2h_ieee
FAIL: gcc.dg/torture/arm-fp16-ops-5.c  -O3 -fomit-frame-pointer  (test for excess errors)
UNRESOLVED: gcc.dg/torture/arm-fp16-ops-5.c  -O3 -fomit-frame-pointer   scan-assembler-not \\tbl\\t__.*hf2
UNRESOLVED: gcc.dg/torture/arm-fp16-ops-5.c  -O3 -fomit-frame-pointer   scan-assembler-not \\tbl\\t__.*hf3
UNRESOLVED: gcc.dg/torture/arm-fp16-ops-5.c  -O3 -fomit-frame-pointer   scan-assembler-not \\tbl\\t__gnu_h[a-z]*_ieee
UNRESOLVED: gcc.dg/torture/arm-fp16-ops-5.c  -O3 -fomit-frame-pointer   scan-assembler-not \\tbl\\t__gnu_h2f_ieee
UNRESOLVED: gcc.dg/torture/arm-fp16-ops-5.c  -O3 -fomit-frame-pointer   scan-assembler-not \\tbl\\t__gnu_f2h_ieee
FAIL: gcc.dg/torture/arm-fp16-ops-5.c  -O3 -g  (test for excess errors)
UNRESOLVED: gcc.dg/torture/arm-fp16-ops-5.c  -O3 -g   scan-assembler-not \\tbl\\t__.*hf2
UNRESOLVED: gcc.dg/torture/arm-fp16-ops-5.c  -O3 -g   scan-assembler-not \\tbl\\t__.*hf3
UNRESOLVED: gcc.dg/torture/arm-fp16-ops-5.c  -O3 -g   scan-assembler-not \\tbl\\t__gnu_h[a-z]*_ieee
UNRESOLVED: gcc.dg/torture/arm-fp16-ops-5.c  -O3 -g   scan-assembler-not \\tbl\\t__gnu_h2f_ieee
UNRESOLVED: gcc.dg/torture/arm-fp16-ops-5.c  -O3 -g   scan-assembler-not \\tbl\\t__gnu_f2h_ieee
FAIL: gcc.dg/torture/arm-fp16-ops-5.c  -Os  (test for excess errors)
UNRESOLVED: gcc.dg/torture/arm-fp16-ops-5.c  -Os   scan-assembler-not \\tbl\\t__.*hf2
UNRESOLVED: gcc.dg/torture/arm-fp16-ops-5.c  -Os   scan-assembler-not \\tbl\\t__.*hf3
UNRESOLVED: gcc.dg/torture/arm-fp16-ops-5.c  -Os   scan-assembler-not \\tbl\\t__gnu_h[a-z]*_ieee
UNRESOLVED: gcc.dg/torture/arm-fp16-ops-5.c  -Os   scan-assembler-not \\tbl\\t__gnu_h2f_ieee
UNRESOLVED: gcc.dg/torture/arm-fp16-ops-5.c  -Os   scan-assembler-not \\tbl\\t__gnu_f2h_ieee
FAIL: gcc.dg/torture/arm-fp16-ops-5.c  -O2 -flto -fno-use-linker-plugin -flto-partition=none  (test for excess errors)
UNRESOLVED: gcc.dg/torture/arm-fp16-ops-5.c  -O2 -flto -fno-use-linker-plugin -flto-partition=none   scan-assembler-not \\tbl\\t__.*hf2
UNRESOLVED: gcc.dg/torture/arm-fp16-ops-5.c  -O2 -flto -fno-use-linker-plugin -flto-partition=none   scan-assembler-not \\tbl\\t__.*hf3
UNRESOLVED: gcc.dg/torture/arm-fp16-ops-5.c  -O2 -flto -fno-use-linker-plugin -flto-partition=none   scan-assembler-not \\tbl\\t__gnu_h[a-z]*_ieee
UNRESOLVED: gcc.dg/torture/arm-fp16-ops-5.c  -O2 -flto -fno-use-linker-plugin -flto-partition=none   scan-assembler-not \\tbl\\t__gnu_h2f_ieee
UNRESOLVED: gcc.dg/torture/arm-fp16-ops-5.c  -O2 -flto -fno-use-linker-plugin -flto-partition=none   scan-assembler-not \\tbl\\t__gnu_f2h_ieee
FAIL: gcc.dg/torture/arm-fp16-ops-5.c  -O2 -flto -fuse-linker-plugin -fno-fat-lto-objects  (test for excess errors)
UNRESOLVED: gcc.dg/torture/arm-fp16-ops-5.c  -O2 -flto -fuse-linker-plugin -fno-fat-lto-objects   scan-assembler-not \\tbl\\t__.*hf2
UNRESOLVED: gcc.dg/torture/arm-fp16-ops-5.c  -O2 -flto -fuse-linker-plugin -fno-fat-lto-objects   scan-assembler-not \\tbl\\t__.*hf3
UNRESOLVED: gcc.dg/torture/arm-fp16-ops-5.c  -O2 -flto -fuse-linker-plugin -fno-fat-lto-objects   scan-assembler-not \\tbl\\t__gnu_h[a-z]*_ieee
UNRESOLVED: gcc.dg/torture/arm-fp16-ops-5.c  -O2 -flto -fuse-linker-plugin -fno-fat-lto-objects   scan-assembler-not \\tbl\\t__gnu_h2f_ieee
UNRESOLVED: gcc.dg/torture/arm-fp16-ops-5.c  -O2 -flto -fuse-linker-plugin -fno-fat-lto-objects   scan-assembler-not \\tbl\\t__gnu_f2h_ieee
FAIL: gcc.dg/torture/arm-fp16-ops-6.c  -O0  (test for excess errors)
UNRESOLVED: gcc.dg/torture/arm-fp16-ops-6.c  -O0   scan-assembler-not \\tbl\\t__.*hf2
UNRESOLVED: gcc.dg/torture/arm-fp16-ops-6.c  -O0   scan-assembler-not \\tbl\\t__.*hf3
UNRESOLVED: gcc.dg/torture/arm-fp16-ops-6.c  -O0   scan-assembler-not \\tbl\\t__gnu_h[a-z]*_ieee
UNRESOLVED: gcc.dg/torture/arm-fp16-ops-6.c  -O0   scan-assembler-not \\tbl\\t__gnu_h2f_ieee
UNRESOLVED: gcc.dg/torture/arm-fp16-ops-6.c  -O0   scan-assembler-not \\tbl\\t__gnu_f2h_ieee
FAIL: gcc.dg/torture/arm-fp16-ops-6.c  -O1  (test for excess errors)
UNRESOLVED: gcc.dg/torture/arm-fp16-ops-6.c  -O1   scan-assembler-not \\tbl\\t__.*hf2
UNRESOLVED: gcc.dg/torture/arm-fp16-ops-6.c  -O1   scan-assembler-not \\tbl\\t__.*hf3
UNRESOLVED: gcc.dg/torture/arm-fp16-ops-6.c  -O1   scan-assembler-not \\tbl\\t__gnu_h[a-z]*_ieee
UNRESOLVED: gcc.dg/torture/arm-fp16-ops-6.c  -O1   scan-assembler-not \\tbl\\t__gnu_h2f_ieee
UNRESOLVED: gcc.dg/torture/arm-fp16-ops-6.c  -O1   scan-assembler-not \\tbl\\t__gnu_f2h_ieee
FAIL: gcc.dg/torture/arm-fp16-ops-6.c  -O2  (test for excess errors)
UNRESOLVED: gcc.dg/torture/arm-fp16-ops-6.c  -O2   scan-assembler-not \\tbl\\t__.*hf2
UNRESOLVED: gcc.dg/torture/arm-fp16-ops-6.c  -O2   scan-assembler-not \\tbl\\t__.*hf3
UNRESOLVED: gcc.dg/torture/arm-fp16-ops-6.c  -O2   scan-assembler-not \\tbl\\t__gnu_h[a-z]*_ieee
UNRESOLVED: gcc.dg/torture/arm-fp16-ops-6.c  -O2   scan-assembler-not \\tbl\\t__gnu_h2f_ieee
UNRESOLVED: gcc.dg/torture/arm-fp16-ops-6.c  -O2   scan-assembler-not \\tbl\\t__gnu_f2h_ieee
FAIL: gcc.dg/torture/arm-fp16-ops-6.c  -O3 -fomit-frame-pointer  (test for excess errors)
UNRESOLVED: gcc.dg/torture/arm-fp16-ops-6.c  -O3 -fomit-frame-pointer   scan-assembler-not \\tbl\\t__.*hf2
UNRESOLVED: gcc.dg/torture/arm-fp16-ops-6.c  -O3 -fomit-frame-pointer   scan-assembler-not \\tbl\\t__.*hf3
UNRESOLVED: gcc.dg/torture/arm-fp16-ops-6.c  -O3 -fomit-frame-pointer   scan-assembler-not \\tbl\\t__gnu_h[a-z]*_ieee
UNRESOLVED: gcc.dg/torture/arm-fp16-ops-6.c  -O3 -fomit-frame-pointer   scan-assembler-not \\tbl\\t__gnu_h2f_ieee
UNRESOLVED: gcc.dg/torture/arm-fp16-ops-6.c  -O3 -fomit-frame-pointer   scan-assembler-not \\tbl\\t__gnu_f2h_ieee
FAIL: gcc.dg/torture/arm-fp16-ops-6.c  -O3 -g  (test for excess errors)
UNRESOLVED: gcc.dg/torture/arm-fp16-ops-6.c  -O3 -g   scan-assembler-not \\tbl\\t__.*hf2
UNRESOLVED: gcc.dg/torture/arm-fp16-ops-6.c  -O3 -g   scan-assembler-not \\tbl\\t__.*hf3
UNRESOLVED: gcc.dg/torture/arm-fp16-ops-6.c  -O3 -g   scan-assembler-not \\tbl\\t__gnu_h[a-z]*_ieee
UNRESOLVED: gcc.dg/torture/arm-fp16-ops-6.c  -O3 -g   scan-assembler-not \\tbl\\t__gnu_h2f_ieee
UNRESOLVED: gcc.dg/torture/arm-fp16-ops-6.c  -O3 -g   scan-assembler-not \\tbl\\t__gnu_f2h_ieee
FAIL: gcc.dg/torture/arm-fp16-ops-6.c  -Os  (test for excess errors)
UNRESOLVED: gcc.dg/torture/arm-fp16-ops-6.c  -Os   scan-assembler-not \\tbl\\t__.*hf2
UNRESOLVED: gcc.dg/torture/arm-fp16-ops-6.c  -Os   scan-assembler-not \\tbl\\t__.*hf3
UNRESOLVED: gcc.dg/torture/arm-fp16-ops-6.c  -Os   scan-assembler-not \\tbl\\t__gnu_h[a-z]*_ieee
UNRESOLVED: gcc.dg/torture/arm-fp16-ops-6.c  -Os   scan-assembler-not \\tbl\\t__gnu_h2f_ieee
UNRESOLVED: gcc.dg/torture/arm-fp16-ops-6.c  -Os   scan-assembler-not \\tbl\\t__gnu_f2h_ieee
FAIL: gcc.dg/torture/arm-fp16-ops-6.c  -O2 -flto -fno-use-linker-plugin -flto-partition=none  (test for excess errors)
UNRESOLVED: gcc.dg/torture/arm-fp16-ops-6.c  -O2 -flto -fno-use-linker-plugin -flto-partition=none   scan-assembler-not \\tbl\\t__.*hf2
UNRESOLVED: gcc.dg/torture/arm-fp16-ops-6.c  -O2 -flto -fno-use-linker-plugin -flto-partition=none   scan-assembler-not \\tbl\\t__.*hf3
UNRESOLVED: gcc.dg/torture/arm-fp16-ops-6.c  -O2 -flto -fno-use-linker-plugin -flto-partition=none   scan-assembler-not \\tbl\\t__gnu_h[a-z]*_ieee
UNRESOLVED: gcc.dg/torture/arm-fp16-ops-6.c  -O2 -flto -fno-use-linker-plugin -flto-partition=none   scan-assembler-not \\tbl\\t__gnu_h2f_ieee
UNRESOLVED: gcc.dg/torture/arm-fp16-ops-6.c  -O2 -flto -fno-use-linker-plugin -flto-partition=none   scan-assembler-not \\tbl\\t__gnu_f2h_ieee
FAIL: gcc.dg/torture/arm-fp16-ops-6.c  -O2 -flto -fuse-linker-plugin -fno-fat-lto-objects  (test for excess errors)
UNRESOLVED: gcc.dg/torture/arm-fp16-ops-6.c  -O2 -flto -fuse-linker-plugin -fno-fat-lto-objects   scan-assembler-not \\tbl\\t__.*hf2
UNRESOLVED: gcc.dg/torture/arm-fp16-ops-6.c  -O2 -flto -fuse-linker-plugin -fno-fat-lto-objects   scan-assembler-not \\tbl\\t__.*hf3
UNRESOLVED: gcc.dg/torture/arm-fp16-ops-6.c  -O2 -flto -fuse-linker-plugin -fno-fat-lto-objects   scan-assembler-not \\tbl\\t__gnu_h[a-z]*_ieee
UNRESOLVED: gcc.dg/torture/arm-fp16-ops-6.c  -O2 -flto -fuse-linker-plugin -fno-fat-lto-objects   scan-assembler-not \\tbl\\t__gnu_h2f_ieee
UNRESOLVED: gcc.dg/torture/arm-fp16-ops-6.c  -O2 -flto -fuse-linker-plugin -fno-fat-lto-objects   scan-assembler-not \\tbl\\t__gnu_f2h_ieee
FAIL: gcc.dg/torture/pr8081.c  -O2 -flto -fno-use-linker-plugin -flto-partition=none  (internal compiler error)
FAIL: gcc.dg/torture/pr8081.c  -O2 -flto -fno-use-linker-plugin -flto-partition=none  (test for excess errors)
FAIL: gcc.dg/torture/pr8081.c  -O2 -flto -fuse-linker-plugin -fno-fat-lto-objects  (internal compiler error)
FAIL: gcc.dg/torture/pr8081.c  -O2 -flto -fuse-linker-plugin -fno-fat-lto-objects  (test for excess errors)
UNRESOLVED: gcc.dg/torture/pr8081.c  -O2 -flto -fuse-linker-plugin -fno-fat-lto-objects  compilation failed to produce executable
FAIL: gcc.dg/tree-ssa/attr-alias.c scan-tree-dump-times optimized "  test4 " 1
FAIL: gcc.dg/tree-ssa/sra-12.c scan-tree-dump-times release_ssa "l;" 0
FAIL: gcc.dg/vect/pr56787.c scan-tree-dump vect "vectorized 1 loops"
FAIL: gcc.dg/vect/pr56787.c -flto  scan-tree-dump vect "vectorized 1 loops"
FAIL: gcc.target/arm/pr42575.c scan-assembler-not mov
FAIL: gcc.target/arm/thumb-ltu.c (test for excess errors)
UNRESOLVED: gcc.target/arm/thumb-ltu.c scan-assembler-not uxtb
FAIL: gcc.target/arm/unsigned-extend-1.c scan-assembler-not uxtb
FAIL: gcc.target/arm/volatile-bitfields-1.c scan-assembler ldrb[\\\\t ]+[^\\n]*,[\\\\t ]*\\\\[[^\\n]*\\\\]

		=== gcc Summary ===

# of expected passes		94370
# of unexpected failures	32
# of expected failures		252
# of unresolved testcases	82
# of unsupported tests		1404
/opt/gcc-build/gcc/xgcc  version 4.9.0 20130810 (experimental) (GCC) 

		=== g++ tests ===


Running target unix
FAIL: g++.dg/ext/arm-fp16/arm-fp16-ops-5.C -std=gnu++98 (test for excess errors)
UNRESOLVED: g++.dg/ext/arm-fp16/arm-fp16-ops-5.C -std=gnu++98  scan-assembler-not \\tbl\\t__.*hf2
UNRESOLVED: g++.dg/ext/arm-fp16/arm-fp16-ops-5.C -std=gnu++98  scan-assembler-not \\tbl\\t__.*hf3
UNRESOLVED: g++.dg/ext/arm-fp16/arm-fp16-ops-5.C -std=gnu++98  scan-assembler-not \\tbl\\t__gnu_h[a-z]*_ieee
UNRESOLVED: g++.dg/ext/arm-fp16/arm-fp16-ops-5.C -std=gnu++98  scan-assembler-not \\tbl\\t__gnu_h2f_ieee
UNRESOLVED: g++.dg/ext/arm-fp16/arm-fp16-ops-5.C -std=gnu++98  scan-assembler-not \\tbl\\t__gnu_f2h_ieee
FAIL: g++.dg/ext/arm-fp16/arm-fp16-ops-5.C -std=gnu++11 (test for excess errors)
UNRESOLVED: g++.dg/ext/arm-fp16/arm-fp16-ops-5.C -std=gnu++11  scan-assembler-not \\tbl\\t__.*hf2
UNRESOLVED: g++.dg/ext/arm-fp16/arm-fp16-ops-5.C -std=gnu++11  scan-assembler-not \\tbl\\t__.*hf3
UNRESOLVED: g++.dg/ext/arm-fp16/arm-fp16-ops-5.C -std=gnu++11  scan-assembler-not \\tbl\\t__gnu_h[a-z]*_ieee
UNRESOLVED: g++.dg/ext/arm-fp16/arm-fp16-ops-5.C -std=gnu++11  scan-assembler-not \\tbl\\t__gnu_h2f_ieee
UNRESOLVED: g++.dg/ext/arm-fp16/arm-fp16-ops-5.C -std=gnu++11  scan-assembler-not \\tbl\\t__gnu_f2h_ieee
FAIL: g++.dg/ext/arm-fp16/arm-fp16-ops-6.C -std=gnu++98 (test for excess errors)
UNRESOLVED: g++.dg/ext/arm-fp16/arm-fp16-ops-6.C -std=gnu++98  scan-assembler-not \\tbl\\t__.*hf2
UNRESOLVED: g++.dg/ext/arm-fp16/arm-fp16-ops-6.C -std=gnu++98  scan-assembler-not \\tbl\\t__.*hf3
UNRESOLVED: g++.dg/ext/arm-fp16/arm-fp16-ops-6.C -std=gnu++98  scan-assembler-not \\tbl\\t__gnu_h[a-z]*_ieee
UNRESOLVED: g++.dg/ext/arm-fp16/arm-fp16-ops-6.C -std=gnu++98  scan-assembler-not \\tbl\\t__gnu_h2f_ieee
UNRESOLVED: g++.dg/ext/arm-fp16/arm-fp16-ops-6.C -std=gnu++98  scan-assembler-not \\tbl\\t__gnu_f2h_ieee
FAIL: g++.dg/ext/arm-fp16/arm-fp16-ops-6.C -std=gnu++11 (test for excess errors)
UNRESOLVED: g++.dg/ext/arm-fp16/arm-fp16-ops-6.C -std=gnu++11  scan-assembler-not \\tbl\\t__.*hf2
UNRESOLVED: g++.dg/ext/arm-fp16/arm-fp16-ops-6.C -std=gnu++11  scan-assembler-not \\tbl\\t__.*hf3
UNRESOLVED: g++.dg/ext/arm-fp16/arm-fp16-ops-6.C -std=gnu++11  scan-assembler-not \\tbl\\t__gnu_h[a-z]*_ieee
UNRESOLVED: g++.dg/ext/arm-fp16/arm-fp16-ops-6.C -std=gnu++11  scan-assembler-not \\tbl\\t__gnu_h2f_ieee
UNRESOLVED: g++.dg/ext/arm-fp16/arm-fp16-ops-6.C -std=gnu++11  scan-assembler-not \\tbl\\t__gnu_f2h_ieee
FAIL: g++.dg/torture/pr48661.C  -O2 -flto -fno-use-linker-plugin -flto-partition=none  (internal compiler error)
FAIL: g++.dg/torture/pr48661.C  -O2 -flto -fno-use-linker-plugin -flto-partition=none  (test for excess errors)
FAIL: g++.dg/torture/pr48661.C  -O2 -flto -fuse-linker-plugin -fno-fat-lto-objects  (internal compiler error)
FAIL: g++.dg/torture/pr48661.C  -O2 -flto -fuse-linker-plugin -fno-fat-lto-objects  (test for excess errors)
UNRESOLVED: g++.dg/torture/pr48661.C  -O2 -flto -fuse-linker-plugin -fno-fat-lto-objects  compilation failed to produce executable

		=== g++ Summary ===

# of expected passes		53364
# of unexpected failures	8
# of expected failures		294
# of unresolved testcases	21
# of unsupported tests		1089
/opt/gcc-build/gcc/testsuite/g++/../../xg++  version 4.9.0 20130810 (experimental) (GCC) 


Compiler version: 4.9.0 20130810 (experimental) (GCC) 
Platform: armv7l-unknown-linux-gnueabihf
configure flags: --enable-languages=c,c++ --with-cpu=cortex-a9 --with-fpu=vfpv3 --with-float=hard
Build Logs: http://rcn-ee.homeip.net:81/dl/gcc/archive/20130810-11:09-git136bc3b-trunk-imx6q-sabrelite-1gb-1/


Index Nav: [Date Index] [Subject Index] [Author Index] [Thread Index]
Message Nav: [Date Prev] [Date Next] [Thread Prev] [Thread Next]