This is the mail archive of the gcc-testresults@gcc.gnu.org mailing list for the GCC project.


Index Nav: [Date Index] [Subject Index] [Author Index] [Thread Index]
Message Nav: [Date Prev] [Date Next] [Thread Prev] [Thread Next]
Other format: [Raw text]

FW: Results for 4.9.0 20130808 (experimental) (GCC) testsuite on x86_64-unknown-linux-gnu




________________________________________
From: jenkins@blackduck.caveonetworks.com
Sent: Thursday, August 08, 2013 4:58:43 PM (UTC-08:00) Pacific Time (US & Canada)
To: apinski@cavium.com
Subject: Results for 4.9.0 20130808 (experimental) (GCC) testsuite on x86_64-unknown-linux-gnu

Native configuration is x86_64-unknown-linux-gnu

                === gcc tests ===


Running target unix//-m32
FAIL: gcc.dg/cproj-fails-with-broken-glibc.c execution test
FAIL: gcc.dg/lto/pr56297 c_lto_pr56297_0.o-c_lto_pr56297_1.o link,  -flto -fno-common  (internal compiler error)
UNRESOLVED: gcc.dg/lto/pr56297 c_lto_pr56297_0.o-c_lto_pr56297_1.o execute  -flto -fno-common
FAIL: gcc.dg/torture/pr8081.c  -O2 -flto -flto-partition=none  (internal compiler error)
FAIL: gcc.dg/torture/pr8081.c  -O2 -flto -flto-partition=none  (test for excess errors)
FAIL: gcc.dg/torture/pr8081.c  -O2 -flto  (internal compiler error)
FAIL: gcc.dg/torture/pr8081.c  -O2 -flto  (test for excess errors)
FAIL: gcc.dg/torture/tls/run-ld.c  -O1  -pie -fpie  execution test
FAIL: gcc.dg/torture/tls/run-ld.c  -O2  -pie -fpie  execution test
FAIL: gcc.dg/torture/tls/run-ld.c  -O3 -fomit-frame-pointer  -pie -fpie  execution test
FAIL: gcc.dg/torture/tls/run-ld.c  -O3 -g  -pie -fpie  execution test
FAIL: gcc.dg/torture/tls/run-ld.c  -Os  -pie -fpie  execution test
FAIL: gcc.dg/torture/tls/run-ld.c  -O1  -pie -fPIE  execution test
FAIL: gcc.dg/torture/tls/run-ld.c  -O2  -pie -fPIE  execution test
FAIL: gcc.dg/torture/tls/run-ld.c  -O3 -fomit-frame-pointer  -pie -fPIE  execution test
FAIL: gcc.dg/torture/tls/run-ld.c  -O3 -g  -pie -fPIE  execution test
FAIL: gcc.dg/torture/tls/run-ld.c  -Os  -pie -fPIE  execution test
FAIL: gcc.dg/tree-ssa/attr-alias.c scan-tree-dump-times optimized "  test4 " 1
FAIL: gcc.target/i386/pr55342.c scan-assembler-not notb

                === gcc Summary for unix//-m32 ===

# of expected passes            96499
# of unexpected failures        18
# of expected failures          249
# of unresolved testcases       1
# of unsupported tests          1354

Running target unix//-m64
FAIL: gcc.dg/cproj-fails-with-broken-glibc.c execution test
FAIL: gcc.dg/lto/pr56297 c_lto_pr56297_0.o-c_lto_pr56297_1.o link,  -flto -fno-common  (internal compiler error)
UNRESOLVED: gcc.dg/lto/pr56297 c_lto_pr56297_0.o-c_lto_pr56297_1.o execute  -flto -fno-common
FAIL: gcc.dg/torture/pr8081.c  -O2 -flto -flto-partition=none  (internal compiler error)
FAIL: gcc.dg/torture/pr8081.c  -O2 -flto -flto-partition=none  (test for excess errors)
FAIL: gcc.dg/torture/pr8081.c  -O2 -flto  (internal compiler error)
FAIL: gcc.dg/torture/pr8081.c  -O2 -flto  (test for excess errors)
FAIL: gcc.dg/tree-ssa/attr-alias.c scan-tree-dump-times optimized "  test4 " 1
FAIL: gcc.target/i386/pr56114.c (test for excess errors)

                === gcc Summary for unix//-m64 ===

# of expected passes            96915
# of unexpected failures        8
# of expected failures          251
# of unresolved testcases       1
# of unsupported tests          1653

                === gcc Summary ===

# of expected passes            193414
# of unexpected failures        26
# of expected failures          500
# of unresolved testcases       2
# of unsupported tests          3007
/var/lib/jenkins/workspace/GCCupstream/objdir/gcc/xgcc  version 4.9.0 20130808 (experimental) (GCC)

                === gfortran tests ===


Running target unix//-m32
FAIL: gfortran.dg/class_48.f90  -O2  (test for excess errors)
FAIL: gfortran.dg/class_48.f90  -Os  (test for excess errors)
FAIL: gfortran.dg/round_4.f90  -O0  execution test
FAIL: gfortran.dg/round_4.f90  -O1  execution test
FAIL: gfortran.dg/round_4.f90  -O2  execution test
FAIL: gfortran.dg/round_4.f90  -O3 -fomit-frame-pointer  execution test
FAIL: gfortran.dg/round_4.f90  -O3 -fomit-frame-pointer -funroll-loops  execution test
FAIL: gfortran.dg/round_4.f90  -O3 -fomit-frame-pointer -funroll-all-loops -finline-functions  execution test
FAIL: gfortran.dg/round_4.f90  -O3 -g  execution test
FAIL: gfortran.dg/round_4.f90  -Os  execution test
FAIL: gfortran.dg/lto/pr45586-2 f_lto_pr45586-2_0.o-f_lto_pr45586-2_0.o link, -O0 -flto -flto-partition=none  (internal compiler error)
UNRESOLVED: gfortran.dg/lto/pr45586-2 f_lto_pr45586-2_0.o-f_lto_pr45586-2_0.o execute -O0 -flto -flto-partition=none
FAIL: gfortran.dg/lto/pr45586-2 f_lto_pr45586-2_0.o-f_lto_pr45586-2_0.o link, -O0 -flto -flto-partition=1to1  (internal compiler error)
UNRESOLVED: gfortran.dg/lto/pr45586-2 f_lto_pr45586-2_0.o-f_lto_pr45586-2_0.o execute -O0 -flto -flto-partition=1to1
FAIL: gfortran.dg/lto/pr45586-2 f_lto_pr45586-2_0.o-f_lto_pr45586-2_0.o link, -O0 -flto  (internal compiler error)
UNRESOLVED: gfortran.dg/lto/pr45586-2 f_lto_pr45586-2_0.o-f_lto_pr45586-2_0.o execute -O0 -flto
FAIL: gfortran.dg/lto/pr45586 f_lto_pr45586_0.o-f_lto_pr45586_0.o link, -O0 -flto -flto-partition=none  (internal compiler error)
UNRESOLVED: gfortran.dg/lto/pr45586 f_lto_pr45586_0.o-f_lto_pr45586_0.o execute -O0 -flto -flto-partition=none
FAIL: gfortran.dg/lto/pr45586 f_lto_pr45586_0.o-f_lto_pr45586_0.o link, -O0 -flto -flto-partition=1to1  (internal compiler error)
UNRESOLVED: gfortran.dg/lto/pr45586 f_lto_pr45586_0.o-f_lto_pr45586_0.o execute -O0 -flto -flto-partition=1to1
FAIL: gfortran.dg/lto/pr45586 f_lto_pr45586_0.o-f_lto_pr45586_0.o link, -O0 -flto  (internal compiler error)
UNRESOLVED: gfortran.dg/lto/pr45586 f_lto_pr45586_0.o-f_lto_pr45586_0.o execute -O0 -flto

                === gfortran Summary for unix//-m32 ===

# of expected passes            44532
# of unexpected failures        16
# of expected failures          38
# of unresolved testcases       6
# of unsupported tests          217

Running target unix//-m64
FAIL: gfortran.dg/round_4.f90  -O0  execution test
FAIL: gfortran.dg/round_4.f90  -O1  execution test
FAIL: gfortran.dg/round_4.f90  -O2  execution test
FAIL: gfortran.dg/round_4.f90  -O3 -fomit-frame-pointer  execution test
FAIL: gfortran.dg/round_4.f90  -O3 -fomit-frame-pointer -funroll-loops  execution test
FAIL: gfortran.dg/round_4.f90  -O3 -fomit-frame-pointer -funroll-all-loops -finline-functions  execution test
FAIL: gfortran.dg/round_4.f90  -O3 -g  execution test
FAIL: gfortran.dg/round_4.f90  -Os  execution test
FAIL: gfortran.dg/lto/pr45586-2 f_lto_pr45586-2_0.o-f_lto_pr45586-2_0.o link, -O0 -flto -flto-partition=none  (internal compiler error)
UNRESOLVED: gfortran.dg/lto/pr45586-2 f_lto_pr45586-2_0.o-f_lto_pr45586-2_0.o execute -O0 -flto -flto-partition=none
FAIL: gfortran.dg/lto/pr45586-2 f_lto_pr45586-2_0.o-f_lto_pr45586-2_0.o link, -O0 -flto -flto-partition=1to1  (internal compiler error)
UNRESOLVED: gfortran.dg/lto/pr45586-2 f_lto_pr45586-2_0.o-f_lto_pr45586-2_0.o execute -O0 -flto -flto-partition=1to1
FAIL: gfortran.dg/lto/pr45586-2 f_lto_pr45586-2_0.o-f_lto_pr45586-2_0.o link, -O0 -flto  (internal compiler error)
UNRESOLVED: gfortran.dg/lto/pr45586-2 f_lto_pr45586-2_0.o-f_lto_pr45586-2_0.o execute -O0 -flto
FAIL: gfortran.dg/lto/pr45586 f_lto_pr45586_0.o-f_lto_pr45586_0.o link, -O0 -flto -flto-partition=none  (internal compiler error)
UNRESOLVED: gfortran.dg/lto/pr45586 f_lto_pr45586_0.o-f_lto_pr45586_0.o execute -O0 -flto -flto-partition=none
FAIL: gfortran.dg/lto/pr45586 f_lto_pr45586_0.o-f_lto_pr45586_0.o link, -O0 -flto -flto-partition=1to1  (internal compiler error)
UNRESOLVED: gfortran.dg/lto/pr45586 f_lto_pr45586_0.o-f_lto_pr45586_0.o execute -O0 -flto -flto-partition=1to1
FAIL: gfortran.dg/lto/pr45586 f_lto_pr45586_0.o-f_lto_pr45586_0.o link, -O0 -flto  (internal compiler error)
UNRESOLVED: gfortran.dg/lto/pr45586 f_lto_pr45586_0.o-f_lto_pr45586_0.o execute -O0 -flto

                === gfortran Summary for unix//-m64 ===

# of expected passes            44823
# of unexpected failures        14
# of expected failures          38
# of unresolved testcases       6
# of unsupported tests          77

                === gfortran Summary ===

# of expected passes            89355
# of unexpected failures        30
# of expected failures          76
# of unresolved testcases       12
# of unsupported tests          294
/var/lib/jenkins/workspace/GCCupstream/objdir/gcc/testsuite/gfortran/../../gfortran  version 4.9.0 20130808 (experimental) (GCC)

                === g++ tests ===


Running target unix//-m32
FAIL: g++.dg/ext/mv12.C -std=gnu++98 execution test
FAIL: g++.dg/ext/mv12.C -std=gnu++11 execution test
FAIL: g++.dg/ext/mv2.C -std=gnu++98 execution test
FAIL: g++.dg/ext/mv2.C -std=gnu++11 execution test
FAIL: g++.dg/ext/mv5.C -std=gnu++98 execution test
FAIL: g++.dg/ext/mv5.C -std=gnu++11 execution test
FAIL: g++.dg/other/anon5.C -std=gnu++98 (test for excess errors)
FAIL: g++.dg/other/anon5.C -std=gnu++11 (test for excess errors)
FAIL: g++.dg/torture/covariant-1.C  -O2 -flto -flto-partition=none  execution test
FAIL: g++.dg/torture/covariant-1.C  -O2 -flto  execution test

                === g++ Summary for unix//-m32 ===

# of expected passes            55679
# of unexpected failures        10
# of expected failures          293
# of unsupported tests          719

Running target unix//-m64
FAIL: g++.dg/ext/mv12.C -std=gnu++98 execution test
FAIL: g++.dg/ext/mv12.C -std=gnu++11 execution test
FAIL: g++.dg/ext/mv2.C -std=gnu++98 execution test
FAIL: g++.dg/ext/mv2.C -std=gnu++11 execution test
FAIL: g++.dg/ext/mv5.C -std=gnu++98 execution test
FAIL: g++.dg/ext/mv5.C -std=gnu++11 execution test
FAIL: g++.dg/other/anon5.C -std=gnu++98 (test for excess errors)
FAIL: g++.dg/other/anon5.C -std=gnu++11 (test for excess errors)

                === g++ Summary for unix//-m64 ===

# of expected passes            56428
# of unexpected failures        8
# of expected failures          293
# of unsupported tests          964

                === g++ Summary ===

# of expected passes            112107
# of unexpected failures        18
# of expected failures          586
# of unsupported tests          1683
/var/lib/jenkins/workspace/GCCupstream/objdir/gcc/testsuite/g++/../../xg++  version 4.9.0 20130808 (experimental) (GCC)

                === objc tests ===


Running target unix//-m32

                === objc Summary for unix//-m32 ===

# of expected passes            2988
# of expected failures          6
# of unsupported tests          74

Running target unix//-m64

                === objc Summary for unix//-m64 ===

# of expected passes            2988
# of expected failures          6
# of unsupported tests          74

                === objc Summary ===

# of expected passes            5976
# of expected failures          12
# of unsupported tests          148
/var/lib/jenkins/workspace/GCCupstream/objdir/gcc/xgcc  version 4.9.0 20130808 (experimental) (GCC)

                === boehm-gc tests ===


Running target unix//-m32

                === boehm-gc Summary for unix//-m32 ===

# of expected passes            12
# of unsupported tests          1

Running target unix//-m64

                === boehm-gc Summary for unix//-m64 ===

# of expected passes            12
# of unsupported tests          1

                === boehm-gc Summary ===

# of expected passes            24
# of unsupported tests          2
                === libatomic tests ===


Running target unix//-m32

                === libatomic Summary for unix//-m32 ===

# of expected passes            44
# of unsupported tests          5

Running target unix//-m64

                === libatomic Summary for unix//-m64 ===

# of expected passes            54

                === libatomic Summary ===

# of expected passes            98
# of unsupported tests          5
                === libffi tests ===


Running target unix//-m32

                === libffi Summary for unix//-m32 ===

# of expected passes            1819
# of unsupported tests          55

Running target unix//-m64

                === libffi Summary for unix//-m64 ===

# of expected passes            1819
# of unsupported tests          55

                === libffi Summary ===

# of expected passes            3638
# of unsupported tests          110
                === libgomp tests ===


Running target unix//-m32

                === libgomp Summary for unix//-m32 ===

# of expected passes            2149

Running target unix//-m64

                === libgomp Summary for unix//-m64 ===

# of expected passes            2149

                === libgomp Summary ===

# of expected passes            4298
                === libitm tests ===


Running target unix//-m32

                === libitm Summary for unix//-m32 ===

# of expected passes            26
# of expected failures          3
# of unsupported tests          1

Running target unix//-m64

                === libitm Summary for unix//-m64 ===

# of expected passes            26
# of expected failures          3
# of unsupported tests          1

                === libitm Summary ===

# of expected passes            52
# of expected failures          6
# of unsupported tests          2
                === libjava tests ===


Running target unix//-m32
FAIL: sourcelocation output - source compiled test
FAIL: sourcelocation -findirect-dispatch output - source compiled test
FAIL: sourcelocation -O3 output - source compiled test
FAIL: sourcelocation -O3 -findirect-dispatch output - source compiled test

                === libjava Summary for unix//-m32 ===

# of expected passes            2582
# of unexpected failures        4

Running target unix//-m64
FAIL: sourcelocation output - source compiled test
FAIL: sourcelocation -findirect-dispatch output - source compiled test
FAIL: sourcelocation -O3 output - source compiled test
FAIL: sourcelocation -O3 -findirect-dispatch output - source compiled test

                === libjava Summary for unix//-m64 ===

# of expected passes            2582
# of unexpected failures        4

                === libjava Summary ===

# of expected passes            5164
# of unexpected failures        8
                === libmudflap tests ===


Running target unix//-m32
FAIL: libmudflap.c/fail17-frag.c (-static) (test for excess errors)
FAIL: libmudflap.c/fail23-frag.c (-static) (test for excess errors)
FAIL: libmudflap.c/fail25-frag.c (-static) (test for excess errors)
FAIL: libmudflap.c/fail4-frag.c (-static) (test for excess errors)
FAIL: libmudflap.c/fail5-frag.c (-static) (test for excess errors)
FAIL: libmudflap.c/fail6-frag.c (-static) (test for excess errors)
FAIL: libmudflap.c/fail7-frag.c (-static) (test for excess errors)
FAIL: libmudflap.c/fail8-frag.c (-static) (test for excess errors)
FAIL: libmudflap.c/fail9-frag.c (-static) (test for excess errors)
FAIL: libmudflap.c/heap-scalestress.c (-static) (test for excess errors)
FAIL: libmudflap.c/hook-allocstuff.c (-static) (test for excess errors)
FAIL: libmudflap.c/pass-stratcliff.c (-static) (test for excess errors)
FAIL: libmudflap.c/pass30-frag.c (-static) (test for excess errors)
FAIL: libmudflap.c/pass30-frag.c (-static) (test for excess errors)
FAIL: libmudflap.c/pass4-frag.c (-static) (test for excess errors)
FAIL: libmudflap.c/pass4-frag.c (-static) (test for excess errors)
FAIL: libmudflap.c/pass45-frag.c (-static) (test for excess errors)
FAIL: libmudflap.c/pass45-frag.c (-static) (test for excess errors)
FAIL: libmudflap.c/pass46-frag.c (-static) (test for excess errors)
FAIL: libmudflap.c/pass46-frag.c (-static) (test for excess errors)
FAIL: libmudflap.c/pass47-frag.c (-static) (test for excess errors)
FAIL: libmudflap.c/pass47-frag.c (-static) (test for excess errors)
FAIL: libmudflap.c/pass49-frag.c (-static) (test for excess errors)
FAIL: libmudflap.c/pass49-frag.c (-static) (test for excess errors)
FAIL: libmudflap.c/pass5-frag.c (-static) (test for excess errors)
FAIL: libmudflap.c/pass5-frag.c (-static) (test for excess errors)
FAIL: libmudflap.c/pass51-frag.c (-static) (test for excess errors)
FAIL: libmudflap.c/pass51-frag.c (-static) (test for excess errors)
FAIL: libmudflap.c/pass52-frag.c (-static) (test for excess errors)
FAIL: libmudflap.c/pass52-frag.c (-static) (test for excess errors)
FAIL: libmudflap.c/pass6-frag.c (-static) (test for excess errors)
FAIL: libmudflap.c/pass6-frag.c (-static) (test for excess errors)
FAIL: libmudflap.c/pass7-frag.c (-static) (test for excess errors)
FAIL: libmudflap.c/pass7-frag.c (-static) (test for excess errors)
FAIL: libmudflap.c/pass8-frag.c (-static) (test for excess errors)
FAIL: libmudflap.c/pass8-frag.c (-static) (test for excess errors)
FAIL: libmudflap.c/pass9-frag.c (-static) (test for excess errors)
FAIL: libmudflap.c/pass9-frag.c (-static) (test for excess errors)
FAIL: libmudflap.c++/fail24-frag.cxx (-static) (test for excess errors)
FAIL: libmudflap.c++/pass31-frag.cxx (-static) (test for excess errors)
FAIL: libmudflap.c++/pass41-frag.cxx (-static) execution test
FAIL: libmudflap.c++/pass41-frag.cxx ( -O) execution test
FAIL: libmudflap.c++/pass41-frag.cxx (-O2) execution test
FAIL: libmudflap.c++/pass41-frag.cxx (-O3) execution test
FAIL: libmudflap.cth/pass37-frag.c (-static -DSTATIC) (test for excess errors)
FAIL: libmudflap.cth/pass39-frag.c (-static -DSTATIC) (test for excess errors)
FAIL: libmudflap.cth/pass40-frag.c (-static -DSTATIC) (test for excess errors)
FAIL: libmudflap.cth/pass59-frag.c (-static -DSTATIC) (test for excess errors)

                === libmudflap Summary for unix//-m32 ===

# of expected passes            1858
# of unexpected failures        48

Running target unix//-m64
FAIL: libmudflap.c++/pass41-frag.cxx ( -O) execution test
FAIL: libmudflap.c++/pass41-frag.cxx (-O2) execution test
FAIL: libmudflap.c++/pass41-frag.cxx (-O3) execution test

                === libmudflap Summary for unix//-m64 ===

# of expected passes            1433
# of unexpected failures        3

                === libmudflap Summary ===

# of expected passes            3291
# of unexpected failures        51
                === libstdc++ tests ===


Running target unix//-m32
FAIL: 28_regex/algorithms/regex_match/basic/string_01.cc (test for excess errors)
UNRESOLVED: 28_regex/algorithms/regex_match/basic/string_01.cc compilation failed to produce executable
FAIL: 28_regex/algorithms/regex_match/basic/string_range_00_03.cc (test for excess errors)
UNRESOLVED: 28_regex/algorithms/regex_match/basic/string_range_00_03.cc compilation failed to produce executable
FAIL: 28_regex/algorithms/regex_match/basic/string_range_01_03.cc (test for excess errors)
UNRESOLVED: 28_regex/algorithms/regex_match/basic/string_range_01_03.cc compilation failed to produce executable
FAIL: 28_regex/algorithms/regex_match/basic/string_range_02_03.cc (test for excess errors)
UNRESOLVED: 28_regex/algorithms/regex_match/basic/string_range_02_03.cc compilation failed to produce executable
FAIL: 28_regex/algorithms/regex_match/extended/53622.cc (test for excess errors)
UNRESOLVED: 28_regex/algorithms/regex_match/extended/53622.cc compilation failed to produce executable
FAIL: 28_regex/algorithms/regex_match/extended/57173.cc (test for excess errors)
UNRESOLVED: 28_regex/algorithms/regex_match/extended/57173.cc compilation failed to produce executable
FAIL: 28_regex/algorithms/regex_match/extended/cstring_bracket_01.cc (test for excess errors)
UNRESOLVED: 28_regex/algorithms/regex_match/extended/cstring_bracket_01.cc compilation failed to produce executable
FAIL: 28_regex/algorithms/regex_match/extended/cstring_plus.cc (test for excess errors)
UNRESOLVED: 28_regex/algorithms/regex_match/extended/cstring_plus.cc compilation failed to produce executable
FAIL: 28_regex/algorithms/regex_match/extended/cstring_questionmark.cc (test for excess errors)
UNRESOLVED: 28_regex/algorithms/regex_match/extended/cstring_questionmark.cc compilation failed to produce executable
FAIL: 28_regex/algorithms/regex_match/extended/string_any.cc (test for excess errors)
UNRESOLVED: 28_regex/algorithms/regex_match/extended/string_any.cc compilation failed to produce executable
FAIL: 28_regex/algorithms/regex_match/extended/string_range_00_03.cc (test for excess errors)
UNRESOLVED: 28_regex/algorithms/regex_match/extended/string_range_00_03.cc compilation failed to produce executable
FAIL: 28_regex/algorithms/regex_match/extended/string_range_01_03.cc (test for excess errors)
UNRESOLVED: 28_regex/algorithms/regex_match/extended/string_range_01_03.cc compilation failed to produce executable
FAIL: 28_regex/algorithms/regex_match/extended/string_range_02_03.cc (test for excess errors)
UNRESOLVED: 28_regex/algorithms/regex_match/extended/string_range_02_03.cc compilation failed to produce executable
FAIL: 28_regex/algorithms/regex_search/basic/string_01.cc (test for excess errors)
UNRESOLVED: 28_regex/algorithms/regex_search/basic/string_01.cc compilation failed to produce executable
FAIL: 28_regex/basic_regex/ctors/basic/cstring.cc (test for excess errors)
FAIL: 28_regex/basic_regex/ctors/basic/raw_string.cc (test for excess errors)
UNRESOLVED: 28_regex/basic_regex/ctors/basic/raw_string.cc compilation failed to produce executable
FAIL: 28_regex/basic_regex/ctors/basic/string_range_01_02_03.cc (test for excess errors)
UNRESOLVED: 28_regex/basic_regex/ctors/basic/string_range_01_02_03.cc compilation failed to produce executable
FAIL: 28_regex/basic_regex/ctors/char/cstring_awk.cc (test for excess errors)
FAIL: 28_regex/basic_regex/ctors/char/cstring_egrep.cc (test for excess errors)
FAIL: 28_regex/basic_regex/ctors/char/cstring_grep.cc (test for excess errors)
FAIL: 28_regex/basic_regex/ctors/extended/cstring.cc (test for excess errors)
FAIL: 28_regex/basic_regex/ctors/extended/string_range_01_02_03.cc (test for excess errors)
UNRESOLVED: 28_regex/basic_regex/ctors/extended/string_range_01_02_03.cc compilation failed to produce executable

                === libstdc++ Summary for unix//-m32 ===

# of expected passes            8835
# of unexpected failures        22
# of expected failures          38
# of unresolved testcases       17
# of unsupported tests          521

Running target unix//-m64

                === libstdc++ Summary for unix//-m64 ===

# of expected passes            8861
# of expected failures          43
# of unsupported tests          525

                === libstdc++ Summary ===

# of expected passes            17696
# of unexpected failures        22
# of expected failures          81
# of unresolved testcases       17
# of unsupported tests          1046

Compiler version: 4.9.0 20130808 (experimental) (GCC)
Platform: x86_64-unknown-linux-gnu
configure flags: --prefix=/var/lib/jenkins/workspace/GCCupstream/objdir/install


Index Nav: [Date Index] [Subject Index] [Author Index] [Thread Index]
Message Nav: [Date Prev] [Date Next] [Thread Prev] [Thread Next]