This is the mail archive of the gcc-testresults@gcc.gnu.org mailing list for the GCC project.


Index Nav: [Date Index] [Subject Index] [Author Index] [Thread Index]
Message Nav: [Date Prev] [Date Next] [Thread Prev] [Thread Next]
Other format: [Raw text]

Results for 4.9.0 20130806 (experimental) [trunk revision 201545] (GCC) testsuite on hppa2.0w-hp-hpux11.11


		=== acats tests ===
FAIL:	c974013

		=== acats Summary ===
# of expected passes		2319
# of unexpected failures	1
Native configuration is hppa2.0w-hp-hpux11.11

		=== g++ tests ===


Running target unix
UNRESOLVED: g++.dg/ext/label13.C -std=gnu++98 compilation failed to produce executable
UNRESOLVED: g++.dg/ext/label13.C -std=gnu++11 compilation failed to produce executable
WARNING: program timed out.
FAIL: c-c++-common/simulate-thread/bitfields-2.c  -Os -g  thread simulation test

		=== g++ Summary ===

# of expected passes		47959
# of unexpected failures	1
# of expected failures		295
# of unresolved testcases	2
# of unsupported tests		1360
/test/gnu/gcc/objdir/gcc/testsuite/g++/../../xg++  version 4.9.0 20130806 (experimental) [trunk revision 201545] (GCC) 

		=== gcc tests ===


Running target unix
FAIL: gcc.dg/large-size-array-6.c (internal compiler error)
FAIL: gcc.dg/large-size-array-6.c  (test for errors, line 6)
FAIL: gcc.dg/large-size-array-6.c (test for excess errors)
WARNING: program timed out.
FAIL: gcc.dg/torture/stackalign/builtin-apply-4.c  -O0 -fpic (test for excess errors)
FAIL: gcc.dg/torture/stackalign/builtin-apply-4.c  -O0 -fpic execution test
FAIL: gcc.dg/torture/stackalign/builtin-apply-4.c  -O1 -fpic (test for excess errors)
FAIL: gcc.dg/torture/stackalign/builtin-apply-4.c  -O1 -fpic execution test
FAIL: gcc.dg/torture/stackalign/builtin-apply-4.c  -O2 -fpic (test for excess errors)
FAIL: gcc.dg/torture/stackalign/builtin-apply-4.c  -O2 -fpic execution test
FAIL: gcc.dg/torture/stackalign/builtin-apply-4.c  -O3 -fomit-frame-pointer -fpic (test for excess errors)
FAIL: gcc.dg/torture/stackalign/builtin-apply-4.c  -O3 -fomit-frame-pointer -fpic execution test
FAIL: gcc.dg/torture/stackalign/builtin-apply-4.c  -O3 -g -fpic (test for excess errors)
FAIL: gcc.dg/torture/stackalign/builtin-apply-4.c  -O3 -g -fpic execution test
FAIL: gcc.dg/torture/stackalign/builtin-apply-4.c  -Os -fpic (test for excess errors)
FAIL: gcc.dg/torture/stackalign/builtin-apply-4.c  -Os -fpic execution test

		=== gcc Summary ===

# of expected passes		68958
# of unexpected failures	15
# of expected failures		115
# of unsupported tests		1555
/test/gnu/gcc/objdir/gcc/xgcc  version 4.9.0 20130806 (experimental) [trunk revision 201545] (GCC) 

		=== gfortran tests ===


Running target unix
FAIL: gfortran.dg/class_48.f90  -O2  (test for excess errors)
FAIL: gfortran.dg/class_48.f90  -Os  (test for excess errors)
FAIL: gfortran.dg/pr45636.f90  -O   scan-tree-dump-times forwprop2 "memset" 0
FAIL: gfortran.dg/round_4.f90  -O0  (test for excess errors)
FAIL: gfortran.dg/round_4.f90  -O0  execution test
FAIL: gfortran.dg/round_4.f90  -O1  (test for excess errors)
FAIL: gfortran.dg/round_4.f90  -O1  execution test
FAIL: gfortran.dg/round_4.f90  -O2  (test for excess errors)
FAIL: gfortran.dg/round_4.f90  -O2  execution test
FAIL: gfortran.dg/round_4.f90  -O3 -fomit-frame-pointer  (test for excess errors)
FAIL: gfortran.dg/round_4.f90  -O3 -fomit-frame-pointer  execution test
FAIL: gfortran.dg/round_4.f90  -O3 -fomit-frame-pointer -funroll-loops  (test for excess errors)
FAIL: gfortran.dg/round_4.f90  -O3 -fomit-frame-pointer -funroll-loops  execution test
FAIL: gfortran.dg/round_4.f90  -O3 -fomit-frame-pointer -funroll-all-loops -finline-functions  (test for excess errors)
FAIL: gfortran.dg/round_4.f90  -O3 -fomit-frame-pointer -funroll-all-loops -finline-functions  execution test
FAIL: gfortran.dg/round_4.f90  -O3 -g  (test for excess errors)
FAIL: gfortran.dg/round_4.f90  -O3 -g  execution test
FAIL: gfortran.dg/round_4.f90  -Os  (test for excess errors)
FAIL: gfortran.dg/round_4.f90  -Os  execution test
FAIL: gfortran.dg/size_kind_2.f90  -O   scan-tree-dump original "var2 = 4294967300;"

		=== gfortran Summary ===

# of expected passes		43213
# of unexpected failures	20
# of expected failures		38
# of unsupported tests		419
/test/gnu/gcc/objdir/gcc/testsuite/gfortran/../../gfortran  version 4.9.0 20130806 (experimental) [trunk revision 201545] (GCC) 

		=== gnat tests ===


Running target unix

		=== gnat Summary ===

# of expected passes		1162
# of expected failures		18
# of unsupported tests		13
/test/gnu/gcc/objdir/gcc/gnatmake version 4.9.0 20130806 (experimental) [trunk revision 201545]

		=== obj-c++ tests ===


Running target unix
FAIL: obj-c++.dg/basic.mm -fgnu-runtime execution test
FAIL: obj-c++.dg/bitfield-1.mm -fgnu-runtime execution test
FAIL: obj-c++.dg/bitfield-2.mm -fgnu-runtime execution test
FAIL: obj-c++.dg/bitfield-4.mm -fgnu-runtime execution test
FAIL: obj-c++.dg/cxx-ivars-1.mm -fgnu-runtime execution test
FAIL: obj-c++.dg/cxx-scope-1.mm -fgnu-runtime execution test
FAIL: obj-c++.dg/defs.mm -fgnu-runtime execution test
FAIL: obj-c++.dg/demangle-1.mm -fgnu-runtime execution test
FAIL: obj-c++.dg/demangle-2.mm -fgnu-runtime execution test
FAIL: obj-c++.dg/encode-10.mm -fgnu-runtime execution test
FAIL: obj-c++.dg/encode-3.mm -fgnu-runtime execution test
FAIL: obj-c++.dg/encode-4.mm -fgnu-runtime execution test
FAIL: obj-c++.dg/encode-5.mm -fgnu-runtime execution test
FAIL: obj-c++.dg/encode-6.mm -fgnu-runtime execution test
FAIL: obj-c++.dg/encode-9.mm -fgnu-runtime execution test
FAIL: obj-c++.dg/except-1.mm -fgnu-runtime execution test
FAIL: obj-c++.dg/gnu-api-2-class-meta.mm -fgnu-runtime execution test
FAIL: obj-c++.dg/gnu-api-2-class.mm -fgnu-runtime execution test
FAIL: obj-c++.dg/gnu-api-2-ivar.mm -fgnu-runtime execution test
FAIL: obj-c++.dg/gnu-api-2-method.mm -fgnu-runtime execution test
FAIL: obj-c++.dg/gnu-api-2-objc.mm -fgnu-runtime execution test
FAIL: obj-c++.dg/gnu-api-2-objc_msg_lookup.mm -fgnu-runtime execution test
FAIL: obj-c++.dg/gnu-api-2-object.mm -fgnu-runtime execution test
FAIL: obj-c++.dg/gnu-api-2-property.mm -fgnu-runtime execution test
FAIL: obj-c++.dg/gnu-api-2-protocol.mm -fgnu-runtime execution test
FAIL: obj-c++.dg/gnu-api-2-resolve-method.mm -fgnu-runtime execution test
FAIL: obj-c++.dg/gnu-api-2-sel.mm -fgnu-runtime execution test
FAIL: obj-c++.dg/gnu-runtime-3.mm -fgnu-runtime execution test
FAIL: obj-c++.dg/lookup-2.mm -fgnu-runtime execution test
FAIL: obj-c++.dg/method-10.mm -fgnu-runtime execution test
FAIL: obj-c++.dg/method-17.mm -fgnu-runtime execution test
FAIL: obj-c++.dg/method-19.mm -fgnu-runtime execution test
FAIL: obj-c++.dg/method-22.mm -fgnu-runtime execution test
FAIL: obj-c++.dg/method-23.mm -fgnu-runtime execution test
FAIL: obj-c++.dg/proto-lossage-3.mm -fgnu-runtime execution test
FAIL: obj-c++.dg/proto-qual-1.mm -fgnu-runtime execution test
FAIL: obj-c++.dg/qual-types-1.mm -fgnu-runtime execution test
FAIL: obj-c++.dg/template-1.mm -fgnu-runtime execution test
FAIL: obj-c++.dg/template-3.mm -fgnu-runtime execution test
FAIL: obj-c++.dg/template-4.mm -fgnu-runtime execution test
FAIL: obj-c++.dg/template-8.mm -fgnu-runtime execution test
FAIL: obj-c++.dg/va-meth-1.mm -fgnu-runtime execution test
FAIL: obj-c++.dg/property/at-property-10.mm -fgnu-runtime execution test
FAIL: obj-c++.dg/property/at-property-11.mm -fgnu-runtime execution test
FAIL: obj-c++.dg/property/at-property-12.mm -fgnu-runtime execution test
FAIL: obj-c++.dg/property/at-property-13.mm -fgnu-runtime execution test
FAIL: obj-c++.dg/property/at-property-19.mm -fgnu-runtime execution test
FAIL: obj-c++.dg/property/at-property-22.mm -fgnu-runtime execution test
FAIL: obj-c++.dg/property/at-property-24.mm -fgnu-runtime execution test
FAIL: obj-c++.dg/property/at-property-26.mm -fgnu-runtime execution test
FAIL: obj-c++.dg/property/at-property-27.mm -fgnu-runtime execution test
FAIL: obj-c++.dg/property/at-property-6.mm -fgnu-runtime execution test
FAIL: obj-c++.dg/property/at-property-7.mm -fgnu-runtime execution test
FAIL: obj-c++.dg/property/at-property-8.mm -fgnu-runtime execution test
FAIL: obj-c++.dg/property/at-property-9.mm -fgnu-runtime execution test
FAIL: obj-c++.dg/property/dotsyntax-1.mm -fgnu-runtime execution test
FAIL: obj-c++.dg/property/dotsyntax-10.mm -fgnu-runtime execution test
FAIL: obj-c++.dg/property/dotsyntax-12.mm -fgnu-runtime execution test
FAIL: obj-c++.dg/property/dotsyntax-13.mm -fgnu-runtime execution test
FAIL: obj-c++.dg/property/dotsyntax-16.mm -fgnu-runtime execution test
FAIL: obj-c++.dg/property/dotsyntax-18.mm -fgnu-runtime execution test
FAIL: obj-c++.dg/property/dotsyntax-19.mm -fgnu-runtime execution test
FAIL: obj-c++.dg/property/dotsyntax-2.mm -fgnu-runtime execution test
FAIL: obj-c++.dg/property/dotsyntax-21.mm -fgnu-runtime execution test
FAIL: obj-c++.dg/property/dotsyntax-3.mm -fgnu-runtime execution test
FAIL: obj-c++.dg/property/dotsyntax-5.mm -fgnu-runtime execution test
FAIL: obj-c++.dg/property/dotsyntax-6.mm -fgnu-runtime execution test
FAIL: obj-c++.dg/property/dotsyntax-7.mm -fgnu-runtime execution test
FAIL: obj-c++.dg/property/dotsyntax-8.mm -fgnu-runtime execution test
FAIL: obj-c++.dg/property/dotsyntax-9.mm -fgnu-runtime execution test
FAIL: obj-c++.dg/property/dynamic-5.mm -fgnu-runtime execution test
FAIL: obj-c++.dg/property/fsf-property-basic.mm -fgnu-runtime execution test
FAIL: obj-c++.dg/property/fsf-property-method-access.mm -fgnu-runtime execution test
FAIL: obj-c++.dg/property/fsf-property-named-ivar.mm -fgnu-runtime execution test
FAIL: obj-c++.dg/property/property-1.mm -fgnu-runtime execution test
FAIL: obj-c++.dg/property/property-encoding-1.mm -fgnu-runtime execution test
FAIL: obj-c++.dg/property/synthesize-10.mm -fgnu-runtime execution test
FAIL: obj-c++.dg/property/synthesize-2.mm -fgnu-runtime execution test
FAIL: obj-c++.dg/property/synthesize-3.mm -fgnu-runtime execution test
FAIL: obj-c++.dg/property/synthesize-4.mm -fgnu-runtime execution test
FAIL: obj-c++.dg/property/synthesize-7.mm -fgnu-runtime execution test
FAIL: obj-c++.dg/strings/strings-2.mm -fgnu-runtime execution test
FAIL: obj-c++.dg/tls/static-1.mm -fgnu-runtime execution test
FAIL: obj-c++.dg/torture/trivial.mm  -O0  -fgnu-runtime execution test
FAIL: obj-c++.dg/torture/trivial.mm  -O1  -fgnu-runtime execution test
FAIL: obj-c++.dg/torture/trivial.mm  -O2  -fgnu-runtime execution test
FAIL: obj-c++.dg/torture/trivial.mm  -O3 -fomit-frame-pointer  -fgnu-runtime execution test
FAIL: obj-c++.dg/torture/trivial.mm  -O3 -g  -fgnu-runtime execution test
FAIL: obj-c++.dg/torture/trivial.mm  -Os  -fgnu-runtime execution test
FAIL: obj-c++.dg/torture/strings/const-str-7.mm  -O0  -fgnu-runtime execution test
FAIL: obj-c++.dg/torture/strings/const-str-7.mm  -O1  -fgnu-runtime execution test
FAIL: obj-c++.dg/torture/strings/const-str-7.mm  -O2  -fgnu-runtime execution test
FAIL: obj-c++.dg/torture/strings/const-str-7.mm  -O3 -fomit-frame-pointer  -fgnu-runtime execution test
FAIL: obj-c++.dg/torture/strings/const-str-7.mm  -O3 -g  -fgnu-runtime execution test
FAIL: obj-c++.dg/torture/strings/const-str-7.mm  -Os  -fgnu-runtime execution test
FAIL: obj-c++.dg/torture/strings/string1.mm  -O0  -fgnu-runtime execution test
FAIL: obj-c++.dg/torture/strings/string1.mm  -O1  -fgnu-runtime execution test
FAIL: obj-c++.dg/torture/strings/string1.mm  -O2  -fgnu-runtime execution test
FAIL: obj-c++.dg/torture/strings/string1.mm  -O3 -fomit-frame-pointer  -fgnu-runtime execution test
FAIL: obj-c++.dg/torture/strings/string1.mm  -O3 -g  -fgnu-runtime execution test
FAIL: obj-c++.dg/torture/strings/string1.mm  -Os  -fgnu-runtime execution test
FAIL: obj-c++.dg/torture/tls/thr-init-1.mm  -O0  -fgnu-runtime execution test
FAIL: obj-c++.dg/torture/tls/thr-init-1.mm  -O1  -fgnu-runtime execution test
FAIL: obj-c++.dg/torture/tls/thr-init-1.mm  -O2  -fgnu-runtime execution test
FAIL: obj-c++.dg/torture/tls/thr-init-1.mm  -O3 -fomit-frame-pointer  -fgnu-runtime execution test
FAIL: obj-c++.dg/torture/tls/thr-init-1.mm  -O3 -g  -fgnu-runtime execution test
FAIL: obj-c++.dg/torture/tls/thr-init-1.mm  -Os  -fgnu-runtime execution test
FAIL: obj-c++.dg/torture/tls/thr-init-2.mm  -O0  -fgnu-runtime execution test
FAIL: obj-c++.dg/torture/tls/thr-init-2.mm  -O1  -fgnu-runtime execution test
FAIL: obj-c++.dg/torture/tls/thr-init-2.mm  -O2  -fgnu-runtime execution test
FAIL: obj-c++.dg/torture/tls/thr-init-2.mm  -O3 -fomit-frame-pointer  -fgnu-runtime execution test
FAIL: obj-c++.dg/torture/tls/thr-init-2.mm  -O3 -g  -fgnu-runtime execution test
FAIL: obj-c++.dg/torture/tls/thr-init-2.mm  -Os  -fgnu-runtime execution test
FAIL: obj-c++.dg/torture/tls/thr-init-3.mm  -O0  -fgnu-runtime execution test
FAIL: obj-c++.dg/torture/tls/thr-init-3.mm  -O1  -fgnu-runtime execution test
FAIL: obj-c++.dg/torture/tls/thr-init-3.mm  -O2  -fgnu-runtime execution test
FAIL: obj-c++.dg/torture/tls/thr-init-3.mm  -O3 -fomit-frame-pointer  -fgnu-runtime execution test
FAIL: obj-c++.dg/torture/tls/thr-init-3.mm  -O3 -g  -fgnu-runtime execution test
FAIL: obj-c++.dg/torture/tls/thr-init-3.mm  -Os  -fgnu-runtime execution test

		=== obj-c++ Summary ===

# of expected passes		1288
# of unexpected failures	119
# of expected failures		2
# of unsupported tests		69
/test/gnu/gcc/objdir/gcc/testsuite/obj-c++/../../xg++  version 4.9.0 20130806 (experimental) [trunk revision 201545] (GCC) 

		=== objc tests ===


Running target unix
FAIL: objc.dg/bitfield-1.m -fgnu-runtime execution test
FAIL: objc.dg/bitfield-3.m -fgnu-runtime execution test
FAIL: objc.dg/bitfield-5.m -fgnu-runtime execution test
FAIL: objc.dg/call-super-1.m -fgnu-runtime execution test
FAIL: objc.dg/call-super-3.m -fgnu-runtime execution test
FAIL: objc.dg/category-1.m -fgnu-runtime execution test
FAIL: objc.dg/defs.m -fgnu-runtime execution test
FAIL: objc.dg/demangle-1.m -fgnu-runtime execution test
FAIL: objc.dg/desig-init-1.m -fgnu-runtime execution test
FAIL: objc.dg/encode-1.m -fgnu-runtime execution test
FAIL: objc.dg/encode-11.m -fgnu-runtime execution test
FAIL: objc.dg/encode-2.m -fgnu-runtime execution test
FAIL: objc.dg/encode-3.m -fgnu-runtime execution test
FAIL: objc.dg/encode-4.m -fgnu-runtime execution test
FAIL: objc.dg/encode-7.m -fgnu-runtime execution test
FAIL: objc.dg/encode-8.m -fgnu-runtime execution test
FAIL: objc.dg/exceptions-2.m -fgnu-runtime execution test
FAIL: objc.dg/foreach-1.m -fgnu-runtime execution test
FAIL: objc.dg/foreach-2.m -fgnu-runtime execution test
FAIL: objc.dg/foreach-4.m -fgnu-runtime execution test
FAIL: objc.dg/foreach-5.m -fgnu-runtime execution test
FAIL: objc.dg/func-ptr-1.m -fgnu-runtime execution test
FAIL: objc.dg/func-ptr-2.m -fgnu-runtime execution test
FAIL: objc.dg/gnu-api-2-class-meta.m -fgnu-runtime execution test
FAIL: objc.dg/gnu-api-2-class.m -fgnu-runtime execution test
FAIL: objc.dg/gnu-api-2-ivar.m -fgnu-runtime execution test
FAIL: objc.dg/gnu-api-2-method.m -fgnu-runtime execution test
FAIL: objc.dg/gnu-api-2-objc.m -fgnu-runtime execution test
FAIL: objc.dg/gnu-api-2-objc_msg_lookup.m -fgnu-runtime execution test
FAIL: objc.dg/gnu-api-2-object.m -fgnu-runtime execution test
FAIL: objc.dg/gnu-api-2-property.m -fgnu-runtime execution test
FAIL: objc.dg/gnu-api-2-protocol.m -fgnu-runtime execution test
FAIL: objc.dg/gnu-api-2-resolve-method.m -fgnu-runtime execution test
FAIL: objc.dg/gnu-api-2-sel.m -fgnu-runtime execution test
FAIL: objc.dg/gnu-runtime-3.m -fgnu-runtime execution test
FAIL: objc.dg/libobjc-selector-1.m -fgnu-runtime execution test
FAIL: objc.dg/lookup-1.m -fgnu-runtime execution test
FAIL: objc.dg/method-10.m -fgnu-runtime execution test
FAIL: objc.dg/method-13.m -fgnu-runtime execution test
FAIL: objc.dg/method-20b.m -fgnu-runtime execution test
FAIL: objc.dg/method-3.m -fgnu-runtime execution test
FAIL: objc.dg/pr18255.m -fgnu-runtime execution test
FAIL: objc.dg/pr23214.m -fgnu-runtime execution test
FAIL: objc.dg/pr48177.m -fgnu-runtime execution test
FAIL: objc.dg/proto-lossage-3.m -fgnu-runtime execution test
FAIL: objc.dg/proto-qual-1.m -fgnu-runtime execution test
FAIL: objc.dg/sizeof-1.m -fgnu-runtime execution test
FAIL: objc.dg/stret-1.m -fgnu-runtime execution test
FAIL: objc.dg/super-class-3.m -fgnu-runtime execution test
FAIL: objc.dg/type-size-2.m -fgnu-runtime execution test
FAIL: objc.dg/va-meth-1.m -fgnu-runtime execution test
FAIL: objc.dg-struct-layout-encoding-1/t001_main.m execution test
FAIL: objc.dg-struct-layout-encoding-1/t002_main.m execution test
FAIL: objc.dg-struct-layout-encoding-1/t003_main.m execution test
FAIL: objc.dg-struct-layout-encoding-1/t004_main.m execution test
FAIL: objc.dg-struct-layout-encoding-1/t005_main.m execution test
FAIL: objc.dg-struct-layout-encoding-1/t006_main.m execution test
FAIL: objc.dg-struct-layout-encoding-1/t007_main.m execution test
FAIL: objc.dg-struct-layout-encoding-1/t008_main.m execution test
FAIL: objc.dg-struct-layout-encoding-1/t009_main.m execution test
FAIL: objc.dg-struct-layout-encoding-1/t010_main.m execution test
FAIL: objc.dg-struct-layout-encoding-1/t011_main.m execution test
FAIL: objc.dg-struct-layout-encoding-1/t012_main.m execution test
FAIL: objc.dg-struct-layout-encoding-1/t013_main.m execution test
FAIL: objc.dg-struct-layout-encoding-1/t014_main.m execution test
FAIL: objc.dg-struct-layout-encoding-1/t015_main.m execution test
FAIL: objc.dg-struct-layout-encoding-1/t016_main.m execution test
FAIL: objc.dg-struct-layout-encoding-1/t017_main.m execution test
FAIL: objc.dg-struct-layout-encoding-1/t018_main.m execution test
FAIL: objc.dg-struct-layout-encoding-1/t019_main.m execution test
FAIL: objc.dg-struct-layout-encoding-1/t020_main.m execution test
FAIL: objc.dg-struct-layout-encoding-1/t021_main.m execution test
FAIL: objc.dg-struct-layout-encoding-1/t022_main.m execution test
FAIL: objc.dg-struct-layout-encoding-1/t023_main.m execution test
FAIL: objc.dg-struct-layout-encoding-1/t024_main.m execution test
FAIL: objc.dg-struct-layout-encoding-1/t025_main.m execution test
FAIL: objc.dg-struct-layout-encoding-1/t026_main.m execution test
FAIL: objc.dg-struct-layout-encoding-1/t027_main.m execution test
FAIL: objc.dg-struct-layout-encoding-1/t028_main.m execution test
FAIL: objc.dg-struct-layout-encoding-1/t029_main.m execution test
FAIL: objc.dg-struct-layout-encoding-1/t030_main.m execution test
FAIL: objc.dg-struct-layout-encoding-1/t031_main.m execution test
FAIL: objc.dg/property/at-property-10.m -fgnu-runtime execution test
FAIL: objc.dg/property/at-property-11.m -fgnu-runtime execution test
FAIL: objc.dg/property/at-property-12.m -fgnu-runtime execution test
FAIL: objc.dg/property/at-property-13.m -fgnu-runtime execution test
FAIL: objc.dg/property/at-property-19.m -fgnu-runtime execution test
FAIL: objc.dg/property/at-property-22.m -fgnu-runtime execution test
FAIL: objc.dg/property/at-property-24.m -fgnu-runtime execution test
FAIL: objc.dg/property/at-property-26.m -fgnu-runtime execution test
FAIL: objc.dg/property/at-property-27.m -fgnu-runtime execution test
FAIL: objc.dg/property/at-property-6.m -fgnu-runtime execution test
FAIL: objc.dg/property/at-property-7.m -fgnu-runtime execution test
FAIL: objc.dg/property/at-property-8.m -fgnu-runtime execution test
FAIL: objc.dg/property/at-property-9.m -fgnu-runtime execution test
FAIL: objc.dg/property/dotsyntax-1.m -fgnu-runtime execution test
FAIL: objc.dg/property/dotsyntax-10.m -fgnu-runtime execution test
FAIL: objc.dg/property/dotsyntax-12.m -fgnu-runtime execution test
FAIL: objc.dg/property/dotsyntax-13.m -fgnu-runtime execution test
FAIL: objc.dg/property/dotsyntax-16.m -fgnu-runtime execution test
FAIL: objc.dg/property/dotsyntax-18.m -fgnu-runtime execution test
FAIL: objc.dg/property/dotsyntax-19.m -fgnu-runtime execution test
FAIL: objc.dg/property/dotsyntax-2.m -fgnu-runtime execution test
FAIL: objc.dg/property/dotsyntax-21.m -fgnu-runtime execution test
FAIL: objc.dg/property/dotsyntax-3.m -fgnu-runtime execution test
FAIL: objc.dg/property/dotsyntax-5.m -fgnu-runtime execution test
FAIL: objc.dg/property/dotsyntax-6.m -fgnu-runtime execution test
FAIL: objc.dg/property/dotsyntax-7.m -fgnu-runtime execution test
FAIL: objc.dg/property/dotsyntax-8.m -fgnu-runtime execution test
FAIL: objc.dg/property/dotsyntax-9.m -fgnu-runtime execution test
FAIL: objc.dg/property/dynamic-5.m -fgnu-runtime execution test
FAIL: objc.dg/property/fsf-property-basic.m -fgnu-runtime execution test
FAIL: objc.dg/property/fsf-property-method-access.m -fgnu-runtime execution test
FAIL: objc.dg/property/fsf-property-named-ivar.m -fgnu-runtime execution test
FAIL: objc.dg/property/property-1.m -fgnu-runtime execution test
FAIL: objc.dg/property/property-encoding-1.m -fgnu-runtime execution test
FAIL: objc.dg/property/synthesize-10.m -fgnu-runtime execution test
FAIL: objc.dg/property/synthesize-2.m -fgnu-runtime execution test
FAIL: objc.dg/property/synthesize-3.m -fgnu-runtime execution test
FAIL: objc.dg/property/synthesize-4.m -fgnu-runtime execution test
FAIL: objc.dg/property/synthesize-7.m -fgnu-runtime execution test
FAIL: objc.dg/special/unclaimed-category-1.m unclaimed-category-1a.o execution test
FAIL: objc.dg/special/load-category-1.m load-category-1a.o execution test
FAIL: objc.dg/special/load-category-2.m load-category-2a.o execution test
FAIL: objc.dg/special/load-category-3.m load-category-3a.o execution test
FAIL: objc.dg/strings/strings-2.m -fgnu-runtime execution test
FAIL: objc.dg/torture/forward-1.m  -O0  -fgnu-runtime execution test
FAIL: objc.dg/torture/forward-1.m  -O1  -fgnu-runtime execution test
FAIL: objc.dg/torture/forward-1.m  -O2  -fgnu-runtime execution test
FAIL: objc.dg/torture/forward-1.m  -O3 -fomit-frame-pointer  -fgnu-runtime execution test
FAIL: objc.dg/torture/forward-1.m  -O3 -fomit-frame-pointer -funroll-loops  -fgnu-runtime execution test
FAIL: objc.dg/torture/forward-1.m  -O3 -fomit-frame-pointer -funroll-all-loops -finline-functions  -fgnu-runtime execution test
FAIL: objc.dg/torture/forward-1.m  -O3 -g  -fgnu-runtime execution test
FAIL: objc.dg/torture/forward-1.m  -Os  -fgnu-runtime execution test
FAIL: objc.dg/torture/trivial.m  -O0  -fgnu-runtime execution test
FAIL: objc.dg/torture/trivial.m  -O1  -fgnu-runtime execution test
FAIL: objc.dg/torture/trivial.m  -O2  -fgnu-runtime execution test
FAIL: objc.dg/torture/trivial.m  -O3 -fomit-frame-pointer  -fgnu-runtime execution test
FAIL: objc.dg/torture/trivial.m  -O3 -g  -fgnu-runtime execution test
FAIL: objc.dg/torture/trivial.m  -Os  -fgnu-runtime execution test
FAIL: objc.dg/torture/strings/const-str-3.m  -O0  -fgnu-runtime execution test
FAIL: objc.dg/torture/strings/const-str-3.m  -O1  -fgnu-runtime execution test
FAIL: objc.dg/torture/strings/const-str-3.m  -O2  -fgnu-runtime execution test
FAIL: objc.dg/torture/strings/const-str-3.m  -O3 -fomit-frame-pointer  -fgnu-runtime execution test
FAIL: objc.dg/torture/strings/const-str-3.m  -O3 -g  -fgnu-runtime execution test
FAIL: objc.dg/torture/strings/const-str-3.m  -Os  -fgnu-runtime execution test
FAIL: objc.dg/torture/strings/const-str-4.m  -O0  -fgnu-runtime execution test
FAIL: objc.dg/torture/strings/const-str-4.m  -O1  -fgnu-runtime execution test
FAIL: objc.dg/torture/strings/const-str-4.m  -O2  -fgnu-runtime execution test
FAIL: objc.dg/torture/strings/const-str-4.m  -O3 -fomit-frame-pointer  -fgnu-runtime execution test
FAIL: objc.dg/torture/strings/const-str-4.m  -O3 -g  -fgnu-runtime execution test
FAIL: objc.dg/torture/strings/const-str-4.m  -Os  -fgnu-runtime execution test
FAIL: objc.dg/torture/strings/const-str-7.m  -O0  -fgnu-runtime execution test
FAIL: objc.dg/torture/strings/const-str-7.m  -O1  -fgnu-runtime execution test
FAIL: objc.dg/torture/strings/const-str-7.m  -O2  -fgnu-runtime execution test
FAIL: objc.dg/torture/strings/const-str-7.m  -O3 -fomit-frame-pointer  -fgnu-runtime execution test
FAIL: objc.dg/torture/strings/const-str-7.m  -O3 -g  -fgnu-runtime execution test
FAIL: objc.dg/torture/strings/const-str-7.m  -Os  -fgnu-runtime execution test
FAIL: objc.dg/torture/strings/const-str-8.m  -O0  -fgnu-runtime execution test
FAIL: objc.dg/torture/strings/const-str-8.m  -O1  -fgnu-runtime execution test
FAIL: objc.dg/torture/strings/const-str-8.m  -O2  -fgnu-runtime execution test
FAIL: objc.dg/torture/strings/const-str-8.m  -O3 -fomit-frame-pointer  -fgnu-runtime execution test
FAIL: objc.dg/torture/strings/const-str-8.m  -O3 -g  -fgnu-runtime execution test
FAIL: objc.dg/torture/strings/const-str-8.m  -Os  -fgnu-runtime execution test
FAIL: objc.dg/torture/strings/string1.m  -O0  -fgnu-runtime execution test
FAIL: objc.dg/torture/strings/string1.m  -O1  -fgnu-runtime execution test
FAIL: objc.dg/torture/strings/string1.m  -O2  -fgnu-runtime execution test
FAIL: objc.dg/torture/strings/string1.m  -O3 -fomit-frame-pointer  -fgnu-runtime execution test
FAIL: objc.dg/torture/strings/string1.m  -O3 -g  -fgnu-runtime execution test
FAIL: objc.dg/torture/strings/string1.m  -Os  -fgnu-runtime execution test
FAIL: objc.dg/torture/strings/string2.m  -O0  -fgnu-runtime execution test
FAIL: objc.dg/torture/strings/string2.m  -O1  -fgnu-runtime execution test
FAIL: objc.dg/torture/strings/string2.m  -O2  -fgnu-runtime execution test
FAIL: objc.dg/torture/strings/string2.m  -O3 -fomit-frame-pointer  -fgnu-runtime execution test
FAIL: objc.dg/torture/strings/string2.m  -O3 -g  -fgnu-runtime execution test
FAIL: objc.dg/torture/strings/string2.m  -Os  -fgnu-runtime execution test
FAIL: objc.dg/torture/strings/string3.m  -O0  -fgnu-runtime execution test
FAIL: objc.dg/torture/strings/string3.m  -O1  -fgnu-runtime execution test
FAIL: objc.dg/torture/strings/string3.m  -O2  -fgnu-runtime execution test
FAIL: objc.dg/torture/strings/string3.m  -O3 -fomit-frame-pointer  -fgnu-runtime execution test
FAIL: objc.dg/torture/strings/string3.m  -O3 -g  -fgnu-runtime execution test
FAIL: objc.dg/torture/strings/string3.m  -Os  -fgnu-runtime execution test
FAIL: objc.dg/torture/strings/string4.m  -O0  -fgnu-runtime execution test
FAIL: objc.dg/torture/strings/string4.m  -O1  -fgnu-runtime execution test
FAIL: objc.dg/torture/strings/string4.m  -O2  -fgnu-runtime execution test
FAIL: objc.dg/torture/strings/string4.m  -O3 -fomit-frame-pointer  -fgnu-runtime execution test
FAIL: objc.dg/torture/strings/string4.m  -O3 -g  -fgnu-runtime execution test
FAIL: objc.dg/torture/strings/string4.m  -Os  -fgnu-runtime execution test

		=== objc Summary ===

# of expected passes		1504
# of unexpected failures	188
# of unsupported tests		85
/test/gnu/gcc/objdir/gcc/xgcc  version 4.9.0 20130806 (experimental) [trunk revision 201545] (GCC) 

		=== boehm-gc tests ===


Running target unix

		=== boehm-gc Summary ===

# of expected passes		12
# of unsupported tests		1
		=== libatomic tests ===


Running target unix

		=== libatomic Summary ===

# of expected passes		4
# of unsupported tests		25
		=== libffi tests ===


Running target unix

		=== libffi Summary ===

# of expected passes		1819
# of unsupported tests		55
		=== libgomp tests ===


Running target unix

		=== libgomp Summary ===

# of expected passes		2129
# of unsupported tests		10
		=== libjava tests ===


Running target unix
FAIL: LargeFile execution - source compiled test
FAIL: LargeFile -findirect-dispatch execution - source compiled test
FAIL: LargeFile -O3 execution - source compiled test
FAIL: LargeFile -O3 -findirect-dispatch execution - source compiled test
FAIL: sourcelocation output - source compiled test
FAIL: sourcelocation -findirect-dispatch output - source compiled test
FAIL: sourcelocation -O3 output - source compiled test
FAIL: sourcelocation -O3 -findirect-dispatch output - source compiled test

		=== libjava Summary ===

# of expected passes		2574
# of unexpected failures	8
# of untested testcases		4
		=== libstdc++ tests ===


Running target unix

		=== libstdc++ Summary ===

# of expected passes		7830
# of expected failures		43
# of unsupported tests		914

Compiler version: 4.9.0 20130806 (experimental) [trunk revision 201545] (GCC) 
Platform: hppa2.0w-hp-hpux11.11
configure flags:Test Run By dave on Wed Aug  7 04:16:49 EDT 2013


Index Nav: [Date Index] [Subject Index] [Author Index] [Thread Index]
Message Nav: [Date Prev] [Date Next] [Thread Prev] [Thread Next]