This is the mail archive of the
gcc-testresults@gcc.gnu.org
mailing list for the GCC project.
Results for 4.8.2 20130805 (prerelease) [gcc-4_8-branch revision 201501] (GCC) testsuite on hppa64-hp-hpux11.11
- From: John David Anglin <dave at hiauly3 dot hia dot nrc dot ca>
- To: dave at hiauly3 dot hia dot nrc dot ca, gcc-testresults at gcc dot gnu dot org
- Date: Tue, 6 Aug 2013 19:19:10 -0400 (EDT)
- Subject: Results for 4.8.2 20130805 (prerelease) [gcc-4_8-branch revision 201501] (GCC) testsuite on hppa64-hp-hpux11.11
Native configuration is hppa64-hp-hpux11.11
=== g++ tests ===
Running target unix
FAIL: g++.dg/debug/dwarf2/non-virtual-thunk.C -std=gnu++98 scan-assembler thunk.C:30
FAIL: g++.dg/debug/dwarf2/non-virtual-thunk.C -std=gnu++11 scan-assembler thunk.C:30
FAIL: g++.dg/opt/pr56999.C -std=gnu++98 (test for excess errors)
FAIL: g++.dg/opt/pr56999.C -std=gnu++11 (test for excess errors)
WARNING: program timed out.
FAIL: g++.dg/simulate-thread/atomics-1.C -O0 -g thread simulation test
FAIL: g++.dg/simulate-thread/atomics-2.C -O0 -g thread simulation test
=== g++ Summary ===
# of expected passes 48390
# of unexpected failures 6
# of expected failures 290
# of unsupported tests 1198
/mnt/gnu/gcc/objdir-test/gcc/testsuite/g++/../../xg++ version 4.8.2 20130805 (prerelease) [gcc-4_8-branch revision 201501] (GCC)
=== gcc tests ===
Running target unix
FAIL: gcc.dg/pr57518.c scan-rtl-dump-not ira "REG_EQUIV.*mem.*"ip""
WARNING: program timed out.
=== gcc Summary ===
# of expected passes 77836
# of unexpected failures 1
# of expected failures 127
# of unsupported tests 1552
/mnt/gnu/gcc/objdir-test/gcc/xgcc version 4.8.2 20130805 (prerelease) [gcc-4_8-branch revision 201501] (GCC)
=== gfortran tests ===
Running target unix
=== gfortran Summary ===
# of expected passes 42196
# of expected failures 42
# of unsupported tests 377
/mnt/gnu/gcc/objdir-test/gcc/testsuite/gfortran/../../gfortran version 4.8.2 20130805 (prerelease) [gcc-4_8-branch revision 201501] (GCC)
=== obj-c++ tests ===
Running target unix
=== obj-c++ Summary ===
# of expected passes 1442
# of expected failures 10
# of unsupported tests 86
/mnt/gnu/gcc/objdir-test/gcc/testsuite/obj-c++/../../xg++ version 4.8.2 20130805 (prerelease) [gcc-4_8-branch revision 201501] (GCC)
=== objc tests ===
Running target unix
=== objc Summary ===
# of expected passes 2992
# of unsupported tests 75
/mnt/gnu/gcc/objdir-test/gcc/xgcc version 4.8.2 20130805 (prerelease) [gcc-4_8-branch revision 201501] (GCC)
=== libatomic tests ===
Running target unix
=== libatomic Summary ===
# of expected passes 4
# of unsupported tests 25
=== libgomp tests ===
Running target unix
=== libgomp Summary ===
# of expected passes 2983
# of unsupported tests 10
=== libstdc++ tests ===
Running target unix
FAIL: 23_containers/bitset/45713.cc (test for excess errors)
=== libstdc++ Summary ===
# of expected passes 7638
# of unexpected failures 1
# of expected failures 45
# of unsupported tests 887
Compiler version: 4.8.2 20130805 (prerelease) [gcc-4_8-branch revision 201501] (GCC)
Platform: hppa64-hp-hpux11.11
configure flags:Test Run By dave on Tue Aug 6 06:44:20 2013