This is the mail archive of the gcc-testresults@gcc.gnu.org mailing list for the GCC project.


Index Nav: [Date Index] [Subject Index] [Author Index] [Thread Index]
Message Nav: [Date Prev] [Date Next] [Thread Prev] [Thread Next]
Other format: [Raw text]

Results for 4.8.2 20130801 (prerelease) testsuite on powerpc64-unknown-linux-gnu


LAST_UPDATED: Obtained from SVN: branches/gcc-4_8-branch revision 201419

		=== acats tests ===

		=== acats Summary ===
# of expected passes		2320
# of unexpected failures	0
Native configuration is powerpc64-unknown-linux-gnu

		=== g++ tests ===


Running target unix

		=== g++ Summary ===

# of expected passes		6778
# of expected failures		8
# of unsupported tests		261
/mnt/archive/objdir48/gcc/testsuite/g++/../../xg++  version 4.8.2 20130801 (prerelease) (GCC) 

		=== g++ tests ===


Running target unix
FAIL: g++.old-deja/g++.other/inline4.C -std=gnu++11 (internal compiler error)
FAIL: g++.old-deja/g++.other/inline4.C -std=gnu++11 (test for excess errors)
		=== gnat tests ===


Running target unix

		=== gnat Summary ===

# of expected passes		1151
# of expected failures		17
# of unsupported tests		10
/mnt/archive/objdir48/gcc/gnatmake version 4.8.2 20130801 (prerelease)

		=== libstdc++ tests ===


Running target unix
FAIL: libstdc++-abi/abi_check

		=== libstdc++ Summary ===

# of expected passes		45
# of unexpected failures	1
# of unsupported tests		2
		=== libstdc++ tests ===


Running target unix

		=== libstdc++ Summary ===

# of expected passes		657
# of unsupported tests		2
		=== libstdc++ tests ===


Running target unix

		=== libstdc++ Summary ===

# of expected passes		946
# of unsupported tests		20
		=== libstdc++ tests ===


Running target unix

		=== libstdc++ Summary ===

# of expected passes		1247
# of expected failures		2
# of unsupported tests		4
		=== libstdc++ tests ===


Running target unix

		=== libstdc++ Summary ===

# of expected passes		1048
		=== libstdc++ tests ===


Running target unix

		=== libstdc++ Summary ===

# of expected passes		640
# of expected failures		12
# of unsupported tests		77
		=== libstdc++ tests ===


Running target unix

Compiler version: 4.8.2 20130801 (prerelease) 
Platform: powerpc64-unknown-linux-gnu
configure flags: --prefix=/mnt/archive/install48 --with-gmp=/home/mikpe/pkgs/linux-ppc64/gmp-5.1.2 --with-mpfr=/home/mikpe/pkgs/linux-ppc64/mpfr-3.1.2 --with-mpc=/home/mikpe/pkgs/linux-ppc64/mpc-1.0.1 --disable-plugin --disable-lto --disable-nls --enable-threads=posix --with-cpu=default32 --enable-checking=release --disable-libmudflap --enable-languages=c,c++,fortran,ada
BOOT_CFLAGS=-g -O2


Index Nav: [Date Index] [Subject Index] [Author Index] [Thread Index]
Message Nav: [Date Prev] [Date Next] [Thread Prev] [Thread Next]