This is the mail archive of the
gcc-testresults@gcc.gnu.org
mailing list for the GCC project.
Results for 4.9.0 20130411 (experimental) [trunk revision 197835] (GCC) g++ testsuite on hppa64-hp-hpux11.11
- From: John David Anglin <dave at hiauly3 dot hia dot nrc dot ca>
- To: dave at hiauly3 dot hia dot nrc dot ca, gcc-testresults at gcc dot gnu dot org
- Date: Sat, 3 Aug 2013 21:35:46 -0400 (EDT)
- Subject: Results for 4.9.0 20130411 (experimental) [trunk revision 197835] (GCC) g++ testsuite on hppa64-hp-hpux11.11
Native configuration is hppa64-hp-hpux11.11
=== g++ tests ===
Running target unix
FAIL: g++.dg/debug/dwarf2/non-virtual-thunk.C -std=gnu++98 scan-assembler thunk.C:30
FAIL: g++.dg/debug/dwarf2/non-virtual-thunk.C -std=gnu++11 scan-assembler thunk.C:30
WARNING: program timed out.
FAIL: g++.dg/simulate-thread/atomics-1.C -O0 -g thread simulation test
FAIL: g++.dg/simulate-thread/atomics-2.C -O0 -g thread simulation test
=== g++ Summary ===
# of expected passes 48455
# of unexpected failures 4
# of expected failures 294
# of unsupported tests 1180
/test/gnu/gcc/objdir/gcc/testsuite/g++/../../xg++ version 4.9.0 20130411 (experimental) [trunk revision 197835] (GCC)
Compiler version: 4.9.0 20130411 (experimental) [trunk revision 197835] (GCC) g++
Platform: hppa64-hp-hpux11.11
configure flags:Test Run By dave on Sat Aug 3 04:02:50 2013