This is the mail archive of the gcc-testresults@gcc.gnu.org mailing list for the GCC project.


Index Nav: [Date Index] [Subject Index] [Author Index] [Thread Index]
Message Nav: [Date Prev] [Date Next] [Thread Prev] [Thread Next]
Other format: [Raw text]

Results for 4.9.0 20130412 (experimental) [trunk revision 197848] (GCC) g++ testsuite on hppa64-hp-hpux11.11


Native configuration is hppa64-hp-hpux11.11

		=== g++ tests ===


Running target unix
FAIL: g++.dg/debug/dwarf2/non-virtual-thunk.C -std=gnu++98  scan-assembler thunk.C:30
FAIL: g++.dg/debug/dwarf2/non-virtual-thunk.C -std=gnu++11  scan-assembler thunk.C:30
WARNING: program timed out.
FAIL: g++.dg/simulate-thread/atomics-1.C  -O0 -g  thread simulation test
FAIL: g++.dg/simulate-thread/atomics-2.C  -O0 -g  thread simulation test
FAIL: g++.dg/torture/vshuf-v2sf.C  -O3 -fomit-frame-pointer  execution test
FAIL: g++.dg/torture/vshuf-v2sf.C  -O3 -g  execution test
FAIL: g++.dg/torture/vshuf-v2si.C  -O3 -fomit-frame-pointer  execution test
FAIL: g++.dg/torture/vshuf-v2si.C  -O3 -g  execution test

		=== g++ Summary ===

# of expected passes		48450
# of unexpected failures	8
# of expected failures		294
# of unsupported tests		1181
/test/gnu/gcc/objdir/gcc/testsuite/g++/../../xg++  version 4.9.0 20130412 (experimental) [trunk revision 197848] (GCC) 


Compiler version: 4.9.0 20130412 (experimental) [trunk revision 197848] (GCC) g++ 
Platform: hppa64-hp-hpux11.11
configure flags:Test Run By dave on Thu Aug  1 23:20:24 2013


Index Nav: [Date Index] [Subject Index] [Author Index] [Thread Index]
Message Nav: [Date Prev] [Date Next] [Thread Prev] [Thread Next]