This is the mail archive of the
gcc-testresults@gcc.gnu.org
mailing list for the GCC project.
Results for 4.8.1 (GCC) testsuite on mips-unknown-linux-gnu
- From: Aaro Koskinen <aaro dot koskinen at iki dot fi>
- To: gcc-testresults at gcc dot gnu dot org
- Date: Sun, 30 Jun 2013 22:08:04 +0300
- Subject: Results for 4.8.1 (GCC) testsuite on mips-unknown-linux-gnu
NOTE: Some tests skipped and manually killed due to GDB 7.5.1 hanging
the whole test suite.
-- Build environment ----------------------------------------------------------
Kernel: Linux freejazz 3.10.0-rc7-edge #1 SMP PREEMPT Wed Jun 26 10:55:36 EEST 2013 mips64 GNU/Linux
CPU: system type : UBNT_E100 (CN5020p1.1-500-SCP)
machine : Unknown
processor : 0
cpu model : Cavium Octeon+ V0.1
BogoMIPS : 1000.00
wait instruction : yes
microsecond timers : yes
tlb_entries : 64
extra interrupt vector : yes
hardware watchpoint : yes, count: 2, address/irw mask: [0x0ffc, 0x0ffb]
isa : mips1 mips2 mips3 mips4 mips5 mips64r2
ASEs implemented :
shadow register sets : 1
kscratch registers : 0
core : 0
VCED exceptions : not available
VCEI exceptions : not available
processor : 1
cpu model : Cavium Octeon+ V0.1
BogoMIPS : 1000.00
wait instruction : yes
microsecond timers : yes
tlb_entries : 64
extra interrupt vector : yes
hardware watchpoint : yes, count: 2, address/irw mask: [0x0ffc, 0x0ffb]
isa : mips1 mips2 mips3 mips4 mips5 mips64r2
ASEs implemented :
shadow register sets : 1
kscratch registers : 0
core : 1
VCED exceptions : not available
VCEI exceptions : not available
-- Time consumed --------------------------------------------------------------
Build: real 1309m10.159s
user 2178m11.510s
sys 94m15.940s
Test: real 2217m5.340s
user 1481m42.660s
sys 149m52.420s
-------------------------------------------------------------------------------
LAST_UPDATED: Obtained from SVN: tags/gcc_4_8_1_release revision 199526
Native configuration is mips-unknown-linux-gnu
=== g++ tests ===
Running target unix
ERROR: g++.dg/abi/mangle33.C -std=c++98: error executing dg-final: couldn't compile regular expression pattern: out of memory
UNRESOLVED: g++.dg/abi/mangle33.C -std=c++98: error executing dg-final: couldn't compile regular expression pattern: out of memory
ERROR: g++.dg/abi/mangle33.C -std=c++11: error executing dg-final: couldn't compile regular expression pattern: out of memory
UNRESOLVED: g++.dg/abi/mangle33.C -std=c++11: error executing dg-final: couldn't compile regular expression pattern: out of memory
FAIL: g++.dg/simulate-thread/atomics-1.C -O0 -g thread simulation test
FAIL: g++.dg/simulate-thread/atomics-1.C -O2 -g -std=c++98 thread simulation test
FAIL: g++.dg/simulate-thread/atomics-1.C -O3 -g -std=c++11 thread simulation test
FAIL: g++.dg/simulate-thread/atomics-2.C -O0 -g thread simulation test
FAIL: g++.dg/simulate-thread/atomics-2.C -O3 -g -std=c++11 thread simulation test
FAIL: g++.dg/simulate-thread/atomics-2.C -Os -g thread simulation test
FAIL: g++.dg/simulate-thread/bitfields-2.C -O0 -g thread simulation test
FAIL: g++.dg/simulate-thread/bitfields-2.C -O3 -g -std=c++11 thread simulation test
FAIL: g++.dg/simulate-thread/bitfields.C -O0 -g thread simulation test
FAIL: g++.dg/simulate-thread/bitfields.C -O2 -g -std=c++98 thread simulation test
=== g++ Summary ===
# of expected passes 50194
# of unexpected failures 10
# of expected failures 287
# of unresolved testcases 2
# of unsupported tests 965
/home/aaro/gcctest/gcctest/build/gcc/testsuite/g++/../../xg++ version 4.8.1 (GCC)
=== gcc tests ===
Running target unix
FAIL: gcc.dg/simulate-thread/atomic-load-int.c -O0 -g thread simulation test
FAIL: gcc.dg/simulate-thread/atomic-load-int.c -O3 -g thread simulation test
FAIL: gcc.dg/simulate-thread/atomic-load-short.c -O0 -g thread simulation test
FAIL: gcc.dg/simulate-thread/atomic-load-short.c -O3 -g thread simulation test
FAIL: gcc.dg/simulate-thread/atomic-other-int.c -O0 -g thread simulation test
FAIL: gcc.dg/simulate-thread/atomic-other-int.c -O3 -g thread simulation test
FAIL: gcc.dg/simulate-thread/atomic-other-short.c -O0 -g thread simulation test
FAIL: gcc.dg/simulate-thread/atomic-other-short.c -O2 -g thread simulation test
FAIL: gcc.dg/simulate-thread/atomic-other-short.c -O3 -g thread simulation test
FAIL: gcc.dg/simulate-thread/speculative-store-2.c -O0 -g thread simulation test
FAIL: gcc.dg/simulate-thread/speculative-store-3.c -O0 -g thread simulation test
FAIL: gcc.dg/simulate-thread/speculative-store-4.c -O2 -g thread simulation test
FAIL: gcc.dg/simulate-thread/speculative-store-4.c -O3 -g thread simulation test
FAIL: gcc.dg/simulate-thread/speculative-store.c -O0 -g thread simulation test
FAIL: gcc.dg/simulate-thread/strict-align-global.c -O0 -g thread simulation test
FAIL: gcc.dg/simulate-thread/strict-align-global.c -O2 -g thread simulation test
FAIL: gcc.dg/simulate-thread/subfields.c -O0 -g thread simulation test
FAIL: gcc.dg/simulate-thread/subfields.c -O2 -g thread simulation test
FAIL: c-c++-common/simulate-thread/bitfields-1.c -O0 -g thread simulation test
FAIL: c-c++-common/simulate-thread/bitfields-1.c -O2 -g thread simulation test
FAIL: c-c++-common/simulate-thread/bitfields-2.c -O3 -g thread simulation test
FAIL: c-c++-common/simulate-thread/bitfields-3.c -O2 -g thread simulation test
FAIL: c-c++-common/simulate-thread/bitfields-4.c -O0 -g thread simulation test
FAIL: c-c++-common/simulate-thread/bitfields-4.c -O3 -g thread simulation test
FAIL: gcc.target/mips/loongson-simd.c -O0 (test for excess errors)
FAIL: gcc.target/mips/loongson-simd.c -O1 (test for excess errors)
FAIL: gcc.target/mips/loongson-simd.c -O2 (test for excess errors)
FAIL: gcc.target/mips/loongson-simd.c -O3 -fomit-frame-pointer (test for excess errors)
FAIL: gcc.target/mips/loongson-simd.c -O3 -g (test for excess errors)
FAIL: gcc.target/mips/loongson-simd.c -Os (test for excess errors)
FAIL: gcc.target/mips/loongson-simd.c -O2 -flto -fno-use-linker-plugin -flto-partition=none (test for excess errors)
FAIL: gcc.target/mips/loongson-simd.c -O2 -flto -fuse-linker-plugin -fno-fat-lto-objects (test for excess errors)
FAIL: gcc.target/mips/mips-3d-1.c -O0 (test for excess errors)
FAIL: gcc.target/mips/mips-3d-1.c -O1 (test for excess errors)
FAIL: gcc.target/mips/mips-3d-1.c -O2 (test for excess errors)
FAIL: gcc.target/mips/mips-3d-1.c -O3 -fomit-frame-pointer (test for excess errors)
FAIL: gcc.target/mips/mips-3d-1.c -O3 -g (test for excess errors)
FAIL: gcc.target/mips/mips-3d-1.c -Os (test for excess errors)
FAIL: gcc.target/mips/mips-3d-1.c -O2 -flto -fno-use-linker-plugin -flto-partition=none (test for excess errors)
FAIL: gcc.target/mips/mips-3d-1.c -O2 -flto -fuse-linker-plugin -fno-fat-lto-objects (test for excess errors)
FAIL: gcc.target/mips/mips-3d-2.c -O0 (test for excess errors)
FAIL: gcc.target/mips/mips-3d-2.c -O1 (test for excess errors)
FAIL: gcc.target/mips/mips-3d-2.c -O2 (test for excess errors)
FAIL: gcc.target/mips/mips-3d-2.c -O3 -fomit-frame-pointer (test for excess errors)
FAIL: gcc.target/mips/mips-3d-2.c -O3 -g (test for excess errors)
FAIL: gcc.target/mips/mips-3d-2.c -Os (test for excess errors)
FAIL: gcc.target/mips/mips-3d-2.c -O2 -flto -fno-use-linker-plugin -flto-partition=none (test for excess errors)
FAIL: gcc.target/mips/mips-3d-2.c -O2 -flto -fuse-linker-plugin -fno-fat-lto-objects (test for excess errors)
FAIL: gcc.target/mips/mips-3d-3.c -O0 (test for excess errors)
FAIL: gcc.target/mips/mips-3d-3.c -O1 (test for excess errors)
FAIL: gcc.target/mips/mips-3d-3.c -O2 (test for excess errors)
FAIL: gcc.target/mips/mips-3d-3.c -O3 -fomit-frame-pointer (test for excess errors)
FAIL: gcc.target/mips/mips-3d-3.c -O3 -g (test for excess errors)
FAIL: gcc.target/mips/mips-3d-3.c -Os (test for excess errors)
FAIL: gcc.target/mips/mips-3d-3.c -O2 -flto -fno-use-linker-plugin -flto-partition=none (test for excess errors)
FAIL: gcc.target/mips/mips-3d-3.c -O2 -flto -fuse-linker-plugin -fno-fat-lto-objects (test for excess errors)
FAIL: gcc.target/mips/mips-3d-4.c -O0 (test for excess errors)
FAIL: gcc.target/mips/mips-3d-4.c -O1 (test for excess errors)
FAIL: gcc.target/mips/mips-3d-4.c -O2 (test for excess errors)
FAIL: gcc.target/mips/mips-3d-4.c -O3 -fomit-frame-pointer (test for excess errors)
FAIL: gcc.target/mips/mips-3d-4.c -O3 -g (test for excess errors)
FAIL: gcc.target/mips/mips-3d-4.c -Os (test for excess errors)
FAIL: gcc.target/mips/mips-3d-4.c -O2 -flto -fno-use-linker-plugin -flto-partition=none (test for excess errors)
FAIL: gcc.target/mips/mips-3d-4.c -O2 -flto -fuse-linker-plugin -fno-fat-lto-objects (test for excess errors)
FAIL: gcc.target/mips/mips-3d-5.c -O0 (test for excess errors)
FAIL: gcc.target/mips/mips-3d-5.c -O1 (test for excess errors)
FAIL: gcc.target/mips/mips-3d-5.c -O2 (test for excess errors)
FAIL: gcc.target/mips/mips-3d-5.c -O3 -fomit-frame-pointer (test for excess errors)
FAIL: gcc.target/mips/mips-3d-5.c -O3 -g (test for excess errors)
FAIL: gcc.target/mips/mips-3d-5.c -Os (test for excess errors)
FAIL: gcc.target/mips/mips-3d-5.c -O2 -flto -fno-use-linker-plugin -flto-partition=none (test for excess errors)
FAIL: gcc.target/mips/mips-3d-5.c -O2 -flto -fuse-linker-plugin -fno-fat-lto-objects (test for excess errors)
FAIL: gcc.target/mips/mips-3d-6.c -O0 (test for excess errors)
FAIL: gcc.target/mips/mips-3d-6.c -O1 (test for excess errors)
FAIL: gcc.target/mips/mips-3d-6.c -O2 (test for excess errors)
FAIL: gcc.target/mips/mips-3d-6.c -O3 -fomit-frame-pointer (test for excess errors)
FAIL: gcc.target/mips/mips-3d-6.c -O3 -g (test for excess errors)
FAIL: gcc.target/mips/mips-3d-6.c -Os (test for excess errors)
FAIL: gcc.target/mips/mips-3d-6.c -O2 -flto -fno-use-linker-plugin -flto-partition=none (test for excess errors)
FAIL: gcc.target/mips/mips-3d-6.c -O2 -flto -fuse-linker-plugin -fno-fat-lto-objects (test for excess errors)
FAIL: gcc.target/mips/mips-3d-7.c -O0 (test for excess errors)
FAIL: gcc.target/mips/mips-3d-7.c -O1 (test for excess errors)
FAIL: gcc.target/mips/mips-3d-7.c -O2 (test for excess errors)
FAIL: gcc.target/mips/mips-3d-7.c -O3 -fomit-frame-pointer (test for excess errors)
FAIL: gcc.target/mips/mips-3d-7.c -O3 -g (test for excess errors)
FAIL: gcc.target/mips/mips-3d-7.c -Os (test for excess errors)
FAIL: gcc.target/mips/mips-3d-7.c -O2 -flto -fno-use-linker-plugin -flto-partition=none (test for excess errors)
FAIL: gcc.target/mips/mips-3d-7.c -O2 -flto -fuse-linker-plugin -fno-fat-lto-objects (test for excess errors)
FAIL: gcc.target/mips/mips-3d-8.c -O0 (test for excess errors)
FAIL: gcc.target/mips/mips-3d-8.c -O1 (test for excess errors)
FAIL: gcc.target/mips/mips-3d-8.c -O2 (test for excess errors)
FAIL: gcc.target/mips/mips-3d-8.c -O3 -fomit-frame-pointer (test for excess errors)
FAIL: gcc.target/mips/mips-3d-8.c -O3 -g (test for excess errors)
FAIL: gcc.target/mips/mips-3d-8.c -Os (test for excess errors)
FAIL: gcc.target/mips/mips-3d-8.c -O2 -flto -fno-use-linker-plugin -flto-partition=none (test for excess errors)
FAIL: gcc.target/mips/mips-3d-8.c -O2 -flto -fuse-linker-plugin -fno-fat-lto-objects (test for excess errors)
FAIL: gcc.target/mips/mips-3d-9.c -O0 (test for excess errors)
FAIL: gcc.target/mips/mips-3d-9.c -O1 (test for excess errors)
FAIL: gcc.target/mips/mips-3d-9.c -O2 (test for excess errors)
FAIL: gcc.target/mips/mips-3d-9.c -O3 -fomit-frame-pointer (test for excess errors)
FAIL: gcc.target/mips/mips-3d-9.c -O3 -fomit-frame-pointer -funroll-loops (test for excess errors)
FAIL: gcc.target/mips/mips-3d-9.c -O3 -fomit-frame-pointer -funroll-all-loops -finline-functions (test for excess errors)
FAIL: gcc.target/mips/mips-3d-9.c -O3 -g (test for excess errors)
FAIL: gcc.target/mips/mips-3d-9.c -Os (test for excess errors)
FAIL: gcc.target/mips/mips-3d-9.c -O2 -flto -fno-use-linker-plugin -flto-partition=none (test for excess errors)
FAIL: gcc.target/mips/mips-3d-9.c -O2 -flto -fuse-linker-plugin -fno-fat-lto-objects (test for excess errors)
FAIL: gcc.target/mips/mips-ps-1.c -O0 (test for excess errors)
FAIL: gcc.target/mips/mips-ps-1.c -O1 (test for excess errors)
FAIL: gcc.target/mips/mips-ps-1.c -O2 (test for excess errors)
FAIL: gcc.target/mips/mips-ps-1.c -O3 -fomit-frame-pointer (test for excess errors)
FAIL: gcc.target/mips/mips-ps-1.c -O3 -g (test for excess errors)
FAIL: gcc.target/mips/mips-ps-1.c -Os (test for excess errors)
FAIL: gcc.target/mips/mips-ps-1.c -O2 -flto -fno-use-linker-plugin -flto-partition=none (test for excess errors)
FAIL: gcc.target/mips/mips-ps-1.c -O2 -flto -fuse-linker-plugin -fno-fat-lto-objects (test for excess errors)
FAIL: gcc.target/mips/mips-ps-2.c -O0 (test for excess errors)
FAIL: gcc.target/mips/mips-ps-2.c -O1 (test for excess errors)
FAIL: gcc.target/mips/mips-ps-2.c -O2 (test for excess errors)
FAIL: gcc.target/mips/mips-ps-2.c -O3 -fomit-frame-pointer (test for excess errors)
FAIL: gcc.target/mips/mips-ps-2.c -O3 -g (test for excess errors)
FAIL: gcc.target/mips/mips-ps-2.c -Os (test for excess errors)
FAIL: gcc.target/mips/mips-ps-2.c -O2 -flto -fno-use-linker-plugin -flto-partition=none (test for excess errors)
FAIL: gcc.target/mips/mips-ps-2.c -O2 -flto -fuse-linker-plugin -fno-fat-lto-objects (test for excess errors)
FAIL: gcc.target/mips/mips-ps-3.c -O0 (test for excess errors)
FAIL: gcc.target/mips/mips-ps-3.c -O1 (test for excess errors)
FAIL: gcc.target/mips/mips-ps-3.c -O2 (test for excess errors)
FAIL: gcc.target/mips/mips-ps-3.c -O3 -fomit-frame-pointer (test for excess errors)
FAIL: gcc.target/mips/mips-ps-3.c -O3 -g (test for excess errors)
FAIL: gcc.target/mips/mips-ps-3.c -Os (test for excess errors)
FAIL: gcc.target/mips/mips-ps-3.c -O2 -flto -fno-use-linker-plugin -flto-partition=none (test for excess errors)
FAIL: gcc.target/mips/mips-ps-3.c -O2 -flto -fuse-linker-plugin -fno-fat-lto-objects (test for excess errors)
FAIL: gcc.target/mips/mips-ps-4.c -O0 (test for excess errors)
FAIL: gcc.target/mips/mips-ps-4.c -O1 (test for excess errors)
FAIL: gcc.target/mips/mips-ps-4.c -O2 (test for excess errors)
FAIL: gcc.target/mips/mips-ps-4.c -O3 -fomit-frame-pointer (test for excess errors)
FAIL: gcc.target/mips/mips-ps-4.c -O3 -g (test for excess errors)
FAIL: gcc.target/mips/mips-ps-4.c -Os (test for excess errors)
FAIL: gcc.target/mips/mips-ps-4.c -O2 -flto -fno-use-linker-plugin -flto-partition=none (test for excess errors)
FAIL: gcc.target/mips/mips-ps-4.c -O2 -flto -fuse-linker-plugin -fno-fat-lto-objects (test for excess errors)
FAIL: gcc.target/mips/mips-ps-6.c -O0 (test for excess errors)
FAIL: gcc.target/mips/mips-ps-6.c -O1 (test for excess errors)
FAIL: gcc.target/mips/mips-ps-6.c -O2 (test for excess errors)
FAIL: gcc.target/mips/mips-ps-6.c -O3 -fomit-frame-pointer (test for excess errors)
FAIL: gcc.target/mips/mips-ps-6.c -O3 -g (test for excess errors)
FAIL: gcc.target/mips/mips-ps-6.c -Os (test for excess errors)
FAIL: gcc.target/mips/mips-ps-6.c -O2 -flto -fno-use-linker-plugin -flto-partition=none (test for excess errors)
FAIL: gcc.target/mips/mips-ps-6.c -O2 -flto -fuse-linker-plugin -fno-fat-lto-objects (test for excess errors)
UNRESOLVED: gcc.target/mips/octeon2-pipe-1.c -O2 -flto -fuse-linker-plugin -fno-fat-lto-objects scan-rtl-dump sched2 "octeon_mult\\\\*17"
UNRESOLVED: gcc.target/mips/pr54240.c -O2 -flto -fuse-linker-plugin -fno-fat-lto-objects scan-tree-dump phiopt1 "Hoisting adjacent loads"
=== gcc Summary ===
# of expected passes 91049
# of unexpected failures 146
# of expected failures 146
# of unresolved testcases 2
# of unsupported tests 1351
/home/aaro/gcctest/gcctest/build/gcc/xgcc version 4.8.1 (GCC)
=== gcc tests ===
Running target unix
=== gcc Summary ===
# of expected passes 6114
/home/aaro/gcctest/gcctest/build/gcc/xgcc version 4.8.1 (GCC)
=== libatomic tests ===
Running target unix
=== libatomic Summary ===
# of expected passes 34
# of unsupported tests 10
=== libgomp tests ===
Running target unix
=== libgomp Summary ===
# of expected passes 1311
# of unsupported tests 1
=== libmudflap tests ===
Running target unix
FAIL: libmudflap.c++/pass41-frag.cxx ( -O) execution test
FAIL: libmudflap.c++/pass41-frag.cxx (-O2) execution test
FAIL: libmudflap.c++/pass41-frag.cxx (-O3) execution test
ERROR: tcl error sourcing /home/aaro/gcctest/gcctest/gcc-4.8.1/libmudflap/testsuite/libmudflap.cth/cthfrags.exp.
ERROR: couldn't compile regular expression pattern: out of memory
=== libmudflap Summary ===
# of expected passes 1253
# of unexpected failures 3
=== libstdc++ tests ===
Running target unix
FAIL: libstdc++-abi/abi_check
=== libstdc++ Summary ===
# of expected passes 8309
# of unexpected failures 1
# of expected failures 45
# of unsupported tests 572
=== libstdc++ tests ===
Running target unix
=== libstdc++ Summary ===
# of expected passes 655
# of unsupported tests 3
=== libstdc++ tests ===
Running target unix
=== libstdc++ Summary ===
# of expected passes 9
Compiler version: 4.8.1 (GCC)
Platform: mips-unknown-linux-gnu
configure flags: --with-arch=octeon+ --with-abi=32 --enable-targets=all --with-float=soft --disable-nls --enable-languages=c,c++ --host=mips-unknown-linux-gnu --build=mips-unknown-linux-gnu --target=mips-unknown-linux-gnu --with-system-zlib --with-sysroot=/ --disable-static --enable-shared