This is the mail archive of the
gcc-testresults@gcc.gnu.org
mailing list for the GCC project.
FW: Results for gcc testsuite on x86_64-unknown-linux-gnu
- From: "Pinski, Andrew" <Andrew dot Pinski at caviumnetworks dot com>
- To: "gcc-testresults at gcc dot gnu dot org" <gcc-testresults at gcc dot gnu dot org>
- Date: Thu, 6 Jun 2013 02:50:20 +0000
- Subject: FW: Results for gcc testsuite on x86_64-unknown-linux-gnu
- Auto-submitted: auto-generated
- References: <201306060250 dot r562o8uw023516 at toolchainslave2 dot caveonetworks dot com>
________________________________________
From: Jenkins
Sent: Wednesday, June 05, 2013 7:50:08 PM (UTC-08:00) Pacific Time (US & Canada)
To: apinski@cavium.com
Subject: Results for gcc testsuite on x86_64-unknown-linux-gnu
Native configuration is x86_64-unknown-linux-gnu
=== gcc tests ===
Running target unix//-m32
FAIL: gcc.c-torture/execute/scal-to-vec1.c compilation, -O3 -fomit-frame-pointer (internal compiler error)
UNRESOLVED: gcc.c-torture/execute/scal-to-vec1.c execution, -O3 -fomit-frame-pointer
FAIL: gcc.c-torture/execute/scal-to-vec1.c compilation, -O3 -fomit-frame-pointer -funroll-loops (internal compiler error)
UNRESOLVED: gcc.c-torture/execute/scal-to-vec1.c execution, -O3 -fomit-frame-pointer -funroll-loops
FAIL: gcc.c-torture/execute/scal-to-vec1.c compilation, -O3 -fomit-frame-pointer -funroll-all-loops -finline-functions (internal compiler error)
UNRESOLVED: gcc.c-torture/execute/scal-to-vec1.c execution, -O3 -fomit-frame-pointer -funroll-all-loops -finline-functions
FAIL: gcc.c-torture/execute/scal-to-vec1.c compilation, -O3 -g (internal compiler error)
UNRESOLVED: gcc.c-torture/execute/scal-to-vec1.c execution, -O3 -g
FAIL: c-c++-common/asan/memcmp-1.c -O0 (internal compiler error)
FAIL: c-c++-common/asan/memcmp-1.c -O0 (test for excess errors)
UNRESOLVED: c-c++-common/asan/memcmp-1.c -O0 compilation failed to produce executable
FAIL: c-c++-common/asan/memcmp-1.c -O1 (internal compiler error)
FAIL: c-c++-common/asan/memcmp-1.c -O1 (test for excess errors)
UNRESOLVED: c-c++-common/asan/memcmp-1.c -O1 compilation failed to produce executable
FAIL: c-c++-common/asan/memcmp-1.c -O2 (internal compiler error)
FAIL: c-c++-common/asan/memcmp-1.c -O2 (test for excess errors)
UNRESOLVED: c-c++-common/asan/memcmp-1.c -O2 compilation failed to produce executable
FAIL: c-c++-common/asan/memcmp-1.c -O3 -fomit-frame-pointer (internal compiler error)
FAIL: c-c++-common/asan/memcmp-1.c -O3 -fomit-frame-pointer (test for excess errors)
UNRESOLVED: c-c++-common/asan/memcmp-1.c -O3 -fomit-frame-pointer compilation failed to produce executable
FAIL: c-c++-common/asan/memcmp-1.c -O3 -g (internal compiler error)
FAIL: c-c++-common/asan/memcmp-1.c -O3 -g (test for excess errors)
UNRESOLVED: c-c++-common/asan/memcmp-1.c -O3 -g compilation failed to produce executable
FAIL: c-c++-common/asan/memcmp-1.c -Os (internal compiler error)
FAIL: c-c++-common/asan/memcmp-1.c -Os (test for excess errors)
UNRESOLVED: c-c++-common/asan/memcmp-1.c -Os compilation failed to produce executable
FAIL: c-c++-common/asan/memcmp-1.c -O2 -flto -flto-partition=none (internal compiler error)
FAIL: c-c++-common/asan/memcmp-1.c -O2 -flto -flto-partition=none (test for excess errors)
UNRESOLVED: c-c++-common/asan/memcmp-1.c -O2 -flto -flto-partition=none compilation failed to produce executable
FAIL: c-c++-common/asan/memcmp-1.c -O2 -flto (internal compiler error)
FAIL: c-c++-common/asan/memcmp-1.c -O2 -flto (test for excess errors)
UNRESOLVED: c-c++-common/asan/memcmp-1.c -O2 -flto compilation failed to produce executable
FAIL: gcc.dg/cproj-fails-with-broken-glibc.c execution test
XPASS: gcc.dg/inline_3.c (test for excess errors)
XPASS: gcc.dg/inline_4.c (test for excess errors)
XPASS: gcc.dg/unroll_2.c (test for excess errors)
XPASS: gcc.dg/unroll_3.c (test for excess errors)
XPASS: gcc.dg/unroll_4.c (test for excess errors)
XPASS: gcc.dg/guality/example.c -O0 execution test
XPASS: gcc.dg/guality/example.c -O1 execution test
XPASS: gcc.dg/guality/guality.c -O0 execution test
XPASS: gcc.dg/guality/guality.c -O1 execution test
XPASS: gcc.dg/guality/guality.c -O2 execution test
XPASS: gcc.dg/guality/guality.c -O3 -fomit-frame-pointer execution test
XPASS: gcc.dg/guality/guality.c -O3 -g execution test
XPASS: gcc.dg/guality/guality.c -Os execution test
XPASS: gcc.dg/guality/guality.c -O2 -flto -flto-partition=none execution test
XPASS: gcc.dg/guality/guality.c -O2 -flto execution test
XPASS: gcc.dg/guality/inline-params.c -O2 execution test
XPASS: gcc.dg/guality/inline-params.c -O3 -fomit-frame-pointer execution test
XPASS: gcc.dg/guality/inline-params.c -O3 -g execution test
XPASS: gcc.dg/guality/inline-params.c -Os execution test
XPASS: gcc.dg/guality/inline-params.c -O2 -flto -flto-partition=none execution test
XPASS: gcc.dg/guality/inline-params.c -O2 -flto execution test
XPASS: gcc.dg/guality/pr41353-1.c -O0 line 28 j == 28 + 37
XPASS: gcc.dg/guality/pr41353-1.c -O1 line 28 j == 28 + 37
XPASS: gcc.dg/guality/pr41353-1.c -O2 line 28 j == 28 + 37
XPASS: gcc.dg/guality/pr41353-1.c -O3 -fomit-frame-pointer line 28 j == 28 + 37
XPASS: gcc.dg/guality/pr41353-1.c -O3 -g line 28 j == 28 + 37
XPASS: gcc.dg/guality/pr41353-1.c -Os line 28 j == 28 + 37
XPASS: gcc.dg/guality/pr41353-1.c -O2 -flto -flto-partition=none line 28 j == 28 + 37
XPASS: gcc.dg/guality/pr41353-1.c -O2 -flto line 28 j == 28 + 37
XPASS: gcc.dg/guality/pr41447-1.c -O0 execution test
XPASS: gcc.dg/guality/pr41447-1.c -O1 execution test
XPASS: gcc.dg/guality/pr41447-1.c -Os execution test
XPASS: gcc.dg/guality/pr41616-1.c -O0 execution test
XPASS: gcc.dg/guality/pr41616-1.c -O1 execution test
XPASS: gcc.dg/guality/pr41616-1.c -O2 execution test
XPASS: gcc.dg/guality/pr41616-1.c -O3 -fomit-frame-pointer execution test
XPASS: gcc.dg/guality/pr41616-1.c -O3 -g execution test
XPASS: gcc.dg/guality/pr41616-1.c -Os execution test
XPASS: gcc.dg/guality/pr41616-1.c -O2 -flto -flto-partition=none execution test
XPASS: gcc.dg/guality/pr41616-1.c -O2 -flto execution test
FAIL: gcc.dg/guality/sra-1.c -O1 line 21 a.j == 14
FAIL: gcc.dg/guality/sra-1.c -O2 line 21 a.j == 14
FAIL: gcc.dg/guality/sra-1.c -O3 -fomit-frame-pointer line 21 a.j == 14
FAIL: gcc.dg/guality/sra-1.c -O3 -g line 21 a.j == 14
FAIL: gcc.dg/guality/sra-1.c -Os line 21 a.j == 14
FAIL: gcc.dg/guality/sra-1.c -O2 -flto -flto-partition=none line 21 a.j == 14
FAIL: gcc.dg/guality/sra-1.c -O2 -flto line 21 a.j == 14
FAIL: gcc.dg/guality/vla-1.c -O0 line 17 sizeof (a) == 6
FAIL: gcc.dg/guality/vla-1.c -O0 line 24 sizeof (a) == 17 * sizeof (short)
FAIL: gcc.dg/guality/vla-1.c -O1 line 17 sizeof (a) == 6
FAIL: gcc.dg/guality/vla-1.c -O1 line 24 sizeof (a) == 17 * sizeof (short)
FAIL: gcc.dg/guality/vla-1.c -O2 line 17 sizeof (a) == 6
FAIL: gcc.dg/guality/vla-1.c -O2 line 24 sizeof (a) == 17 * sizeof (short)
FAIL: gcc.dg/guality/vla-1.c -O3 -fomit-frame-pointer line 17 sizeof (a) == 6
FAIL: gcc.dg/guality/vla-1.c -O3 -fomit-frame-pointer line 24 sizeof (a) == 17 * sizeof (short)
FAIL: gcc.dg/guality/vla-1.c -O3 -g line 17 sizeof (a) == 6
FAIL: gcc.dg/guality/vla-1.c -O3 -g line 24 sizeof (a) == 17 * sizeof (short)
FAIL: gcc.dg/guality/vla-1.c -Os line 17 sizeof (a) == 6
FAIL: gcc.dg/guality/vla-1.c -Os line 24 sizeof (a) == 17 * sizeof (short)
FAIL: gcc.dg/guality/vla-1.c -O2 -flto -flto-partition=none line 17 sizeof (a) == 6
FAIL: gcc.dg/guality/vla-1.c -O2 -flto -flto-partition=none line 24 sizeof (a) == 17 * sizeof (short)
FAIL: gcc.dg/guality/vla-1.c -O2 -flto line 17 sizeof (a) == 6
FAIL: gcc.dg/guality/vla-1.c -O2 -flto line 24 sizeof (a) == 17 * sizeof (short)
FAIL: gcc.dg/guality/vla-2.c -O0 line 16 sizeof (a) == 5 * sizeof (int)
FAIL: gcc.dg/guality/vla-2.c -O0 line 25 sizeof (a) == 6 * sizeof (int)
FAIL: gcc.dg/guality/vla-2.c -O1 line 16 sizeof (a) == 5 * sizeof (int)
FAIL: gcc.dg/guality/vla-2.c -O1 line 25 sizeof (a) == 6 * sizeof (int)
FAIL: gcc.dg/guality/vla-2.c -O2 line 16 sizeof (a) == 5 * sizeof (int)
FAIL: gcc.dg/guality/vla-2.c -O2 line 25 sizeof (a) == 6 * sizeof (int)
FAIL: gcc.dg/guality/vla-2.c -O3 -fomit-frame-pointer line 16 sizeof (a) == 5 * sizeof (int)
FAIL: gcc.dg/guality/vla-2.c -O3 -fomit-frame-pointer line 25 sizeof (a) == 6 * sizeof (int)
FAIL: gcc.dg/guality/vla-2.c -O3 -g line 16 sizeof (a) == 5 * sizeof (int)
FAIL: gcc.dg/guality/vla-2.c -O3 -g line 25 sizeof (a) == 6 * sizeof (int)
FAIL: gcc.dg/guality/vla-2.c -Os line 16 sizeof (a) == 5 * sizeof (int)
FAIL: gcc.dg/guality/vla-2.c -Os line 25 sizeof (a) == 6 * sizeof (int)
FAIL: gcc.dg/guality/vla-2.c -O2 -flto -flto-partition=none line 16 sizeof (a) == 5 * sizeof (int)
FAIL: gcc.dg/guality/vla-2.c -O2 -flto -flto-partition=none line 25 sizeof (a) == 6 * sizeof (int)
FAIL: gcc.dg/guality/vla-2.c -O2 -flto line 16 sizeof (a) == 5 * sizeof (int)
FAIL: gcc.dg/guality/vla-2.c -O2 -flto line 25 sizeof (a) == 6 * sizeof (int)
FAIL: gcc.dg/torture/tls/run-ld.c -O1 -pie -fpie execution test
FAIL: gcc.dg/torture/tls/run-ld.c -O2 -pie -fpie execution test
FAIL: gcc.dg/torture/tls/run-ld.c -O3 -fomit-frame-pointer -pie -fpie execution test
FAIL: gcc.dg/torture/tls/run-ld.c -O3 -g -pie -fpie execution test
FAIL: gcc.dg/torture/tls/run-ld.c -Os -pie -fpie execution test
FAIL: gcc.dg/torture/tls/run-ld.c -O1 -pie -fPIE execution test
FAIL: gcc.dg/torture/tls/run-ld.c -O2 -pie -fPIE execution test
FAIL: gcc.dg/torture/tls/run-ld.c -O3 -fomit-frame-pointer -pie -fPIE execution test
FAIL: gcc.dg/torture/tls/run-ld.c -O3 -g -pie -fPIE execution test
FAIL: gcc.dg/torture/tls/run-ld.c -Os -pie -fPIE execution test
FAIL: gcc.dg/tree-ssa/loop-38.c scan-tree-dump-times ch "3 loops found" 1
FAIL: gcc.dg/vect/vect-98-big-array.c execution test
FAIL: gcc.dg/vect/vect-98-big-array.c -flto execution test
=== gcc Summary for unix//-m32 ===
# of expected passes 86010
# of unexpected failures 73
# of unexpected successes 40
# of expected failures 268
# of unresolved testcases 12
# of unsupported tests 1261
Running target unix//-m64
FAIL: gcc.c-torture/compile/limits-externalid.c -O3 -g (test for excess errors)
FAIL: gcc.c-torture/compile/limits-externalid.c -O2 -flto -flto-partition=none (test for excess errors)
FAIL: gcc.c-torture/compile/limits-externalid.c -O2 -flto (test for excess errors)
FAIL: gcc.c-torture/compile/limits-fndefn.c -O3 -g (test for excess errors)
FAIL: gcc.c-torture/compile/pr46534.c -O0 (test for excess errors)
FAIL: gcc.c-torture/compile/pr46534.c -O1 (test for excess errors)
FAIL: gcc.c-torture/compile/pr46534.c -O2 (test for excess errors)
FAIL: gcc.c-torture/compile/pr46534.c -O3 -fomit-frame-pointer (test for excess errors)
FAIL: gcc.c-torture/compile/pr46534.c -O3 -g (test for excess errors)
FAIL: gcc.c-torture/compile/pr46534.c -Os (test for excess errors)
FAIL: gcc.c-torture/compile/pr46534.c -O2 -flto -flto-partition=none (test for excess errors)
FAIL: gcc.c-torture/compile/pr46534.c -O2 -flto (test for excess errors)
FAIL: gcc.c-torture/execute/pr52979-1.c execution, -O3 -fomit-frame-pointer
FAIL: gcc.c-torture/execute/pr52979-1.c execution, -O3 -g
FAIL: gcc.c-torture/execute/pr52979-2.c execution, -O3 -fomit-frame-pointer
FAIL: gcc.c-torture/execute/pr52979-2.c execution, -O3 -g
FAIL: gcc.c-torture/execute/scal-to-vec1.c compilation, -O3 -fomit-frame-pointer (internal compiler error)
UNRESOLVED: gcc.c-torture/execute/scal-to-vec1.c execution, -O3 -fomit-frame-pointer
FAIL: gcc.c-torture/execute/scal-to-vec1.c compilation, -O3 -fomit-frame-pointer -funroll-loops (internal compiler error)
UNRESOLVED: gcc.c-torture/execute/scal-to-vec1.c execution, -O3 -fomit-frame-pointer -funroll-loops
FAIL: gcc.c-torture/execute/scal-to-vec1.c compilation, -O3 -fomit-frame-pointer -funroll-all-loops -finline-functions (internal compiler error)
UNRESOLVED: gcc.c-torture/execute/scal-to-vec1.c execution, -O3 -fomit-frame-pointer -funroll-all-loops -finline-functions
FAIL: gcc.c-torture/execute/scal-to-vec1.c compilation, -O3 -g (internal compiler error)
UNRESOLVED: gcc.c-torture/execute/scal-to-vec1.c execution, -O3 -g
FAIL: gcc.c-torture/unsorted/trivial.c, -O2 -flto
FAIL: gcc.c-torture/unsorted/trunc.c, -O0
FAIL: gcc.c-torture/unsorted/trunc.c, -O1
FAIL: gcc.c-torture/unsorted/trunc.c, -O2
FAIL: gcc.c-torture/unsorted/trunc.c, -O3 -fomit-frame-pointer
FAIL: gcc.c-torture/unsorted/trunc.c, -O3 -g
FAIL: gcc.c-torture/unsorted/trunc.c, -Os
FAIL: gcc.c-torture/unsorted/trunc.c, -O2 -flto -flto-partition=none
FAIL: gcc.c-torture/unsorted/trunc.c, -O2 -flto
FAIL: gcc.c-torture/unsorted/u.c, -O0
FAIL: gcc.c-torture/unsorted/u.c, -O1
FAIL: gcc.c-torture/unsorted/u.c, -O2
FAIL: gcc.c-torture/unsorted/u.c, -O3 -fomit-frame-pointer
FAIL: gcc.c-torture/unsorted/u.c, -O3 -g
FAIL: gcc.c-torture/unsorted/u.c, -Os
FAIL: gcc.c-torture/unsorted/u.c, -O2 -flto -flto-partition=none
FAIL: gcc.c-torture/unsorted/u.c, -O2 -flto
FAIL: gcc.c-torture/unsorted/udconvert.c, -O0
FAIL: gcc.c-torture/unsorted/udconvert.c, -O1
FAIL: gcc.c-torture/unsorted/udconvert.c, -O2
FAIL: gcc.c-torture/unsorted/udconvert.c, -O3 -fomit-frame-pointer
FAIL: gcc.c-torture/unsorted/udconvert.c, -O3 -g
FAIL: gcc.c-torture/unsorted/udconvert.c, -Os
FAIL: gcc.c-torture/unsorted/udconvert.c, -O2 -flto -flto-partition=none
FAIL: gcc.c-torture/unsorted/udconvert.c, -O2 -flto
FAIL: gcc.c-torture/unsorted/udivmod4.c, -O0
FAIL: gcc.c-torture/unsorted/udivmod4.c, -O1
FAIL: gcc.c-torture/unsorted/udivmod4.c, -O2
FAIL: gcc.c-torture/unsorted/udivmod4.c, -O3 -fomit-frame-pointer
FAIL: gcc.c-torture/unsorted/udivmod4.c, -O3 -fomit-frame-pointer -funroll-loops
FAIL: gcc.c-torture/unsorted/udivmod4.c, -O3 -fomit-frame-pointer -funroll-all-loops -finline-functions
FAIL: gcc.c-torture/unsorted/udivmod4.c, -O3 -g
FAIL: gcc.c-torture/unsorted/udivmod4.c, -Os
FAIL: gcc.c-torture/unsorted/udivmod4.c, -O2 -flto -flto-partition=none
FAIL: gcc.c-torture/unsorted/udivmod4.c, -O2 -flto
FAIL: gcc.c-torture/unsorted/uns.c, -O0
FAIL: gcc.c-torture/unsorted/uns.c, -O1
FAIL: gcc.c-torture/unsorted/uns.c, -O2
FAIL: gcc.c-torture/unsorted/uns.c, -O3 -fomit-frame-pointer
FAIL: gcc.c-torture/unsorted/uns.c, -O3 -g
FAIL: gcc.c-torture/unsorted/uns.c, -Os
FAIL: gcc.c-torture/unsorted/uns.c, -O2 -flto -flto-partition=none
FAIL: gcc.c-torture/unsorted/uns.c, -O2 -flto
FAIL: gcc.c-torture/unsorted/uns_tst.c, -O0
FAIL: gcc.c-torture/unsorted/uns_tst.c, -O1
FAIL: gcc.c-torture/unsorted/uns_tst.c, -O2
FAIL: gcc.c-torture/unsorted/uns_tst.c, -O3 -fomit-frame-pointer
FAIL: gcc.c-torture/unsorted/uns_tst.c, -O3 -g
FAIL: gcc.c-torture/unsorted/uns_tst.c, -Os
FAIL: gcc.c-torture/unsorted/uns_tst.c, -O2 -flto -flto-partition=none
FAIL: gcc.c-torture/unsorted/uns_tst.c, -O2 -flto
FAIL: gcc.c-torture/unsorted/uuarg.c, -O0
FAIL: gcc.c-torture/unsorted/uuarg.c, -O1
FAIL: gcc.c-torture/unsorted/uuarg.c, -O2
FAIL: gcc.c-torture/unsorted/uuarg.c, -O3 -fomit-frame-pointer
FAIL: gcc.c-torture/unsorted/uuarg.c, -O3 -g
FAIL: gcc.c-torture/unsorted/uuarg.c, -Os
FAIL: gcc.c-torture/unsorted/uuarg.c, -O2 -flto -flto-partition=none
FAIL: gcc.c-torture/unsorted/uuarg.c, -O2 -flto
FAIL: gcc.c-torture/unsorted/v.c, -O0
FAIL: gcc.c-torture/unsorted/v.c, -O1
FAIL: gcc.c-torture/unsorted/v.c, -O2
FAIL: gcc.c-torture/unsorted/v.c, -O3 -fomit-frame-pointer
FAIL: gcc.c-torture/unsorted/v.c, -O3 -g
FAIL: gcc.c-torture/unsorted/v.c, -Os
FAIL: gcc.c-torture/unsorted/v.c, -O2 -flto -flto-partition=none
FAIL: gcc.c-torture/unsorted/v.c, -O2 -flto
FAIL: gcc.c-torture/unsorted/w.c, -O0
FAIL: gcc.c-torture/unsorted/w.c, -O1
FAIL: gcc.c-torture/unsorted/w.c, -O2
FAIL: gcc.c-torture/unsorted/w.c, -O3 -fomit-frame-pointer
FAIL: gcc.c-torture/unsorted/w.c, -O3 -g
FAIL: gcc.c-torture/unsorted/w.c, -Os
FAIL: gcc.c-torture/unsoTest Run By jenkins on Wed Jun 5 19:37:03 2013
=== boehm-gc tests ===
Running target unix//-m32
=== boehm-gc Summary for unix//-m32 ===
# of expected passes 12
# of unsupported tests 1
Running target unix//-m64
=== boehm-gc Summary for unix//-m64 ===
# of expected passes 12
# of unsupported tests 1
=== boehm-gc Summary ===
# of expected passes 24
# of unsupported tests 2
=== libatomic tests ===
Running target unix//-m32
=== libatomic Summary for unix//-m32 ===
# of expected passes 44
# of unsupported tests 5
Running target unix//-m64
=== libatomic Summary for unix//-m64 ===
# of expected passes 54
=== libatomic Summary ===
# of expected passes 98
# of unsupported tests 5
=== libgomp tests ===
Running target unix//-m32
=== libgomp Summary for unix//-m32 ===
# of expected passes 2952
Running target unix//-m64
=== libgomp Summary for unix//-m64 ===
# of expected passes 2952
=== libgomp Summary ===
# of expected passes 5904
=== libitm tests ===
Running target unix//-m32
=== libitm Summary for unix//-m32 ===
# of expected passes 26
# of expected failures 3
# of unsupported tests 1
Running target unix//-m64
=== libitm Summary for unix//-m64 ===
# of expected passes 26
# of expected failures 3
# of unsupported tests 1
=== libitm Summary ===
# of expected passes 52
# of expected failures 6
# of unsupported tests 2
=== libjava tests ===
Running target unix//-m32
FAIL: ExtraClassLoader -O3 compilation from source
FAIL: ExtraClassLoader -O3 -findirect-dispatch compilation from source
FAIL: PR26858 compilation from source
FAIL: PR26858 -findirect-dispatch compilation from source
FAIL: PR26858 -O3 compilation from source
FAIL: PR26858 -O3 -findirect-dispatch compilation from source
FAIL: PR36252 -O3 -findirect-dispatch compilation from source
FAIL: PR3731 compilation from source
FAIL: PR3731 -findirect-dispatch compilation from source
FAIL: PR3731 -O3 compilation from source
FAIL: PR3731 -O3 -findirect-dispatch compilation from source
FAIL: PR5057 compilation from source
FAIL: PR5057 -findirect-dispatch compilation from source
FAIL: PR5057 -O3 compilation from source
FAIL: PR5057 -O3 -findirect-dispatch compilation from source
FAIL: PR5057_2 compilation from source
FAIL: PR5057_2 -findirect-dispatch compilation from source
FAIL: PR5057_2 -O3 compilation from source
Compiler version: gcc
Platform: x86_64-unknown-linux-gnu
configure flags: --prefix=/home/jenkins/workspace/GCC-native/objdir/install