This is the mail archive of the
gcc-testresults@gcc.gnu.org
mailing list for the GCC project.
Results for 4.9.0 20130509 (experimental) [ira-improv revision 198762] (GCC) testsuite on mipsisa64-unknown-elf
- From: stevenb at gcc1-power7 dot osuosl dot org
- To: gcc-testresults at gcc dot gnu dot org
- Date: Thu, 09 May 2013 20:02:31 -0700
- Subject: Results for 4.9.0 20130509 (experimental) [ira-improv revision 198762] (GCC) testsuite on mipsisa64-unknown-elf
LAST_UPDATED: Fri May 10 01:44:28 UTC 2013 (revision 198762)
Target is mipsisa64-unknown-elf
Host is powerpc64-unknown-linux-gnu
=== binutils tests ===
Running target mips-sim-idt64
FAIL: simple objcopy of debug data
=== binutils Summary ===
# of expected passes 84
# of unexpected failures 1
# of expected failures 2
# of unsupported tests 6
Host is powerpc64-unknown-linux-gnu
=== gas tests ===
Running target mips-sim-idt64
=== gas Summary ===
# of expected passes 2301
# of expected failures 1
=== gcc tests ===
Running target mips-sim-idt64
FAIL: gcc.dg/cpp/cmdlne-M-2.c (test for excess errors)
UNRESOLVED: gcc.dg/cpp/cmdlne-M-2.c scan-file (^|\\\\n)cmdlne-M-2.o:
UNRESOLVED: gcc.dg/cpp/cmdlne-M-2.c scan-file cmdlne-M-2.c
UNRESOLVED: gcc.dg/cpp/cmdlne-M-2.c scan-file \\\\\\\\#cmdlne-M-2.h
UNRESOLVED: gcc.dg/cpp/cmdlne-M-2.c scan-file cmdlne-M-2\\\\\\\\#.h
FAIL: gcc.dg/pr41345.c (test for excess errors)
FAIL: gcc.dg/graphite/id-pr46845.c (internal compiler error)
FAIL: gcc.dg/graphite/id-pr46845.c (test for excess errors)
WARNING: program timed out.
FAIL: gcc.dg/graphite/interchange-1.c execution test
WARNING: program timed out.
FAIL: gcc.dg/graphite/interchange-10.c execution test
WARNING: program timed out.
FAIL: gcc.dg/graphite/interchange-11.c execution test
FAIL: gcc.dg/graphite/interchange-15.c execution test
WARNING: program timed out.
FAIL: gcc.dg/graphite/interchange-2.c execution test
WARNING: program timed out.
FAIL: gcc.dg/graphite/interchange-3.c execution test
WARNING: program timed out.
FAIL: gcc.dg/graphite/interchange-4.c execution test
FAIL: gcc.dg/graphite/interchange-mvt.c execution test
WARNING: program timed out.
FAIL: gcc.dg/graphite/pr46185.c execution test
FAIL: gcc.dg/ipa/iinline-4.c scan-ipa-dump inline "hooray4[^\\\\n]*inline copy in test4"
FAIL: gcc.dg/ipa/inline-5.c scan-ipa-dump-times inline "Will be eliminated" 4
FAIL: gcc.dg/matrix/matrix-1.c (test for excess errors)
UNRESOLVED: gcc.dg/matrix/matrix-1.c compilation failed to produce executable
UNRESOLVED: gcc.dg/matrix/matrix-1.c scan-ipa-dump-times matrix-reorg "Flattened 3 dimensions" 1
FAIL: gcc.dg/matrix/matrix-2.c (test for excess errors)
UNRESOLVED: gcc.dg/matrix/matrix-2.c compilation failed to produce executable
UNRESOLVED: gcc.dg/matrix/matrix-2.c scan-ipa-dump-times matrix-reorg "Flattened 2 dimensions" 1
FAIL: gcc.dg/matrix/matrix-3.c (test for excess errors)
UNRESOLVED: gcc.dg/matrix/matrix-3.c scan-ipa-dump-times matrix-reorg "Flattened 2 dimensions" 1
FAIL: gcc.dg/matrix/matrix-4.c (test for excess errors)
UNRESOLVED: gcc.dg/matrix/matrix-4.c scan-ipa-dump-times matrix-reorg "Flattened" 0
FAIL: gcc.dg/matrix/matrix-5.c (test for excess errors)
UNRESOLVED: gcc.dg/matrix/matrix-5.c compilation failed to produce executable
UNRESOLVED: gcc.dg/matrix/matrix-5.c scan-ipa-dump-times matrix-reorg "Flattened" 0
FAIL: gcc.dg/matrix/matrix-6.c (test for excess errors)
UNRESOLVED: gcc.dg/matrix/matrix-6.c scan-ipa-dump-times matrix-reorg "Flattened 2 dimensions" 1
FAIL: gcc.dg/tree-ssa/vector-4.c scan-tree-dump-times gimple "VEC_PERM_EXPR <a, b, { 0, 4, 1, 5 }>;" 1
FAIL: gcc.dg/tree-ssa/vrp87.c scan-tree-dump vrp2 "Folded into: if.*"
FAIL: gcc.dg/tree-ssa/vrp87.c scan-tree-dump cddce2 "Deleting.*_Bool.*;"
XPASS: gcc.dg/vect/vect-outer-5.c scan-tree-dump vect "zero step in outer loop."
XPASS: gcc.dg/vect/vect-outer-5.c -flto scan-tree-dump vect "zero step in outer loop."
FAIL: gcc.target/mips/code-readable-1.c -O1 (internal compiler error)
FAIL: gcc.target/mips/code-readable-1.c -O1 (test for excess errors)
UNRESOLVED: gcc.target/mips/code-readable-1.c -O1 scan-assembler \\tla\\t
UNRESOLVED: gcc.target/mips/code-readable-1.c -O1 scan-assembler \\t\\\\.half\\t
UNRESOLVED: gcc.target/mips/code-readable-1.c -O1 scan-assembler-not %hi\\\\([^)]*L
UNRESOLVED: gcc.target/mips/code-readable-1.c -O1 scan-assembler-not %lo\\\\([^)]*L
UNRESOLVED: gcc.target/mips/code-readable-1.c -O1 scan-assembler \\t\\\\.word\\tk\\n
UNRESOLVED: gcc.target/mips/code-readable-1.c -O1 scan-assembler-not %hi\\\\(k\\\\)
UNRESOLVED: gcc.target/mips/code-readable-1.c -O1 scan-assembler-not %lo\\\\(k\\\\)
FAIL: gcc.target/mips/code-readable-1.c -O2 (internal compiler error)
FAIL: gcc.target/mips/code-readable-1.c -O2 (test for excess errors)
UNRESOLVED: gcc.target/mips/code-readable-1.c -O2 scan-assembler \\tla\\t
UNRESOLVED: gcc.target/mips/code-readable-1.c -O2 scan-assembler \\t\\\\.half\\t
UNRESOLVED: gcc.target/mips/code-readable-1.c -O2 scan-assembler-not %hi\\\\([^)]*L
UNRESOLVED: gcc.target/mips/code-readable-1.c -O2 scan-assembler-not %lo\\\\([^)]*L
UNRESOLVED: gcc.target/mips/code-readable-1.c -O2 scan-assembler \\t\\\\.word\\tk\\n
UNRESOLVED: gcc.target/mips/code-readable-1.c -O2 scan-assembler-not %hi\\\\(k\\\\)
UNRESOLVED: gcc.target/mips/code-readable-1.c -O2 scan-assembler-not %lo\\\\(k\\\\)
FAIL: gcc.target/mips/code-readable-1.c -O3 -fomit-frame-pointer (internal compiler error)
FAIL: gcc.target/mips/code-readable-1.c -O3 -fomit-frame-pointer (test for excess errors)
UNRESOLVED: gcc.target/mips/code-readable-1.c -O3 -fomit-frame-pointer scan-assembler \\tla\\t
UNRESOLVED: gcc.target/mips/code-readable-1.c -O3 -fomit-frame-pointer scan-assembler \\t\\\\.half\\t
UNRESOLVED: gcc.target/mips/code-readable-1.c -O3 -fomit-frame-pointer scan-assembler-not %hi\\\\([^)]*L
UNRESOLVED: gcc.target/mips/code-readable-1.c -O3 -fomit-frame-pointer scan-assembler-not %lo\\\\([^)]*L
UNRESOLVED: gcc.target/mips/code-readable-1.c -O3 -fomit-frame-pointer scan-assembler \\t\\\\.word\\tk\\n
UNRESOLVED: gcc.target/mips/code-readable-1.c -O3 -fomit-frame-pointer scan-assembler-not %hi\\\\(k\\\\)
UNRESOLVED: gcc.target/mips/code-readable-1.c -O3 -fomit-frame-pointer scan-assembler-not %lo\\\\(k\\\\)
FAIL: gcc.target/mips/code-readable-1.c -O3 -g (internal compiler error)
FAIL: gcc.target/mips/code-readable-1.c -O3 -g (test for excess errors)
UNRESOLVED: gcc.target/mips/code-readable-1.c -O3 -g scan-assembler \\tla\\t
UNRESOLVED: gcc.target/mips/code-readable-1.c -O3 -g scan-assembler \\t\\\\.half\\t
UNRESOLVED: gcc.target/mips/code-readable-1.c -O3 -g scan-assembler-not %hi\\\\([^)]*L
UNRESOLVED: gcc.target/mips/code-readable-1.c -O3 -g scan-assembler-not %lo\\\\([^)]*L
UNRESOLVED: gcc.target/mips/code-readable-1.c -O3 -g scan-assembler \\t\\\\.word\\tk\\n
UNRESOLVED: gcc.target/mips/code-readable-1.c -O3 -g scan-assembler-not %hi\\\\(k\\\\)
UNRESOLVED: gcc.target/mips/code-readable-1.c -O3 -g scan-assembler-not %lo\\\\(k\\\\)
FAIL: gcc.target/mips/code-readable-1.c -Os (internal compiler error)
FAIL: gcc.target/mips/code-readable-1.c -Os (test for excess errors)
UNRESOLVED: gcc.target/mips/code-readable-1.c -Os scan-assembler \\tla\\t
UNRESOLVED: gcc.target/mips/code-readable-1.c -Os scan-assembler \\t\\\\.half\\t
UNRESOLVED: gcc.target/mips/code-readable-1.c -Os scan-assembler-not %hi\\\\([^)]*L
UNRESOLVED: gcc.target/mips/code-readable-1.c -Os scan-assembler-not %lo\\\\([^)]*L
UNRESOLVED: gcc.target/mips/code-readable-1.c -Os scan-assembler \\t\\\\.word\\tk\\n
UNRESOLVED: gcc.target/mips/code-readable-1.c -Os scan-assembler-not %hi\\\\(k\\\\)
UNRESOLVED: gcc.target/mips/code-readable-1.c -Os scan-assembler-not %lo\\\\(k\\\\)
FAIL: gcc.target/mips/code-readable-1.c -O2 -flto -fno-use-linker-plugin -flto-partition=none (internal compiler error)
FAIL: gcc.target/mips/code-readable-1.c -O2 -flto -fno-use-linker-plugin -flto-partition=none (test for excess errors)
UNRESOLVED: gcc.target/mips/code-readable-1.c -O2 -flto -fno-use-linker-plugin -flto-partition=none scan-assembler \\tla\\t
UNRESOLVED: gcc.target/mips/code-readable-1.c -O2 -flto -fno-use-linker-plugin -flto-partition=none scan-assembler \\t\\\\.half\\t
UNRESOLVED: gcc.target/mips/code-readable-1.c -O2 -flto -fno-use-linker-plugin -flto-partition=none scan-assembler-not %hi\\\\([^)]*L
UNRESOLVED: gcc.target/mips/code-readable-1.c -O2 -flto -fno-use-linker-plugin -flto-partition=none scan-assembler-not %lo\\\\([^)]*L
UNRESOLVED: gcc.target/mips/code-readable-1.c -O2 -flto -fno-use-linker-plugin -flto-partition=none scan-assembler \\t\\\\.word\\tk\\n
UNRESOLVED: gcc.target/mips/code-readable-1.c -O2 -flto -fno-use-linker-plugin -flto-partition=none scan-assembler-not %hi\\\\(k\\\\)
UNRESOLVED: gcc.target/mips/code-readable-1.c -O2 -flto -fno-use-linker-plugin -flto-partition=none scan-assembler-not %lo\\\\(k\\\\)
FAIL: gcc.target/mips/code-readable-1.c -O2 -flto -fuse-linker-plugin -fno-fat-lto-objects (internal compiler error)
FAIL: gcc.target/mips/code-readable-1.c -O2 -flto -fuse-linker-plugin -fno-fat-lto-objects (test for excess errors)
UNRESOLVED: gcc.target/mips/code-readable-1.c -O2 -flto -fuse-linker-plugin -fno-fat-lto-objects scan-assembler \\tla\\t
UNRESOLVED: gcc.target/mips/code-readable-1.c -O2 -flto -fuse-linker-plugin -fno-fat-lto-objects scan-assembler \\t\\\\.half\\t
UNRESOLVED: gcc.target/mips/code-readable-1.c -O2 -flto -fuse-linker-plugin -fno-fat-lto-objects scan-assembler-not %hi\\\\([^)]*L
UNRESOLVED: gcc.target/mips/code-readable-1.c -O2 -flto -fuse-linker-plugin -fno-fat-lto-objects scan-assembler-not %lo\\\\([^)]*L
UNRESOLVED: gcc.target/mips/code-readable-1.c -O2 -flto -fuse-linker-plugin -fno-fat-lto-objects scan-assembler \\t\\\\.word\\tk\\n
UNRESOLVED: gcc.target/mips/code-readable-1.c -O2 -flto -fuse-linker-plugin -fno-fat-lto-objects scan-assembler-not %hi\\\\(k\\\\)
UNRESOLVED: gcc.target/mips/code-readable-1.c -O2 -flto -fuse-linker-plugin -fno-fat-lto-objects scan-assembler-not %lo\\\\(k\\\\)
FAIL: gcc.target/mips/code-readable-4.c -O1 (internal compiler error)
FAIL: gcc.target/mips/code-readable-4.c -O1 (test for excess errors)
UNRESOLVED: gcc.target/mips/code-readable-4.c -O1 scan-assembler \\tla\\t
UNRESOLVED: gcc.target/mips/code-readable-4.c -O1 scan-assembler \\t\\\\.half\\t
UNRESOLVED: gcc.target/mips/code-readable-4.c -O1 scan-assembler-not %hi\\\\([^)]*L
UNRESOLVED: gcc.target/mips/code-readable-4.c -O1 scan-assembler-not %lo\\\\([^)]*L
UNRESOLVED: gcc.target/mips/code-readable-4.c -O1 scan-assembler \\t\\\\.dword\\tk\\n
UNRESOLVED: gcc.target/mips/code-readable-4.c -O1 scan-assembler-not %hi\\\\(k\\\\)
UNRESOLVED: gcc.target/mips/code-readable-4.c -O1 scan-assembler-not %lo\\\\(k\\\\)
FAIL: gcc.target/mips/code-readable-4.c -O2 (internal compiler error)
FAIL: gcc.target/mips/code-readable-4.c -O2 (test for excess errors)
UNRESOLVED: gcc.target/mips/code-readable-4.c -O2 scan-assembler \\tla\\t
UNRESOLVED: gcc.target/mips/code-readable-4.c -O2 scan-assembler \\t\\\\.half\\t
UNRESOLVED: gcc.target/mips/code-readable-4.c -O2 scan-assembler-not %hi\\\\([^)]*L
UNRESOLVED: gcc.target/mips/code-readable-4.c -O2 scan-assembler-not %lo\\\\([^)]*L
UNRESOLVED: gcc.target/mips/code-readable-4.c -O2 scan-assembler \\t\\\\.dword\\tk\\n
UNRESOLVED: gcc.target/mips/code-readable-4.c -O2 scan-assembler-not %hi\\\\(k\\\\)
UNRESOLVED: gcc.target/mips/code-readable-4.c -O2 scan-assembler-not %lo\\\\(k\\\\)
FAIL: gcc.target/mips/code-readable-4.c -O3 -fomit-frame-pointer (internal compiler error)
FAIL: gcc.target/mips/code-readable-4.c -O3 -fomit-frame-pointer (test for excess errors)
UNRESOLVED: gcc.target/mips/code-readable-4.c -O3 -fomit-frame-pointer scan-assembler \\tla\\t
UNRESOLVED: gcc.target/mips/code-readable-4.c -O3 -fomit-frame-pointer scan-assembler \\t\\\\.half\\t
UNRESOLVED: gcc.target/mips/code-readable-4.c -O3 -fomit-frame-pointer scan-assembler-not %hi\\\\([^)]*L
UNRESOLVED: gcc.target/mips/code-readable-4.c -O3 -fomit-frame-pointer scan-assembler-not %lo\\\\([^)]*L
UNRESOLVED: gcc.target/mips/code-readable-4.c -O3 -fomit-frame-pointer scan-assembler \\t\\\\.dword\\tk\\n
UNRESOLVED: gcc.target/mips/code-readable-4.c -O3 -fomit-frame-pointer scan-assembler-not %hi\\\\(k\\\\)
UNRESOLVED: gcc.target/mips/code-readable-4.c -O3 -fomit-frame-pointer scan-assembler-not %lo\\\\(k\\\\)
FAIL: gcc.target/mips/code-readable-4.c -O3 -g (internal compiler error)
FAIL: gcc.target/mips/code-readable-4.c -O3 -g (test for excess errors)
UNRESOLVED: gcc.target/mips/code-readable-4.c -O3 -g scan-assembler \\tla\\t
UNRESOLVED: gcc.target/mips/code-readable-4.c -O3 -g scan-assembler \\t\\\\.half\\t
UNRESOLVED: gcc.target/mips/code-readable-4.c -O3 -g scan-assembler-not %hi\\\\([^)]*L
UNRESOLVED: gcc.target/mips/code-readable-4.c -O3 -g scan-assembler-not %lo\\\\([^)]*L
UNRESOLVED: gcc.target/mips/code-readable-4.c -O3 -g scan-assembler \\t\\\\.dword\\tk\\n
UNRESOLVED: gcc.target/mips/code-readable-4.c -O3 -g scan-assembler-not %hi\\\\(k\\\\)
UNRESOLVED: gcc.target/mips/code-readable-4.c -O3 -g scan-assembler-not %lo\\\\(k\\\\)
FAIL: gcc.target/mips/code-readable-4.c -Os (internal compiler error)
FAIL: gcc.target/mips/code-readable-4.c -Os (test for excess errors)
UNRESOLVED: gcc.target/mips/code-readable-4.c -Os scan-assembler \\tla\\t
UNRESOLVED: gcc.target/mips/code-readable-4.c -Os scan-assembler \\t\\\\.half\\t
UNRESOLVED: gcc.target/mips/code-readable-4.c -Os scan-assembler-not %hi\\\\([^)]*L
UNRESOLVED: gcc.target/mips/code-readable-4.c -Os scan-assembler-not %lo\\\\([^)]*L
UNRESOLVED: gcc.target/mips/code-readable-4.c -Os scan-assembler \\t\\\\.dword\\tk\\n
UNRESOLVED: gcc.target/mips/code-readable-4.c -Os scan-assembler-not %hi\\\\(k\\\\)
UNRESOLVED: gcc.target/mips/code-readable-4.c -Os scan-assembler-not %lo\\\\(k\\\\)
FAIL: gcc.target/mips/code-readable-4.c -O2 -flto -fno-use-linker-plugin -flto-partition=none (internal compiler error)
FAIL: gcc.target/mips/code-readable-4.c -O2 -flto -fno-use-linker-plugin -flto-partition=none (test for excess errors)
UNRESOLVED: gcc.target/mips/code-readable-4.c -O2 -flto -fno-use-linker-plugin -flto-partition=none scan-assembler \\tla\\t
UNRESOLVED: gcc.target/mips/code-readable-4.c -O2 -flto -fno-use-linker-plugin -flto-partition=none scan-assembler \\t\\\\.half\\t
UNRESOLVED: gcc.target/mips/code-readable-4.c -O2 -flto -fno-use-linker-plugin -flto-partition=none scan-assembler-not %hi\\\\([^)]*L
UNRESOLVED: gcc.target/mips/code-readable-4.c -O2 -flto -fno-use-linker-plugin -flto-partition=none scan-assembler-not %lo\\\\([^)]*L
UNRESOLVED: gcc.target/mips/code-readable-4.c -O2 -flto -fno-use-linker-plugin -flto-partition=none scan-assembler \\t\\\\.dword\\tk\\n
UNRESOLVED: gcc.target/mips/code-readable-4.c -O2 -flto -fno-use-linker-plugin -flto-partition=none scan-assembler-not %hi\\\\(k\\\\)
UNRESOLVED: gcc.target/mips/code-readable-4.c -O2 -flto -fno-use-linker-plugin -flto-partition=none scan-assembler-not %lo\\\\(k\\\\)
FAIL: gcc.target/mips/code-readable-4.c -O2 -flto -fuse-linker-plugin -fno-fat-lto-objects (internal compiler error)
FAIL: gcc.target/mips/code-readable-4.c -O2 -flto -fuse-linker-plugin -fno-fat-lto-objects (test for excess errors)
UNRESOLVED: gcc.target/mips/code-readable-4.c -O2 -flto -fuse-linker-plugin -fno-fat-lto-objects scan-assembler \\tla\\t
UNRESOLVED: gcc.target/mips/code-readable-4.c -O2 -flto -fuse-linker-plugin -fno-fat-lto-objects scan-assembler \\t\\\\.half\\t
UNRESOLVED: gcc.target/mips/code-readable-4.c -O2 -flto -fuse-linker-plugin -fno-fat-lto-objects scan-assembler-not %hi\\\\([^)]*L
UNRESOLVED: gcc.target/mips/code-readable-4.c -O2 -flto -fuse-linker-plugin -fno-fat-lto-objects scan-assembler-not %lo\\\\([^)]*L
UNRESOLVED: gcc.target/mips/code-readable-4.c -O2 -flto -fuse-linker-plugin -fno-fat-lto-objects scan-assembler \\t\\\\.dword\\tk\\n
UNRESOLVED: gcc.target/mips/code-readable-4.c -O2 -flto -fuse-linker-plugin -fno-fat-lto-objects scan-assembler-not %hi\\\\(k\\\\)
UNRESOLVED: gcc.target/mips/code-readable-4.c -O2 -flto -fuse-linker-plugin -fno-fat-lto-objects scan-assembler-not %lo\\\\(k\\\\)
UNRESOLVED: gcc.target/mips/octeon2-pipe-1.c -O2 -flto -fuse-linker-plugin -fno-fat-lto-objects scan-rtl-dump sched2 "octeon_mult\\\\*17"
UNRESOLVED: gcc.target/mips/pr54240.c -O2 -flto -fuse-linker-plugin -fno-fat-lto-objects scan-tree-dump phiopt1 "Hoisting adjacent loads"
=== gcc Summary ===
# of expected passes 90472
# of unexpected failures 52
# of unexpected successes 2
# of expected failures 221
# of unresolved testcases 113
# of unsupported tests 2498
/home/stevenb/ira_mipsisa64_autotester/cross/build-ira/gcc/xgcc version 4.9.0 20130509 (experimental) [ira-improv revision 198762] (GCC)
=== g++ tests ===
Running target mips-sim-idt64
FAIL: g++.dg/debug/dwarf2/lineno-simple1.C -std=gnu++98 scan-assembler \\\\t\\\\.loc [0-9]+ 4 0( [^\\\\n]*)?\\\\n(\\\\t.cfi_startproc[^\\\\t]*\\\\n)*\\\\t\\\\.set\\\\t(no)?mips16\\\\n\\\\t\\\\.ent\\\\t_ZN1CC[12]Ev\\\\n\\\\t\\\\.type\\\\t_ZN1CC[12]Ev, @function\\\\n_ZN1CC[12]Ev:\\\\n
FAIL: g++.dg/debug/dwarf2/lineno-simple1.C -std=gnu++98 scan-assembler \\\\t\\\\.loc [0-9]+ 7 0( [^\\\\n]*)?\\\\n(\\\\t.cfi_startproc[^\\\\t]*\\\\n)*\\\\t\\\\.set\\\\t(no)?mips16\\\\n\\\\t\\\\.ent\\\\t_ZN1C3fooEv\\\\n\\\\t\\\\.type\\\\t_ZN1C3fooEv, @function\\\\n_ZN1C3fooEv:\\\\n
FAIL: g++.dg/debug/dwarf2/lineno-simple1.C -std=gnu++98 scan-assembler \\\\t\\\\.loc [0-9]+ 13 0( [^\\\\n]*)?\\\\n(\\\\t.cfi_startproc[^\\\\t]*\\\\n)*\\\\t\\\\.set\\\\t(no)?mips16\\\\n\\\\t\\\\.ent\\\\tmain\\\\n\\\\t\\\\.type\\\\tmain, @function\\\\nmain:\\\\n
FAIL: g++.dg/debug/dwarf2/lineno-simple1.C -std=gnu++11 scan-assembler \\\\t\\\\.loc [0-9]+ 4 0( [^\\\\n]*)?\\\\n(\\\\t.cfi_startproc[^\\\\t]*\\\\n)*\\\\t\\\\.set\\\\t(no)?mips16\\\\n\\\\t\\\\.ent\\\\t_ZN1CC[12]Ev\\\\n\\\\t\\\\.type\\\\t_ZN1CC[12]Ev, @function\\\\n_ZN1CC[12]Ev:\\\\n
FAIL: g++.dg/debug/dwarf2/lineno-simple1.C -std=gnu++11 scan-assembler \\\\t\\\\.loc [0-9]+ 7 0( [^\\\\n]*)?\\\\n(\\\\t.cfi_startproc[^\\\\t]*\\\\n)*\\\\t\\\\.set\\\\t(no)?mips16\\\\n\\\\t\\\\.ent\\\\t_ZN1C3fooEv\\\\n\\\\t\\\\.type\\\\t_ZN1C3fooEv, @function\\\\n_ZN1C3fooEv:\\\\n
FAIL: g++.dg/debug/dwarf2/lineno-simple1.C -std=gnu++11 scan-assembler \\\\t\\\\.loc [0-9]+ 13 0( [^\\\\n]*)?\\\\n(\\\\t.cfi_startproc[^\\\\t]*\\\\n)*\\\\t\\\\.set\\\\t(no)?mips16\\\\n\\\\t\\\\.ent\\\\tmain\\\\n\\\\t\\\\.type\\\\tmain, @function\\\\nmain:\\\\n
FAIL: g++.dg/debug/dwarf2/pr44641.C -std=gnu++98 scan-assembler \\\\t\\\\.loc [0-9]+ 22 0( [^\\\\n]*)?\\\\n(\\\\t.cfi_startproc[^\\\\t]*\\\\n)*\\\\t\\\\.set\\\\t(no)?mips16\\\\n\\\\t\\\\.ent\\\\t_ZN12MisplacedDbgI4FullEC[12]Ev\\\\n\\\\t\\\\.type\\\\t_ZN12MisplacedDbgI4FullEC[12]Ev, @function\\\\n_ZN12MisplacedDbgI4FullEC[12]Ev:\\\\n
FAIL: g++.dg/debug/dwarf2/pr44641.C -std=gnu++98 scan-assembler \\\\t\\\\.loc [0-9]+ 22 0( [^\\\\n]*)?\\\\n(\\\\t.cfi_startproc[^\\\\t]*\\\\n)*\\\\t\\\\.set\\\\t(no)?mips16\\\\n\\\\t\\\\.ent\\\\t_ZN12MisplacedDbgI4FullED0Ev\\\\n\\\\t\\\\.type\\\\t_ZN12MisplacedDbgI4FullED0Ev, @function\\\\n_ZN12MisplacedDbgI4FullED0Ev:\\\\n
FAIL: g++.dg/debug/dwarf2/pr44641.C -std=gnu++98 scan-assembler \\\\t\\\\.loc [0-9]+ 29 0( [^\\\\n]*)?\\\\n(\\\\t.cfi_startproc[^\\\\t]*\\\\n)*\\\\t\\\\.set\\\\t(no)?mips16\\\\n\\\\t\\\\.ent\\\\t_ZN12MisplacedDbgIP3ArgEC[12]Ev\\\\n\\\\t\\\\.type\\\\t_ZN12MisplacedDbgIP3ArgEC[12]Ev, @function\\\\n_ZN12MisplacedDbgIP3ArgEC[12]Ev:\\\\n
FAIL: g++.dg/debug/dwarf2/pr44641.C -std=gnu++98 scan-assembler \\\\t\\\\.loc [0-9]+ 29 0( [^\\\\n]*)?\\\\n(\\\\t.cfi_startproc[^\\\\t]*\\\\n)*\\\\t\\\\.set\\\\t(no)?mips16\\\\n\\\\t\\\\.ent\\\\t_ZN12MisplacedDbgIP3ArgED0Ev\\\\n\\\\t\\\\.type\\\\t_ZN12MisplacedDbgIP3ArgED0Ev, @function\\\\n_ZN12MisplacedDbgIP3ArgED0Ev:\\\\n
FAIL: g++.dg/debug/dwarf2/pr44641.C -std=gnu++98 scan-assembler \\\\t\\\\.loc [0-9]+ 35 0( [^\\\\n]*)?\\\\n(\\\\t.cfi_startproc[^\\\\t]*\\\\n)*\\\\t\\\\.set\\\\t(no)?mips16\\\\n\\\\t\\\\.ent\\\\t_ZN12MisplacedDbgI3ArgEC[12]Ev\\\\n\\\\t\\\\.type\\\\t_ZN12MisplacedDbgI3ArgEC[12]Ev, @function\\\\n_ZN12MisplacedDbgI3ArgEC[12]Ev:\\\\n
FAIL: g++.dg/debug/dwarf2/pr44641.C -std=gnu++98 scan-assembler \\\\t\\\\.loc [0-9]+ 35 0( [^\\\\n]*)?\\\\n(\\\\t.cfi_startproc[^\\\\t]*\\\\n)*\\\\t\\\\.set\\\\t(no)?mips16\\\\n\\\\t\\\\.ent\\\\t_ZN12MisplacedDbgI3ArgED0Ev\\\\n\\\\t\\\\.type\\\\t_ZN12MisplacedDbgI3ArgED0Ev, @function\\\\n_ZN12MisplacedDbgI3ArgED0Ev:\\\\n
FAIL: g++.dg/debug/dwarf2/pr44641.C -std=gnu++11 scan-assembler \\\\t\\\\.loc [0-9]+ 22 0( [^\\\\n]*)?\\\\n(\\\\t.cfi_startproc[^\\\\t]*\\\\n)*\\\\t\\\\.set\\\\t(no)?mips16\\\\n\\\\t\\\\.ent\\\\t_ZN12MisplacedDbgI4FullEC[12]Ev\\\\n\\\\t\\\\.type\\\\t_ZN12MisplacedDbgI4FullEC[12]Ev, @function\\\\n_ZN12MisplacedDbgI4FullEC[12]Ev:\\\\n
FAIL: g++.dg/debug/dwarf2/pr44641.C -std=gnu++11 scan-assembler \\\\t\\\\.loc [0-9]+ 22 0( [^\\\\n]*)?\\\\n(\\\\t.cfi_startproc[^\\\\t]*\\\\n)*\\\\t\\\\.set\\\\t(no)?mips16\\\\n\\\\t\\\\.ent\\\\t_ZN12MisplacedDbgI4FullED0Ev\\\\n\\\\t\\\\.type\\\\t_ZN12MisplacedDbgI4FullED0Ev, @function\\\\n_ZN12MisplacedDbgI4FullED0Ev:\\\\n
FAIL: g++.dg/debug/dwarf2/pr44641.C -std=gnu++11 scan-assembler \\\\t\\\\.loc [0-9]+ 29 0( [^\\\\n]*)?\\\\n(\\\\t.cfi_startproc[^\\\\t]*\\\\n)*\\\\t\\\\.set\\\\t(no)?mips16\\\\n\\\\t\\\\.ent\\\\t_ZN12MisplacedDbgIP3ArgEC[12]Ev\\\\n\\\\t\\\\.type\\\\t_ZN12MisplacedDbgIP3ArgEC[12]Ev, @function\\\\n_ZN12MisplacedDbgIP3ArgEC[12]Ev:\\\\n
FAIL: g++.dg/debug/dwarf2/pr44641.C -std=gnu++11 scan-assembler \\\\t\\\\.loc [0-9]+ 29 0( [^\\\\n]*)?\\\\n(\\\\t.cfi_startproc[^\\\\t]*\\\\n)*\\\\t\\\\.set\\\\t(no)?mips16\\\\n\\\\t\\\\.ent\\\\t_ZN12MisplacedDbgIP3ArgED0Ev\\\\n\\\\t\\\\.type\\\\t_ZN12MisplacedDbgIP3ArgED0Ev, @function\\\\n_ZN12MisplacedDbgIP3ArgED0Ev:\\\\n
FAIL: g++.dg/debug/dwarf2/pr44641.C -std=gnu++11 scan-assembler \\\\t\\\\.loc [0-9]+ 35 0( [^\\\\n]*)?\\\\n(\\\\t.cfi_startproc[^\\\\t]*\\\\n)*\\\\t\\\\.set\\\\t(no)?mips16\\\\n\\\\t\\\\.ent\\\\t_ZN12MisplacedDbgI3ArgEC[12]Ev\\\\n\\\\t\\\\.type\\\\t_ZN12MisplacedDbgI3ArgEC[12]Ev, @function\\\\n_ZN12MisplacedDbgI3ArgEC[12]Ev:\\\\n
FAIL: g++.dg/debug/dwarf2/pr44641.C -std=gnu++11 scan-assembler \\\\t\\\\.loc [0-9]+ 35 0( [^\\\\n]*)?\\\\n(\\\\t.cfi_startproc[^\\\\t]*\\\\n)*\\\\t\\\\.set\\\\t(no)?mips16\\\\n\\\\t\\\\.ent\\\\t_ZN12MisplacedDbgI3ArgED0Ev\\\\n\\\\t\\\\.type\\\\t_ZN12MisplacedDbgI3ArgED0Ev, @function\\\\n_ZN12MisplacedDbgI3ArgED0Ev:\\\\n
FAIL: g++.dg/debug/dwarf2/pr46527.C -std=gnu++98 scan-assembler \\\\t\\\\.loc [0-9]+ 12 0( [^\\\\n]*)?\\\\n(\\\\t.cfi_startproc[^\\\\t]*\\\\n)*\\\\t\\\\.set\\\\t(no)?mips16\\\\n\\\\t\\\\.ent\\\\t_ZN6StructIdE13defined_laterEv\\\\n\\\\t\\\\.type\\\\t_ZN6StructIdE13defined_laterEv, @function\\\\n_ZN6StructIdE13defined_laterEv:\\\\n
FAIL: g++.dg/debug/dwarf2/pr46527.C -std=gnu++11 scan-assembler \\\\t\\\\.loc [0-9]+ 12 0( [^\\\\n]*)?\\\\n(\\\\t.cfi_startproc[^\\\\t]*\\\\n)*\\\\t\\\\.set\\\\t(no)?mips16\\\\n\\\\t\\\\.ent\\\\t_ZN6StructIdE13defined_laterEv\\\\n\\\\t\\\\.type\\\\t_ZN6StructIdE13defined_laterEv, @function\\\\n_ZN6StructIdE13defined_laterEv:\\\\n
FAIL: g++.dg/cpp0x/lambda/lambda-init.C (test for excess errors)
=== g++ Summary ===
# of expected passes 49579
# of unexpected failures 21
# of expected failures 287
# of unsupported tests 1104
/home/stevenb/ira_mipsisa64_autotester/cross/build-ira/gcc/testsuite/g++/../../xg++ version 4.9.0 20130509 (experimental) [ira-improv revision 198762] (GCC)
Host is powerpc64-unknown-linux-gnu
=== ld tests ===
Running target mips-sim-idt64
=== ld Summary ===
# of expected passes 320
# of expected failures 9
# of unsupported tests 1
Host is powerpc64-unknown-linux-gnu
=== newlib tests ===
Running target mips-sim-idt64
FAIL: newlib.iconv/iconvnm.c compilation
UNRESOLVED: newlib.iconv/iconvnm.c execution
FAIL: newlib.iconv/iconvjp.c compilation
UNRESOLVED: newlib.iconv/iconvjp.c execution
FAIL: newlib.iconv/iconvru.c compilation
UNRESOLVED: newlib.iconv/iconvru.c execution
FAIL: newlib.locale/UTF-8.c compilation
UNRESOLVED: newlib.locale/UTF-8.c output
FAIL: newlib.search/hsearchtest.c compilation
UNRESOLVED: newlib.search/hsearchtest.c execution
FAIL: newlib.stdio/swprintf.c compilation
UNRESOLVED: newlib.stdio/swprintf.c execution
FAIL: newlib.stdlib/atexit.c compilation
UNRESOLVED: newlib.stdlib/atexit.c output
FAIL: newlib.stdlib/size_max.c compilation
UNRESOLVED: newlib.stdlib/size_max.c execution
FAIL: newlib.string/memmove1.c compilation
UNRESOLVED: newlib.string/memmove1.c execution
FAIL: newlib.string/tstring.c compilation
UNRESOLVED: newlib.string/tstring.c execution
FAIL: newlib.string/memcpy-1.c compilation
UNRESOLVED: newlib.string/memcpy-1.c execution
FAIL: newlib.string/strcmp-1.c compilation
UNRESOLVED: newlib.string/strcmp-1.c execution
FAIL: newlib.wctype/tiswctype.c compilation
UNRESOLVED: newlib.wctype/tiswctype.c execution
FAIL: newlib.wctype/twctype.c compilation
UNRESOLVED: newlib.wctype/twctype.c execution
FAIL: newlib.wctype/twctrans.c compilation
UNRESOLVED: newlib.wctype/twctrans.c execution
=== newlib Summary ===
# of unexpected failures 15
# of unresolved testcases 15
Host is powerpc64-unknown-linux-gnu
=== newlib tests ===
Running target mips-sim-idt64
FAIL: newlib.iconv/iconvnm.c compilation
UNRESOLVED: newlib.iconv/iconvnm.c execution
FAIL: newlib.iconv/iconvjp.c compilation
UNRESOLVED: newlib.iconv/iconvjp.c execution
FAIL: newlib.iconv/iconvru.c compilation
UNRESOLVED: newlib.iconv/iconvru.c execution
FAIL: newlib.locale/UTF-8.c compilation
UNRESOLVED: newlib.locale/UTF-8.c output
FAIL: newlib.search/hsearchtest.c compilation
UNRESOLVED: newlib.search/hsearchtest.c execution
FAIL: newlib.stdio/swprintf.c compilation
UNRESOLVED: newlib.stdio/swprintf.c execution
FAIL: newlib.stdlib/atexit.c compilation
UNRESOLVED: newlib.stdlib/atexit.c output
FAIL: newlib.stdlib/size_max.c compilation
UNRESOLVED: newlib.stdlib/size_max.c execution
FAIL: newlib.string/memmove1.c compilation
UNRESOLVED: newlib.string/memmove1.c execution
FAIL: newlib.string/tstring.c compilation
UNRESOLVED: newlib.string/tstring.c execution
FAIL: newlib.string/memcpy-1.c compilation
UNRESOLVED: newlib.string/memcpy-1.c execution
FAIL: newlib.string/strcmp-1.c compilation
UNRESOLVED: newlib.string/strcmp-1.c execution
FAIL: newlib.wctype/tiswctype.c compilation
UNRESOLVED: newlib.wctype/tiswctype.c execution
FAIL: newlib.wctype/twctype.c compilation
UNRESOLVED: newlib.wctype/twctype.c execution
FAIL: newlib.wctype/twctrans.c compilation
UNRESOLVED: newlib.wctype/twctrans.c execution
=== newlib Summary ===
# of unexpected failures 15
# of unresolved testcases 15
Host is powerpc64-unknown-linux-gnu
=== newlib tests ===
Running target mips-sim-idt64
FAIL: newlib.iconv/iconvnm.c compilation
UNRESOLVED: newlib.iconv/iconvnm.c execution
FAIL: newlib.iconv/iconvjp.c compilation
UNRESOLVED: newlib.iconv/iconvjp.c execution
FAIL: newlib.iconv/iconvru.c compilation
UNRESOLVED: newlib.iconv/iconvru.c execution
FAIL: newlib.locale/UTF-8.c compilation
UNRESOLVED: newlib.locale/UTF-8.c output
FAIL: newlib.search/hsearchtest.c compilation
UNRESOLVED: newlib.search/hsearchtest.c execution
FAIL: newlib.stdio/swprintf.c compilation
UNRESOLVED: newlib.stdio/swprintf.c execution
FAIL: newlib.stdlib/atexit.c compilation
UNRESOLVED: newlib.stdlib/atexit.c output
FAIL: newlib.stdlib/size_max.c compilation
UNRESOLVED: newlib.stdlib/size_max.c execution
FAIL: newlib.string/memmove1.c compilation
UNRESOLVED: newlib.string/memmove1.c execution
FAIL: newlib.string/tstring.c compilation
UNRESOLVED: newlib.string/tstring.c execution
FAIL: newlib.string/memcpy-1.c compilation
UNRESOLVED: newlib.string/memcpy-1.c execution
FAIL: newlib.string/strcmp-1.c compilation
UNRESOLVED: newlib.string/strcmp-1.c execution
FAIL: newlib.wctype/tiswctype.c compilation
UNRESOLVED: newlib.wctype/tiswctype.c execution
FAIL: newlib.wctype/twctype.c compilation
UNRESOLVED: newlib.wctype/twctype.c execution
FAIL: newlib.wctype/twctrans.c compilation
UNRESOLVED: newlib.wctype/twctrans.c execution
=== newlib Summary ===
# of unexpected failures 15
# of unresolved testcases 15
Host is powerpc64-unknown-linux-gnu
=== newlib tests ===
Running target mips-sim-idt64
FAIL: newlib.iconv/iconvnm.c compilation
UNRESOLVED: newlib.iconv/iconvnm.c execution
FAIL: newlib.iconv/iconvjp.c compilation
UNRESOLVED: newlib.iconv/iconvjp.c execution
FAIL: newlib.iconv/iconvru.c compilation
UNRESOLVED: newlib.iconv/iconvru.c execution
FAIL: newlib.locale/UTF-8.c compilation
UNRESOLVED: newlib.locale/UTF-8.c output
FAIL: newlib.search/hsearchtest.c compilation
UNRESOLVED: newlib.search/hsearchtest.c execution
FAIL: newlib.stdio/swprintf.c compilation
UNRESOLVED: newlib.stdio/swprintf.c execution
FAIL: newlib.stdlib/atexit.c compilation
UNRESOLVED: newlib.stdlib/atexit.c output
FAIL: newlib.stdlib/size_max.c compilation
UNRESOLVED: newlib.stdlib/size_max.c execution
FAIL: newlib.string/memmove1.c compilation
UNRESOLVED: newlib.string/memmove1.c execution
FAIL: newlib.string/tstring.c compilation
UNRESOLVED: newlib.string/tstring.c execution
FAIL: newlib.string/memcpy-1.c compilation
UNRESOLVED: newlib.string/memcpy-1.c execution
FAIL: newlib.string/strcmp-1.c compilation
UNRESOLVED: newlib.string/strcmp-1.c execution
FAIL: newlib.wctype/tiswctype.c compilation
UNRESOLVED: newlib.wctype/tiswctype.c execution
FAIL: newlib.wctype/twctype.c compilation
UNRESOLVED: newlib.wctype/twctype.c execution
FAIL: newlib.wctype/twctrans.c compilation
UNRESOLVED: newlib.wctype/twctrans.c execution
=== newlib Summary ===
# of unexpected failures 15
# of unresolved testcases 15
=== libstdc++ tests ===
Running target mips-sim-idt64
FAIL: 20_util/hash/chi2_quality.cc execution test
FAIL: 23_containers/bitset/45713.cc (test for excess errors)
FAIL: 23_containers/unordered_set/hash_policy/load_factor.cc execution test
=== libstdc++ Summary ===
# of expected passes 7210
# of unexpected failures 3
# of expected failures 44
# of unsupported tests 663
Host is powerpc64-unknown-linux-gnu
=== newlib tests ===
Running target mips-sim-idt64
FAIL: newlib.iconv/iconvnm.c compilation
UNRESOLVED: newlib.iconv/iconvnm.c execution
FAIL: newlib.iconv/iconvjp.c compilation
UNRESOLVED: newlib.iconv/iconvjp.c execution
FAIL: newlib.iconv/iconvru.c compilation
UNRESOLVED: newlib.iconv/iconvru.c execution
FAIL: newlib.locale/UTF-8.c compilation
UNRESOLVED: newlib.locale/UTF-8.c output
FAIL: newlib.search/hsearchtest.c compilation
UNRESOLVED: newlib.search/hsearchtest.c execution
FAIL: newlib.stdio/swprintf.c compilation
UNRESOLVED: newlib.stdio/swprintf.c execution
FAIL: newlib.stdlib/atexit.c compilation
UNRESOLVED: newlib.stdlib/atexit.c output
FAIL: newlib.stdlib/size_max.c compilation
UNRESOLVED: newlib.stdlib/size_max.c execution
FAIL: newlib.string/memmove1.c compilation
UNRESOLVED: newlib.string/memmove1.c execution
FAIL: newlib.string/tstring.c compilation
UNRESOLVED: newlib.string/tstring.c execution
FAIL: newlib.string/memcpy-1.c compilation
UNRESOLVED: newlib.string/memcpy-1.c execution
FAIL: newlib.string/strcmp-1.c compilation
UNRESOLVED: newlib.string/strcmp-1.c execution
FAIL: newlib.wctype/tiswctype.c compilation
UNRESOLVED: newlib.wctype/tiswctype.c execution
FAIL: newlib.wctype/twctype.c compilation
UNRESOLVED: newlib.wctype/twctype.c execution
FAIL: newlib.wctype/twctrans.c compilation
UNRESOLVED: newlib.wctype/twctrans.c execution
=== newlib Summary ===
# of unexpected failures 15
# of unresolved testcases 15
Host is powerpc64-unknown-linux-gnu
=== newlib tests ===
Running target mips-sim-idt64
FAIL: newlib.iconv/iconvnm.c compilation
UNRESOLVED: newlib.iconv/iconvnm.c execution
FAIL: newlib.iconv/iconvjp.c compilation
UNRESOLVED: newlib.iconv/iconvjp.c execution
FAIL: newlib.iconv/iconvru.c compilation
UNRESOLVED: newlib.iconv/iconvru.c execution
FAIL: newlib.locale/UTF-8.c compilation
UNRESOLVED: newlib.locale/UTF-8.c output
FAIL: newlib.search/hsearchtest.c compilation
UNRESOLVED: newlib.search/hsearchtest.c execution
FAIL: newlib.stdio/swprintf.c compilation
UNRESOLVED: newlib.stdio/swprintf.c execution
FAIL: newlib.stdlib/atexit.c compilation
UNRESOLVED: newlib.stdlib/atexit.c output
FAIL: newlib.stdlib/size_max.c compilation
UNRESOLVED: newlib.stdlib/size_max.c execution
FAIL: newlib.string/memmove1.c compilation
UNRESOLVED: newlib.string/memmove1.c execution
FAIL: newlib.string/tstring.c compilation
UNRESOLVED: newlib.string/tstring.c execution
FAIL: newlib.string/memcpy-1.c compilation
UNRESOLVED: newlib.string/memcpy-1.c execution
FAIL: newlib.string/strcmp-1.c compilation
UNRESOLVED: newlib.string/strcmp-1.c execution
FAIL: newlib.wctype/tiswctype.c compilation
UNRESOLVED: newlib.wctype/tiswctype.c execution
FAIL: newlib.wctype/twctype.c compilation
UNRESOLVED: newlib.wctype/twctype.c execution
FAIL: newlib.wctype/twctrans.c compilation
UNRESOLVED: newlib.wctype/twctrans.c execution
=== newlib Summary ===
# of unexpected failures 15
# of unresolved testcases 15
Host is powerpc64-unknown-linux-gnu
=== newlib tests ===
Running target mips-sim-idt64
FAIL: newlib.iconv/iconvnm.c compilation
UNRESOLVED: newlib.iconv/iconvnm.c execution
FAIL: newlib.iconv/iconvjp.c compilation
UNRESOLVED: newlib.iconv/iconvjp.c execution
FAIL: newlib.iconv/iconvru.c compilation
UNRESOLVED: newlib.iconv/iconvru.c execution
FAIL: newlib.locale/UTF-8.c compilation
UNRESOLVED: newlib.locale/UTF-8.c output
FAIL: newlib.search/hsearchtest.c compilation
UNRESOLVED: newlib.search/hsearchtest.c execution
FAIL: newlib.stdio/swprintf.c compilation
UNRESOLVED: newlib.stdio/swprintf.c execution
FAIL: newlib.stdlib/atexit.c compilation
UNRESOLVED: newlib.stdlib/atexit.c output
FAIL: newlib.stdlib/size_max.c compilation
UNRESOLVED: newlib.stdlib/size_max.c execution
FAIL: newlib.string/memmove1.c compilation
UNRESOLVED: newlib.string/memmove1.c execution
FAIL: newlib.string/tstring.c compilation
UNRESOLVED: newlib.string/tstring.c execution
FAIL: newlib.string/memcpy-1.c compilation
UNRESOLVED: newlib.string/memcpy-1.c execution
FAIL: newlib.string/strcmp-1.c compilation
UNRESOLVED: newlib.string/strcmp-1.c execution
FAIL: newlib.wctype/tiswctype.c compilation
UNRESOLVED: newlib.wctype/tiswctype.c execution
FAIL: newlib.wctype/twctype.c compilation
UNRESOLVED: newlib.wctype/twctype.c execution
FAIL: newlib.wctype/twctrans.c compilation
UNRESOLVED: newlib.wctype/twctrans.c execution
=== newlib Summary ===
# of unexpected failures 15
# of unresolved testcases 15
Host is powerpc64-unknown-linux-gnu
=== newlib tests ===
Running target mips-sim-idt64
FAIL: newlib.iconv/iconvnm.c compilation
UNRESOLVED: newlib.iconv/iconvnm.c execution
FAIL: newlib.iconv/iconvjp.c compilation
UNRESOLVED: newlib.iconv/iconvjp.c execution
FAIL: newlib.iconv/iconvru.c compilation
UNRESOLVED: newlib.iconv/iconvru.c execution
FAIL: newlib.locale/UTF-8.c compilation
UNRESOLVED: newlib.locale/UTF-8.c output
FAIL: newlib.search/hsearchtest.c compilation
UNRESOLVED: newlib.search/hsearchtest.c execution
FAIL: newlib.stdio/swprintf.c compilation
UNRESOLVED: newlib.stdio/swprintf.c execution
FAIL: newlib.stdlib/atexit.c compilation
UNRESOLVED: newlib.stdlib/atexit.c output
FAIL: newlib.stdlib/size_max.c compilation
UNRESOLVED: newlib.stdlib/size_max.c execution
FAIL: newlib.string/memmove1.c compilation
UNRESOLVED: newlib.string/memmove1.c execution
FAIL: newlib.string/tstring.c compilation
UNRESOLVED: newlib.string/tstring.c execution
FAIL: newlib.string/memcpy-1.c compilation
UNRESOLVED: newlib.string/memcpy-1.c execution
FAIL: newlib.string/strcmp-1.c compilation
UNRESOLVED: newlib.string/strcmp-1.c execution
FAIL: newlib.wctype/tiswctype.c compilation
UNRESOLVED: newlib.wctype/tiswctype.c execution
FAIL: newlib.wctype/twctype.c compilation
UNRESOLVED: newlib.wctype/twctype.c execution
FAIL: newlib.wctype/twctrans.c compilation
UNRESOLVED: newlib.wctype/twctrans.c execution
=== newlib Summary ===
# of unexpected failures 15
# of unresolved testcases 15
Host is powerpc64-unknown-linux-gnu
=== newlib tests ===
Running target mips-sim-idt64
FAIL: newlib.iconv/iconvnm.c compilation
UNRESOLVED: newlib.iconv/iconvnm.c execution
FAIL: newlib.iconv/iconvjp.c compilation
UNRESOLVED: newlib.iconv/iconvjp.c execution
FAIL: newlib.iconv/iconvru.c compilation
UNRESOLVED: newlib.iconv/iconvru.c execution
FAIL: newlib.locale/UTF-8.c compilation
UNRESOLVED: newlib.locale/UTF-8.c output
FAIL: newlib.search/hsearchtest.c compilation
UNRESOLVED: newlib.search/hsearchtest.c execution
FAIL: newlib.stdio/swprintf.c compilation
UNRESOLVED: newlib.stdio/swprintf.c execution
FAIL: newlib.stdlib/atexit.c compilation
UNRESOLVED: newlib.stdlib/atexit.c output
FAIL: newlib.stdlib/size_max.c compilation
UNRESOLVED: newlib.stdlib/size_max.c execution
FAIL: newlib.string/memmove1.c compilation
UNRESOLVED: newlib.string/memmove1.c execution
FAIL: newlib.string/tstring.c compilation
UNRESOLVED: newlib.string/tstring.c execution
FAIL: newlib.string/memcpy-1.c compilation
UNRESOLVED: newlib.string/memcpy-1.c execution
FAIL: newlib.string/strcmp-1.c compilation
UNRESOLVED: newlib.string/strcmp-1.c execution
FAIL: newlib.wctype/tiswctype.c compilation
UNRESOLVED: newlib.wctype/tiswctype.c execution
FAIL: newlib.wctype/twctype.c compilation
UNRESOLVED: newlib.wctype/twctype.c execution
FAIL: newlib.wctype/twctrans.c compilation
UNRESOLVED: newlib.wctype/twctrans.c execution
=== newlib Summary ===
# of unexpected failures 15
# of unresolved testcases 15
Host is powerpc64-unknown-linux-gnu
=== newlib tests ===
Running target mips-sim-idt64
FAIL: newlib.iconv/iconvnm.c compilation
UNRESOLVED: newlib.iconv/iconvnm.c execution
FAIL: newlib.iconv/iconvjp.c compilation
UNRESOLVED: newlib.iconv/iconvjp.c execution
FAIL: newlib.iconv/iconvru.c compilation
UNRESOLVED: newlib.iconv/iconvru.c execution
FAIL: newlib.locale/UTF-8.c compilation
UNRESOLVED: newlib.locale/UTF-8.c output
FAIL: newlib.search/hsearchtest.c compilation
UNRESOLVED: newlib.search/hsearchtest.c execution
FAIL: newlib.stdio/swprintf.c compilation
UNRESOLVED: newlib.stdio/swprintf.c execution
FAIL: newlib.stdlib/atexit.c compilation
UNRESOLVED: newlib.stdlib/atexit.c output
FAIL: newlib.stdlib/size_max.c compilation
UNRESOLVED: newlib.stdlib/size_max.c execution
FAIL: newlib.string/memmove1.c compilation
UNRESOLVED: newlib.string/memmove1.c execution
FAIL: newlib.string/tstring.c compilation
UNRESOLVED: newlib.string/tstring.c execution
FAIL: newlib.string/memcpy-1.c compilation
UNRESOLVED: newlib.string/memcpy-1.c execution
FAIL: newlib.string/strcmp-1.c compilation
UNRESOLVED: newlib.string/strcmp-1.c execution
FAIL: newlib.wctype/tiswctype.c compilation
UNRESOLVED: newlib.wctype/tiswctype.c execution
FAIL: newlib.wctype/twctype.c compilation
UNRESOLVED: newlib.wctype/twctype.c execution
FAIL: newlib.wctype/twctrans.c compilation
UNRESOLVED: newlib.wctype/twctrans.c execution
=== newlib Summary ===
# of unexpected failures 15
# of unresolved testcases 15
Host is powerpc64-unknown-linux-gnu
=== newlib tests ===
Running target mips-sim-idt64
FAIL: newlib.iconv/iconvnm.c compilation
UNRESOLVED: newlib.iconv/iconvnm.c execution
FAIL: newlib.iconv/iconvjp.c compilation
UNRESOLVED: newlib.iconv/iconvjp.c execution
FAIL: newlib.iconv/iconvru.c compilation
UNRESOLVED: newlib.iconv/iconvru.c execution
FAIL: newlib.locale/UTF-8.c compilation
UNRESOLVED: newlib.locale/UTF-8.c output
FAIL: newlib.search/hsearchtest.c compilation
UNRESOLVED: newlib.search/hsearchtest.c execution
FAIL: newlib.stdio/swprintf.c compilation
UNRESOLVED: newlib.stdio/swprintf.c execution
FAIL: newlib.stdlib/atexit.c compilation
UNRESOLVED: newlib.stdlib/atexit.c output
FAIL: newlib.stdlib/size_max.c compilation
UNRESOLVED: newlib.stdlib/size_max.c execution
FAIL: newlib.string/memmove1.c compilation
UNRESOLVED: newlib.string/memmove1.c execution
FAIL: newlib.string/tstring.c compilation
UNRESOLVED: newlib.string/tstring.c execution
FAIL: newlib.string/memcpy-1.c compilation
UNRESOLVED: newlib.string/memcpy-1.c execution
FAIL: newlib.string/strcmp-1.c compilation
UNRESOLVED: newlib.string/strcmp-1.c execution
FAIL: newlib.wctype/tiswctype.c compilation
UNRESOLVED: newlib.wctype/tiswctype.c execution
FAIL: newlib.wctype/twctype.c compilation
UNRESOLVED: newlib.wctype/twctype.c execution
FAIL: newlib.wctype/twctrans.c compilation
UNRESOLVED: newlib.wctype/twctrans.c execution
=== newlib Summary ===
# of unexpected failures 15
# of unresolved testcases 15
Host is powerpc64-unknown-linux-gnu
=== newlib tests ===
Running target mips-sim-idt64
FAIL: newlib.iconv/iconvnm.c compilation
UNRESOLVED: newlib.iconv/iconvnm.c execution
FAIL: newlib.iconv/iconvjp.c compilation
UNRESOLVED: newlib.iconv/iconvjp.c execution
FAIL: newlib.iconv/iconvru.c compilation
UNRESOLVED: newlib.iconv/iconvru.c execution
FAIL: newlib.locale/UTF-8.c compilation
UNRESOLVED: newlib.locale/UTF-8.c output
FAIL: newlib.search/hsearchtest.c compilation
UNRESOLVED: newlib.search/hsearchtest.c execution
FAIL: newlib.stdio/swprintf.c compilation
UNRESOLVED: newlib.stdio/swprintf.c execution
FAIL: newlib.stdlib/atexit.c compilation
UNRESOLVED: newlib.stdlib/atexit.c output
FAIL: newlib.stdlib/size_max.c compilation
UNRESOLVED: newlib.stdlib/size_max.c execution
FAIL: newlib.string/memmove1.c compilation
UNRESOLVED: newlib.string/memmove1.c execution
FAIL: newlib.string/tstring.c compilation
UNRESOLVED: newlib.string/tstring.c execution
FAIL: newlib.string/memcpy-1.c compilation
UNRESOLVED: newlib.string/memcpy-1.c execution
FAIL: newlib.string/strcmp-1.c compilation
UNRESOLVED: newlib.string/strcmp-1.c execution
FAIL: newlib.wctype/tiswctype.c compilation
UNRESOLVED: newlib.wctype/tiswctype.c execution
FAIL: newlib.wctype/twctype.c compilation
UNRESOLVED: newlib.wctype/twctype.c execution
FAIL: newlib.wctype/twctrans.c compilation
UNRESOLVED: newlib.wctype/twctrans.c execution
=== newlib Summary ===
# of unexpected failures 15
# of unresolved testcases 15
Host is powerpc64-unknown-linux-gnu
=== newlib tests ===
Running target mips-sim-idt64
FAIL: newlib.iconv/iconvnm.c compilation
UNRESOLVED: newlib.iconv/iconvnm.c execution
FAIL: newlib.iconv/iconvjp.c compilation
UNRESOLVED: newlib.iconv/iconvjp.c execution
FAIL: newlib.iconv/iconvru.c compilation
UNRESOLVED: newlib.iconv/iconvru.c execution
FAIL: newlib.locale/UTF-8.c compilation
UNRESOLVED: newlib.locale/UTF-8.c output
FAIL: newlib.search/hsearchtest.c compilation
UNRESOLVED: newlib.search/hsearchtest.c execution
FAIL: newlib.stdio/swprintf.c compilation
UNRESOLVED: newlib.stdio/swprintf.c execution
FAIL: newlib.stdlib/atexit.c compilation
UNRESOLVED: newlib.stdlib/atexit.c output
FAIL: newlib.stdlib/size_max.c compilation
UNRESOLVED: newlib.stdlib/size_max.c execution
FAIL: newlib.string/memmove1.c compilation
UNRESOLVED: newlib.string/memmove1.c execution
FAIL: newlib.string/tstring.c compilation
UNRESOLVED: newlib.string/tstring.c execution
FAIL: newlib.string/memcpy-1.c compilation
UNRESOLVED: newlib.string/memcpy-1.c execution
FAIL: newlib.string/strcmp-1.c compilation
UNRESOLVED: newlib.string/strcmp-1.c execution
FAIL: newlib.wctype/tiswctype.c compilation
UNRESOLVED: newlib.wctype/tiswctype.c execution
FAIL: newlib.wctype/twctype.c compilation
UNRESOLVED: newlib.wctype/twctype.c execution
FAIL: newlib.wctype/twctrans.c compilation
UNRESOLVED: newlib.wctype/twctrans.c execution
=== newlib Summary ===
# of unexpected failures 15
# of unresolved testcases 15
Host is powerpc64-unknown-linux-gnu
=== newlib tests ===
Running target mips-sim-idt64
FAIL: newlib.iconv/iconvnm.c compilation
UNRESOLVED: newlib.iconv/iconvnm.c execution
FAIL: newlib.iconv/iconvjp.c compilation
UNRESOLVED: newlib.iconv/iconvjp.c execution
FAIL: newlib.iconv/iconvru.c compilation
UNRESOLVED: newlib.iconv/iconvru.c execution
FAIL: newlib.locale/UTF-8.c compilation
UNRESOLVED: newlib.locale/UTF-8.c output
FAIL: newlib.search/hsearchtest.c compilation
UNRESOLVED: newlib.search/hsearchtest.c execution
FAIL: newlib.stdio/swprintf.c compilation
UNRESOLVED: newlib.stdio/swprintf.c execution
FAIL: newlib.stdlib/atexit.c compilation
UNRESOLVED: newlib.stdlib/atexit.c output
FAIL: newlib.stdlib/size_max.c compilation
UNRESOLVED: newlib.stdlib/size_max.c execution
FAIL: newlib.string/memmove1.c compilation
UNRESOLVED: newlib.string/memmove1.c execution
FAIL: newlib.string/tstring.c compilation
UNRESOLVED: newlib.string/tstring.c execution
FAIL: newlib.string/memcpy-1.c compilation
UNRESOLVED: newlib.string/memcpy-1.c execution
FAIL: newlib.string/strcmp-1.c compilation
UNRESOLVED: newlib.string/strcmp-1.c execution
FAIL: newlib.wctype/tiswctype.c compilation
UNRESOLVED: newlib.wctype/tiswctype.c execution
FAIL: newlib.wctype/twctype.c compilation
UNRESOLVED: newlib.wctype/twctype.c execution
FAIL: newlib.wctype/twctrans.c compilation
UNRESOLVED: newlib.wctype/twctrans.c execution
=== newlib Summary ===
# of unexpected failures 15
# of unresolved testcases 15
Host is powerpc64-unknown-linux-gnu
=== newlib tests ===
Running target mips-sim-idt64
FAIL: newlib.iconv/iconvnm.c compilation
UNRESOLVED: newlib.iconv/iconvnm.c execution
FAIL: newlib.iconv/iconvjp.c compilation
UNRESOLVED: newlib.iconv/iconvjp.c execution
FAIL: newlib.iconv/iconvru.c compilation
UNRESOLVED: newlib.iconv/iconvru.c execution
FAIL: newlib.locale/UTF-8.c compilation
UNRESOLVED: newlib.locale/UTF-8.c output
FAIL: newlib.search/hsearchtest.c compilation
UNRESOLVED: newlib.search/hsearchtest.c execution
FAIL: newlib.stdio/swprintf.c compilation
UNRESOLVED: newlib.stdio/swprintf.c execution
FAIL: newlib.stdlib/atexit.c compilation
UNRESOLVED: newlib.stdlib/atexit.c output
FAIL: newlib.stdlib/size_max.c compilation
UNRESOLVED: newlib.stdlib/size_max.c execution
FAIL: newlib.string/memmove1.c compilation
UNRESOLVED: newlib.string/memmove1.c execution
FAIL: newlib.string/tstring.c compilation
UNRESOLVED: newlib.string/tstring.c execution
FAIL: newlib.string/memcpy-1.c compilation
UNRESOLVED: newlib.string/memcpy-1.c execution
FAIL: newlib.string/strcmp-1.c compilation
UNRESOLVED: newlib.string/strcmp-1.c execution
FAIL: newlib.wctype/tiswctype.c compilation
UNRESOLVED: newlib.wctype/tiswctype.c execution
FAIL: newlib.wctype/twctype.c compilation
UNRESOLVED: newlib.wctype/twctype.c execution
FAIL: newlib.wctype/twctrans.c compilation
UNRESOLVED: newlib.wctype/twctrans.c execution
=== newlib Summary ===
# of unexpected failures 15
# of unresolved testcases 15
Host is powerpc64-unknown-linux-gnu
=== newlib tests ===
Running target mips-sim-idt64
FAIL: newlib.iconv/iconvnm.c compilation
UNRESOLVED: newlib.iconv/iconvnm.c execution
FAIL: newlib.iconv/iconvjp.c compilation
UNRESOLVED: newlib.iconv/iconvjp.c execution
FAIL: newlib.iconv/iconvru.c compilation
UNRESOLVED: newlib.iconv/iconvru.c execution
FAIL: newlib.locale/UTF-8.c compilation
UNRESOLVED: newlib.locale/UTF-8.c output
FAIL: newlib.search/hsearchtest.c compilation
UNRESOLVED: newlib.search/hsearchtest.c execution
FAIL: newlib.stdio/swprintf.c compilation
UNRESOLVED: newlib.stdio/swprintf.c execution
FAIL: newlib.stdlib/atexit.c compilation
UNRESOLVED: newlib.stdlib/atexit.c output
FAIL: newlib.stdlib/size_max.c compilation
UNRESOLVED: newlib.stdlib/size_max.c execution
FAIL: newlib.string/memmove1.c compilation
UNRESOLVED: newlib.string/memmove1.c execution
FAIL: newlib.string/tstring.c compilation
UNRESOLVED: newlib.string/tstring.c execution
FAIL: newlib.string/memcpy-1.c compilation
UNRESOLVED: newlib.string/memcpy-1.c execution
FAIL: newlib.string/strcmp-1.c compilation
UNRESOLVED: newlib.string/strcmp-1.c execution
FAIL: newlib.wctype/tiswctype.c compilation
UNRESOLVED: newlib.wctype/tiswctype.c execution
FAIL: newlib.wctype/twctype.c compilation
UNRESOLVED: newlib.wctype/twctype.c execution
FAIL: newlib.wctype/twctrans.c compilation
UNRESOLVED: newlib.wctype/twctrans.c execution
=== newlib Summary ===
# of unexpected failures 15
# of unresolved testcases 15
Host is powerpc64-unknown-linux-gnu
=== sim tests ===
Running target mips-sim-idt64
FAIL: mips32r2 mips32-dsp.s (execution)
FAIL: mips64r2 mips32-dsp.s (execution)
FAIL: mips32r2 mips32-dsp2.s (execution)
FAIL: mips64r2 mips32-dsp2.s (execution)
=== sim Summary ===
# of expected passes 58
# of unexpected failures 4
Compiler version: 4.9.0 20130509 (experimental) [ira-improv revision 198762] (GCC)
Platform: mipsisa64-unknown-elf
configure flags: --prefix=/home/stevenb/ira_mipsisa64_autotester/cross/install-ira --target=mipsisa64-elf --enable-languages=c,c++ --with-mpfr=/opt/cfarm/mpfr-latest --with-gmp=/opt/cfarm/gmp-latest --with-mpc=/opt/cfarm/mpc-latest --with-cloog=/opt/cfarm/cloog-latest --with-isl=/opt/cfarm/isl-latest