This is the mail archive of the
gcc-testresults@gcc.gnu.org
mailing list for the GCC project.
Results for 4.8.0 (GCC) testsuite on x86_64-winnix-linux-gnu (arch/tune amdfam10/bdver2)
- From: winfried dot magerl at t-online dot de
- To: gcc-testresults at gcc dot gnu dot org
- Date: Sun, 31 Mar 2013 13:52:32 +0200
- Subject: Results for 4.8.0 (GCC) testsuite on x86_64-winnix-linux-gnu (arch/tune amdfam10/bdver2)
CPU:
AMD FX(tm)-6300 Six-Core Processor (fam: 15, model: 02, stepping: 00)
kernel:
linux-3.8.4
system-libs:
glibc-2.17
gmp-5.1.1
mpfr-3.1.2
mpc-1.0.1
cloog-0.18.0
isl-0.11.1
tcl8.5.13
programs:
dejagnu-1.5.1
gdb-7.5.1 + all patches from opensuse gdb-7.5.1-3.4
binutils-2.23.52.0.1
gcc-4.8.0
LAST_UPDATED: Obtained from SVN: tags/gcc_4_8_0_release revision 196953
Native configuration is x86_64-winnix-linux-gnu
=== g++ tests ===
Running target unix
=== g++ Summary ===
# of expected passes 53954
# of expected failures 290
# of unsupported tests 842
/home/winfried/gcc-svn/build-amdfam10-bdver2-2013032918/gcc/testsuite/g++/../../xg++ version 4.8.0 (GCC)
=== gcc tests ===
Running target unix
XPASS: gcc.dg/guality/example.c -O0 execution test
XPASS: gcc.dg/guality/example.c -O2 execution test
XPASS: gcc.dg/guality/example.c -O2 -flto -fno-use-linker-plugin -flto-partition=none execution test
XPASS: gcc.dg/guality/guality.c -O0 execution test
XPASS: gcc.dg/guality/guality.c -O1 execution test
XPASS: gcc.dg/guality/guality.c -O2 execution test
XPASS: gcc.dg/guality/guality.c -O3 -fomit-frame-pointer execution test
XPASS: gcc.dg/guality/guality.c -O3 -g execution test
XPASS: gcc.dg/guality/guality.c -Os execution test
XPASS: gcc.dg/guality/guality.c -O2 -flto -fno-use-linker-plugin -flto-partition=none execution test
XPASS: gcc.dg/guality/guality.c -O2 -flto -fuse-linker-plugin -fno-fat-lto-objects execution test
XPASS: gcc.dg/guality/inline-params.c -O2 execution test
XPASS: gcc.dg/guality/inline-params.c -O3 -fomit-frame-pointer execution test
XPASS: gcc.dg/guality/inline-params.c -O3 -g execution test
XPASS: gcc.dg/guality/inline-params.c -Os execution test
XPASS: gcc.dg/guality/inline-params.c -O2 -flto -fno-use-linker-plugin -flto-partition=none execution test
XPASS: gcc.dg/guality/pr41353-1.c -O0 line 28 j == 28 + 37
XPASS: gcc.dg/guality/pr41353-1.c -O1 line 28 j == 28 + 37
XPASS: gcc.dg/guality/pr41353-1.c -O2 line 28 j == 28 + 37
XPASS: gcc.dg/guality/pr41353-1.c -O3 -fomit-frame-pointer line 28 j == 28 + 37
XPASS: gcc.dg/guality/pr41353-1.c -O3 -g line 28 j == 28 + 37
XPASS: gcc.dg/guality/pr41353-1.c -Os line 28 j == 28 + 37
XPASS: gcc.dg/guality/pr41353-1.c -O2 -flto -fno-use-linker-plugin -flto-partition=none line 28 j == 28 + 37
XPASS: gcc.dg/guality/pr41353-1.c -O2 -flto -fuse-linker-plugin -fno-fat-lto-objects line 28 j == 28 + 37
XPASS: gcc.dg/guality/pr41447-1.c -O0 execution test
XPASS: gcc.dg/guality/pr41447-1.c -O1 execution test
XPASS: gcc.dg/guality/pr41447-1.c -O2 execution test
XPASS: gcc.dg/guality/pr41447-1.c -O3 -fomit-frame-pointer execution test
XPASS: gcc.dg/guality/pr41447-1.c -O3 -g execution test
XPASS: gcc.dg/guality/pr41447-1.c -Os execution test
XPASS: gcc.dg/guality/pr41447-1.c -O2 -flto -fno-use-linker-plugin -flto-partition=none execution test
XPASS: gcc.dg/guality/pr41447-1.c -O2 -flto -fuse-linker-plugin -fno-fat-lto-objects execution test
XPASS: gcc.dg/guality/pr41616-1.c -O0 execution test
XPASS: gcc.dg/guality/pr41616-1.c -O1 execution test
XPASS: gcc.dg/guality/pr41616-1.c -O2 execution test
XPASS: gcc.dg/guality/pr41616-1.c -O3 -fomit-frame-pointer execution test
XPASS: gcc.dg/guality/pr41616-1.c -O3 -g execution test
XPASS: gcc.dg/guality/pr41616-1.c -Os execution test
XPASS: gcc.dg/guality/pr41616-1.c -O2 -flto -fno-use-linker-plugin -flto-partition=none execution test
FAIL: gcc.dg/guality/pr43051-1.c -O3 -fomit-frame-pointer -funroll-loops line 39 c == &a[0]
FAIL: gcc.dg/guality/pr43051-1.c -O3 -fomit-frame-pointer -funroll-all-loops -finline-functions line 39 c == &a[0]
FAIL: gcc.dg/guality/pr54200.c -O2 line 20 z == 3
FAIL: gcc.dg/guality/pr54200.c -O3 -fomit-frame-pointer line 20 z == 3
FAIL: gcc.dg/guality/pr54200.c -O3 -g line 20 z == 3
FAIL: gcc.dg/guality/pr54200.c -Os line 20 z == 3
FAIL: gcc.dg/guality/pr54200.c -O2 -flto -fno-use-linker-plugin -flto-partition=none line 20 z == 3
FAIL: gcc.dg/guality/pr54200.c -O2 -flto -fuse-linker-plugin -fno-fat-lto-objects line 20 z == 3
FAIL: gcc.dg/guality/pr54519-1.c -O2 -flto -fno-use-linker-plugin -flto-partition=none line 20 y == 25
FAIL: gcc.dg/guality/pr54519-1.c -O2 -flto -fno-use-linker-plugin -flto-partition=none line 20 z == 6
FAIL: gcc.dg/guality/pr54519-1.c -O2 -flto -fno-use-linker-plugin -flto-partition=none line 23 y == 117
FAIL: gcc.dg/guality/pr54519-1.c -O2 -flto -fno-use-linker-plugin -flto-partition=none line 23 z == 8
FAIL: gcc.dg/guality/pr54519-1.c -O2 -flto -fuse-linker-plugin -fno-fat-lto-objects line 20 y == 25
FAIL: gcc.dg/guality/pr54519-1.c -O2 -flto -fuse-linker-plugin -fno-fat-lto-objects line 20 z == 6
FAIL: gcc.dg/guality/pr54519-2.c -O2 -flto -fno-use-linker-plugin -flto-partition=none line 17 y == 25
FAIL: gcc.dg/guality/pr54519-2.c -O2 -flto -fuse-linker-plugin -fno-fat-lto-objects line 17 y == 25
FAIL: gcc.dg/guality/pr54519-3.c -O2 -flto -fuse-linker-plugin -fno-fat-lto-objects line 20 z == 6
FAIL: gcc.dg/guality/pr54519-3.c -O2 -flto -fuse-linker-plugin -fno-fat-lto-objects line 23 z == 8
FAIL: gcc.dg/guality/pr54519-4.c -O2 -flto -fuse-linker-plugin -fno-fat-lto-objects line 17 y == 25
FAIL: gcc.dg/guality/pr54519-5.c -O2 -flto -fno-use-linker-plugin -flto-partition=none line 17 y == 25
FAIL: gcc.dg/guality/pr54519-5.c -O2 -flto -fuse-linker-plugin -fno-fat-lto-objects line 17 y == 25
FAIL: gcc.dg/guality/pr54693-2.c -Os line 21 x == 10 - i
FAIL: gcc.dg/guality/pr54693-2.c -Os line 21 y == 20 - 2 * i
FAIL: gcc.dg/vect/costmodel/i386/costmodel-vect-31.c scan-tree-dump-times vect "vectorization not profitable" 1
FAIL: gcc.dg/vect/costmodel/i386/costmodel-vect-31.c scan-tree-dump-times vect "vectorized 3 loops" 1
FAIL: gcc.dg/vect/costmodel/i386/costmodel-vect-68.c scan-tree-dump-times vect "vectorized 4 loops" 1
FAIL: gcc.dg/vect/costmodel/i386/costmodel-fast-math-vect-pr29925.c scan-tree-dump-times vect "vectorized 1 loops" 1
FAIL: gcc.dg/vect/costmodel/x86_64/costmodel-vect-31.c scan-tree-dump-times vect "vectorization not profitable" 1
FAIL: gcc.dg/vect/costmodel/x86_64/costmodel-vect-31.c scan-tree-dump-times vect "vectorized 3 loops" 1
FAIL: gcc.dg/vect/costmodel/x86_64/costmodel-vect-68.c scan-tree-dump-times vect "vectorized 4 loops" 1
FAIL: gcc.dg/vect/costmodel/x86_64/costmodel-fast-math-vect-pr29925.c scan-tree-dump-times vect "vectorized 1 loops" 1
FAIL: gcc.target/i386/387-3.c scan-assembler fldpi
FAIL: gcc.target/i386/387-4.c scan-assembler fldpi
FAIL: gcc.target/i386/avx2-vpaddb-3.c scan-assembler-times vpaddb[ \\\\t]+[^\\n]*%ymm[0-9] 1
FAIL: gcc.target/i386/avx2-vpaddd-3.c scan-assembler-times vpaddd[ \\\\t]+[^\\n]*%ymm[0-9] 1
FAIL: gcc.target/i386/avx2-vpaddq-3.c scan-assembler-times vpaddq[ \\\\t]+[^\\n]*%ymm[0-9] 1
FAIL: gcc.target/i386/avx2-vpaddw-3.c scan-assembler-times vpaddw[ \\\\t]+[^\\n]*%ymm[0-9] 1
FAIL: gcc.target/i386/avx2-vpand-1.c scan-assembler vpand[ \\\\t]+[^\\n]*%ymm[0-9]
FAIL: gcc.target/i386/avx2-vpand-3.c scan-assembler-times vpand[ \\\\t]+[^\\n]*%ymm[0-9] 1
FAIL: gcc.target/i386/avx2-vpandn-1.c scan-assembler vpandn[ \\\\t]+[^\\n]*%ymm[0-9]
FAIL: gcc.target/i386/avx2-vpmulld-3.c scan-assembler-times vpmulld[ \\\\t]+[^\\n]*%ymm[0-9] 1
FAIL: gcc.target/i386/avx2-vpmullw-3.c scan-assembler-times vpmullw[ \\\\t]+[^\\n]*%ymm[0-9] 1
FAIL: gcc.target/i386/avx2-vpor-1.c scan-assembler vpor[ \\\\t]+[^\\n]*%ymm[0-9]
FAIL: gcc.target/i386/avx2-vpsrad-3.c scan-assembler-times vpsrld[ \\\\t]+[^\\n]*%ymm[0-9] 1
FAIL: gcc.target/i386/avx2-vpsraw-3.c scan-assembler-times vpsraw[ \\\\t]+[^\\n]*%ymm[0-9] 1
FAIL: gcc.target/i386/avx2-vpsrld-3.c scan-assembler-times vpsrld[ \\\\t]+[^\\n]*%ymm[0-9] 1
FAIL: gcc.target/i386/avx2-vpsrlw-3.c scan-assembler-times vpsrlw[ \\\\t]+[^\\n]*%ymm[0-9] 1
FAIL: gcc.target/i386/avx2-vpsubb-3.c scan-assembler-times vpsubb[ \\\\t]+[^\\n]*%ymm[0-9] 1
FAIL: gcc.target/i386/avx2-vpsubd-3.c scan-assembler-times vpsubd[ \\\\t]+[^\\n]*%ymm[0-9] 1
FAIL: gcc.target/i386/avx2-vpsubq-3.c scan-assembler-times vpsubq[ \\\\t]+[^\\n]*%ymm[0-9] 1
FAIL: gcc.target/i386/avx2-vpsubw-3.c scan-assembler-times vpsubw[ \\\\t]+[^\\n]*%ymm[0-9] 1
FAIL: gcc.target/i386/avx2-vpxor-1.c scan-assembler vpxor[ \\\\t]+[^\\n]*%ymm[0-9]
FAIL: gcc.target/i386/avx256-unaligned-load-1.c scan-assembler vinsertf128
FAIL: gcc.target/i386/avx256-unaligned-load-2.c scan-assembler vinsert.128
FAIL: gcc.target/i386/avx256-unaligned-load-4.c scan-assembler avx_loadups256
FAIL: gcc.target/i386/avx256-unaligned-load-4.c scan-assembler-not sse_loadups
FAIL: gcc.target/i386/avx256-unaligned-store-1.c scan-assembler vextractf128
FAIL: gcc.target/i386/avx256-unaligned-store-2.c scan-assembler vmovdqu.*\\\\*movv16qi_internal/3
FAIL: gcc.target/i386/avx256-unaligned-store-2.c scan-assembler vextract.128
FAIL: gcc.target/i386/avx256-unaligned-store-4.c scan-assembler avx_storeups256
FAIL: gcc.target/i386/avx256-unaligned-store-4.c scan-assembler-not sse_storeups
FAIL: gcc.target/i386/pr30970.c scan-assembler-times pxor 1
FAIL: gcc.target/i386/pr49002-1.c scan-assembler vmovapd[\\t ]*[^,]*,[\\t ]*%xmm
FAIL: gcc.target/i386/pr49002-2.c scan-assembler vmovapd[\\t ]*%ymm[0-9]+,[^,]*
FAIL: gcc.target/i386/pr53425-2.c (test for warnings, line 14)
FAIL: gcc.target/i386/pr53712.c scan-assembler-times movdqu 1
FAIL: gcc.target/i386/pr53907.c scan-assembler movdqa
FAIL: gcc.target/i386/xop-mul-1.c execution test
=== gcc Summary ===
# of expected passes 96205
# of unexpected failures 68
# of unexpected successes 39
# of expected failures 274
# of unsupported tests 1388
/home/winfried/gcc-svn/build-amdfam10-bdver2-2013032918/gcc/xgcc version 4.8.0 (GCC)
=== libatomic tests ===
Running target unix
=== libatomic Summary ===
# of expected passes 54
=== libgomp tests ===
Running target unix
=== libgomp Summary ===
# of expected passes 1308
=== libitm tests ===
Running target unix
=== libitm Summary ===
# of expected passes 26
# of expected failures 3
# of unsupported tests 1
=== libmudflap tests ===
Running target unix
FAIL: libmudflap.c++/pass41-frag.cxx ( -O) execution test
FAIL: libmudflap.c++/pass41-frag.cxx (-O2) execution test
FAIL: libmudflap.c++/pass41-frag.cxx (-O3) execution test
=== libmudflap Summary ===
# of expected passes 1433
# of unexpected failures 3
=== libstdc++ tests ===
Running target unix
=== libstdc++ Summary ===
# of expected passes 9258
# of expected failures 45
# of unsupported tests 219
Compiler version: 4.8.0 (GCC)
Platform: x86_64-winnix-linux-gnu
configure flags: --build=x86_64-winnix-linux-gnu --enable-languages=c,c++ --enable-shared --prefix=/usr --enable-multilib=no --with-arch=amdfam10 --with-tune=bdver2