This is the mail archive of the
gcc-testresults@gcc.gnu.org
mailing list for the GCC project.
FW: Results for 4.9.0 20130330 (experimental) (GCC) testsuite on x86_64-unknown-linux-gnu
- From: "Pinski, Andrew" <Andrew dot Pinski at caviumnetworks dot com>
- To: "gcc-testresults at gcc dot gnu dot org" <gcc-testresults at gcc dot gnu dot org>
- Date: Sat, 30 Mar 2013 11:14:11 +0000
- Subject: FW: Results for 4.9.0 20130330 (experimental) (GCC) testsuite on x86_64-unknown-linux-gnu
- References: <201303301130 dot r2UBUPj2004625 at blackduck dot caveonetworks dot com>
________________________________________
From: jenkins@blackduck.caveonetworks.com
Sent: Saturday, March 30, 2013 4:30:25 AM (UTC-08:00) Pacific Time (US & Canada)
To: apinski@cavium.com
Subject: Results for 4.9.0 20130330 (experimental) (GCC) testsuite on x86_64-unknown-linux-gnu
Native configuration is x86_64-unknown-linux-gnu
=== g++ tests ===
Running target unix//-m32
=== g++ Summary for unix//-m32 ===
# of expected passes 13770
# of expected failures 42
# of unsupported tests 27
Running target unix//-m64
=== g++ Summary for unix//-m64 ===
# of expected passes 13676
# of expected failures 42
# of unsupported tests 47
=== g++ Summary ===
# of expected passes 27446
# of expected failures 84
# of unsupported tests 74
/var/lib/jenkins/workspace/GCCupstream/objdir/gcc/testsuite/g++1/../../xg++ version 4.9.0 20130330 (experimental) (GCC)
=== g++ tests ===
Running target unix//-m32
FAIL: g++.dg/other/anon5.C -std=gnu++98 (test for excess errors)
FAIL: g++.dg/other/anon5.C -std=gnu++11 (test for excess errors)
=== g++ Summary ===
# of expected passes 24550
# of unexpected failures 2
# of expected failures 223
# of unsupported tests 436
/var/lib/jenkins/workspace/GCCupstream/objdir/gcc/testsuite/g++2/../../xg++ version 4.9.0 20130330 (experimental) (GCC)
=== gcc tests ===
Running target unix//-m32
=== gcc Summary for unix//-m32 ===
# of expected passes 8342
Running target unix//-m64
=== gcc Summary for unix//-m64 ===
# of expected passes 8342
=== gcc Summary ===
# of expected passes 16684
/var/lib/jenkins/workspace/GCCupstream/objdir/gcc/xgcc version 4.9.0 20130330 (experimental) (GCC)
=== gcc tests ===
Running target unix//-m32
=== gcc Summary for unix//-m32 ===
# of expected passes 6980
Running target unix//-m64
=== gcc Summary for unix//-m64 ===
# of expected passes 6980
=== gcc Summary ===
# of expected passes 13960
/var/lib/jenkins/workspace/GCCupstream/objdir/gcc/xgcc version 4.9.0 20130330 (experimental) (GCC)
=== gcc tests ===
Running target unix//-m32
FAIL: gcc.dg/cproj-fails-with-broken-glibc.c execution test
=== gcc Summary for unix//-m32 ===
# of expected passes 19501
# of unexpected failures 1
# of expected failures 63
# of unsupported tests 114
Running target unix//-m64
=== gcc Summary ===
# of expected passes 30801
# of unexpected failures 1
# of expected failures 80
# of unsupported tests 132
/var/lib/jenkins/workspace/GCCupstream/objdir/gcc/xgcc version 4.9.0 20130330 (experimental) (GCC)
=== gcc tests ===
Running target unix//-m32
=== gcc Summary for unix//-m32 ===
# of expected passes 6502
# of unsupported tests 8
Running target unix//-m64
=== gcc Summary ===
# of expected passes 8432
# of unsupported tests 8
/var/lib/jenkins/workspace/GCCupstream/objdir/gcc/xgcc version 4.9.0 20130330 (experimental) (GCC)
=== gcc tests ===
Running target unix//-m32
FAIL: gcc.dg/torture/tls/run-ld.c -O1 -pie -fpie execution test
FAIL: gcc.dg/torture/tls/run-ld.c -O2 -pie -fpie execution test
FAIL: gcc.dg/torture/tls/run-ld.c -O3 -fomit-frame-pointer -pie -fpie execution test
FAIL: gcc.dg/torture/tls/run-ld.c -O3 -g -pie -fpie execution test
FAIL: gcc.dg/torture/tls/run-ld.c -Os -pie -fpie execution test
FAIL: gcc.dg/torture/tls/run-ld.c -O1 -pie -fPIE execution test
FAIL: gcc.dg/torture/tls/run-ld.c -O2 -pie -fPIE execution test
FAIL: gcc.dg/torture/tls/run-ld.c -O3 -fomit-frame-pointer -pie -fPIE execution test
FAIL: gcc.dg/torture/tls/run-ld.c -O3 -g -pie -fPIE execution test
FAIL: gcc.dg/torture/tls/run-ld.c -Os -pie -fPIE execution test
=== gcc Summary for unix//-m32 ===
# of expected passes 18442
# of unexpected failures 10
# of expected failures 49
# of unsupported tests 256
Running target unix//-m64
=== gcc Summary for unix//-m64 ===
# of expected passes 18628
# of expected failures 52
# of unsupported tests 302
=== gcc Summary ===
# of expected passes 37070
# of unexpected failures 10
# of expected failures 101
# of unsupported tests 558
/var/lib/jenkins/workspace/GCCupstream/objdir/gcc/xgcc version 4.9.0 20130330 (experimental) (GCC)
=== g++ tests ===
Running target unix//-m32
=== g++ Summary for unix//-m32 ===
# of expected passes 9401
# of expected failures 8
# of unsupported tests 110
Running target unix//-m64
=== g++ Summary for unix//-m64 ===
# of expected passes 9073
# of expected failures 8
# of unsupported tests 284
=== g++ Summary ===
# of expected passes 18474
# of expected failures 16
# of unsupported tests 394
/var/lib/jenkins/workspace/GCCupstream/objdir/gcc/testsuite/g++/../../xg++ version 4.9.0 20130330 (experimental) (GCC)
=== libmudflap tests ===
Running target unix//-m32
FAIL: libmudflap.c/fail17-frag.c (-static) (test for excess errors)
FAIL: libmudflap.c/fail23-frag.c (-static) (test for excess errors)
FAIL: libmudflap.c/fail25-frag.c (-static) (test for excess errors)
FAIL: libmudflap.c/fail4-frag.c (-static) (test for excess errors)
FAIL: libmudflap.c/fail5-frag.c (-static) (test for excess errors)
FAIL: libmudflap.c/fail6-frag.c (-static) (test for excess errors)
FAIL: libmudflap.c/fail7-frag.c (-static) (test for excess errors)
FAIL: libmudflap.c/fail8-frag.c (-static) (test for excess errors)
FAIL: libmudflap.c/fail9-frag.c (-static) (test for excess errors)
FAIL: libmudflap.c/heap-scalestress.c (-static) (test for excess errors)
FAIL: libmudflap.c/hook-allocstuff.c (-static) (test for excess errors)
FAIL: libmudflap.c/pass-stratcliff.c (-static) (test for excess errors)
FAIL: libmudflap.c/pass30-frag.c (-static) (test for excess errors)
FAIL: libmudflap.c/pass30-frag.c (-static) (test for excess errors)
FAIL: libmudflap.c/pass4-frag.c (-static) (test for excess errors)
FAIL: libmudflap.c/pass4-frag.c (-static) (test for excess errors)
FAIL: libmudflap.c/pass45-frag.c (-static) (test for excess errors)
FAIL: libmudflap.c/pass45-frag.c (-static) (test for excess errors)
FAIL: libmudflap.c/pass46-frag.c (-static) (test for excess errors)
FAIL: libmudflap.c/pass46-frag.c (-static) (test for excess errors)
FAIL: libmudflap.c/pass47-frag.c (-static) (test for excess errors)
FAIL: libmudflap.c/pass47-frag.c (-static) (test for excess errors)
FAIL: libmudflap.c/pass49-frag.c (-static) (test for excess errors)
FAIL: libmudflap.c/pass49-frag.c (-static) (test for excess errors)
FAIL: libmudflap.c/pass5-frag.c (-static) (test for excess errors)
FAIL: libmudflap.c/pass5-frag.c (-static) (test for excess errors)
FAIL: libmudflap.c/pass51-frag.c (-static) (test for excess errors)
FAIL: libmudflap.c/pass51-frag.c (-static) (test for excess errors)
FAIL: libmudflap.c/pass52-frag.c (-static) (test for excess errors)
FAIL: libmudflap.c/pass52-frag.c (-static) (test for excess errors)
FAIL: libmudflap.c/pass6-frag.c (-static) (test for excess errors)
FAIL: libmudflap.c/pass6-frag.c (-static) (test for excess errors)
FAIL: libmudflap.c/pass7-frag.c (-static) (test for excess errors)
FAIL: libmudflap.c/pass7-frag.c (-static) (test for excess errors)
FAIL: libmudflap.c/pass8-frag.c (-static) (test for excess errors)
FAIL: libmudflap.c/pass8-frag.c (-static) (test for excess errors)
FAIL: libmudflap.c/pass9-frag.c (-static) (test for excess errors)
FAIL: libmudflap.c/pass9-frag.c (-static) (test for excess errors)
FAIL: libmudflap.c++/fail24-frag.cxx (-static) (test for excess errors)
FAIL: libmudflap.c++/pass31-frag.cxx (-static) (test for excess errors)
FAIL: libmudflap.c++/pass41-frag.cxx (-static) execution test
FAIL: libmudflap.c++/pass41-frag.cxx ( -O) execution test
FAIL: libmudflap.c++/pass41-frag.cxx (-O2) execution test
FAIL: libmudflap.c++/pass41-frag.cxx (-O3) execution test
FAIL: libmudflap.cth/pass37-frag.c (-static -DSTATIC) (test for excess errors)
FAIL: libmudflap.cth/pass39-frag.c (-static -DSTATIC) (test for excess errors)
FAIL: libmudflap.cth/pass40-frag.c (-static -DSTATIC) (test for excess errors)
FAIL: libmudflap.cth/pass59-frag.c (-static -DSTATIC) (test for excess errors)
=== libmudflap Summary for unix//-m32 ===
# of expected passes 1858
# of unexpected failures 48
Running target unix//-m64
FAIL: libmudflap.c++/pass41-frag.cxx ( -O) execution test
FAIL: libmudflap.c++/pass41-frag.cxx (-O2) execution test
FAIL: libmudflap.c++/pass41-frag.cxx (-O3) execution test
WARNING: program timed out.
FAIL: libmudflap.cth/pass40-frag.c (-O0) execution test
FAIL: libmudflap.cth/pass40-frag.c (-O0) output pattern test
=== libmudflap Summary for unix//-m64 ===
# of expected passes 1431
# of unexpected failures 5
=== libmudflap Summary ===
# of expected passes 3289
# of unexpected failures 53
=== libstdc++ tests ===
Running target unix//-m32
=== libstdc++ Summary for unix//-m32 ===
# of expected passes 1
# of unsupported tests 1
Running target unix//-m64
=== libstdc++ Summary for unix//-m64 ===
# of expected passes 1
# of unsupported tests 1
=== libstdc++ Summary ===
# of expected passes 2
# of unsupported tests 2
=== libstdc++ tests ===
Running target unix//-m32
=== libstdc++ Summary for unix//-m32 ===
# of expected passes 657
# of unsupported tests 2
Running target unix//-m64
=== libstdc++ Summary for unix//-m64 ===
# of expected passes 657
# of unsupported tests 2
=== libstdc++ Summary ===
# of expected passes 1314
# of unsupported tests 4
=== libstdc++ tests ===
Running target unix//-m32
=== libstdc++ Summary for unix//-m32 ===
# of expected passes 951
# of unsupported tests 13
Running target unix//-m64
=== libstdc++ Summary for unix//-m64 ===
# of expected passes 951
# of unsupported tests 13
=== libstdc++ Summary ===
# of expected passes 1902
# of unsupported tests 26
=== libstdc++ tests ===
Running target unix//-m32
=== libstdc++ Summary for unix//-m32 ===
# of expected passes 1246
# of expected failures 2
# of unsupported tests 4
Running target unix//-m64
=== libstdc++ Summary for unix//-m64 ===
# of expected passes 1246
# of expected failures 2
# of unsupported tests 4
=== libstdc++ Summary ===
# of expected passes 2492
# of expected failures 4
# of unsupported tests 8
=== libstdc++ tests ===
Running target unix//-m32
=== libstdc++ Summary for unix//-m32 ===
# of expected passes 526
# of unsupported tests 261
Running target unix//-m64
=== libstdc++ Summary for unix//-m64 ===
# of expected passes 526
# of unsupported tests 261
=== libstdc++ Summary ===
# of expected passes 1052
# of unsupported tests 522
=== libstdc++ tests ===
Running target unix//-m32
=== libstdc++ Summary for unix//-m32 ===
# of expected passes 630
# of expected failures 12
# of unsupported tests 73
Running target unix//-m64
=== libstdc++ Summary for unix//-m64 ===
# of expected passes 630
# of expected failures 12
# of unsupported tests 73
=== libstdc++ Summary ===
# of expected passes 1260
# of expected failures 24
# of unsupported tests 146
=== libstdc++ tests ===
Running target unix//-m32
=== libstdc++ Summary ===
# of expected passes 428
# of expected failures 13
# of unsupported tests 95
Compiler version: 4.9.0 20130330 (experimental) (GCC)
Platform: x86_64-unknown-linux-gnu
configure flags: --prefix=/var/lib/jenkins/workspace/GCCupstream/objdir/install