This is the mail archive of the
gcc-testresults@gcc.gnu.org
mailing list for the GCC project.
Results for 4.8.1 20130326 (prerelease) (GCC) testsuite on sh-unknown-linux-gnu
- From: CodeSourcery Automatic Testing System <gcc at codesourcery dot com>
- To: <gcc-testresults at gcc dot gnu dot org>
- Date: Tue, 26 Mar 2013 19:54:06 -0700
- Subject: Results for 4.8.1 20130326 (prerelease) (GCC) testsuite on sh-unknown-linux-gnu
LAST_UPDATED: Tue Mar 26 18:48:07 UTC 2013 (/branches/gcc-4_8-branch revision 197093)
Target is sh-unknown-linux-gnu
Host is i686-pc-linux-gnu
=== g++ tests ===
Running target mia-linux
=== g++ Summary ===
# of expected passes 49736
# of expected failures 288
# of unsupported tests 942
/scratch/gcc/nightly-2013-03-23-4.8/sh-linux-gnu/obj/test-4.8-0-sh-linux-gnu/host-i686-pc-linux-gnu/fsf-4.8/bin/sh-linux-gnu-g++ version 4.8.1 20130326 (prerelease) (GCC)
=== Summary adjusted for local xfails ===
# of expected passes 49736
# of expected failures 288
# of unsupported tests 942
Host is i686-pc-linux-gnu
=== gcc tests ===
Running target mia-linux
FAIL: gcc.c-torture/execute/941015-1.c execution, -Og -g
FAIL: gcc.dg/pr32773.c (test for warnings, line 9)
FAIL: gcc.dg/pr32773.c (test for excess errors)
FAIL: gcc.dg/pragma-isr-trapa2.c (test for excess errors)
UNRESOLVED: gcc.dg/pragma-isr-trapa2.c scan-assembler-times rte 1
UNRESOLVED: gcc.dg/pragma-isr-trapa2.c scan-assembler-times r[0-7]\\n 3
UNRESOLVED: gcc.dg/pragma-isr-trapa2.c scan-assembler-not r[8-9]
UNRESOLVED: gcc.dg/pragma-isr-trapa2.c scan-assembler-not r1[,0-3]
UNRESOLVED: gcc.dg/pragma-isr-trapa2.c scan-assembler-not macl
UNRESOLVED: gcc.dg/pragma-isr-trapa2.c scan-assembler-times [^_]fpscr 3
XPASS: gcc.dg/tree-ssa/20040204-1.c scan-tree-dump-times optimized "link_error" 0
FAIL: gcc.dg/tree-ssa/sra-12.c scan-tree-dump-times release_ssa "l;" 0
FAIL: gcc.target/sh/pr43417.c (test for excess errors)
FAIL: gcc.target/sh/sp-switch.c scan-assembler .long\\t_alt_stack
=== gcc Summary ===
# of expected passes 79931
# of unexpected failures 7
# of unexpected successes 1
# of expected failures 136
# of unresolved testcases 6
# of unsupported tests 1326
/scratch/gcc/nightly-2013-03-23-4.8/sh-linux-gnu/obj/test-4.8-0-sh-linux-gnu/host-i686-pc-linux-gnu/fsf-4.8/bin/sh-linux-gnu-gcc version 4.8.1 20130326 (prerelease) (GCC)
=== Summary adjusted for local xfails ===
# of unexpected failures 7
# of expected passes 79931
# of unexpected successes 1
# of expected failures 136
# of unresolved testcases 6
# of unsupported tests 1326
Host is i686-pc-linux-gnu
=== libstdc++ tests ===
Running target mia-linux
ERROR: tcl error sourcing /scratch/gcc/nightly-2013-03-23-4.8/src/gcc-4.8/libstdc++-v3/testsuite/libstdc++-abi/abi.exp.
ERROR: can't read "baseline_subdir_switch": no such variable
FAIL: 21_strings/basic_string/inserters_extractors/wchar_t/28277.cc execution test
FAIL: 22_locale/collate/transform/wchar_t/28277.cc execution test
FAIL: 23_containers/vector/profile/vector.cc execution test
FAIL: 27_io/basic_ostream/inserters_character/wchar_t/28277-3.cc execution test
FAIL: 27_io/basic_ostream/inserters_character/wchar_t/28277-4.cc execution test
WARNING: program timed out.
FAIL: 27_io/basic_ostringstream/pthread3.cc execution test
FAIL: 27_io/basic_stringbuf/overflow/wchar_t/1.cc execution test
FAIL: 29_atomics/atomic/cons/user_pod.cc (test for excess errors)
FAIL: 29_atomics/atomic/operators/integral_assignment.cc (test for excess errors)
UNRESOLVED: 29_atomics/atomic/operators/integral_assignment.cc compilation failed to produce executable
FAIL: 29_atomics/atomic/operators/integral_conversion.cc (test for excess errors)
UNRESOLVED: 29_atomics/atomic/operators/integral_conversion.cc compilation failed to produce executable
FAIL: 29_atomics/atomic_integral/operators/integral_assignment.cc (test for excess errors)
UNRESOLVED: 29_atomics/atomic_integral/operators/integral_assignment.cc compilation failed to produce executable
FAIL: 29_atomics/atomic_integral/operators/integral_conversion.cc (test for excess errors)
UNRESOLVED: 29_atomics/atomic_integral/operators/integral_conversion.cc compilation failed to produce executable
FAIL: ext/vstring/inserters_extractors/wchar_t/28277.cc execution test
=== libstdc++ Summary ===
# of expected passes 8943
# of unexpected failures 13
# of expected failures 45
# of unresolved testcases 4
# of unsupported tests 243
=== Summary adjusted for local xfails ===
# of errors 2
# of unexpected failures 13
# of expected passes 8943
# of expected failures 45
# of unresolved testcases 4
# of unsupported tests 243
Host is i686-pc-linux-gnu
=== g++ tests ===
Running target mia-be-linux/-mb
WARNING: program timed out.
WARNING: Rebooting mia-be-linux/-mb
=== g++ Summary ===
# of expected passes 49736
# of expected failures 288
# of unsupported tests 942
/scratch/gcc/nightly-2013-03-23-4.8/sh-linux-gnu/obj/test-4.8-0-sh-linux-gnu/host-i686-pc-linux-gnu/fsf-4.8/bin/sh-linux-gnu-g++ version 4.8.1 20130326 (prerelease) (GCC)
=== Summary adjusted for local xfails ===
# of expected passes 49736
# of expected failures 288
# of unsupported tests 942
Host is i686-pc-linux-gnu
=== gcc tests ===
Running target mia-be-linux/-mb
FAIL: gcc.c-torture/compile/pr55921.c -O0 (test for excess errors)
FAIL: gcc.c-torture/execute/941015-1.c execution, -Og -g
FAIL: gcc.dg/pr32773.c (test for warnings, line 9)
FAIL: gcc.dg/pr32773.c (test for excess errors)
FAIL: gcc.dg/pragma-isr-trapa2.c (test for excess errors)
UNRESOLVED: gcc.dg/pragma-isr-trapa2.c scan-assembler-times rte 1
UNRESOLVED: gcc.dg/pragma-isr-trapa2.c scan-assembler-times r[0-7]\\n 3
UNRESOLVED: gcc.dg/pragma-isr-trapa2.c scan-assembler-not r[8-9]
UNRESOLVED: gcc.dg/pragma-isr-trapa2.c scan-assembler-not r1[,0-3]
UNRESOLVED: gcc.dg/pragma-isr-trapa2.c scan-assembler-not macl
UNRESOLVED: gcc.dg/pragma-isr-trapa2.c scan-assembler-times [^_]fpscr 3
XPASS: gcc.dg/tree-ssa/20040204-1.c scan-tree-dump-times optimized "link_error" 0
FAIL: gcc.dg/tree-ssa/sra-12.c scan-tree-dump-times release_ssa "l;" 0
FAIL: gcc.target/sh/pr43417.c (test for excess errors)
FAIL: gcc.target/sh/sp-switch.c scan-assembler .long\\t_alt_stack
=== gcc Summary ===
# of expected passes 79926
# of unexpected failures 8
# of unexpected successes 1
# of expected failures 136
# of unresolved testcases 6
# of unsupported tests 1328
/scratch/gcc/nightly-2013-03-23-4.8/sh-linux-gnu/obj/test-4.8-0-sh-linux-gnu/host-i686-pc-linux-gnu/fsf-4.8/bin/sh-linux-gnu-gcc version 4.8.1 20130326 (prerelease) (GCC)
=== Summary adjusted for local xfails ===
# of unexpected failures 8
# of expected passes 79926
# of unexpected successes 1
# of expected failures 136
# of unresolved testcases 6
# of unsupported tests 1328
Host is i686-pc-linux-gnu
=== libstdc++ tests ===
Running target mia-be-linux/-mb
ERROR: tcl error sourcing /scratch/gcc/nightly-2013-03-23-4.8/src/gcc-4.8/libstdc++-v3/testsuite/libstdc++-abi/abi.exp.
ERROR: can't read "baseline_subdir_switch": no such variable
WARNING: program timed out.
WARNING: Rebooting mia-be-linux/-mb
WARNING: program timed out.
WARNING: Rebooting mia-be-linux/-mb
WARNING: program timed out.
WARNING: Rebooting mia-be-linux/-mb
WARNING: program timed out.
WARNING: Rebooting mia-be-linux/-mb
WARNING: program timed out.
WARNING: Rebooting mia-be-linux/-mb
UNRESOLVED: 17_intro/freestanding.cc (test for excess errors)
FAIL: 21_strings/basic_string/inserters_extractors/wchar_t/28277.cc execution test
FAIL: 22_locale/collate/transform/wchar_t/28277.cc execution test
FAIL: 23_containers/vector/profile/vector.cc execution test
FAIL: 27_io/basic_ostream/inserters_character/wchar_t/28277-3.cc execution test
FAIL: 27_io/basic_ostream/inserters_character/wchar_t/28277-4.cc execution test
FAIL: 27_io/basic_stringbuf/overflow/wchar_t/1.cc execution test
FAIL: 29_atomics/atomic/cons/user_pod.cc (test for excess errors)
FAIL: 29_atomics/atomic/operators/integral_assignment.cc (test for excess errors)
UNRESOLVED: 29_atomics/atomic/operators/integral_assignment.cc compilation failed to produce executable
FAIL: 29_atomics/atomic/operators/integral_conversion.cc (test for excess errors)
UNRESOLVED: 29_atomics/atomic/operators/integral_conversion.cc compilation failed to produce executable
FAIL: 29_atomics/atomic_integral/operators/integral_assignment.cc (test for excess errors)
UNRESOLVED: 29_atomics/atomic_integral/operators/integral_assignment.cc compilation failed to produce executable
FAIL: 29_atomics/atomic_integral/operators/integral_conversion.cc (test for excess errors)
UNRESOLVED: 29_atomics/atomic_integral/operators/integral_conversion.cc compilation failed to produce executable
FAIL: ext/vstring/inserters_extractors/wchar_t/28277.cc execution test
=== libstdc++ Summary ===
# of expected passes 8927
# of unexpected failures 12
# of expected failures 45
# of unresolved testcases 5
# of unsupported tests 251
=== Summary adjusted for local xfails ===
# of errors 2
# of unexpected failures 12
# of expected passes 8927
# of expected failures 45
# of unresolved testcases 5
# of unsupported tests 251
Compiler version: 4.8.1 20130326 (prerelease) (GCC)
Platform: sh-unknown-linux-gnu
configure flags: --build=i686-pc-linux-gnu --host=i686-pc-linux-gnu --target=sh-linux-gnu --enable-threads --disable-libmudflap --disable-libssp --disable-libstdcxx-pch --with-cpu=sh4a --with-multilib-list= --with-endian=little,big --with-gnu-as --with-gnu-ld --enable-languages=c,c++ --enable-shared --enable-lto --enable-symvers=gnu --enable-__cxa_atexit --disable-nls --prefix=/opt/codesourcery --with-sysroot=/opt/codesourcery/sh-linux-gnu/libc --with-build-sysroot=/scratch/gcc/nightly-2013-03-23-4.8/sh-linux-gnu/install/sh-linux-gnu/libc --with-gmp=/scratch/gcc/nightly-2013-03-23-4.8/sh-linux-gnu/obj/pkg-4.8-0-sh-linux-gnu/fsf-4.8-0-sh-linux-gnu.extras/host-libs-i686-pc-linux-gnu/usr --with-mpfr=/scratch/gcc/nightly-2013-03-23-4.8/sh-linux-gnu/obj/pkg-4.8-0-sh-linux-gnu/fsf-4.8-0-sh-linux-gnu.extras/host-libs-i686-pc-linux-gnu/usr --with-mpc=/scratch/gcc/nightly-2013-03-23-4.8/sh-linux-gnu/obj/pkg-4.8-0-sh-linux-gnu/fsf-4.8-0-sh-linux-gnu.extras/host-libs-i686-pc-linux-gnu/u
sr --with-host-libstdcxx='-static-libgcc -Wl,-Bstatic,-lstdc++,-Bdynamic -lm' --with-isl=/scratch/gcc/nightly-2013-03-23-4.8/sh-linux-gnu/obj/pkg-4.8-0-sh-linux-gnu/fsf-4.8-0-sh-linux-gnu.extras/host-libs-i686-pc-linux-gnu/usr --with-cloog=/scratch/gcc/nightly-2013-03-23-4.8/sh-linux-gnu/obj/pkg-4.8-0-sh-linux-gnu/fsf-4.8-0-sh-linux-gnu.extras/host-libs-i686-pc-linux-gnu/usr --with-libelf=/scratch/gcc/nightly-2013-03-23-4.8/sh-linux-gnu/obj/pkg-4.8-0-sh-linux-gnu/fsf-4.8-0-sh-linux-gnu.extras/host-libs-i686-pc-linux-gnu/usr --disable-libgomp --disable-libitm --enable-poison-system-directories --with-build-time-tools=/scratch/gcc/nightly-2013-03-23-4.8/sh-linux-gnu/install/sh-linux-gnu/bin --with-build-time-tools=/scratch/gcc/nightly-2013-03-23-4.8/sh-linux-gnu/install/sh-linux-gnu/bin