This is the mail archive of the gcc-testresults@gcc.gnu.org mailing list for the GCC project.


Index Nav: [Date Index] [Subject Index] [Author Index] [Thread Index]
Message Nav: [Date Prev] [Date Next] [Thread Prev] [Thread Next]
Other format: [Raw text]

Results for 4.8.0 (tgcware 4.8.0-1) testsuite on sparc-sun-solaris2.9


Built with:
GNU as 2.23.1
Sun ld 5.9-1.401 (112963-36)
gmp 5.0.5
mpfr 3.1.1p2
mpc 1.0.1

CONFIG_SHELL=/bin/ksh

Bootstrap compiler:
Using built-in specs.
COLLECT_GCC=gcc
COLLECT_LTO_WRAPPER=/usr/tgcware/libexec/gcc/sparc-sun-solaris2.9/4.6.3/lto-wrapper
Target: sparc-sun-solaris2.9
Configured with: ../gcc-4.6.3/configure --prefix=/usr/tgcware --with-local-prefix=/usr/tgcware/gcc46 --bindir=/usr/tgcware/gcc46/bin --mandir=/usr/tgcware/gcc46/man --infodir=/usr/tgcware/gcc46/info --disable-nls --enable-shared --enable-threads=posix --with-gmp=/usr/tgcware --with-mpfr=/usr/tgcware --with-mpc=/usr/tgcware --without-gnu-ld --with-ld=/usr/ccs/bin/ld --with-gnu-as --with-as=/usr/tgcware/bin/gas --enable-languages=all,ada,obj-c++ --with-x --enable-java-awt=xlib --with-cpu=v8
Thread model: posix
gcc version 4.6.3 (tgcware 4.6.3-2)

LAST_UPDATED: Obtained from SVN: tags/gcc_4_8_0_release revision 196953

		=== acats tests ===

		=== acats Summary ===
# of expected passes		2320
# of unexpected failures	0
Native configuration is sparc-sun-solaris2.9

		=== g++ tests ===


Running target unix

		=== g++ Summary for unix ===

# of expected passes		49831
# of expected failures		292
# of unsupported tests		940

Running target unix/-m64

		=== g++ Summary for unix/-m64 ===

# of expected passes		51071
# of expected failures		292
# of unsupported tests		930

		=== g++ Summary ===

# of expected passes		100902
# of expected failures		584
# of unsupported tests		1870
/export/home/tgc/buildpkg/gcc48/src/all_native/gcc/testsuite/g++/../../xg++  version 4.8.0 (tgcware 4.8.0-1) 

		=== gcc tests ===


Running target unix

		=== gcc Summary for unix ===

# of expected passes		81973
# of expected failures		323
# of unsupported tests		1648

Running target unix/-m64

		=== gcc Summary for unix/-m64 ===

# of expected passes		82695
# of expected failures		312
# of unsupported tests		1609

		=== gcc Summary ===

# of expected passes		164668
# of expected failures		635
# of unsupported tests		3257
/export/home/tgc/buildpkg/gcc48/src/all_native/gcc/xgcc  version 4.8.0 (tgcware 4.8.0-1) 

		=== gfortran tests ===


Running target unix
XPASS: gfortran.dg/do_1.f90  -O0  execution test
XPASS: gfortran.dg/do_1.f90  -O1  execution test
XPASS: gfortran.dg/do_1.f90  -O2  execution test
XPASS: gfortran.dg/do_1.f90  -O3 -fomit-frame-pointer  execution test
XPASS: gfortran.dg/do_1.f90  -O3 -fomit-frame-pointer -funroll-loops  execution test
XPASS: gfortran.dg/do_1.f90  -O3 -fomit-frame-pointer -funroll-all-loops -finline-functions  execution test
XPASS: gfortran.dg/do_1.f90  -O3 -g  execution test
XPASS: gfortran.dg/do_1.f90  -Os  execution test

		=== gfortran Summary for unix ===

# of expected passes		42572
# of unexpected successes	8
# of expected failures		44
# of unsupported tests		423

Running target unix/-m64
XPASS: gfortran.dg/do_1.f90  -O0  execution test
XPASS: gfortran.dg/do_1.f90  -O1  execution test
XPASS: gfortran.dg/do_1.f90  -O2  execution test
XPASS: gfortran.dg/do_1.f90  -O3 -fomit-frame-pointer  execution test
XPASS: gfortran.dg/do_1.f90  -O3 -fomit-frame-pointer -funroll-loops  execution test
XPASS: gfortran.dg/do_1.f90  -O3 -fomit-frame-pointer -funroll-all-loops -finline-functions  execution test
XPASS: gfortran.dg/do_1.f90  -O3 -g  execution test
XPASS: gfortran.dg/do_1.f90  -Os  execution test

		=== gfortran Summary for unix/-m64 ===

# of expected passes		42851
# of unexpected successes	8
# of expected failures		44
# of unsupported tests		286

		=== gfortran Summary ===

# of expected passes		85423
# of unexpected successes	16
# of expected failures		88
# of unsupported tests		709
/export/home/tgc/buildpkg/gcc48/src/all_native/gcc/testsuite/gfortran/../../gfortran  version 4.8.0 (tgcware 4.8.0-1) 

		=== gnat tests ===


Running target unix

		=== gnat Summary for unix ===

# of expected passes		1144
# of expected failures		17
# of unsupported tests		13

Running target unix/-m64

		=== gnat Summary for unix/-m64 ===

# of expected passes		1144
# of expected failures		17
# of unsupported tests		13

		=== gnat Summary ===

# of expected passes		2288
# of expected failures		34
# of unsupported tests		26
/export/home/tgc/buildpkg/gcc48/src/all_native/gcc/gnatmake version 4.8.0

		=== go tests ===


Running target unix

		=== go Summary for unix ===

# of expected passes		5081
# of expected failures		1
# of untested testcases		6

Running target unix/-m64

		=== go Summary for unix/-m64 ===

# of expected passes		4961
# of expected failures		1
# of untested testcases		6

		=== go Summary ===

# of expected passes		10042
# of expected failures		2
# of untested testcases		12
/export/home/tgc/buildpkg/gcc48/src/all_native/gcc/testsuite/go/../../gccgo  version 4.8.0 (tgcware 4.8.0-1) 

		=== obj-c++ tests ===


Running target unix

		=== obj-c++ Summary for unix ===

# of expected passes		1450
# of expected failures		2
# of unsupported tests		86

Running target unix/-m64

		=== obj-c++ Summary for unix/-m64 ===

# of expected passes		1442
# of expected failures		10
# of unsupported tests		86

		=== obj-c++ Summary ===

# of expected passes		2892
# of expected failures		12
# of unsupported tests		172
/export/home/tgc/buildpkg/gcc48/src/all_native/gcc/testsuite/obj-c++/../../xg++  version 4.8.0 (tgcware 4.8.0-1) 

		=== objc tests ===


Running target unix

		=== objc Summary for unix ===

# of expected passes		2994
# of unsupported tests		74

Running target unix/-m64

		=== objc Summary for unix/-m64 ===

# of expected passes		2994
# of unsupported tests		74

		=== objc Summary ===

# of expected passes		5988
# of unsupported tests		148
/export/home/tgc/buildpkg/gcc48/src/all_native/gcc/xgcc  version 4.8.0 (tgcware 4.8.0-1) 

		=== boehm-gc tests ===


Running target unix

		=== boehm-gc Summary for unix ===

# of expected passes		12
# of unsupported tests		1

Running target unix/-m64

		=== boehm-gc Summary for unix/-m64 ===

# of expected passes		12
# of unsupported tests		1

		=== boehm-gc Summary ===

# of expected passes		24
# of unsupported tests		2
		=== libatomic tests ===


Running target unix

		=== libatomic Summary for unix ===

# of expected passes		34
# of unsupported tests		10

Running target unix/-m64

		=== libatomic Summary for unix/-m64 ===

# of expected passes		44
# of unsupported tests		5

		=== libatomic Summary ===

# of expected passes		78
# of unsupported tests		15
		=== libffi tests ===


Running target unix

		=== libffi Summary for unix ===

# of expected passes		1819
# of unsupported tests		55

Running target unix/-m64
FAIL: libffi.call/cls_struct_va1.c -O0 -W -Wall output pattern test, is 4 5 6 10 11 12 13 14 20 21
FAIL: libffi.call/cls_uint_va.c -O0 -W -Wall output pattern test, is 67: 67 4
FAIL: libffi.call/va_1.c -O0 -W -Wall output pattern test, is 5 6 10 11 12 13 14 7 8 uc=9 sc=10 11 12 13 14 15 16 2.120000 3.130000
FAIL: libffi.call/va_struct1.c -O0 -W -Wall output pattern test, is 5 6 10 11 12 13 14 7 8
FAIL: libffi.call/cls_struct_va1.c -O2 output pattern test, is 4 5 6 10 11 12 13 14 20 21
FAIL: libffi.call/cls_uint_va.c -O2 output pattern test, is 67: 67 4
FAIL: libffi.call/va_1.c -O2 execution test
FAIL: libffi.call/va_struct1.c -O2 output pattern test, is 5 6 10 11 12 13 14 7 8
FAIL: libffi.call/cls_struct_va1.c -O3 output pattern test, is 4 5 6 10 11 12 13 14 20 21
FAIL: libffi.call/cls_uint_va.c -O3 output pattern test, is 67: 67 4
FAIL: libffi.call/va_1.c -O3 execution test
FAIL: libffi.call/va_struct1.c -O3 execution test
FAIL: libffi.call/cls_struct_va1.c -Os output pattern test, is 4 5 6 10 11 12 13 14 20 21
FAIL: libffi.call/cls_uint_va.c -Os output pattern test, is 67: 67 4
FAIL: libffi.call/va_1.c -Os execution test
FAIL: libffi.call/va_struct1.c -Os output pattern test, is 5 6 10 11 12 13 14 7 8
FAIL: libffi.call/cls_struct_va1.c -O2 -fomit-frame-pointer output pattern test, is 4 5 6 10 11 12 13 14 20 21
FAIL: libffi.call/cls_uint_va.c -O2 -fomit-frame-pointer output pattern test, is 67: 67 4
FAIL: libffi.call/va_1.c -O2 -fomit-frame-pointer execution test
FAIL: libffi.call/va_struct1.c -O2 -fomit-frame-pointer output pattern test, is 5 6 10 11 12 13 14 7 8

		=== libffi Summary for unix/-m64 ===

# of expected passes		1794
# of unexpected failures	20
# of unsupported tests		55

		=== libffi Summary ===

# of expected passes		3613
# of unexpected failures	20
# of unsupported tests		110
		=== libgo tests ===


Running target unix
FAIL: net
FAIL: text/template
FAIL: testing/quick

		=== libgo Summary for unix ===

# of expected passes		128
# of unexpected failures	3

Running target unix/-m64
FAIL: net
FAIL: exp/locale/collate/build
FAIL: exp/norm

		=== libgo Summary for unix/-m64 ===

# of expected passes		128
# of unexpected failures	3

		=== libgo Summary ===

# of expected passes		256
# of unexpected failures	6
/export/home/tgc/buildpkg/gcc48/src/all_native/./gcc/gccgo version 4.8.0 (tgcware 4.8.0-1)

		=== libgomp tests ===


Running target unix

		=== libgomp Summary for unix ===

# of expected passes		2943
# of unsupported tests		3

Running target unix/-m64

		=== libgomp Summary for unix/-m64 ===

# of expected passes		2943
# of unsupported tests		3

		=== libgomp Summary ===

# of expected passes		5886
# of unsupported tests		6
		=== libitm tests ===


Running target unix

		=== libitm Summary for unix ===

# of expected passes		26
# of expected failures		3
# of unsupported tests		1

Running target unix/-m64

		=== libitm Summary for unix/-m64 ===

# of expected passes		26
# of expected failures		3
# of unsupported tests		1

		=== libitm Summary ===

# of expected passes		52
# of expected failures		6
# of unsupported tests		2
		=== libjava tests ===


Running target unix
FAIL: sourcelocation output - source compiled test
FAIL: sourcelocation -findirect-dispatch output - source compiled test
FAIL: sourcelocation -O3 output - source compiled test
FAIL: sourcelocation -O3 -findirect-dispatch output - source compiled test

		=== libjava Summary for unix ===

# of expected passes		2582
# of unexpected failures	4

Running target unix/-m64
FAIL: sourcelocation output - source compiled test
FAIL: sourcelocation -findirect-dispatch output - source compiled test
FAIL: sourcelocation -O3 output - source compiled test
FAIL: sourcelocation -O3 -findirect-dispatch output - source compiled test

		=== libjava Summary for unix/-m64 ===

# of expected passes		2582
# of unexpected failures	4

		=== libjava Summary ===

# of expected passes		5164
# of unexpected failures	8
		=== libstdc++ tests ===


Running target unix

		=== libstdc++ Summary for unix ===

# of expected passes		7646
# of expected failures		47
# of unsupported tests		892

Running target unix/-m64

		=== libstdc++ Summary for unix/-m64 ===

# of expected passes		7646
# of expected failures		47
# of unsupported tests		892

		=== libstdc++ Summary ===

# of expected passes		15292
# of expected failures		94
# of unsupported tests		1784

Compiler version: 4.8.0 (tgcware 4.8.0-1) 
Platform: sparc-sun-solaris2.9
configure flags: --enable-obsolete --prefix=/usr/tgcware --with-local-prefix=/usr/tgcware/gcc48 --bindir=/usr/tgcware/gcc48/bin --mandir=/usr/tgcware/gcc48/man --infodir=/usr/tgcware/gcc48/info --disable-nls --enable-shared --enable-threads=posix --with-gmp=/usr/tgcware --with-mpfr=/usr/tgcware --with-mpc=/usr/tgcware --without-gnu-ld --with-ld=/usr/ccs/bin/ld --with-gnu-as --with-as=/usr/tgcware/bin/gas --enable-languages=all,ada,obj-c++,go --with-x --enable-java-awt=xlib --with-cpu=v9


Index Nav: [Date Index] [Subject Index] [Author Index] [Thread Index]
Message Nav: [Date Prev] [Date Next] [Thread Prev] [Thread Next]