This is the mail archive of the gcc-testresults@gcc.gnu.org mailing list for the GCC project.


Index Nav: [Date Index] [Subject Index] [Author Index] [Thread Index]
Message Nav: [Date Prev] [Date Next] [Thread Prev] [Thread Next]
Other format: [Raw text]

Results for 4.8.0 (GCC) testsuite on i386-pc-solaris2.10


LAST_UPDATED: Obtained from SVN: tags/gcc_4_8_0_release revision 196953

		=== acats tests ===

		=== acats Summary ===
# of expected passes		2320
# of unexpected failures	0
Native configuration is i386-pc-solaris2.10

		=== g++ tests ===


Running target unix

		=== g++ Summary for unix ===

# of expected passes		50598
# of expected failures		292
# of unsupported tests		594

Running target unix/-m64

		=== g++ Summary for unix/-m64 ===

# of expected passes		51366
# of expected failures		292
# of unsupported tests		837

		=== g++ Summary ===

# of expected passes		101964
# of expected failures		584
# of unsupported tests		1431
/var/gcc/gcc-4.8.0/10-gcc-gas/gcc/testsuite/g++/../../xg++  version 4.8.0 (GCC) 

		=== gcc tests ===


Running target unix
FAIL: gcc.dg/lto/20090210 c_lto_20090210_0.o-c_lto_20090210_1.o execute -O2 -flto -flto-partition=none 
FAIL: gcc.dg/lto/20090210 c_lto_20090210_0.o-c_lto_20090210_1.o execute -O2 -flto -flto-partition=1to1 
FAIL: gcc.dg/lto/20090210 c_lto_20090210_0.o-c_lto_20090210_1.o execute -O2 -flto
FAIL: gcc.dg/torture/tls/run-ld.c  -O1  execution test
FAIL: gcc.dg/torture/tls/run-ld.c  -O2  execution test
FAIL: gcc.dg/torture/tls/run-ld.c  -O3 -fomit-frame-pointer  execution test
FAIL: gcc.dg/torture/tls/run-ld.c  -O3 -g  execution test
FAIL: gcc.dg/torture/tls/run-ld.c  -Os  execution test
FAIL: gcc.dg/torture/tls/run-ld.c  -O1  -fpic  execution test
FAIL: gcc.dg/torture/tls/run-ld.c  -O2  -fpic  execution test
FAIL: gcc.dg/torture/tls/run-ld.c  -O3 -fomit-frame-pointer  -fpic  execution test
FAIL: gcc.dg/torture/tls/run-ld.c  -O3 -g  -fpic  execution test
FAIL: gcc.dg/torture/tls/run-ld.c  -Os  -fpic  execution test
FAIL: gcc.dg/torture/tls/run-ld.c  -O1  -fPIC  execution test
FAIL: gcc.dg/torture/tls/run-ld.c  -O2  -fPIC  execution test
FAIL: gcc.dg/torture/tls/run-ld.c  -O3 -fomit-frame-pointer  -fPIC  execution test
FAIL: gcc.dg/torture/tls/run-ld.c  -O3 -g  -fPIC  execution test
FAIL: gcc.dg/torture/tls/run-ld.c  -Os  -fPIC  execution test
FAIL: gcc.dg/torture/tls/run-ld.c  -O2 -flto -flto-partition=none  execution test
FAIL: gcc.dg/torture/tls/run-ld.c  -O2 -flto  execution test
FAIL: gcc.dg/torture/tls/thr-init-2.c  -O2  -fpic  execution test
FAIL: gcc.dg/torture/tls/thr-init-2.c  -O3 -fomit-frame-pointer  -fpic  execution test
FAIL: gcc.dg/torture/tls/thr-init-2.c  -O3 -g  -fpic  execution test
FAIL: gcc.dg/torture/tls/thr-init-2.c  -Os  -fpic  execution test
FAIL: gcc.dg/torture/tls/thr-init-2.c  -O2  -fPIC  execution test
FAIL: gcc.dg/torture/tls/thr-init-2.c  -O3 -fomit-frame-pointer  -fPIC  execution test
FAIL: gcc.dg/torture/tls/thr-init-2.c  -O3 -g  -fPIC  execution test
FAIL: gcc.dg/torture/tls/thr-init-2.c  -Os  -fPIC  execution test

		=== gcc Summary for unix ===

# of expected passes		91024
# of unexpected failures	28
# of expected failures		263
# of unsupported tests		1142

Running target unix/-m64

		=== gcc Summary for unix/-m64 ===

# of expected passes		91456
# of expected failures		265
# of unsupported tests		1448

		=== gcc Summary ===

# of expected passes		182480
# of unexpected failures	28
# of expected failures		528
# of unsupported tests		2590
/var/gcc/gcc-4.8.0/10-gcc-gas/gcc/xgcc  version 4.8.0 (GCC) 

		=== gfortran tests ===


Running target unix
XPASS: gfortran.dg/do_1.f90  -O0  execution test
XPASS: gfortran.dg/do_1.f90  -O1  execution test
XPASS: gfortran.dg/do_1.f90  -O2  execution test
XPASS: gfortran.dg/do_1.f90  -O3 -fomit-frame-pointer  execution test
XPASS: gfortran.dg/do_1.f90  -O3 -fomit-frame-pointer -funroll-loops  execution test
XPASS: gfortran.dg/do_1.f90  -O3 -fomit-frame-pointer -funroll-all-loops -finline-functions  execution test
XPASS: gfortran.dg/do_1.f90  -O3 -g  execution test
XPASS: gfortran.dg/do_1.f90  -Os  execution test

		=== gfortran Summary for unix ===

# of expected passes		43077
# of unexpected successes	8
# of expected failures		56
# of unsupported tests		228

Running target unix/-m64
XPASS: gfortran.dg/do_1.f90  -O0  execution test
XPASS: gfortran.dg/do_1.f90  -O1  execution test
XPASS: gfortran.dg/do_1.f90  -O2  execution test
XPASS: gfortran.dg/do_1.f90  -O3 -fomit-frame-pointer  execution test
XPASS: gfortran.dg/do_1.f90  -O3 -fomit-frame-pointer -funroll-loops  execution test
XPASS: gfortran.dg/do_1.f90  -O3 -fomit-frame-pointer -funroll-all-loops -finline-functions  execution test
XPASS: gfortran.dg/do_1.f90  -O3 -g  execution test
XPASS: gfortran.dg/do_1.f90  -Os  execution test

		=== gfortran Summary for unix/-m64 ===

# of expected passes		43380
# of unexpected successes	8
# of expected failures		56
# of unsupported tests		82

		=== gfortran Summary ===

# of expected passes		86457
# of unexpected successes	16
# of expected failures		112
# of unsupported tests		310
/var/gcc/gcc-4.8.0/10-gcc-gas/gcc/testsuite/gfortran/../../gfortran  version 4.8.0 (GCC) 

		=== gnat tests ===


Running target unix

		=== gnat Summary for unix ===

# of expected passes		1158
# of expected failures		17
# of unsupported tests		6

Running target unix/-m64

		=== gnat Summary for unix/-m64 ===

# of expected passes		1158
# of expected failures		17
# of unsupported tests		6

		=== gnat Summary ===

# of expected passes		2316
# of expected failures		34
# of unsupported tests		12
/var/gcc/gcc-4.8.0/10-gcc-gas/gcc/gnatmake version 4.8.0

		=== go tests ===


Running target unix

		=== go Summary for unix ===

# of expected passes		5083
# of expected failures		1
# of untested testcases		5

Running target unix/-m64

		=== go Summary for unix/-m64 ===

# of expected passes		4963
# of expected failures		1
# of untested testcases		5

		=== go Summary ===

# of expected passes		10046
# of expected failures		2
# of untested testcases		10
/var/gcc/gcc-4.8.0/10-gcc-gas/gcc/testsuite/go/../../gccgo  version 4.8.0 (GCC) 

		=== obj-c++ tests ===


Running target unix

		=== obj-c++ Summary for unix ===

# of expected passes		1450
# of expected failures		2
# of unsupported tests		86

Running target unix/-m64

		=== obj-c++ Summary for unix/-m64 ===

# of expected passes		1442
# of expected failures		10
# of unsupported tests		86

		=== obj-c++ Summary ===

# of expected passes		2892
# of expected failures		12
# of unsupported tests		172
/var/gcc/gcc-4.8.0/10-gcc-gas/gcc/testsuite/obj-c++/../../xg++  version 4.8.0 (GCC) 

		=== objc tests ===


Running target unix

		=== objc Summary for unix ===

# of expected passes		2988
# of expected failures		6
# of unsupported tests		74

Running target unix/-m64

		=== objc Summary for unix/-m64 ===

# of expected passes		2988
# of expected failures		6
# of unsupported tests		74

		=== objc Summary ===

# of expected passes		5976
# of expected failures		12
# of unsupported tests		148
/var/gcc/gcc-4.8.0/10-gcc-gas/gcc/xgcc  version 4.8.0 (GCC) 

		=== boehm-gc tests ===


Running target unix

		=== boehm-gc Summary for unix ===

# of expected passes		12
# of unsupported tests		1

Running target unix/-m64

		=== boehm-gc Summary for unix/-m64 ===

# of expected passes		12
# of unsupported tests		1

		=== boehm-gc Summary ===

# of expected passes		24
# of unsupported tests		2
		=== libatomic tests ===


Running target unix

		=== libatomic Summary for unix ===

# of expected passes		44
# of unsupported tests		5

Running target unix/-m64

		=== libatomic Summary for unix/-m64 ===

# of expected passes		54

		=== libatomic Summary ===

# of expected passes		98
# of unsupported tests		5
		=== libffi tests ===


Running target unix

		=== libffi Summary for unix ===

# of expected passes		1819
# of unsupported tests		55

Running target unix/-m64

		=== libffi Summary for unix/-m64 ===

# of expected passes		1819
# of unsupported tests		55

		=== libffi Summary ===

# of expected passes		3638
# of unsupported tests		110
		=== libgo tests ===


Running target unix

		=== libgo Summary for unix ===

# of expected passes		131

Running target unix/-m64
FAIL: os
FAIL: net/http
FAIL: net/http/cgi

		=== libgo Summary for unix/-m64 ===

# of expected passes		128
# of unexpected failures	3

		=== libgo Summary ===

# of expected passes		259
# of unexpected failures	3
/var/gcc/gcc-4.8.0/10-gcc-gas/./gcc/gccgo version 4.8.0 (GCC)

		=== libgomp tests ===


Running target unix

		=== libgomp Summary for unix ===

# of expected passes		2992
# of unsupported tests		3

Running target unix/-m64

		=== libgomp Summary for unix/-m64 ===

# of expected passes		2992
# of unsupported tests		3

		=== libgomp Summary ===

# of expected passes		5984
# of unsupported tests		6
		=== libitm tests ===


Running target unix

		=== libitm Summary for unix ===

# of expected passes		26
# of expected failures		3
# of unsupported tests		1

Running target unix/-m64

		=== libitm Summary for unix/-m64 ===

# of expected passes		26
# of expected failures		3
# of unsupported tests		1

		=== libitm Summary ===

# of expected passes		52
# of expected failures		6
# of unsupported tests		2
		=== libjava tests ===


Running target unix
FAIL: sourcelocation output - source compiled test
FAIL: sourcelocation -findirect-dispatch output - source compiled test
FAIL: sourcelocation -O3 output - source compiled test
FAIL: sourcelocation -O3 -findirect-dispatch output - source compiled test

		=== libjava Summary for unix ===

# of expected passes		2582
# of unexpected failures	4

Running target unix/-m64
FAIL: sourcelocation output - source compiled test
FAIL: sourcelocation -findirect-dispatch output - source compiled test
FAIL: sourcelocation -O3 output - source compiled test
FAIL: sourcelocation -O3 -findirect-dispatch output - source compiled test

		=== libjava Summary for unix/-m64 ===

# of expected passes		2582
# of unexpected failures	4

		=== libjava Summary ===

# of expected passes		5164
# of unexpected failures	8
		=== libstdc++ tests ===


Running target unix
FAIL: libstdc++-prettyprinters/48362.cc print t2
FAIL: libstdc++-prettyprinters/cxx11.cc print uom
FAIL: libstdc++-prettyprinters/debug.cc print str
FAIL: libstdc++-prettyprinters/simple.cc print str

		=== libstdc++ Summary for unix ===

# of expected passes		8312
# of unexpected failures	4
# of expected failures		46
# of unsupported tests		579

Running target unix/-m64

		=== libstdc++ Summary for unix/-m64 ===

# of expected passes		8305
# of expected failures		46
# of unsupported tests		580

		=== libstdc++ Summary ===

# of expected passes		16617
# of unexpected failures	4
# of expected failures		92
# of unsupported tests		1159

Compiler version: 4.8.0 (GCC) 
Platform: i386-pc-solaris2.10
configure flags: --prefix=/vol/gcc-4.8 --enable-objc-gc --with-as=/vol/gcc/bin/gas-2.23.1 --with-gnu-as --with-gmp-include=/vol/gcc/include --with-gmp-lib=/vol/gcc/lib --with-mpfr-include=/vol/gcc/include --with-mpfr-lib=/vol/gcc/lib --with-mpc-include=/vol/gcc/include --with-mpc-lib=/vol/gcc/lib --enable-languages=all,ada,obj-c++,go --with-isl-include=/vol/gcc/include --with-isl-lib=/vol/gcc/lib --with-cloog-include=/vol/gcc/include --with-cloog-lib=/vol/gcc/lib --enable-cloog-backend=isl
BOOT_CFLAGS=-g -O2


Index Nav: [Date Index] [Subject Index] [Author Index] [Thread Index]
Message Nav: [Date Prev] [Date Next] [Thread Prev] [Thread Next]