This is the mail archive of the
gcc-testresults@gcc.gnu.org
mailing list for the GCC project.
Results for 4.7.3 20130325 (prerelease) (GCC) testsuite on arm-unknown-rtems4.11
- From: Sebastian Huber <sebastian dot huber at embedded-brains dot de>
- To: gcc-testresults at gcc dot gnu dot org
- Date: Mon, 25 Mar 2013 15:26:18 +0100
- Subject: Results for 4.7.3 20130325 (prerelease) (GCC) testsuite on arm-unknown-rtems4.11
LAST_UPDATED: Tue Feb 12 09:22:25 UTC 2013 (revision
022fc2d:bffd767:fd457cef14f3bc6673e90a2de80005feea743ab7)
Target is arm-unknown-rtems4.11
Host is x86_64-unknown-linux-gnu
=== gcc tests ===
Running target rtems-arm-edb7312
FAIL: gcc.c-torture/execute/builtins/20010124-1.c compilation, -O2 -flto
-fuse-linker-plugin -fno-fat-lto-objects
UNRESOLVED: gcc.c-torture/execute/builtins/20010124-1.c execution, -O2 -flto
-fuse-linker-plugin -fno-fat-lto-objects
FAIL: gcc.c-torture/execute/builtins/fprintf.c compilation, -O2 -flto
-fuse-linker-plugin -fno-fat-lto-objects
UNRESOLVED: gcc.c-torture/execute/builtins/fprintf.c execution, -O2 -flto
-fuse-linker-plugin -fno-fat-lto-objects
FAIL: gcc.c-torture/execute/builtins/memchr.c compilation, -O2 -flto
-fuse-linker-plugin -fno-fat-lto-objects
UNRESOLVED: gcc.c-torture/execute/builtins/memchr.c execution, -O2 -flto
-fuse-linker-plugin -fno-fat-lto-objects
FAIL: gcc.c-torture/execute/builtins/memcpy-chk.c compilation, -O2 -flto
-fuse-linker-plugin -fno-fat-lto-objects
UNRESOLVED: gcc.c-torture/execute/builtins/memcpy-chk.c execution, -O2 -flto
-fuse-linker-plugin -fno-fat-lto-objects
FAIL: gcc.c-torture/execute/builtins/memmove-2.c compilation, -O2 -flto
-fuse-linker-plugin -fno-fat-lto-objects
UNRESOLVED: gcc.c-torture/execute/builtins/memmove-2.c execution, -O2 -flto
-fuse-linker-plugin -fno-fat-lto-objects
FAIL: gcc.c-torture/execute/builtins/memmove-chk.c compilation, -O2 -flto
-fuse-linker-plugin -fno-fat-lto-objects
UNRESOLVED: gcc.c-torture/execute/builtins/memmove-chk.c execution, -O2 -flto
-fuse-linker-plugin -fno-fat-lto-objects
FAIL: gcc.c-torture/execute/builtins/memmove.c compilation, -O2 -flto
-fuse-linker-plugin -fno-fat-lto-objects
UNRESOLVED: gcc.c-torture/execute/builtins/memmove.c execution, -O2 -flto
-fuse-linker-plugin -fno-fat-lto-objects
FAIL: gcc.c-torture/execute/builtins/memops-asm.c compilation, -O2 -flto
-fuse-linker-plugin -fno-fat-lto-objects
UNRESOLVED: gcc.c-torture/execute/builtins/memops-asm.c execution, -O2 -flto
-fuse-linker-plugin -fno-fat-lto-objects
FAIL: gcc.c-torture/execute/builtins/mempcpy-chk.c compilation, -O2 -flto
-fuse-linker-plugin -fno-fat-lto-objects
UNRESOLVED: gcc.c-torture/execute/builtins/mempcpy-chk.c execution, -O2 -flto
-fuse-linker-plugin -fno-fat-lto-objects
FAIL: gcc.c-torture/execute/builtins/memset-chk.c compilation, -O2 -flto
-fuse-linker-plugin -fno-fat-lto-objects
UNRESOLVED: gcc.c-torture/execute/builtins/memset-chk.c execution, -O2 -flto
-fuse-linker-plugin -fno-fat-lto-objects
FAIL: gcc.c-torture/execute/builtins/memset.c compilation, -O2 -flto
-fuse-linker-plugin -fno-fat-lto-objects
UNRESOLVED: gcc.c-torture/execute/builtins/memset.c execution, -O2 -flto
-fuse-linker-plugin -fno-fat-lto-objects
FAIL: gcc.c-torture/execute/builtins/pr22237.c compilation, -O2 -flto
-fuse-linker-plugin -fno-fat-lto-objects
UNRESOLVED: gcc.c-torture/execute/builtins/pr22237.c execution, -O2 -flto
-fuse-linker-plugin -fno-fat-lto-objects
FAIL: gcc.c-torture/execute/builtins/pr23484-chk.c compilation, -O2 -flto
-fuse-linker-plugin -fno-fat-lto-objects
UNRESOLVED: gcc.c-torture/execute/builtins/pr23484-chk.c execution, -O2 -flto
-fuse-linker-plugin -fno-fat-lto-objects
FAIL: gcc.c-torture/execute/builtins/snprintf-chk.c compilation, -O2 -flto
-fuse-linker-plugin -fno-fat-lto-objects
UNRESOLVED: gcc.c-torture/execute/builtins/snprintf-chk.c execution, -O2 -flto
-fuse-linker-plugin -fno-fat-lto-objects
FAIL: gcc.c-torture/execute/builtins/sprintf-chk.c compilation, -O2 -flto
-fuse-linker-plugin -fno-fat-lto-objects
UNRESOLVED: gcc.c-torture/execute/builtins/sprintf-chk.c execution, -O2 -flto
-fuse-linker-plugin -fno-fat-lto-objects
FAIL: gcc.c-torture/execute/builtins/stpcpy-chk.c compilation, -O2 -flto
-fuse-linker-plugin -fno-fat-lto-objects
UNRESOLVED: gcc.c-torture/execute/builtins/stpcpy-chk.c execution, -O2 -flto
-fuse-linker-plugin -fno-fat-lto-objects
FAIL: gcc.c-torture/execute/builtins/stpncpy-chk.c compilation, -O2 -flto
-fuse-linker-plugin -fno-fat-lto-objects
UNRESOLVED: gcc.c-torture/execute/builtins/stpncpy-chk.c execution, -O2 -flto
-fuse-linker-plugin -fno-fat-lto-objects
FAIL: gcc.c-torture/execute/builtins/strcat-chk.c compilation, -O2 -flto
-fuse-linker-plugin -fno-fat-lto-objects
UNRESOLVED: gcc.c-torture/execute/builtins/strcat-chk.c execution, -O2 -flto
-fuse-linker-plugin -fno-fat-lto-objects
FAIL: gcc.c-torture/execute/builtins/strcat.c compilation, -O2 -flto
-fuse-linker-plugin -fno-fat-lto-objects
UNRESOLVED: gcc.c-torture/execute/builtins/strcat.c execution, -O2 -flto
-fuse-linker-plugin -fno-fat-lto-objects
FAIL: gcc.c-torture/execute/builtins/strchr.c compilation, -O2 -flto
-fuse-linker-plugin -fno-fat-lto-objects
UNRESOLVED: gcc.c-torture/execute/builtins/strchr.c execution, -O2 -flto
-fuse-linker-plugin -fno-fat-lto-objects
FAIL: gcc.c-torture/execute/builtins/strcmp.c compilation, -O2 -flto
-fuse-linker-plugin -fno-fat-lto-objects
UNRESOLVED: gcc.c-torture/execute/builtins/strcmp.c execution, -O2 -flto
-fuse-linker-plugin -fno-fat-lto-objects
FAIL: gcc.c-torture/execute/builtins/strcpy-2.c compilation, -O2 -flto
-fuse-linker-plugin -fno-fat-lto-objects
UNRESOLVED: gcc.c-torture/execute/builtins/strcpy-2.c execution, -O2 -flto
-fuse-linker-plugin -fno-fat-lto-objects
FAIL: gcc.c-torture/execute/builtins/strcpy-chk.c compilation, -O2 -flto
-fuse-linker-plugin -fno-fat-lto-objects
UNRESOLVED: gcc.c-torture/execute/builtins/strcpy-chk.c execution, -O2 -flto
-fuse-linker-plugin -fno-fat-lto-objects
FAIL: gcc.c-torture/execute/builtins/strcpy.c compilation, -O2 -flto
-fuse-linker-plugin -fno-fat-lto-objects
UNRESOLVED: gcc.c-torture/execute/builtins/strcpy.c execution, -O2 -flto
-fuse-linker-plugin -fno-fat-lto-objects
FAIL: gcc.c-torture/execute/builtins/strlen-2.c compilation, -O2 -flto
-fuse-linker-plugin -fno-fat-lto-objects
UNRESOLVED: gcc.c-torture/execute/builtins/strlen-2.c execution, -O2 -flto
-fuse-linker-plugin -fno-fat-lto-objects
FAIL: gcc.c-torture/execute/builtins/strlen-3.c compilation, -O2 -flto
-fuse-linker-plugin -fno-fat-lto-objects
UNRESOLVED: gcc.c-torture/execute/builtins/strlen-3.c execution, -O2 -flto
-fuse-linker-plugin -fno-fat-lto-objects
FAIL: gcc.c-torture/execute/builtins/strlen.c compilation, -O2 -flto
-fuse-linker-plugin -fno-fat-lto-objects
UNRESOLVED: gcc.c-torture/execute/builtins/strlen.c execution, -O2 -flto
-fuse-linker-plugin -fno-fat-lto-objects
FAIL: gcc.c-torture/execute/builtins/strncat-chk.c compilation, -O2 -flto
-fuse-linker-plugin -fno-fat-lto-objects
UNRESOLVED: gcc.c-torture/execute/builtins/strncat-chk.c execution, -O2 -flto
-fuse-linker-plugin -fno-fat-lto-objects
FAIL: gcc.c-torture/execute/builtins/strncmp-2.c compilation, -O2 -flto
-fuse-linker-plugin -fno-fat-lto-objects
UNRESOLVED: gcc.c-torture/execute/builtins/strncmp-2.c execution, -O2 -flto
-fuse-linker-plugin -fno-fat-lto-objects
FAIL: gcc.c-torture/execute/builtins/strncmp.c compilation, -O2 -flto
-fuse-linker-plugin -fno-fat-lto-objects
UNRESOLVED: gcc.c-torture/execute/builtins/strncmp.c execution, -O2 -flto
-fuse-linker-plugin -fno-fat-lto-objects
FAIL: gcc.c-torture/execute/builtins/strncpy-chk.c compilation, -O2 -flto
-fuse-linker-plugin -fno-fat-lto-objects
UNRESOLVED: gcc.c-torture/execute/builtins/strncpy-chk.c execution, -O2 -flto
-fuse-linker-plugin -fno-fat-lto-objects
FAIL: gcc.c-torture/execute/builtins/strncpy.c compilation, -O2 -flto
-fuse-linker-plugin -fno-fat-lto-objects
UNRESOLVED: gcc.c-torture/execute/builtins/strncpy.c execution, -O2 -flto
-fuse-linker-plugin -fno-fat-lto-objects
FAIL: gcc.c-torture/execute/builtins/vsnprintf-chk.c compilation, -O2 -flto
-fuse-linker-plugin -fno-fat-lto-objects
UNRESOLVED: gcc.c-torture/execute/builtins/vsnprintf-chk.c execution, -O2
-flto -fuse-linker-plugin -fno-fat-lto-objects
FAIL: gcc.c-torture/execute/builtins/vsprintf-chk.c compilation, -O2 -flto
-fuse-linker-plugin -fno-fat-lto-objects
UNRESOLVED: gcc.c-torture/execute/builtins/vsprintf-chk.c execution, -O2 -flto
-fuse-linker-plugin -fno-fat-lto-objects
FAIL: gcc.dg/atomic-flag.c (test for excess errors)
WARNING: gcc.dg/atomic-flag.c compilation failed to produce executable
FAIL: gcc.dg/fshort-wchar.c (test for excess errors)
FAIL: gcc.dg/pr41574.c (test for excess errors)
FAIL: gcc.dg/uninit-13.c unconditional (test for warnings, line 8)
FAIL: gcc.dg/uninit-13.c (test for excess errors)
FAIL: gcc.dg/tls/pr42894.c (test for excess errors)
FAIL: gcc.dg/tree-ssa/sra-12.c scan-tree-dump-times release_ssa "l;" 0
FAIL: gcc.dg/vect/slp-perm-8.c scan-tree-dump-times vect "vectorized 1 loops" 2
FAIL: gcc.dg/vect/slp-perm-8.c -flto scan-tree-dump-times vect "vectorized 1
loops" 2
FAIL: gcc.target/arm/g2.c scan-assembler mla[ \\t].*
FAIL: gcc.target/arm/mmx-1.c (test for excess errors)
UNRESOLVED: gcc.target/arm/mmx-1.c scan-assembler ldmfd[ \\t]sp!.*ip,[ ]*pc
FAIL: gcc.target/arm/pr42172-1.c scan-assembler-times ldr 1
FAIL: gcc.target/arm/pr42575.c scan-assembler-not mov
FAIL: gcc.target/arm/scd42-2.c scan-assembler mov[ \\t].*272
=== gcc Summary ===
# of expected passes 79800
# of unexpected failures 48
# of expected failures 244
# of unresolved testcases 35
# of unsupported tests 1561
/scratch/git-rtems-testing/gcc/b-arm-gcc/gcc/xgcc version 4.7.3 20130325
(prerelease) [master revision
022fc2d:bffd767:fd457cef14f3bc6673e90a2de80005feea743ab7] (GCC)
Host is x86_64-unknown-linux-gnu
=== g++ tests ===
Running target rtems-arm-edb7312
=== g++ Summary ===
# of expected passes 45092
# of expected failures 279
# of unsupported tests 783
/scratch/git-rtems-testing/gcc/b-arm-gcc/gcc/testsuite/g++/../../g++ version
4.7.3 20130325 (prerelease) [master revision
022fc2d:bffd767:fd457cef14f3bc6673e90a2de80005feea743ab7] (GCC)
Compiler version: 4.7.3 20130325 (prerelease) [master revision
022fc2d:bffd767:fd457cef14f3bc6673e90a2de80005feea743ab7] (GCC)
Platform: arm-unknown-rtems4.11
configure flags: --disable-werror --enable-threads=rtems --with-gnu-as
--disable-multilib --enable-lto --enable-newlib-mb --enable-newlib-iconv
--with-gnu-ld --with-newlib --verbose --with-system-zlib --disable-nls
--enable-version-specific-runtime-libs --enable-languages=c,c++
--target=arm-rtems4.11 --prefix=/scratch/git-rtems-testing/gcc/install-git
--
Sebastian Huber, embedded brains GmbH
Address : Dornierstr. 4, D-82178 Puchheim, Germany
Phone : +49 89 189 47 41-16
Fax : +49 89 189 47 41-09
E-Mail : sebastian.huber@embedded-brains.de
PGP : Public key available on request.
Diese Nachricht ist keine geschäftliche Mitteilung im Sinne des EHUG.