This is the mail archive of the
gcc-testresults@gcc.gnu.org
mailing list for the GCC project.
Results for 4.8.0 (Blastwave.org Inc. Sat Mar 23 07:52:29 UTC 2013) testsuite on sparc64-sun-solaris2.10
- From: Dennis Clarke <dclarke at blastwave dot org>
- To: gcc-testresults at gcc dot gnu dot org
- Date: Sat, 23 Mar 2013 13:07:07 -0400
- Subject: Results for 4.8.0 (Blastwave.org Inc. Sat Mar 23 07:52:29 UTC 2013) testsuite on sparc64-sun-solaris2.10
NOTE: Neither go nor ada were built due to excessive errors with both.
bash-4.2$ date -u
Sat Mar 23 17:01:26 GMT 2013
bash-4.2$ uname -a
SunOS node002 5.10 Generic_148888-01 sun4v sparc SUNW,T5240
bash-4.2$ cat /etc/release
Oracle Solaris 10 8/11 s10s_u10wos_17b SPARC
Copyright (c) 1983, 2011, Oracle and/or its affiliates. All rights reserved.
Assembled 23 August 2011
bash-4.2$ which gcc
/usr/local/gcc4/bin/gcc
bash-4.2$ gcc --version
gcc (Blastwave.org Inc. Thu Nov 15 21:54:55 GMT 2012) 4.7.2
Copyright (C) 2012 Free Software Foundation, Inc.
This is free software; see the source for copying conditions. There is NO
warranty; not even for MERCHANTABILITY or FITNESS FOR A PARTICULAR PURPOSE.
bash-4.2$ which as
/usr/ccs/bin/as
bash-4.2$ which ld
/usr/ccs/bin/ld
bash-4.2$ grep "\/usr\/ccs\/bin\/" /var/sadm/patch/1*/README*
/var/sadm/patch/118683-08/README.118683-08:/usr/ccs/bin/as
/var/sadm/patch/118683-09/README.118683-09:/usr/ccs/bin/as
/var/sadm/patch/147147-26/README.147147-26:/usr/ccs/bin/ar
/var/sadm/patch/147147-26/README.147147-26:/usr/ccs/bin/dump
/var/sadm/patch/147147-26/README.147147-26:/usr/ccs/bin/elfdump
/var/sadm/patch/147147-26/README.147147-26:/usr/ccs/bin/ld
/var/sadm/patch/147147-26/README.147147-26:/usr/ccs/bin/mcs
/var/sadm/patch/147147-26/README.147147-26:/usr/ccs/bin/sparcv9/ar
/var/sadm/patch/147147-26/README.147147-26:/usr/ccs/bin/sparcv9/dump
/var/sadm/patch/147147-26/README.147147-26:/usr/ccs/bin/sparcv9/elfdump
/var/sadm/patch/147147-26/README.147147-26:/usr/ccs/bin/sparcv9/ld
/var/sadm/patch/147147-26/README.147147-26:/usr/ccs/bin/sparcv9/mcs
/var/sadm/patch/147147-26/README.147147-26:/usr/ccs/bin/sparcv9/strip
/var/sadm/patch/147147-26/README.147147-26:/usr/ccs/bin/strip
/var/sadm/patch/147147-26/README.147147-26:7114074 /usr/ccs/bin/ld crashes with -z ignore
/var/sadm/patch/147440-22/README.147440-22:/usr/ccs/bin/dump
/var/sadm/patch/147440-22/README.147440-22:/usr/ccs/bin/elfdump
/var/sadm/patch/147440-22/README.147440-22:/usr/ccs/bin/sparcv9/dump
/var/sadm/patch/147440-22/README.147440-22:/usr/ccs/bin/sparcv9/elfdump
/var/sadm/patch/147440-23/README.147440-23:/usr/ccs/bin/dump
/var/sadm/patch/147440-23/README.147440-23:/usr/ccs/bin/elfdump
/var/sadm/patch/147440-23/README.147440-23:/usr/ccs/bin/sparcv9/dump
/var/sadm/patch/147440-23/README.147440-23:/usr/ccs/bin/sparcv9/elfdump
/var/sadm/patch/147440-27/README.147440-27:/usr/ccs/bin/ar
/var/sadm/patch/147440-27/README.147440-27:/usr/ccs/bin/dump
/var/sadm/patch/147440-27/README.147440-27:/usr/ccs/bin/elfdump
/var/sadm/patch/147440-27/README.147440-27:/usr/ccs/bin/sparcv9/ar
/var/sadm/patch/147440-27/README.147440-27:/usr/ccs/bin/sparcv9/dump
/var/sadm/patch/147440-27/README.147440-27:/usr/ccs/bin/sparcv9/elfdump
/var/sadm/patch/148423-01/README.148423-01:Keywords: security /usr/ccs/bin/error
/var/sadm/patch/148423-01/README.148423-01:Synopsis: SunOS 5.10: /usr/ccs/bin/error patch
/var/sadm/patch/148423-01/README.148423-01:Topic: SunOS 5.10: /usr/ccs/bin/error patch
/var/sadm/patch/148423-01/README.148423-01:/usr/ccs/bin/error
bash-4.2$
bash-4.2$ ../gcc-4.8.0/contrib/test_summary
cat <<'EOF' |
LAST_UPDATED: Obtained from SVN: tags/gcc_4_8_0_release revision 196953
Native configuration is sparc64-sun-solaris2.10
=== g++ tests ===
Running target unix
FAIL: g++.dg/ext/visibility/fvisibility-inlines-hidden-2.C -std=gnu++98 scan-not-hidden
FAIL: g++.dg/ext/visibility/fvisibility-inlines-hidden-2.C -std=gnu++11 scan-not-hidden
FAIL: g++.dg/ext/visibility/fvisibility-inlines-hidden-3.C -std=gnu++98 scan-not-hidden
FAIL: g++.dg/ext/visibility/fvisibility-inlines-hidden-3.C -std=gnu++98 scan-not-hidden
FAIL: g++.dg/ext/visibility/fvisibility-inlines-hidden-3.C -std=gnu++11 scan-not-hidden
FAIL: g++.dg/ext/visibility/fvisibility-inlines-hidden-3.C -std=gnu++11 scan-not-hidden
FAIL: g++.dg/ext/visibility/fvisibility-inlines-hidden-4.C -std=gnu++98 scan-not-hidden
FAIL: g++.dg/ext/visibility/fvisibility-inlines-hidden-4.C -std=gnu++98 scan-not-hidden
FAIL: g++.dg/ext/visibility/fvisibility-inlines-hidden-4.C -std=gnu++11 scan-not-hidden
FAIL: g++.dg/ext/visibility/fvisibility-inlines-hidden-4.C -std=gnu++11 scan-not-hidden
FAIL: g++.dg/ext/visibility/fvisibility-override1.C -std=gnu++98 scan-not-hidden
FAIL: g++.dg/ext/visibility/fvisibility-override1.C -std=gnu++11 scan-not-hidden
FAIL: g++.dg/ext/visibility/fvisibility-override2.C -std=gnu++98 scan-not-hidden
FAIL: g++.dg/ext/visibility/fvisibility-override2.C -std=gnu++11 scan-not-hidden
FAIL: g++.dg/ext/visibility/guard1.C -std=gnu++98 scan-not-hidden
FAIL: g++.dg/ext/visibility/guard1.C -std=gnu++11 scan-not-hidden
FAIL: g++.dg/ext/visibility/ms-compat-1.C -std=gnu++98 scan-not-hidden
FAIL: g++.dg/ext/visibility/ms-compat-1.C -std=gnu++98 scan-not-hidden
FAIL: g++.dg/ext/visibility/ms-compat-1.C -std=gnu++98 scan-not-hidden
FAIL: g++.dg/ext/visibility/ms-compat-1.C -std=gnu++11 scan-not-hidden
FAIL: g++.dg/ext/visibility/ms-compat-1.C -std=gnu++11 scan-not-hidden
FAIL: g++.dg/ext/visibility/ms-compat-1.C -std=gnu++11 scan-not-hidden
FAIL: g++.dg/ext/visibility/namespace1.C -std=c++98 scan-not-hidden
FAIL: g++.dg/ext/visibility/namespace1.C -std=c++11 scan-not-hidden
FAIL: g++.dg/ext/visibility/new1.C -std=gnu++98 scan-not-hidden
FAIL: g++.dg/ext/visibility/new1.C -std=gnu++11 scan-not-hidden
FAIL: g++.dg/ext/visibility/template1.C -std=gnu++98 scan-not-hidden
FAIL: g++.dg/ext/visibility/template1.C -std=gnu++98 scan-not-hidden
FAIL: g++.dg/ext/visibility/template1.C -std=gnu++11 scan-not-hidden
FAIL: g++.dg/ext/visibility/template1.C -std=gnu++11 scan-not-hidden
FAIL: g++.dg/ext/visibility/template10.C -std=gnu++98 scan-not-hidden
FAIL: g++.dg/ext/visibility/template10.C -std=gnu++11 scan-not-hidden
FAIL: g++.dg/ext/visibility/template11.C -std=gnu++98 scan-not-hidden
FAIL: g++.dg/ext/visibility/template11.C -std=gnu++11 scan-not-hidden
FAIL: g++.dg/ext/visibility/template12.C -std=gnu++98 scan-not-hidden
FAIL: g++.dg/ext/visibility/template12.C -std=gnu++11 scan-not-hidden
FAIL: g++.dg/ext/visibility/template2.C -std=c++98 scan-not-hidden
FAIL: g++.dg/ext/visibility/template2.C -std=c++98 scan-not-hidden
FAIL: g++.dg/ext/visibility/template2.C -std=c++11 scan-not-hidden
FAIL: g++.dg/ext/visibility/template2.C -std=c++11 scan-not-hidden
FAIL: g++.dg/ext/visibility/template3.C -std=c++98 scan-not-hidden
FAIL: g++.dg/ext/visibility/template3.C -std=c++98 scan-not-hidden
FAIL: g++.dg/ext/visibility/template3.C -std=c++11 scan-not-hidden
FAIL: g++.dg/ext/visibility/template3.C -std=c++11 scan-not-hidden
FAIL: g++.dg/ext/visibility/template4.C -std=c++98 scan-not-hidden
FAIL: g++.dg/ext/visibility/template4.C -std=c++98 scan-not-hidden
FAIL: g++.dg/ext/visibility/template4.C -std=c++98 scan-not-hidden
FAIL: g++.dg/ext/visibility/template4.C -std=c++98 scan-not-hidden
FAIL: g++.dg/ext/visibility/template4.C -std=c++11 scan-not-hidden
FAIL: g++.dg/ext/visibility/template4.C -std=c++11 scan-not-hidden
FAIL: g++.dg/ext/visibility/template4.C -std=c++11 scan-not-hidden
FAIL: g++.dg/ext/visibility/template4.C -std=c++11 scan-not-hidden
FAIL: g++.dg/ext/visibility/template6.C -std=c++98 scan-not-hidden
FAIL: g++.dg/ext/visibility/template6.C -std=c++11 scan-not-hidden
FAIL: g++.dg/ext/visibility/template9.C -std=gnu++98 scan-not-hidden
FAIL: g++.dg/ext/visibility/template9.C -std=gnu++11 scan-not-hidden
FAIL: g++.dg/ext/visibility/typeinfo1.C -std=gnu++98 scan-not-hidden
FAIL: g++.dg/ext/visibility/typeinfo1.C -std=gnu++98 scan-not-hidden
FAIL: g++.dg/ext/visibility/typeinfo1.C -std=gnu++11 scan-not-hidden
FAIL: g++.dg/ext/visibility/typeinfo1.C -std=gnu++11 scan-not-hidden
FAIL: g++.dg/ext/visibility/typeinfo2.C -std=c++98 scan-not-hidden
FAIL: g++.dg/ext/visibility/typeinfo2.C -std=c++11 scan-not-hidden
FAIL: g++.dg/ext/visibility/typeinfo3.C -std=c++98 scan-not-hidden
FAIL: g++.dg/ext/visibility/typeinfo3.C -std=c++98 scan-not-hidden
FAIL: g++.dg/ext/visibility/typeinfo3.C -std=c++11 scan-not-hidden
FAIL: g++.dg/ext/visibility/typeinfo3.C -std=c++11 scan-not-hidden
FAIL: g++.dg/ext/visibility/warn3.C -std=c++98 scan-not-hidden
FAIL: g++.dg/ext/visibility/warn3.C -std=c++11 scan-not-hidden
FAIL: g++.dg/lto/20091219 cp_lto_20091219_0.o-cp_lto_20091219_0.o link, -O3 -flto
UNRESOLVED: g++.dg/lto/20091219 cp_lto_20091219_0.o-cp_lto_20091219_0.o execute -O3 -flto
FAIL: g++.old-deja/g++.mike/visibility-1.C -std=gnu++98 scan-not-hidden
FAIL: g++.old-deja/g++.mike/visibility-1.C -std=gnu++11 scan-not-hidden
=== g++ Summary ===
# of expected passes 50910
# of unexpected failures 71
# of expected failures 292
# of unresolved testcases 1
# of unsupported tests 936
/usr/local/build/gcc-4.8.0_sparc64-sun-solaris2.10.001/gcc/testsuite/g++/../../xg++ version 4.8.0 (Blastwave.org Inc. Sat Mar 23 07:52:29 UTC 2013)
=== gcc tests ===
Running target unix
FAIL: gcc.dg/visibility-d.c scan-not-hidden
FAIL: gcc.dg/visibility-d.c scan-not-hidden
FAIL: gcc.dg/visibility-d.c scan-not-hidden
FAIL: gcc.dg/visibility-d.c scan-not-hidden
FAIL: gcc.dg/visibility-d.c scan-not-hidden
FAIL: gcc.dg/visibility-d.c scan-not-hidden
FAIL: gcc.dg/visibility-d.c scan-not-hidden
FAIL: gcc.dg/visibility-d.c scan-not-hidden
FAIL: gcc.dg/visibility-d.c scan-not-hidden
FAIL: gcc.dg/visibility-d.c scan-not-hidden
FAIL: gcc.dg/visibility-d.c scan-not-hidden
FAIL: gcc.dg/visibility-d.c scan-not-hidden
FAIL: gcc.dg/visibility-d.c scan-not-hidden
FAIL: gcc.dg/visibility-d.c scan-not-hidden
FAIL: gcc.dg/visibility-d.c scan-not-hidden
FAIL: gcc.dg/visibility-d.c scan-not-hidden
FAIL: gcc.dg/visibility-d.c scan-not-hidden
FAIL: gcc.dg/visibility-d.c scan-not-hidden
FAIL: gcc.dg/visibility-d.c scan-not-hidden
FAIL: gcc.dg/visibility-d.c scan-not-hidden
FAIL: gcc.dg/visibility-d.c scan-not-hidden
FAIL: gcc.dg/visibility-d.c scan-not-hidden
FAIL: gcc.dg/visibility-d.c scan-not-hidden
FAIL: gcc.dg/visibility-d.c scan-not-hidden
FAIL: gcc.dg/visibility-d.c scan-not-hidden
FAIL: gcc.dg/visibility-d.c scan-not-hidden
FAIL: gcc.dg/visibility-d.c scan-not-hidden
FAIL: gcc.dg/visibility-d.c scan-not-hidden
FAIL: gcc.dg/visibility-d.c scan-not-hidden
FAIL: gcc.dg/visibility-d.c scan-not-hidden
=== gcc Summary ===
# of expected passes 82660
# of unexpected failures 30
# of expected failures 312
# of unsupported tests 1597
/usr/local/build/gcc-4.8.0_sparc64-sun-solaris2.10.001/gcc/xgcc version 4.8.0 (Blastwave.org Inc. Sat Mar 23 07:52:29 UTC 2013)
=== gfortran tests ===
Running target unix
XPASS: gfortran.dg/do_1.f90 -O0 execution test
XPASS: gfortran.dg/do_1.f90 -O1 execution test
XPASS: gfortran.dg/do_1.f90 -O2 execution test
XPASS: gfortran.dg/do_1.f90 -O3 -fomit-frame-pointer execution test
XPASS: gfortran.dg/do_1.f90 -O3 -fomit-frame-pointer -funroll-loops execution test
XPASS: gfortran.dg/do_1.f90 -O3 -fomit-frame-pointer -funroll-all-loops -finline-functions execution test
XPASS: gfortran.dg/do_1.f90 -O3 -g execution test
XPASS: gfortran.dg/do_1.f90 -Os execution test
=== gfortran Summary ===
# of expected passes 43204
# of unexpected successes 8
# of expected failures 44
# of unsupported tests 114
/usr/local/build/gcc-4.8.0_sparc64-sun-solaris2.10.001/gcc/testsuite/gfortran/../../gfortran version 4.8.0 (Blastwave.org Inc. Sat Mar 23 07:52:29 UTC 2013)
=== objc tests ===
Running target unix
=== objc Summary ===
# of expected passes 2994
# of unsupported tests 74
/usr/local/build/gcc-4.8.0_sparc64-sun-solaris2.10.001/gcc/xgcc version 4.8.0 (Blastwave.org Inc. Sat Mar 23 07:52:29 UTC 2013)
=== libatomic tests ===
Running target unix
=== libatomic Summary ===
# of expected passes 44
# of unsupported tests 5
=== libgomp tests ===
Running target unix
WARNING: program timed out.
FAIL: libgomp.c/sort-1.c execution test
=== libgomp Summary ===
# of expected passes 2942
# of unexpected failures 1
# of unsupported tests 3
=== libitm tests ===
Running target unix
=== libitm Summary ===
# of expected passes 26
# of expected failures 3
# of unsupported tests 1
=== libstdc++ tests ===
Running target unix
XPASS: ext/enc_filebuf/char/13598.cc execution test
=== libstdc++ Summary ===
# of expected passes 8280
# of unexpected successes 1
# of expected failures 45
# of unsupported tests 584
Compiler version: 4.8.0 (Blastwave.org Inc. Sat Mar 23 07:52:29 UTC 2013)
Platform: sparc64-sun-solaris2.10
configure flags: --prefix=/usr/local/gcc4 --build=sparc64-sun-solaris2.10 --without-gnu-as --without-gnu-ld --with-gmp=/usr/local --with-mpfr=/usr/local --with-mpc=/usr/local --with-ld=/usr/ccs/bin/ld --disable-nls --enable-threads=posix --enable-shared --libdir=/usr/local/gcc4/lib --libexecdir=/usr/local/gcc4/lib --with-pkgversion='Blastwave.org Inc. Sat Mar 23 07:52:29 UTC 2013' --enable-languages=c,c++,objc,fortran --enable-bootstrap
EOF
--
--
http://pgp.mit.edu:11371/pks/lookup?op=vindex&search=0x1D936C72FA35B44B
+-------------------------+-----------------------------------+
| Dennis Clarke | Solaris and Linux and Open Source |
| dclarke@blastwave.org | Respect for open standards. |
+-------------------------+-----------------------------------+