This is the mail archive of the
gcc-testresults@gcc.gnu.org
mailing list for the GCC project.
Results for 4.8.0 20130308 (experimental) [lra revision 196564] (GCC) testsuite on powerpc64-unknown-linux-gnu
- From: stevenb at gcc1-power7 dot osuosl dot org
- To: gcc-testresults at gcc dot gnu dot org
- Date: Fri, 08 Mar 2013 16:44:27 -0800
- Subject: Results for 4.8.0 20130308 (experimental) [lra revision 196564] (GCC) testsuite on powerpc64-unknown-linux-gnu
LAST_UPDATED: Fri Mar 8 23:12:41 UTC 2013 (revision 196564)
Native configuration is powerpc64-unknown-linux-gnu
=== gcc tests ===
Running target unix
FAIL: c-c++-common/asan/clone-test-1.c -O0 execution test
FAIL: c-c++-common/asan/clone-test-1.c -O1 execution test
FAIL: c-c++-common/asan/clone-test-1.c -O2 execution test
FAIL: c-c++-common/asan/clone-test-1.c -O3 -fomit-frame-pointer execution test
FAIL: c-c++-common/asan/clone-test-1.c -O3 -fomit-frame-pointer -funroll-loops execution test
FAIL: c-c++-common/asan/clone-test-1.c -O3 -fomit-frame-pointer -funroll-all-loops -finline-functions execution test
FAIL: c-c++-common/asan/clone-test-1.c -O3 -g execution test
FAIL: c-c++-common/asan/clone-test-1.c -Os execution test
FAIL: c-c++-common/asan/clone-test-1.c -O2 -flto -fno-use-linker-plugin -flto-partition=none execution test
FAIL: c-c++-common/asan/clone-test-1.c -O2 -flto -fuse-linker-plugin -fno-fat-lto-objects execution test
FAIL: c-c++-common/asan/global-overflow-1.c -O0 output pattern test, is ==7781== AddressSanitizer CHECK failed: /home/stevenb/lra_powerpc64_autotester/lra-branch/libsanitizer/asan/asan_thread.cc:74 "((AddrIsInMem(stack_bottom_))) != (0)" (0x0, 0x0)
FAIL: c-c++-common/asan/global-overflow-1.c -O1 output pattern test, is ==8118== AddressSanitizer CHECK failed: /home/stevenb/lra_powerpc64_autotester/lra-branch/libsanitizer/asan/asan_thread.cc:74 "((AddrIsInMem(stack_bottom_))) != (0)" (0x0, 0x0)
FAIL: c-c++-common/asan/global-overflow-1.c -O2 output pattern test, is ==8543== AddressSanitizer CHECK failed: /home/stevenb/lra_powerpc64_autotester/lra-branch/libsanitizer/asan/asan_thread.cc:74 "((AddrIsInMem(stack_bottom_))) != (0)" (0x0, 0x0)
FAIL: c-c++-common/asan/global-overflow-1.c -O3 -fomit-frame-pointer output pattern test, is ==8875== AddressSanitizer CHECK failed: /home/stevenb/lra_powerpc64_autotester/lra-branch/libsanitizer/asan/asan_thread.cc:74 "((AddrIsInMem(stack_bottom_))) != (0)" (0x0, 0x0)
FAIL: c-c++-common/asan/global-overflow-1.c -O3 -g output pattern test, is ==9245== AddressSanitizer CHECK failed: /home/stevenb/lra_powerpc64_autotester/lra-branch/libsanitizer/asan/asan_thread.cc:74 "((AddrIsInMem(stack_bottom_))) != (0)" (0x0, 0x0)
FAIL: c-c++-common/asan/global-overflow-1.c -Os output pattern test, is ==9588== AddressSanitizer CHECK failed: /home/stevenb/lra_powerpc64_autotester/lra-branch/libsanitizer/asan/asan_thread.cc:74 "((AddrIsInMem(stack_bottom_))) != (0)" (0x0, 0x0)
FAIL: c-c++-common/asan/global-overflow-1.c -O2 -flto -fno-use-linker-plugin -flto-partition=none output pattern test, is ==10477== AddressSanitizer CHECK failed: /home/stevenb/lra_powerpc64_autotester/lra-branch/libsanitizer/asan/asan_thread.cc:74 "((AddrIsInMem(stack_bottom_))) != (0)" (0x0, 0x0)
FAIL: c-c++-common/asan/global-overflow-1.c -O2 -flto -fuse-linker-plugin -fno-fat-lto-objects output pattern test, is ==10975== AddressSanitizer CHECK failed: /home/stevenb/lra_powerpc64_autotester/lra-branch/libsanitizer/asan/asan_thread.cc:74 "((AddrIsInMem(stack_bottom_))) != (0)" (0x0, 0x0)
FAIL: c-c++-common/asan/heap-overflow-1.c -O0 output pattern test, is ==11305== AddressSanitizer CHECK failed: /home/stevenb/lra_powerpc64_autotester/lra-branch/libsanitizer/asan/asan_thread.cc:74 "((AddrIsInMem(stack_bottom_))) != (0)" (0x0, 0x0)
FAIL: c-c++-common/asan/heap-overflow-1.c -O1 output pattern test, is ==11624== AddressSanitizer CHECK failed: /home/stevenb/lra_powerpc64_autotester/lra-branch/libsanitizer/asan/asan_thread.cc:74 "((AddrIsInMem(stack_bottom_))) != (0)" (0x0, 0x0)
FAIL: c-c++-common/asan/heap-overflow-1.c -O2 output pattern test, is ==12017== AddressSanitizer CHECK failed: /home/stevenb/lra_powerpc64_autotester/lra-branch/libsanitizer/asan/asan_thread.cc:74 "((AddrIsInMem(stack_bottom_))) != (0)" (0x0, 0x0)
FAIL: c-c++-common/asan/heap-overflow-1.c -O3 -fomit-frame-pointer output pattern test, is ==12345== AddressSanitizer CHECK failed: /home/stevenb/lra_powerpc64_autotester/lra-branch/libsanitizer/asan/asan_thread.cc:74 "((AddrIsInMem(stack_bottom_))) != (0)" (0x0, 0x0)
FAIL: c-c++-common/asan/heap-overflow-1.c -O3 -g output pattern test, is ==12714== AddressSanitizer CHECK failed: /home/stevenb/lra_powerpc64_autotester/lra-branch/libsanitizer/asan/asan_thread.cc:74 "((AddrIsInMem(stack_bottom_))) != (0)" (0x0, 0x0)
FAIL: c-c++-common/asan/heap-overflow-1.c -Os output pattern test, is ==13061== AddressSanitizer CHECK failed: /home/stevenb/lra_powerpc64_autotester/lra-branch/libsanitizer/asan/asan_thread.cc:74 "((AddrIsInMem(stack_bottom_))) != (0)" (0x0, 0x0)
FAIL: c-c++-common/asan/heap-overflow-1.c -O2 -flto -fno-use-linker-plugin -flto-partition=none output pattern test, is ==13963== AddressSanitizer CHECK failed: /home/stevenb/lra_powerpc64_autotester/lra-branch/libsanitizer/asan/asan_thread.cc:74 "((AddrIsInMem(stack_bottom_))) != (0)" (0x0, 0x0)
FAIL: c-c++-common/asan/heap-overflow-1.c -O2 -flto -fuse-linker-plugin -fno-fat-lto-objects output pattern test, is ==14564== AddressSanitizer CHECK failed: /home/stevenb/lra_powerpc64_autotester/lra-branch/libsanitizer/asan/asan_thread.cc:74 "((AddrIsInMem(stack_bottom_))) != (0)" (0x0, 0x0)
FAIL: c-c++-common/asan/memcmp-1.c -O0 output pattern test, is ==15300== AddressSanitizer CHECK failed: /home/stevenb/lra_powerpc64_autotester/lra-branch/libsanitizer/asan/asan_thread.cc:74 "((AddrIsInMem(stack_bottom_))) != (0)" (0x0, 0x0)
FAIL: c-c++-common/asan/memcmp-1.c -O1 output pattern test, is ==15834== AddressSanitizer CHECK failed: /home/stevenb/lra_powerpc64_autotester/lra-branch/libsanitizer/asan/asan_thread.cc:74 "((AddrIsInMem(stack_bottom_))) != (0)" (0x0, 0x0)
FAIL: c-c++-common/asan/memcmp-1.c -O2 output pattern test, is ==16761== AddressSanitizer CHECK failed: /home/stevenb/lra_powerpc64_autotester/lra-branch/libsanitizer/asan/asan_thread.cc:74 "((AddrIsInMem(stack_bottom_))) != (0)" (0x0, 0x0)
FAIL: c-c++-common/asan/memcmp-1.c -O3 -fomit-frame-pointer output pattern test, is ==17627== AddressSanitizer CHECK failed: /home/stevenb/lra_powerpc64_autotester/lra-branch/libsanitizer/asan/asan_thread.cc:74 "((AddrIsInMem(stack_bottom_))) != (0)" (0x0, 0x0)
FAIL: c-c++-common/asan/memcmp-1.c -O3 -g output pattern test, is ==18740== AddressSanitizer CHECK failed: /home/stevenb/lra_powerpc64_autotester/lra-branch/libsanitizer/asan/asan_thread.cc:74 "((AddrIsInMem(stack_bottom_))) != (0)" (0x0, 0x0)
FAIL: c-c++-common/asan/memcmp-1.c -Os output pattern test, is ==19347== AddressSanitizer CHECK failed: /home/stevenb/lra_powerpc64_autotester/lra-branch/libsanitizer/asan/asan_thread.cc:74 "((AddrIsInMem(stack_bottom_))) != (0)" (0x0, 0x0)
FAIL: c-c++-common/asan/memcmp-1.c -O2 -flto -fno-use-linker-plugin -flto-partition=none output pattern test, is ==20866== AddressSanitizer CHECK failed: /home/stevenb/lra_powerpc64_autotester/lra-branch/libsanitizer/asan/asan_thread.cc:74 "((AddrIsInMem(stack_bottom_))) != (0)" (0x0, 0x0)
FAIL: c-c++-common/asan/memcmp-1.c -O2 -flto -fuse-linker-plugin -fno-fat-lto-objects output pattern test, is ==21688== AddressSanitizer CHECK failed: /home/stevenb/lra_powerpc64_autotester/lra-branch/libsanitizer/asan/asan_thread.cc:74 "((AddrIsInMem(stack_bottom_))) != (0)" (0x0, 0x0)
FAIL: c-c++-common/asan/null-deref-1.c -O0 output pattern test, is ==25500== AddressSanitizer CHECK failed: /home/stevenb/lra_powerpc64_autotester/lra-branch/libsanitizer/asan/asan_thread.cc:74 "((AddrIsInMem(stack_bottom_))) != (0)" (0x0, 0x0)
FAIL: c-c++-common/asan/null-deref-1.c -O1 output pattern test, is ==26059== AddressSanitizer CHECK failed: /home/stevenb/lra_powerpc64_autotester/lra-branch/libsanitizer/asan/asan_thread.cc:74 "((AddrIsInMem(stack_bottom_))) != (0)" (0x0, 0x0)
FAIL: c-c++-common/asan/null-deref-1.c -O2 output pattern test, is ==26636== AddressSanitizer CHECK failed: /home/stevenb/lra_powerpc64_autotester/lra-branch/libsanitizer/asan/asan_thread.cc:74 "((AddrIsInMem(stack_bottom_))) != (0)" (0x0, 0x0)
FAIL: c-c++-common/asan/null-deref-1.c -O3 -fomit-frame-pointer output pattern test, is ==27222== AddressSanitizer CHECK failed: /home/stevenb/lra_powerpc64_autotester/lra-branch/libsanitizer/asan/asan_thread.cc:74 "((AddrIsInMem(stack_bottom_))) != (0)" (0x0, 0x0)
FAIL: c-c++-common/asan/null-deref-1.c -O3 -g output pattern test, is ==27704== AddressSanitizer CHECK failed: /home/stevenb/lra_powerpc64_autotester/lra-branch/libsanitizer/asan/asan_thread.cc:74 "((AddrIsInMem(stack_bottom_))) != (0)" (0x0, 0x0)
FAIL: c-c++-common/asan/null-deref-1.c -Os output pattern test, is ==28274== AddressSanitizer CHECK failed: /home/stevenb/lra_powerpc64_autotester/lra-branch/libsanitizer/asan/asan_thread.cc:74 "((AddrIsInMem(stack_bottom_))) != (0)" (0x0, 0x0)
FAIL: c-c++-common/asan/null-deref-1.c -O2 -flto -fno-use-linker-plugin -flto-partition=none output pattern test, is ==29627== AddressSanitizer CHECK failed: /home/stevenb/lra_powerpc64_autotester/lra-branch/libsanitizer/asan/asan_thread.cc:74 "((AddrIsInMem(stack_bottom_))) != (0)" (0x0, 0x0)
FAIL: c-c++-common/asan/null-deref-1.c -O2 -flto -fuse-linker-plugin -fno-fat-lto-objects output pattern test, is ==30687== AddressSanitizer CHECK failed: /home/stevenb/lra_powerpc64_autotester/lra-branch/libsanitizer/asan/asan_thread.cc:74 "((AddrIsInMem(stack_bottom_))) != (0)" (0x0, 0x0)
FAIL: c-c++-common/asan/rlimit-mmap-test-1.c -O0 output pattern test, is ==32179== AddressSanitizer CHECK failed: /home/stevenb/lra_powerpc64_autotester/lra-branch/libsanitizer/asan/asan_thread.cc:74 "((AddrIsInMem(stack_bottom_))) != (0)" (0x0, 0x0)
FAIL: c-c++-common/asan/sanity-check-pure-c-1.c -O0 output pattern test, is ==32507== AddressSanitizer CHECK failed: /home/stevenb/lra_powerpc64_autotester/lra-branch/libsanitizer/asan/asan_thread.cc:74 "((AddrIsInMem(stack_bottom_))) != (0)" (0x0, 0x0)
FAIL: c-c++-common/asan/sanity-check-pure-c-1.c -O1 output pattern test, is ==32841== AddressSanitizer CHECK failed: /home/stevenb/lra_powerpc64_autotester/lra-branch/libsanitizer/asan/asan_thread.cc:74 "((AddrIsInMem(stack_bottom_))) != (0)" (0x0, 0x0)
FAIL: c-c++-common/asan/sanity-check-pure-c-1.c -O2 output pattern test, is ==33236== AddressSanitizer CHECK failed: /home/stevenb/lra_powerpc64_autotester/lra-branch/libsanitizer/asan/asan_thread.cc:74 "((AddrIsInMem(stack_bottom_))) != (0)" (0x0, 0x0)
FAIL: c-c++-common/asan/sanity-check-pure-c-1.c -O3 -fomit-frame-pointer output pattern test, is ==33559== AddressSanitizer CHECK failed: /home/stevenb/lra_powerpc64_autotester/lra-branch/libsanitizer/asan/asan_thread.cc:74 "((AddrIsInMem(stack_bottom_))) != (0)" (0x0, 0x0)
FAIL: c-c++-common/asan/sanity-check-pure-c-1.c -O3 -g output pattern test, is ==33921== AddressSanitizer CHECK failed: /home/stevenb/lra_powerpc64_autotester/lra-branch/libsanitizer/asan/asan_thread.cc:74 "((AddrIsInMem(stack_bottom_))) != (0)" (0x0, 0x0)
FAIL: c-c++-common/asan/sanity-check-pure-c-1.c -Os output pattern test, is ==34293== AddressSanitizer CHECK failed: /home/stevenb/lra_powerpc64_autotester/lra-branch/libsanitizer/asan/asan_thread.cc:74 "((AddrIsInMem(stack_bottom_))) != (0)" (0x0, 0x0)
FAIL: c-c++-common/asan/sanity-check-pure-c-1.c -O2 -flto -fno-use-linker-plugin -flto-partition=none output pattern test, is ==34954== AddressSanitizer CHECK failed: /home/stevenb/lra_powerpc64_autotester/lra-branch/libsanitizer/asan/asan_thread.cc:74 "((AddrIsInMem(stack_bottom_))) != (0)" (0x0, 0x0)
FAIL: c-c++-common/asan/sanity-check-pure-c-1.c -O2 -flto -fuse-linker-plugin -fno-fat-lto-objects output pattern test, is ==35437== AddressSanitizer CHECK failed: /home/stevenb/lra_powerpc64_autotester/lra-branch/libsanitizer/asan/asan_thread.cc:74 "((AddrIsInMem(stack_bottom_))) != (0)" (0x0, 0x0)
FAIL: c-c++-common/asan/sleep-before-dying-1.c -O2 output pattern test, is ==35698== AddressSanitizer CHECK failed: /home/stevenb/lra_powerpc64_autotester/lra-branch/libsanitizer/asan/asan_thread.cc:74 "((AddrIsInMem(stack_bottom_))) != (0)" (0x0, 0x0)
FAIL: c-c++-common/asan/sleep-before-dying-1.c -O2 -flto -fno-use-linker-plugin -flto-partition=none output pattern test, is ==35973== AddressSanitizer CHECK failed: /home/stevenb/lra_powerpc64_autotester/lra-branch/libsanitizer/asan/asan_thread.cc:74 "((AddrIsInMem(stack_bottom_))) != (0)" (0x0, 0x0)
FAIL: c-c++-common/asan/sleep-before-dying-1.c -O2 -flto -fuse-linker-plugin -fno-fat-lto-objects output pattern test, is ==36156== AddressSanitizer CHECK failed: /home/stevenb/lra_powerpc64_autotester/lra-branch/libsanitizer/asan/asan_thread.cc:74 "((AddrIsInMem(stack_bottom_))) != (0)" (0x0, 0x0)
FAIL: c-c++-common/asan/stack-overflow-1.c -O0 output pattern test, is ==36261== AddressSanitizer CHECK failed: /home/stevenb/lra_powerpc64_autotester/lra-branch/libsanitizer/asan/asan_thread.cc:74 "((AddrIsInMem(stack_bottom_))) != (0)" (0x0, 0x0)
FAIL: c-c++-common/asan/stack-overflow-1.c -O1 output pattern test, is ==36361== AddressSanitizer CHECK failed: /home/stevenb/lra_powerpc64_autotester/lra-branch/libsanitizer/asan/asan_thread.cc:74 "((AddrIsInMem(stack_bottom_))) != (0)" (0x0, 0x0)
FAIL: c-c++-common/asan/stack-overflow-1.c -O2 output pattern test, is ==36429== AddressSanitizer CHECK failed: /home/stevenb/lra_powerpc64_autotester/lra-branch/libsanitizer/asan/asan_thread.cc:74 "((AddrIsInMem(stack_bottom_))) != (0)" (0x0, 0x0)
FAIL: c-c++-common/asan/stack-overflow-1.c -O3 -fomit-frame-pointer output pattern test, is ==36509== AddressSanitizer CHECK failed: /home/stevenb/lra_powerpc64_autotester/lra-branch/libsanitizer/asan/asan_thread.cc:74 "((AddrIsInMem(stack_bottom_))) != (0)" (0x0, 0x0)
FAIL: c-c++-common/asan/stack-overflow-1.c -O3 -g output pattern test, is ==36611== AddressSanitizer CHECK failed: /home/stevenb/lra_powerpc64_autotester/lra-branch/libsanitizer/asan/asan_thread.cc:74 "((AddrIsInMem(stack_bottom_))) != (0)" (0x0, 0x0)
FAIL: c-c++-common/asan/stack-overflow-1.c -Os output pattern test, is ==36707== AddressSanitizer CHECK failed: /home/stevenb/lra_powerpc64_autotester/lra-branch/libsanitizer/asan/asan_thread.cc:74 "((AddrIsInMem(stack_bottom_))) != (0)" (0x0, 0x0)
FAIL: c-c++-common/asan/stack-overflow-1.c -O2 -flto -fno-use-linker-plugin -flto-partition=none output pattern test, is ==36907== AddressSanitizer CHECK failed: /home/stevenb/lra_powerpc64_autotester/lra-branch/libsanitizer/asan/asan_thread.cc:74 "((AddrIsInMem(stack_bottom_))) != (0)" (0x0, 0x0)
FAIL: c-c++-common/asan/stack-overflow-1.c -O2 -flto -fuse-linker-plugin -fno-fat-lto-objects output pattern test, is ==37091== AddressSanitizer CHECK failed: /home/stevenb/lra_powerpc64_autotester/lra-branch/libsanitizer/asan/asan_thread.cc:74 "((AddrIsInMem(stack_bottom_))) != (0)" (0x0, 0x0)
FAIL: c-c++-common/asan/strip-path-prefix-1.c -O2 output pattern test, is ==37203== AddressSanitizer CHECK failed: /home/stevenb/lra_powerpc64_autotester/lra-branch/libsanitizer/asan/asan_thread.cc:74 "((AddrIsInMem(stack_bottom_))) != (0)" (0x0, 0x0)
FAIL: c-c++-common/asan/strip-path-prefix-1.c -O2 -flto -fno-use-linker-plugin -flto-partition=none output pattern test, is ==37445== AddressSanitizer CHECK failed: /home/stevenb/lra_powerpc64_autotester/lra-branch/libsanitizer/asan/asan_thread.cc:74 "((AddrIsInMem(stack_bottom_))) != (0)" (0x0, 0x0)
FAIL: c-c++-common/asan/strip-path-prefix-1.c -O2 -flto -fuse-linker-plugin -fno-fat-lto-objects output pattern test, is ==37611== AddressSanitizer CHECK failed: /home/stevenb/lra_powerpc64_autotester/lra-branch/libsanitizer/asan/asan_thread.cc:74 "((AddrIsInMem(stack_bottom_))) != (0)" (0x0, 0x0)
FAIL: c-c++-common/asan/strncpy-overflow-1.c -O0 output pattern test, is ==37732== AddressSanitizer CHECK failed: /home/stevenb/lra_powerpc64_autotester/lra-branch/libsanitizer/asan/asan_thread.cc:74 "((AddrIsInMem(stack_bottom_))) != (0)" (0x0, 0x0)
FAIL: c-c++-common/asan/strncpy-overflow-1.c -O1 output pattern test, is ==37902== AddressSanitizer CHECK failed: /home/stevenb/lra_powerpc64_autotester/lra-branch/libsanitizer/asan/asan_thread.cc:74 "((AddrIsInMem(stack_bottom_))) != (0)" (0x0, 0x0)
FAIL: c-c++-common/asan/strncpy-overflow-1.c -O2 output pattern test, is ==38023== AddressSanitizer CHECK failed: /home/stevenb/lra_powerpc64_autotester/lra-branch/libsanitizer/asan/asan_thread.cc:74 "((AddrIsInMem(stack_bottom_))) != (0)" (0x0, 0x0)
FAIL: c-c++-common/asan/strncpy-overflow-1.c -O3 -fomit-frame-pointer output pattern test, is ==38151== AddressSanitizer CHECK failed: /home/stevenb/lra_powerpc64_autotester/lra-branch/libsanitizer/asan/asan_thread.cc:74 "((AddrIsInMem(stack_bottom_))) != (0)" (0x0, 0x0)
FAIL: c-c++-common/asan/strncpy-overflow-1.c -O3 -g output pattern test, is ==38411== AddressSanitizer CHECK failed: /home/stevenb/lra_powerpc64_autotester/lra-branch/libsanitizer/asan/asan_thread.cc:74 "((AddrIsInMem(stack_bottom_))) != (0)" (0x0, 0x0)
FAIL: c-c++-common/asan/strncpy-overflow-1.c -Os output pattern test, is ==38546== AddressSanitizer CHECK failed: /home/stevenb/lra_powerpc64_autotester/lra-branch/libsanitizer/asan/asan_thread.cc:74 "((AddrIsInMem(stack_bottom_))) != (0)" (0x0, 0x0)
FAIL: c-c++-common/asan/strncpy-overflow-1.c -O2 -flto -fno-use-linker-plugin -flto-partition=none output pattern test, is ==38859== AddressSanitizer CHECK failed: /home/stevenb/lra_powerpc64_autotester/lra-branch/libsanitizer/asan/asan_thread.cc:74 "((AddrIsInMem(stack_bottom_))) != (0)" (0x0, 0x0)
FAIL: c-c++-common/asan/strncpy-overflow-1.c -O2 -flto -fuse-linker-plugin -fno-fat-lto-objects output pattern test, is ==39004== AddressSanitizer CHECK failed: /home/stevenb/lra_powerpc64_autotester/lra-branch/libsanitizer/asan/asan_thread.cc:74 "((AddrIsInMem(stack_bottom_))) != (0)" (0x0, 0x0)
FAIL: c-c++-common/asan/swapcontext-test-1.c -O0 execution test
FAIL: c-c++-common/asan/swapcontext-test-1.c -O1 execution test
FAIL: c-c++-common/asan/swapcontext-test-1.c -O2 execution test
FAIL: c-c++-common/asan/swapcontext-test-1.c -O3 -fomit-frame-pointer execution test
FAIL: c-c++-common/asan/swapcontext-test-1.c -O3 -fomit-frame-pointer -funroll-loops execution test
FAIL: c-c++-common/asan/swapcontext-test-1.c -O3 -fomit-frame-pointer -funroll-all-loops -finline-functions execution test
FAIL: c-c++-common/asan/swapcontext-test-1.c -O3 -g execution test
FAIL: c-c++-common/asan/swapcontext-test-1.c -Os execution test
FAIL: c-c++-common/asan/swapcontext-test-1.c -O2 -flto -fno-use-linker-plugin -flto-partition=none execution test
FAIL: c-c++-common/asan/swapcontext-test-1.c -O2 -flto -fuse-linker-plugin -fno-fat-lto-objects execution test
FAIL: c-c++-common/asan/use-after-free-1.c -O0 output pattern test, is ==44559== AddressSanitizer CHECK failed: /home/stevenb/lra_powerpc64_autotester/lra-branch/libsanitizer/asan/asan_thread.cc:74 "((AddrIsInMem(stack_bottom_))) != (0)" (0x0, 0x0)
FAIL: c-c++-common/asan/use-after-free-1.c -O1 output pattern test, is ==44762== AddressSanitizer CHECK failed: /home/stevenb/lra_powerpc64_autotester/lra-branch/libsanitizer/asan/asan_thread.cc:74 "((AddrIsInMem(stack_bottom_))) != (0)" (0x0, 0x0)
FAIL: c-c++-common/asan/use-after-free-1.c -O2 output pattern test, is ==44899== AddressSanitizer CHECK failed: /home/stevenb/lra_powerpc64_autotester/lra-branch/libsanitizer/asan/asan_thread.cc:74 "((AddrIsInMem(stack_bottom_))) != (0)" (0x0, 0x0)
FAIL: c-c++-common/asan/use-after-free-1.c -O3 -fomit-frame-pointer output pattern test, is ==45064== AddressSanitizer CHECK failed: /home/stevenb/lra_powerpc64_autotester/lra-branch/libsanitizer/asan/asan_thread.cc:74 "((AddrIsInMem(stack_bottom_))) != (0)" (0x0, 0x0)
FAIL: c-c++-common/asan/use-after-free-1.c -O3 -g output pattern test, is ==45217== AddressSanitizer CHECK failed: /home/stevenb/lra_powerpc64_autotester/lra-branch/libsanitizer/asan/asan_thread.cc:74 "((AddrIsInMem(stack_bottom_))) != (0)" (0x0, 0x0)
FAIL: c-c++-common/asan/use-after-free-1.c -Os output pattern test, is ==45348== AddressSanitizer CHECK failed: /home/stevenb/lra_powerpc64_autotester/lra-branch/libsanitizer/asan/asan_thread.cc:74 "((AddrIsInMem(stack_bottom_))) != (0)" (0x0, 0x0)
FAIL: c-c++-common/asan/use-after-free-1.c -O2 -flto -fno-use-linker-plugin -flto-partition=none output pattern test, is ==45795== AddressSanitizer CHECK failed: /home/stevenb/lra_powerpc64_autotester/lra-branch/libsanitizer/asan/asan_thread.cc:74 "((AddrIsInMem(stack_bottom_))) != (0)" (0x0, 0x0)
FAIL: c-c++-common/asan/use-after-free-1.c -O2 -flto -fuse-linker-plugin -fno-fat-lto-objects output pattern test, is ==45977== AddressSanitizer CHECK failed: /home/stevenb/lra_powerpc64_autotester/lra-branch/libsanitizer/asan/asan_thread.cc:74 "((AddrIsInMem(stack_bottom_))) != (0)" (0x0, 0x0)
FAIL: gcc.dg/and-1.c scan-assembler-not nand
FAIL: gcc.dg/pr44194-1.c scan-rtl-dump dse1 "global deletions = (2|3)"
XPASS: gcc.dg/guality/example.c -O0 execution test
XPASS: gcc.dg/guality/example.c -O1 execution test
XPASS: gcc.dg/guality/guality.c -O0 execution test
XPASS: gcc.dg/guality/guality.c -O1 execution test
XPASS: gcc.dg/guality/guality.c -O2 execution test
XPASS: gcc.dg/guality/guality.c -O3 -fomit-frame-pointer execution test
XPASS: gcc.dg/guality/guality.c -O3 -g execution test
XPASS: gcc.dg/guality/guality.c -Os execution test
XPASS: gcc.dg/guality/guality.c -O2 -flto -fno-use-linker-plugin -flto-partition=none execution test
XPASS: gcc.dg/guality/guality.c -O2 -flto -fuse-linker-plugin -fno-fat-lto-objects execution test
XPASS: gcc.dg/guality/inline-params.c -O2 execution test
XPASS: gcc.dg/guality/inline-params.c -O3 -fomit-frame-pointer execution test
XPASS: gcc.dg/guality/inline-params.c -O3 -g execution test
XPASS: gcc.dg/guality/inline-params.c -Os execution test
XPASS: gcc.dg/guality/inline-params.c -O2 -flto -fno-use-linker-plugin -flto-partition=none execution test
FAIL: gcc.dg/guality/pr36728-1.c -O1 line 16 arg6 == 6
FAIL: gcc.dg/guality/pr36728-1.c -O1 line 16 arg7 == 30
FAIL: gcc.dg/guality/pr36728-1.c -O1 line 18 arg4 == 4
FAIL: gcc.dg/guality/pr36728-1.c -O1 line 18 arg5 == 5
FAIL: gcc.dg/guality/pr36728-1.c -O1 line 18 arg6 == 6
FAIL: gcc.dg/guality/pr36728-1.c -O1 line 18 arg7 == 30
FAIL: gcc.dg/guality/pr36728-1.c -O2 line 16 arg7 == 30
FAIL: gcc.dg/guality/pr36728-1.c -O2 line 18 arg3 == 3
FAIL: gcc.dg/guality/pr36728-1.c -O2 line 18 arg7 == 30
FAIL: gcc.dg/guality/pr36728-1.c -O3 -fomit-frame-pointer line 16 arg7 == 30
FAIL: gcc.dg/guality/pr36728-1.c -O3 -fomit-frame-pointer line 18 arg3 == 3
FAIL: gcc.dg/guality/pr36728-1.c -O3 -fomit-frame-pointer line 18 arg7 == 30
FAIL: gcc.dg/guality/pr36728-1.c -O3 -g line 16 arg7 == 30
FAIL: gcc.dg/guality/pr36728-1.c -O3 -g line 18 arg3 == 3
FAIL: gcc.dg/guality/pr36728-1.c -O3 -g line 18 arg7 == 30
FAIL: gcc.dg/guality/pr36728-1.c -Os line 16 arg5 == 5
FAIL: gcc.dg/guality/pr36728-1.c -Os line 16 arg7 == 30
FAIL: gcc.dg/guality/pr36728-1.c -Os line 16 y == 2
FAIL: gcc.dg/guality/pr36728-1.c -Os line 18 arg4 == 4
FAIL: gcc.dg/guality/pr36728-1.c -Os line 18 arg5 == 5
FAIL: gcc.dg/guality/pr36728-1.c -Os line 18 arg7 == 30
FAIL: gcc.dg/guality/pr36728-1.c -Os line 18 y == 2
FAIL: gcc.dg/guality/pr36728-1.c -O2 -flto -fno-use-linker-plugin -flto-partition=none line 16 arg7 == 30
FAIL: gcc.dg/guality/pr36728-1.c -O2 -flto -fno-use-linker-plugin -flto-partition=none line 18 arg3 == 3
FAIL: gcc.dg/guality/pr36728-1.c -O2 -flto -fno-use-linker-plugin -flto-partition=none line 18 arg7 == 30
FAIL: gcc.dg/guality/pr36728-1.c -O2 -flto -fuse-linker-plugin -fno-fat-lto-objects line 16 arg7 == 30
FAIL: gcc.dg/guality/pr36728-1.c -O2 -flto -fuse-linker-plugin -fno-fat-lto-objects line 18 arg5 == 5
FAIL: gcc.dg/guality/pr36728-1.c -O2 -flto -fuse-linker-plugin -fno-fat-lto-objects line 18 arg7 == 30
FAIL: gcc.dg/guality/pr36728-2.c -O1 line 16 arg7 == 30
FAIL: gcc.dg/guality/pr36728-2.c -O1 line 18 arg5 == 5
FAIL: gcc.dg/guality/pr36728-2.c -O1 line 18 arg6 == 6
FAIL: gcc.dg/guality/pr36728-2.c -O1 line 18 arg7 == 30
FAIL: gcc.dg/guality/pr36728-2.c -O2 line 16 arg5 == 5
FAIL: gcc.dg/guality/pr36728-2.c -O2 line 18 arg4 == 4
FAIL: gcc.dg/guality/pr36728-2.c -O2 line 18 arg5 == 5
FAIL: gcc.dg/guality/pr36728-2.c -O2 line 18 *x == (char) 25
FAIL: gcc.dg/guality/pr36728-2.c -O3 -fomit-frame-pointer line 16 arg5 == 5
FAIL: gcc.dg/guality/pr36728-2.c -O3 -fomit-frame-pointer line 18 arg4 == 4
FAIL: gcc.dg/guality/pr36728-2.c -O3 -fomit-frame-pointer line 18 arg5 == 5
FAIL: gcc.dg/guality/pr36728-2.c -O3 -fomit-frame-pointer line 18 *x == (char) 25
FAIL: gcc.dg/guality/pr36728-2.c -O3 -g line 16 arg5 == 5
FAIL: gcc.dg/guality/pr36728-2.c -O3 -g line 18 arg4 == 4
FAIL: gcc.dg/guality/pr36728-2.c -O3 -g line 18 arg5 == 5
FAIL: gcc.dg/guality/pr36728-2.c -O3 -g line 18 *x == (char) 25
FAIL: gcc.dg/guality/pr36728-2.c -Os line 16 arg6 == 6
FAIL: gcc.dg/guality/pr36728-2.c -Os line 18 arg5 == 5
FAIL: gcc.dg/guality/pr36728-2.c -Os line 18 arg6 == 6
FAIL: gcc.dg/guality/pr36728-2.c -Os line 18 *x == (char) 25
FAIL: gcc.dg/guality/pr36728-2.c -O2 -flto -fno-use-linker-plugin -flto-partition=none line 16 arg5 == 5
FAIL: gcc.dg/guality/pr36728-2.c -O2 -flto -fno-use-linker-plugin -flto-partition=none line 18 arg4 == 4
FAIL: gcc.dg/guality/pr36728-2.c -O2 -flto -fno-use-linker-plugin -flto-partition=none line 18 arg5 == 5
FAIL: gcc.dg/guality/pr36728-2.c -O2 -flto -fno-use-linker-plugin -flto-partition=none line 18 *x == (char) 25
FAIL: gcc.dg/guality/pr36728-2.c -O2 -flto -fuse-linker-plugin -fno-fat-lto-objects line 18 arg6 == 6
FAIL: gcc.dg/guality/pr36728-2.c -O2 -flto -fuse-linker-plugin -fno-fat-lto-objects line 18 *x == (char) 25
FAIL: gcc.dg/guality/pr36728-3.c -O1 line 14 arg6 == 6
FAIL: gcc.dg/guality/pr36728-3.c -O1 line 14 arg7 == 30
FAIL: gcc.dg/guality/pr36728-3.c -O1 line 16 arg6 == 6
FAIL: gcc.dg/guality/pr36728-3.c -O1 line 16 arg7 == 30
FAIL: gcc.dg/guality/pr36728-3.c -O2 line 14 arg6 == 6
FAIL: gcc.dg/guality/pr36728-3.c -O2 line 14 arg7 == 30
FAIL: gcc.dg/guality/pr36728-3.c -O2 line 16 arg6 == 6
FAIL: gcc.dg/guality/pr36728-3.c -O2 line 16 arg7 == 30
FAIL: gcc.dg/guality/pr36728-3.c -O3 -fomit-frame-pointer line 14 arg6 == 6
FAIL: gcc.dg/guality/pr36728-3.c -O3 -fomit-frame-pointer line 14 arg7 == 30
FAIL: gcc.dg/guality/pr36728-3.c -O3 -fomit-frame-pointer line 16 arg6 == 6
FAIL: gcc.dg/guality/pr36728-3.c -O3 -fomit-frame-pointer line 16 arg7 == 30
FAIL: gcc.dg/guality/pr36728-3.c -O3 -g line 14 arg6 == 6
FAIL: gcc.dg/guality/pr36728-3.c -O3 -g line 14 arg7 == 30
FAIL: gcc.dg/guality/pr36728-3.c -O3 -g line 16 arg6 == 6
FAIL: gcc.dg/guality/pr36728-3.c -O3 -g line 16 arg7 == 30
FAIL: gcc.dg/guality/pr36728-3.c -Os line 14 arg6 == 6
FAIL: gcc.dg/guality/pr36728-3.c -Os line 14 arg7 == 30
FAIL: gcc.dg/guality/pr36728-3.c -Os line 16 arg6 == 6
FAIL: gcc.dg/guality/pr36728-3.c -Os line 16 arg7 == 30
FAIL: gcc.dg/guality/pr36728-3.c -O2 -flto -fno-use-linker-plugin -flto-partition=none line 14 arg6 == 6
FAIL: gcc.dg/guality/pr36728-3.c -O2 -flto -fno-use-linker-plugin -flto-partition=none line 14 arg7 == 30
FAIL: gcc.dg/guality/pr36728-3.c -O2 -flto -fno-use-linker-plugin -flto-partition=none line 16 arg6 == 6
FAIL: gcc.dg/guality/pr36728-3.c -O2 -flto -fno-use-linker-plugin -flto-partition=none line 16 arg7 == 30
FAIL: gcc.dg/guality/pr36728-3.c -O2 -flto -fuse-linker-plugin -fno-fat-lto-objects line 14 arg6 == 6
FAIL: gcc.dg/guality/pr36728-3.c -O2 -flto -fuse-linker-plugin -fno-fat-lto-objects line 14 arg7 == 30
FAIL: gcc.dg/guality/pr36728-3.c -O2 -flto -fuse-linker-plugin -fno-fat-lto-objects line 16 arg6 == 6
FAIL: gcc.dg/guality/pr36728-3.c -O2 -flto -fuse-linker-plugin -fno-fat-lto-objects line 16 arg7 == 30
FAIL: gcc.dg/guality/pr36728-4.c -O1 line 14 arg7 == 30
FAIL: gcc.dg/guality/pr36728-4.c -O1 line 16 arg7 == 30
FAIL: gcc.dg/guality/pr36728-4.c -O2 line 14 arg7 == 30
FAIL: gcc.dg/guality/pr36728-4.c -O2 line 16 arg7 == 30
FAIL: gcc.dg/guality/pr36728-4.c -O3 -fomit-frame-pointer line 14 arg7 == 30
FAIL: gcc.dg/guality/pr36728-4.c -O3 -fomit-frame-pointer line 16 arg7 == 30
FAIL: gcc.dg/guality/pr36728-4.c -O3 -g line 14 arg7 == 30
FAIL: gcc.dg/guality/pr36728-4.c -O3 -g line 16 arg7 == 30
FAIL: gcc.dg/guality/pr36728-4.c -Os line 14 arg7 == 30
FAIL: gcc.dg/guality/pr36728-4.c -Os line 16 arg7 == 30
FAIL: gcc.dg/guality/pr36728-4.c -O2 -flto -fno-use-linker-plugin -flto-partition=none line 14 arg7 == 30
FAIL: gcc.dg/guality/pr36728-4.c -O2 -flto -fno-use-linker-plugin -flto-partition=none line 16 arg7 == 30
FAIL: gcc.dg/guality/pr36728-4.c -O2 -flto -fuse-linker-plugin -fno-fat-lto-objects line 14 arg7 == 30
FAIL: gcc.dg/guality/pr36728-4.c -O2 -flto -fuse-linker-plugin -fno-fat-lto-objects line 16 arg7 == 30
XPASS: gcc.dg/guality/pr41353-1.c -O0 line 28 j == 28 + 37
FAIL: gcc.dg/guality/pr41353-1.c -O1 line 28 i == 37
XPASS: gcc.dg/guality/pr41353-1.c -O1 line 28 j == 28 + 37
FAIL: gcc.dg/guality/pr41353-1.c -O1 line 28 i1 == 2 * 37
FAIL: gcc.dg/guality/pr41353-1.c -O1 line 28 i2 == 3 * 37
FAIL: gcc.dg/guality/pr41353-1.c -O2 line 28 i == 37
XPASS: gcc.dg/guality/pr41353-1.c -O2 line 28 j == 28 + 37
FAIL: gcc.dg/guality/pr41353-1.c -O2 line 28 i1 == 2 * 37
FAIL: gcc.dg/guality/pr41353-1.c -O2 line 28 i2 == 3 * 37
FAIL: gcc.dg/guality/pr41353-1.c -O3 -fomit-frame-pointer line 28 i == 37
XPASS: gcc.dg/guality/pr41353-1.c -O3 -fomit-frame-pointer line 28 j == 28 + 37
FAIL: gcc.dg/guality/pr41353-1.c -O3 -fomit-frame-pointer line 28 i1 == 2 * 37
FAIL: gcc.dg/guality/pr41353-1.c -O3 -fomit-frame-pointer line 28 i2 == 3 * 37
FAIL: gcc.dg/guality/pr41353-1.c -O3 -g line 28 i == 37
XPASS: gcc.dg/guality/pr41353-1.c -O3 -g line 28 j == 28 + 37
FAIL: gcc.dg/guality/pr41353-1.c -O3 -g line 28 i1 == 2 * 37
FAIL: gcc.dg/guality/pr41353-1.c -O3 -g line 28 i2 == 3 * 37
FAIL: gcc.dg/guality/pr41353-1.c -Os line 28 i == 37
XPASS: gcc.dg/guality/pr41353-1.c -Os line 28 j == 28 + 37
FAIL: gcc.dg/guality/pr41353-1.c -Os line 28 i1 == 2 * 37
FAIL: gcc.dg/guality/pr41353-1.c -Os line 28 i2 == 3 * 37
FAIL: gcc.dg/guality/pr41353-1.c -O2 -flto -fno-use-linker-plugin -flto-partition=none line 28 i == 37
XPASS: gcc.dg/guality/pr41353-1.c -O2 -flto -fno-use-linker-plugin -flto-partition=none line 28 j == 28 + 37
FAIL: gcc.dg/guality/pr41353-1.c -O2 -flto -fno-use-linker-plugin -flto-partition=none line 28 i1 == 2 * 37
FAIL: gcc.dg/guality/pr41353-1.c -O2 -flto -fno-use-linker-plugin -flto-partition=none line 28 i2 == 3 * 37
FAIL: gcc.dg/guality/pr41353-1.c -O2 -flto -fuse-linker-plugin -fno-fat-lto-objects line 28 i == 37
XPASS: gcc.dg/guality/pr41353-1.c -O2 -flto -fuse-linker-plugin -fno-fat-lto-objects line 28 j == 28 + 37
FAIL: gcc.dg/guality/pr41353-1.c -O2 -flto -fuse-linker-plugin -fno-fat-lto-objects line 28 i1 == 2 * 37
FAIL: gcc.dg/guality/pr41353-1.c -O2 -flto -fuse-linker-plugin -fno-fat-lto-objects line 28 i2 == 3 * 37
XPASS: gcc.dg/guality/pr41447-1.c -O0 execution test
XPASS: gcc.dg/guality/pr41447-1.c -O1 execution test
XPASS: gcc.dg/guality/pr41447-1.c -O2 execution test
XPASS: gcc.dg/guality/pr41447-1.c -O3 -fomit-frame-pointer execution test
XPASS: gcc.dg/guality/pr41447-1.c -O3 -g execution test
XPASS: gcc.dg/guality/pr41447-1.c -Os execution test
XPASS: gcc.dg/guality/pr41447-1.c -O2 -flto -fno-use-linker-plugin -flto-partition=none execution test
XPASS: gcc.dg/guality/pr41447-1.c -O2 -flto -fuse-linker-plugin -fno-fat-lto-objects execution test
XPASS: gcc.dg/guality/pr41616-1.c -O0 execution test
XPASS: gcc.dg/guality/pr41616-1.c -O1 execution test
XPASS: gcc.dg/guality/pr41616-1.c -O2 execution test
XPASS: gcc.dg/guality/pr41616-1.c -O3 -fomit-frame-pointer execution test
XPASS: gcc.dg/guality/pr41616-1.c -O3 -g execution test
XPASS: gcc.dg/guality/pr41616-1.c -Os execution test
XPASS: gcc.dg/guality/pr41616-1.c -O2 -flto -fno-use-linker-plugin -flto-partition=none execution test
FAIL: gcc.dg/guality/pr43051-1.c -O1 line 40 v == 1
FAIL: gcc.dg/guality/pr43051-1.c -O2 line 40 v == 1
FAIL: gcc.dg/guality/pr43051-1.c -O3 -fomit-frame-pointer line 35 v == 1
FAIL: gcc.dg/guality/pr43051-1.c -O3 -fomit-frame-pointer line 40 v == 1
FAIL: gcc.dg/guality/pr43051-1.c -O3 -fomit-frame-pointer -funroll-loops line 35 v == 1
FAIL: gcc.dg/guality/pr43051-1.c -O3 -fomit-frame-pointer -funroll-loops line 40 v == 1
FAIL: gcc.dg/guality/pr43051-1.c -O3 -fomit-frame-pointer -funroll-all-loops -finline-functions line 35 v == 1
FAIL: gcc.dg/guality/pr43051-1.c -O3 -fomit-frame-pointer -funroll-all-loops -finline-functions line 40 v == 1
FAIL: gcc.dg/guality/pr43051-1.c -O3 -g line 35 v == 1
FAIL: gcc.dg/guality/pr43051-1.c -O3 -g line 40 v == 1
FAIL: gcc.dg/guality/pr43051-1.c -Os line 40 v == 1
FAIL: gcc.dg/guality/pr43051-1.c -O2 -flto -fno-use-linker-plugin -flto-partition=none line 40 v == 1
FAIL: gcc.dg/guality/pr43051-1.c -O2 -flto -fuse-linker-plugin -fno-fat-lto-objects line 40 v == 1
FAIL: gcc.dg/guality/pr54200.c -O1 line 20 z == 3
FAIL: gcc.dg/guality/pr54200.c -O2 line 20 z == 3
FAIL: gcc.dg/guality/pr54200.c -O3 -fomit-frame-pointer line 20 z == 3
FAIL: gcc.dg/guality/pr54200.c -O3 -g line 20 z == 3
FAIL: gcc.dg/guality/pr54200.c -Os line 20 z == 3
FAIL: gcc.dg/guality/pr54200.c -O2 -flto -fno-use-linker-plugin -flto-partition=none line 20 z == 3
FAIL: gcc.dg/guality/pr54200.c -O2 -flto -fuse-linker-plugin -fno-fat-lto-objects line 20 z == 3
FAIL: gcc.dg/guality/pr54519-1.c -O1 line 20 x == 36
FAIL: gcc.dg/guality/pr54519-1.c -O1 line 20 y == 25
FAIL: gcc.dg/guality/pr54519-1.c -O1 line 23 x == 98
FAIL: gcc.dg/guality/pr54519-1.c -O1 line 23 y == 117
FAIL: gcc.dg/guality/pr54519-1.c -O2 line 20 x == 36
FAIL: gcc.dg/guality/pr54519-1.c -O2 line 23 x == 98
FAIL: gcc.dg/guality/pr54519-1.c -Os line 20 x == 36
FAIL: gcc.dg/guality/pr54519-1.c -Os line 23 x == 98
FAIL: gcc.dg/guality/pr54519-1.c -O2 -flto -fno-use-linker-plugin -flto-partition=none line 20 x == 36
FAIL: gcc.dg/guality/pr54519-1.c -O2 -flto -fno-use-linker-plugin -flto-partition=none line 20 y == 25
FAIL: gcc.dg/guality/pr54519-1.c -O2 -flto -fno-use-linker-plugin -flto-partition=none line 20 z == 6
FAIL: gcc.dg/guality/pr54519-1.c -O2 -flto -fno-use-linker-plugin -flto-partition=none line 23 x == 98
FAIL: gcc.dg/guality/pr54519-1.c -O2 -flto -fno-use-linker-plugin -flto-partition=none line 23 y == 117
FAIL: gcc.dg/guality/pr54519-1.c -O2 -flto -fno-use-linker-plugin -flto-partition=none line 23 z == 8
FAIL: gcc.dg/guality/pr54519-1.c -O2 -flto -fuse-linker-plugin -fno-fat-lto-objects line 20 y == 25
FAIL: gcc.dg/guality/pr54519-1.c -O2 -flto -fuse-linker-plugin -fno-fat-lto-objects line 20 z == 6
FAIL: gcc.dg/guality/pr54519-2.c -O1 line 17 x == 6
FAIL: gcc.dg/guality/pr54519-2.c -O2 -flto -fno-use-linker-plugin -flto-partition=none line 17 y == 25
FAIL: gcc.dg/guality/pr54519-2.c -O2 -flto -fuse-linker-plugin -fno-fat-lto-objects line 17 y == 25
FAIL: gcc.dg/guality/pr54519-3.c -O1 line 20 x == 36
FAIL: gcc.dg/guality/pr54519-3.c -O1 line 20 y == 25
FAIL: gcc.dg/guality/pr54519-3.c -O1 line 20 z == 6
FAIL: gcc.dg/guality/pr54519-3.c -O1 line 23 x == 98
FAIL: gcc.dg/guality/pr54519-3.c -O1 line 23 y == 117
FAIL: gcc.dg/guality/pr54519-3.c -O1 line 23 z == 8
FAIL: gcc.dg/guality/pr54519-3.c -O2 line 20 z == 6
FAIL: gcc.dg/guality/pr54519-3.c -O2 line 23 z == 8
FAIL: gcc.dg/guality/pr54519-3.c -O3 -fomit-frame-pointer line 20 z == 6
FAIL: gcc.dg/guality/pr54519-3.c -O3 -fomit-frame-pointer line 23 z == 8
FAIL: gcc.dg/guality/pr54519-3.c -O3 -g line 20 z == 6
FAIL: gcc.dg/guality/pr54519-3.c -O3 -g line 23 z == 8
FAIL: gcc.dg/guality/pr54519-3.c -Os line 20 z == 6
FAIL: gcc.dg/guality/pr54519-3.c -Os line 23 z == 8
FAIL: gcc.dg/guality/pr54519-3.c -O2 -flto -fno-use-linker-plugin -flto-partition=none line 20 y == 25
FAIL: gcc.dg/guality/pr54519-3.c -O2 -flto -fno-use-linker-plugin -flto-partition=none line 20 z == 6
FAIL: gcc.dg/guality/pr54519-3.c -O2 -flto -fno-use-linker-plugin -flto-partition=none line 23 y == 117
FAIL: gcc.dg/guality/pr54519-3.c -O2 -flto -fno-use-linker-plugin -flto-partition=none line 23 z == 8
FAIL: gcc.dg/guality/pr54519-3.c -O2 -flto -fuse-linker-plugin -fno-fat-lto-objects line 20 y == 25
FAIL: gcc.dg/guality/pr54519-3.c -O2 -flto -fuse-linker-plugin -fno-fat-lto-objects line 20 z == 6
FAIL: gcc.dg/guality/pr54519-3.c -O2 -flto -fuse-linker-plugin -fno-fat-lto-objects line 23 y == 117
FAIL: gcc.dg/guality/pr54519-3.c -O2 -flto -fuse-linker-plugin -fno-fat-lto-objects line 23 z == 8
FAIL: gcc.dg/guality/pr54519-4.c -O1 line 17 x == 6
FAIL: gcc.dg/guality/pr54519-4.c -O1 line 17 y == 25
FAIL: gcc.dg/guality/pr54519-4.c -O2 line 17 y == 25
FAIL: gcc.dg/guality/pr54519-4.c -O3 -fomit-frame-pointer line 17 y == 25
FAIL: gcc.dg/guality/pr54519-4.c -O3 -g line 17 y == 25
FAIL: gcc.dg/guality/pr54519-4.c -Os line 17 y == 25
FAIL: gcc.dg/guality/pr54519-4.c -O2 -flto -fno-use-linker-plugin -flto-partition=none line 17 y == 25
FAIL: gcc.dg/guality/pr54519-4.c -O2 -flto -fuse-linker-plugin -fno-fat-lto-objects line 17 y == 25
FAIL: gcc.dg/guality/pr54519-5.c -O1 line 17 x == 6
FAIL: gcc.dg/guality/pr54519-5.c -O1 line 17 y == 25
FAIL: gcc.dg/guality/pr54519-5.c -O2 line 17 y == 25
FAIL: gcc.dg/guality/pr54519-5.c -O3 -fomit-frame-pointer line 17 y == 25
FAIL: gcc.dg/guality/pr54519-5.c -O3 -g line 17 y == 25
FAIL: gcc.dg/guality/pr54519-5.c -Os line 17 y == 25
FAIL: gcc.dg/guality/pr54519-5.c -O2 -flto -fno-use-linker-plugin -flto-partition=none line 17 y == 25
FAIL: gcc.dg/guality/pr54519-5.c -O2 -flto -fuse-linker-plugin -fno-fat-lto-objects line 17 y == 25
FAIL: gcc.dg/guality/pr54551.c -O1 line 18 a == 4
FAIL: gcc.dg/guality/pr54551.c -O2 line 18 a == 4
FAIL: gcc.dg/guality/pr54551.c -O3 -fomit-frame-pointer line 18 a == 4
FAIL: gcc.dg/guality/pr54551.c -O3 -g line 18 a == 4
FAIL: gcc.dg/guality/pr54551.c -Os line 18 a == 4
FAIL: gcc.dg/guality/pr54551.c -O2 -flto -fno-use-linker-plugin -flto-partition=none line 18 a == 4
FAIL: gcc.dg/guality/pr54693-2.c -O1 line 21 x == 10 - i
FAIL: gcc.dg/guality/pr54693-2.c -O1 line 21 y == 20 - 2 * i
FAIL: gcc.dg/guality/pr54693-2.c -O2 line 21 x == 10 - i
FAIL: gcc.dg/guality/pr54693-2.c -O2 line 21 y == 20 - 2 * i
FAIL: gcc.dg/guality/pr54693-2.c -O3 -fomit-frame-pointer line 21 x == 10 - i
FAIL: gcc.dg/guality/pr54693-2.c -O3 -fomit-frame-pointer line 21 y == 20 - 2 * i
FAIL: gcc.dg/guality/pr54693-2.c -O3 -fomit-frame-pointer -funroll-loops line 21 x == 10 - i
FAIL: gcc.dg/guality/pr54693-2.c -O3 -fomit-frame-pointer -funroll-loops line 21 y == 20 - 2 * i
FAIL: gcc.dg/guality/pr54693-2.c -O3 -fomit-frame-pointer -funroll-all-loops -finline-functions line 21 x == 10 - i
FAIL: gcc.dg/guality/pr54693-2.c -O3 -fomit-frame-pointer -funroll-all-loops -finline-functions line 21 y == 20 - 2 * i
FAIL: gcc.dg/guality/pr54693-2.c -O3 -g line 21 x == 10 - i
FAIL: gcc.dg/guality/pr54693-2.c -O3 -g line 21 y == 20 - 2 * i
FAIL: gcc.dg/guality/pr54693-2.c -Os line 21 y == 20 - 2 * i
FAIL: gcc.dg/guality/pr54693-2.c -Os line 21 z == 30 - 3 * i
FAIL: gcc.dg/guality/pr54693-2.c -O2 -flto -fno-use-linker-plugin -flto-partition=none line 21 x == 10 - i
FAIL: gcc.dg/guality/pr54693-2.c -O2 -flto -fno-use-linker-plugin -flto-partition=none line 21 y == 20 - 2 * i
FAIL: gcc.dg/guality/pr54693-2.c -O2 -flto -fuse-linker-plugin -fno-fat-lto-objects line 21 x == 10 - i
FAIL: gcc.dg/guality/pr54693-2.c -O2 -flto -fuse-linker-plugin -fno-fat-lto-objects line 21 y == 20 - 2 * i
FAIL: gcc.dg/guality/pr54693.c -O1 line 22 i == c - 48
FAIL: gcc.dg/guality/pr54693.c -O2 line 22 i == c - 48
FAIL: gcc.dg/guality/pr54693.c -O3 -fomit-frame-pointer line 22 i == c - 48
FAIL: gcc.dg/guality/pr54693.c -O3 -fomit-frame-pointer -funroll-loops line 22 i == c - 48
FAIL: gcc.dg/guality/pr54693.c -O3 -fomit-frame-pointer -funroll-all-loops -finline-functions line 22 i == c - 48
FAIL: gcc.dg/guality/pr54693.c -O3 -g line 22 i == c - 48
FAIL: gcc.dg/guality/pr54693.c -O2 -flto -fno-use-linker-plugin -flto-partition=none line 22 i == c - 48
FAIL: gcc.dg/guality/pr54693.c -O2 -flto -fuse-linker-plugin -fno-fat-lto-objects line 22 i == c - 48
FAIL: gcc.dg/guality/pr54970.c -O1 line 15 a[0] == 1
FAIL: gcc.dg/guality/pr54970.c -O1 line 15 a[1] == 2
FAIL: gcc.dg/guality/pr54970.c -O1 line 15 a[2] == 3
FAIL: gcc.dg/guality/pr54970.c -O1 line 15 *p == 3
FAIL: gcc.dg/guality/pr54970.c -O1 line 15 *q == 2
FAIL: gcc.dg/guality/pr54970.c -O1 line 20 a[0] == 1
FAIL: gcc.dg/guality/pr54970.c -O1 line 20 a[1] == 2
FAIL: gcc.dg/guality/pr54970.c -O1 line 20 a[2] == 13
FAIL: gcc.dg/guality/pr54970.c -O1 line 20 *p == 13
FAIL: gcc.dg/guality/pr54970.c -O1 line 20 *q == 2
FAIL: gcc.dg/guality/pr54970.c -O1 line 25 a[0] == 1
FAIL: gcc.dg/guality/pr54970.c -O1 line 25 a[1] == 12
FAIL: gcc.dg/guality/pr54970.c -O1 line 25 a[2] == 13
FAIL: gcc.dg/guality/pr54970.c -O1 line 25 *p == 13
FAIL: gcc.dg/guality/pr54970.c -O1 line 25 *q == 12
FAIL: gcc.dg/guality/pr54970.c -O1 line 31 *p == 6
FAIL: gcc.dg/guality/pr54970.c -O1 line 31 *q == 5
FAIL: gcc.dg/guality/pr54970.c -O1 line 36 *p == 26
FAIL: gcc.dg/guality/pr54970.c -O1 line 36 *q == 5
FAIL: gcc.dg/guality/pr54970.c -O1 line 45 *p == 26
FAIL: gcc.dg/guality/pr54970.c -O1 line 45 p[-1] == 25
FAIL: gcc.dg/guality/pr54970.c -O1 line 45 p[-2] == 4
FAIL: gcc.dg/guality/pr54970.c -O1 line 45 q[-1] == 4
FAIL: gcc.dg/guality/pr54970.c -O1 line 45 q[1] == 26
FAIL: gcc.dg/guality/pr54970.c -O1 line 45 *q == 25
FAIL: gcc.dg/guality/pr54970.c -O2 line 15 a[0] == 1
FAIL: gcc.dg/guality/pr54970.c -O2 line 15 a[1] == 2
FAIL: gcc.dg/guality/pr54970.c -O2 line 15 a[2] == 3
FAIL: gcc.dg/guality/pr54970.c -O2 line 15 *p == 3
FAIL: gcc.dg/guality/pr54970.c -O2 line 15 *q == 2
FAIL: gcc.dg/guality/pr54970.c -O2 line 20 a[0] == 1
FAIL: gcc.dg/guality/pr54970.c -O2 line 20 a[1] == 2
FAIL: gcc.dg/guality/pr54970.c -O2 line 20 a[2] == 13
FAIL: gcc.dg/guality/pr54970.c -O2 line 20 *p == 13
FAIL: gcc.dg/guality/pr54970.c -O2 line 20 *q == 2
FAIL: gcc.dg/guality/pr54970.c -O2 line 25 a[0] == 1
FAIL: gcc.dg/guality/pr54970.c -O2 line 25 a[1] == 12
FAIL: gcc.dg/guality/pr54970.c -O2 line 25 a[2] == 13
FAIL: gcc.dg/guality/pr54970.c -O2 line 25 *p == 13
FAIL: gcc.dg/guality/pr54970.c -O2 line 25 *q == 12
FAIL: gcc.dg/guality/pr54970.c -O2 line 31 *p == 6
FAIL: gcc.dg/guality/pr54970.c -O2 line 31 *q == 5
FAIL: gcc.dg/guality/pr54970.c -O2 line 36 *p == 26
FAIL: gcc.dg/guality/pr54970.c -O2 line 36 *q == 5
FAIL: gcc.dg/guality/pr54970.c -O2 line 45 *p == 26
FAIL: gcc.dg/guality/pr54970.c -O2 line 45 p[-1] == 25
FAIL: gcc.dg/guality/pr54970.c -O2 line 45 p[-2] == 4
FAIL: gcc.dg/guality/pr54970.c -O2 line 45 q[-1] == 4
FAIL: gcc.dg/guality/pr54970.c -O2 line 45 q[1] == 26
FAIL: gcc.dg/guality/pr54970.c -O2 line 45 *q == 25
FAIL: gcc.dg/guality/pr54970.c -O3 -fomit-frame-pointer line 15 a[0] == 1
FAIL: gcc.dg/guality/pr54970.c -O3 -fomit-frame-pointer line 15 a[1] == 2
FAIL: gcc.dg/guality/pr54970.c -O3 -fomit-frame-pointer line 15 a[2] == 3
FAIL: gcc.dg/guality/pr54970.c -O3 -fomit-frame-pointer line 15 *p == 3
FAIL: gcc.dg/guality/pr54970.c -O3 -fomit-frame-pointer line 15 *q == 2
FAIL: gcc.dg/guality/pr54970.c -O3 -fomit-frame-pointer line 20 a[0] == 1
FAIL: gcc.dg/guality/pr54970.c -O3 -fomit-frame-pointer line 20 a[1] == 2
FAIL: gcc.dg/guality/pr54970.c -O3 -fomit-frame-pointer line 20 a[2] == 13
FAIL: gcc.dg/guality/pr54970.c -O3 -fomit-frame-pointer line 20 *p == 13
FAIL: gcc.dg/guality/pr54970.c -O3 -fomit-frame-pointer line 20 *q == 2
FAIL: gcc.dg/guality/pr54970.c -O3 -fomit-frame-pointer line 25 a[0] == 1
FAIL: gcc.dg/guality/pr54970.c -O3 -fomit-frame-pointer line 25 a[1] == 12
FAIL: gcc.dg/guality/pr54970.c -O3 -fomit-frame-pointer line 25 a[2] == 13
FAIL: gcc.dg/guality/pr54970.c -O3 -fomit-frame-pointer line 25 *p == 13
FAIL: gcc.dg/guality/pr54970.c -O3 -fomit-frame-pointer line 25 *q == 12
FAIL: gcc.dg/guality/pr54970.c -O3 -fomit-frame-pointer line 31 *p == 6
FAIL: gcc.dg/guality/pr54970.c -O3 -fomit-frame-pointer line 31 *q == 5
FAIL: gcc.dg/guality/pr54970.c -O3 -fomit-frame-pointer line 36 *p == 26
FAIL: gcc.dg/guality/pr54970.c -O3 -fomit-frame-pointer line 36 *q == 5
FAIL: gcc.dg/guality/pr54970.c -O3 -fomit-frame-pointer line 45 *p == 26
FAIL: gcc.dg/guality/pr54970.c -O3 -fomit-frame-pointer line 45 p[-1] == 25
FAIL: gcc.dg/guality/pr54970.c -O3 -fomit-frame-pointer line 45 p[-2] == 4
FAIL: gcc.dg/guality/pr54970.c -O3 -fomit-frame-pointer line 45 q[-1] == 4
FAIL: gcc.dg/guality/pr54970.c -O3 -fomit-frame-pointer line 45 q[1] == 26
FAIL: gcc.dg/guality/pr54970.c -O3 -fomit-frame-pointer line 45 *q == 25
FAIL: gcc.dg/guality/pr54970.c -O3 -g line 15 a[0] == 1
FAIL: gcc.dg/guality/pr54970.c -O3 -g line 15 a[1] == 2
FAIL: gcc.dg/guality/pr54970.c -O3 -g line 15 a[2] == 3
FAIL: gcc.dg/guality/pr54970.c -O3 -g line 15 *p == 3
FAIL: gcc.dg/guality/pr54970.c -O3 -g line 15 *q == 2
FAIL: gcc.dg/guality/pr54970.c -O3 -g line 20 a[0] == 1
FAIL: gcc.dg/guality/pr54970.c -O3 -g line 20 a[1] == 2
FAIL: gcc.dg/guality/pr54970.c -O3 -g line 20 a[2] == 13
FAIL: gcc.dg/guality/pr54970.c -O3 -g line 20 *p == 13
FAIL: gcc.dg/guality/pr54970.c -O3 -g line 20 *q == 2
FAIL: gcc.dg/guality/pr54970.c -O3 -g line 25 a[0] == 1
FAIL: gcc.dg/guality/pr54970.c -O3 -g line 25 a[1] == 12
FAIL: gcc.dg/guality/pr54970.c -O3 -g line 25 a[2] == 13
FAIL: gcc.dg/guality/pr54970.c -O3 -g line 25 *p == 13
FAIL: gcc.dg/guality/pr54970.c -O3 -g line 25 *q == 12
FAIL: gcc.dg/guality/pr54970.c -O3 -g line 31 *p == 6
FAIL: gcc.dg/guality/pr54970.c -O3 -g line 31 *q == 5
FAIL: gcc.dg/guality/pr54970.c -O3 -g line 36 *p == 26
FAIL: gcc.dg/guality/pr54970.c -O3 -g line 36 *q == 5
FAIL: gcc.dg/guality/pr54970.c -O3 -g line 45 *p == 26
FAIL: gcc.dg/guality/pr54970.c -O3 -g line 45 p[-1] == 25
FAIL: gcc.dg/guality/pr54970.c -O3 -g line 45 p[-2] == 4
FAIL: gcc.dg/guality/pr54970.c -O3 -g line 45 q[-1] == 4
FAIL: gcc.dg/guality/pr54970.c -O3 -g line 45 q[1] == 26
FAIL: gcc.dg/guality/pr54970.c -O3 -g line 45 *q == 25
FAIL: gcc.dg/guality/pr54970.c -Os line 15 a[0] == 1
FAIL: gcc.dg/guality/pr54970.c -Os line 15 a[1] == 2
FAIL: gcc.dg/guality/pr54970.c -Os line 15 a[2] == 3
FAIL: gcc.dg/guality/pr54970.c -Os line 15 *p == 3
FAIL: gcc.dg/guality/pr54970.c -Os line 15 *q == 2
FAIL: gcc.dg/guality/pr54970.c -Os line 20 a[0] == 1
FAIL: gcc.dg/guality/pr54970.c -Os line 20 a[1] == 2
FAIL: gcc.dg/guality/pr54970.c -Os line 20 a[2] == 13
FAIL: gcc.dg/guality/pr54970.c -Os line 20 *p == 13
FAIL: gcc.dg/guality/pr54970.c -Os line 20 *q == 2
FAIL: gcc.dg/guality/pr54970.c -Os line 25 a[0] == 1
FAIL: gcc.dg/guality/pr54970.c -Os line 25 a[1] == 12
FAIL: gcc.dg/guality/pr54970.c -Os line 25 a[2] == 13
FAIL: gcc.dg/guality/pr54970.c -Os line 25 *p == 13
FAIL: gcc.dg/guality/pr54970.c -Os line 25 *q == 12
FAIL: gcc.dg/guality/pr54970.c -Os line 31 *p == 6
FAIL: gcc.dg/guality/pr54970.c -Os line 31 *q == 5
FAIL: gcc.dg/guality/pr54970.c -Os line 36 *p == 26
FAIL: gcc.dg/guality/pr54970.c -Os line 36 *q == 5
FAIL: gcc.dg/guality/pr54970.c -Os line 45 *p == 26
FAIL: gcc.dg/guality/pr54970.c -Os line 45 p[-1] == 25
FAIL: gcc.dg/guality/pr54970.c -Os line 45 p[-2] == 4
FAIL: gcc.dg/guality/pr54970.c -Os line 45 q[-1] == 4
FAIL: gcc.dg/guality/pr54970.c -Os line 45 q[1] == 26
FAIL: gcc.dg/guality/pr54970.c -Os line 45 *q == 25
FAIL: gcc.dg/guality/pr54970.c -O2 -flto -fno-use-linker-plugin -flto-partition=none line 15 a[0] == 1
FAIL: gcc.dg/guality/pr54970.c -O2 -flto -fno-use-linker-plugin -flto-partition=none line 15 a[1] == 2
FAIL: gcc.dg/guality/pr54970.c -O2 -flto -fno-use-linker-plugin -flto-partition=none line 15 a[2] == 3
FAIL: gcc.dg/guality/pr54970.c -O2 -flto -fno-use-linker-plugin -flto-partition=none line 15 *p == 3
FAIL: gcc.dg/guality/pr54970.c -O2 -flto -fno-use-linker-plugin -flto-partition=none line 15 *q == 2
FAIL: gcc.dg/guality/pr54970.c -O2 -flto -fno-use-linker-plugin -flto-partition=none line 20 a[0] == 1
FAIL: gcc.dg/guality/pr54970.c -O2 -flto -fno-use-linker-plugin -flto-partition=none line 20 a[1] == 2
FAIL: gcc.dg/guality/pr54970.c -O2 -flto -fno-use-linker-plugin -flto-partition=none line 20 a[2] == 13
FAIL: gcc.dg/guality/pr54970.c -O2 -flto -fno-use-linker-plugin -flto-partition=none line 20 *p == 13
FAIL: gcc.dg/guality/pr54970.c -O2 -flto -fno-use-linker-plugin -flto-partition=none line 20 *q == 2
FAIL: gcc.dg/guality/pr54970.c -O2 -flto -fno-use-linker-plugin -flto-partition=none line 25 a[0] == 1
FAIL: gcc.dg/guality/pr54970.c -O2 -flto -fno-use-linker-plugin -flto-partition=none line 25 a[1] == 12
FAIL: gcc.dg/guality/pr54970.c -O2 -flto -fno-use-linker-plugin -flto-partition=none line 25 a[2] == 13
FAIL: gcc.dg/guality/pr54970.c -O2 -flto -fno-use-linker-plugin -flto-partition=none line 25 *p == 13
FAIL: gcc.dg/guality/pr54970.c -O2 -flto -fno-use-linker-plugin -flto-partition=none line 25 *q == 12
FAIL: gcc.dg/guality/pr54970.c -O2 -flto -fno-use-linker-plugin -flto-partition=none line 31 *p == 6
FAIL: gcc.dg/guality/pr54970.c -O2 -flto -fno-use-linker-plugin -flto-partition=none line 31 *q == 5
FAIL: gcc.dg/guality/pr54970.c -O2 -flto -fno-use-linker-plugin -flto-partition=none line 36 *p == 26
FAIL: gcc.dg/guality/pr54970.c -O2 -flto -fno-use-linker-plugin -flto-partition=none line 36 *q == 5
FAIL: gcc.dg/guality/pr54970.c -O2 -flto -fno-use-linker-plugin -flto-partition=none line 45 *p == 26
FAIL: gcc.dg/guality/pr54970.c -O2 -flto -fno-use-linker-plugin -flto-partition=none line 45 p[-1] == 25
FAIL: gcc.dg/guality/pr54970.c -O2 -flto -fno-use-linker-plugin -flto-partition=none line 45 p[-2] == 4
FAIL: gcc.dg/guality/pr54970.c -O2 -flto -fno-use-linker-plugin -flto-partition=none line 45 q[-1] == 4
FAIL: gcc.dg/guality/pr54970.c -O2 -flto -fno-use-linker-plugin -flto-partition=none line 45 q[1] == 26
FAIL: gcc.dg/guality/pr54970.c -O2 -flto -fno-use-linker-plugin -flto-partition=none line 45 *q == 25
FAIL: gcc.dg/guality/pr54970.c -O2 -flto -fuse-linker-plugin -fno-fat-lto-objects line 15 a[0] == 1
FAIL: gcc.dg/guality/pr54970.c -O2 -flto -fuse-linker-plugin -fno-fat-lto-objects line 15 a[1] == 2
FAIL: gcc.dg/guality/pr54970.c -O2 -flto -fuse-linker-plugin -fno-fat-lto-objects line 15 a[2] == 3
FAIL: gcc.dg/guality/pr54970.c -O2 -flto -fuse-linker-plugin -fno-fat-lto-objects line 15 *p == 3
FAIL: gcc.dg/guality/pr54970.c -O2 -flto -fuse-linker-plugin -fno-fat-lto-objects line 15 *q == 2
FAIL: gcc.dg/guality/pr54970.c -O2 -flto -fuse-linker-plugin -fno-fat-lto-objects line 20 a[0] == 1
FAIL: gcc.dg/guality/pr54970.c -O2 -flto -fuse-linker-plugin -fno-fat-lto-objects line 20 a[1] == 2
FAIL: gcc.dg/guality/pr54970.c -O2 -flto -fuse-linker-plugin -fno-fat-lto-objects line 20 a[2] == 13
FAIL: gcc.dg/guality/pr54970.c -O2 -flto -fuse-linker-plugin -fno-fat-lto-objects line 20 *p == 13
FAIL: gcc.dg/guality/pr54970.c -O2 -flto -fuse-linker-plugin -fno-fat-lto-objects line 20 *q == 2
FAIL: gcc.dg/guality/pr54970.c -O2 -flto -fuse-linker-plugin -fno-fat-lto-objects line 25 a[0] == 1
FAIL: gcc.dg/guality/pr54970.c -O2 -flto -fuse-linker-plugin -fno-fat-lto-objects line 25 a[1] == 12
FAIL: gcc.dg/guality/pr54970.c -O2 -flto -fuse-linker-plugin -fno-fat-lto-objects line 25 a[2] == 13
FAIL: gcc.dg/guality/pr54970.c -O2 -flto -fuse-linker-plugin -fno-fat-lto-objects line 25 *p == 13
FAIL: gcc.dg/guality/pr54970.c -O2 -flto -fuse-linker-plugin -fno-fat-lto-objects line 25 *q == 12
FAIL: gcc.dg/guality/pr54970.c -O2 -flto -fuse-linker-plugin -fno-fat-lto-objects line 31 *p == 6
FAIL: gcc.dg/guality/pr54970.c -O2 -flto -fuse-linker-plugin -fno-fat-lto-objects line 31 *q == 5
FAIL: gcc.dg/guality/pr54970.c -O2 -flto -fuse-linker-plugin -fno-fat-lto-objects line 36 *p == 26
FAIL: gcc.dg/guality/pr54970.c -O2 -flto -fuse-linker-plugin -fno-fat-lto-objects line 36 *q == 5
FAIL: gcc.dg/guality/pr54970.c -O2 -flto -fuse-linker-plugin -fno-fat-lto-objects line 45 *p == 26
FAIL: gcc.dg/guality/pr54970.c -O2 -flto -fuse-linker-plugin -fno-fat-lto-objects line 45 p[-1] == 25
FAIL: gcc.dg/guality/pr54970.c -O2 -flto -fuse-linker-plugin -fno-fat-lto-objects line 45 p[-2] == 4
FAIL: gcc.dg/guality/pr54970.c -O2 -flto -fuse-linker-plugin -fno-fat-lto-objects line 45 q[-1] == 4
FAIL: gcc.dg/guality/pr54970.c -O2 -flto -fuse-linker-plugin -fno-fat-lto-objects line 45 q[1] == 26
FAIL: gcc.dg/guality/pr54970.c -O2 -flto -fuse-linker-plugin -fno-fat-lto-objects line 45 *q == 25
FAIL: gcc.dg/guality/pr56154-1.c -O1 line pr56154-1.c:20 x.a == 6
FAIL: gcc.dg/guality/pr56154-1.c -Os line pr56154-1.c:20 x.a == 6
FAIL: gcc.dg/guality/pr56154-1.c -O2 -flto -fuse-linker-plugin -fno-fat-lto-objects line pr56154-1.c:20 x.a == 6
FAIL: gcc.dg/guality/sra-1.c -O1 line 43 a.j == 14
FAIL: gcc.dg/guality/sra-1.c -O2 line 43 a.j == 14
FAIL: gcc.dg/guality/sra-1.c -O3 -fomit-frame-pointer line 43 a.j == 14
FAIL: gcc.dg/guality/sra-1.c -O3 -g line 43 a.j == 14
FAIL: gcc.dg/guality/sra-1.c -Os line 43 a.j == 14
FAIL: gcc.dg/guality/sra-1.c -O2 -flto -fno-use-linker-plugin -flto-partition=none line 43 a.j == 14
FAIL: gcc.dg/guality/sra-1.c -O2 -flto -fuse-linker-plugin -fno-fat-lto-objects line 43 a.j == 14
FAIL: gcc.dg/guality/vla-2.c -O2 line 25 sizeof (a) == 6 * sizeof (int)
FAIL: gcc.dg/guality/vla-2.c -O3 -fomit-frame-pointer line 25 sizeof (a) == 6 * sizeof (int)
FAIL: gcc.dg/guality/vla-2.c -O3 -g line 25 sizeof (a) == 6 * sizeof (int)
FAIL: gcc.dg/guality/vla-2.c -O2 -flto -fno-use-linker-plugin -flto-partition=none line 25 sizeof (a) == 6 * sizeof (int)
FAIL: gcc.dg/guality/vla-2.c -O2 -flto -fuse-linker-plugin -fno-fat-lto-objects line 25 sizeof (a) == 6 * sizeof (int)
FAIL: gcc.dg/tree-ssa/ssa-dom-thread-4.c scan-tree-dump-times dom1 "Threaded" 3
FAIL: gcc.dg/tree-ssa/vrp47.c scan-tree-dump-times vrp1 "[xy][^ ]* !=" 0
FAIL: gcc.dg/tree-ssa/vrp47.c scan-tree-dump-times dom2 "x[^ ]* & y" 1
FAIL: gcc.dg/vect/slp-widen-mult-half.c execution test
FAIL: gcc.dg/vect/slp-widen-mult-half.c -flto execution test
FAIL: gcc.target/powerpc/ppc-vector-memcpy.c scan-assembler lvx
FAIL: gcc.target/powerpc/pr53199.c scan-assembler-times stwbrx 6
=== gcc Summary ===
# of expected passes 90469
# of unexpected failures 516
# of unexpected successes 38
# of expected failures 250
# of unsupported tests 1571
/home/stevenb/lra_powerpc64_autotester/build-lra/gcc/xgcc version 4.8.0 20130308 (experimental) [lra revision 196564] (GCC)
=== gfortran tests ===
Running target unix
FAIL: gfortran.dg/bessel_6.f90 -O0 execution test
FAIL: gfortran.dg/bessel_6.f90 -O1 execution test
FAIL: gfortran.dg/bessel_6.f90 -O2 execution test
FAIL: gfortran.dg/bessel_6.f90 -O3 -fomit-frame-pointer execution test
FAIL: gfortran.dg/bessel_6.f90 -O3 -fomit-frame-pointer -funroll-loops execution test
FAIL: gfortran.dg/bessel_6.f90 -O3 -fomit-frame-pointer -funroll-all-loops -finline-functions execution test
FAIL: gfortran.dg/bessel_6.f90 -O3 -g execution test
FAIL: gfortran.dg/bessel_6.f90 -Os execution test
XPASS: gfortran.dg/do_1.f90 -O0 execution test
XPASS: gfortran.dg/do_1.f90 -O1 execution test
XPASS: gfortran.dg/nint_2.f90 -O0 execution test
FAIL: gfortran.dg/lto/pr45586-2 f_lto_pr45586-2_0.o-f_lto_pr45586-2_0.o link, -O0 -flto -flto-partition=none -fuse-linker-plugin (internal compiler error)
UNRESOLVED: gfortran.dg/lto/pr45586-2 f_lto_pr45586-2_0.o-f_lto_pr45586-2_0.o execute -O0 -flto -flto-partition=none -fuse-linker-plugin
FAIL: gfortran.dg/lto/pr45586-2 f_lto_pr45586-2_0.o-f_lto_pr45586-2_0.o link, -O0 -flto -flto-partition=1to1 -fno-use-linker-plugin (internal compiler error)
UNRESOLVED: gfortran.dg/lto/pr45586-2 f_lto_pr45586-2_0.o-f_lto_pr45586-2_0.o execute -O0 -flto -flto-partition=1to1 -fno-use-linker-plugin
FAIL: gfortran.dg/lto/pr45586-2 f_lto_pr45586-2_0.o-f_lto_pr45586-2_0.o link, -O0 -flto -fuse-linker-plugin -fno-fat-lto-objects (internal compiler error)
UNRESOLVED: gfortran.dg/lto/pr45586-2 f_lto_pr45586-2_0.o-f_lto_pr45586-2_0.o execute -O0 -flto -fuse-linker-plugin -fno-fat-lto-objects
FAIL: gfortran.dg/lto/pr45586 f_lto_pr45586_0.o-f_lto_pr45586_0.o link, -O0 -flto -flto-partition=none -fuse-linker-plugin (internal compiler error)
UNRESOLVED: gfortran.dg/lto/pr45586 f_lto_pr45586_0.o-f_lto_pr45586_0.o execute -O0 -flto -flto-partition=none -fuse-linker-plugin
FAIL: gfortran.dg/lto/pr45586 f_lto_pr45586_0.o-f_lto_pr45586_0.o link, -O0 -flto -flto-partition=1to1 -fno-use-linker-plugin (internal compiler error)
UNRESOLVED: gfortran.dg/lto/pr45586 f_lto_pr45586_0.o-f_lto_pr45586_0.o execute -O0 -flto -flto-partition=1to1 -fno-use-linker-plugin
FAIL: gfortran.dg/lto/pr45586 f_lto_pr45586_0.o-f_lto_pr45586_0.o link, -O0 -flto -fuse-linker-plugin -fno-fat-lto-objects (internal compiler error)
UNRESOLVED: gfortran.dg/lto/pr45586 f_lto_pr45586_0.o-f_lto_pr45586_0.o execute -O0 -flto -fuse-linker-plugin -fno-fat-lto-objects
=== gfortran Summary ===
# of expected passes 43335
# of unexpected failures 14
# of unexpected successes 3
# of expected failures 87
# of unresolved testcases 6
# of unsupported tests 70
/home/stevenb/lra_powerpc64_autotester/build-lra/gcc/testsuite/gfortran/../../gfortran version 4.8.0 20130308 (experimental) [lra revision 196564] (GCC)
=== g++ tests ===
Running target unix
FAIL: c-c++-common/asan/clone-test-1.c -O0 execution test
FAIL: c-c++-common/asan/clone-test-1.c -O1 execution test
FAIL: c-c++-common/asan/clone-test-1.c -O2 execution test
FAIL: c-c++-common/asan/clone-test-1.c -O3 -fomit-frame-pointer execution test
FAIL: c-c++-common/asan/clone-test-1.c -O3 -fomit-frame-pointer -funroll-loops execution test
FAIL: c-c++-common/asan/clone-test-1.c -O3 -fomit-frame-pointer -funroll-all-loops -finline-functions execution test
FAIL: c-c++-common/asan/clone-test-1.c -O3 -g execution test
FAIL: c-c++-common/asan/clone-test-1.c -Os execution test
FAIL: c-c++-common/asan/clone-test-1.c -O2 -flto -fno-use-linker-plugin -flto-partition=none execution test
FAIL: c-c++-common/asan/clone-test-1.c -O2 -flto -fuse-linker-plugin -fno-fat-lto-objects execution test
FAIL: c-c++-common/asan/global-overflow-1.c -O0 output pattern test, is ==8794== AddressSanitizer CHECK failed: /home/stevenb/lra_powerpc64_autotester/lra-branch/libsanitizer/asan/asan_thread.cc:74 "((AddrIsInMem(stack_bottom_))) != (0)" (0x0, 0x0)
FAIL: c-c++-common/asan/global-overflow-1.c -O1 output pattern test, is ==9133== AddressSanitizer CHECK failed: /home/stevenb/lra_powerpc64_autotester/lra-branch/libsanitizer/asan/asan_thread.cc:74 "((AddrIsInMem(stack_bottom_))) != (0)" (0x0, 0x0)
FAIL: c-c++-common/asan/global-overflow-1.c -O2 output pattern test, is ==9509== AddressSanitizer CHECK failed: /home/stevenb/lra_powerpc64_autotester/lra-branch/libsanitizer/asan/asan_thread.cc:74 "((AddrIsInMem(stack_bottom_))) != (0)" (0x0, 0x0)
FAIL: c-c++-common/asan/global-overflow-1.c -O3 -fomit-frame-pointer output pattern test, is ==9925== AddressSanitizer CHECK failed: /home/stevenb/lra_powerpc64_autotester/lra-branch/libsanitizer/asan/asan_thread.cc:74 "((AddrIsInMem(stack_bottom_))) != (0)" (0x0, 0x0)
FAIL: c-c++-common/asan/global-overflow-1.c -O3 -g output pattern test, is ==10428== AddressSanitizer CHECK failed: /home/stevenb/lra_powerpc64_autotester/lra-branch/libsanitizer/asan/asan_thread.cc:74 "((AddrIsInMem(stack_bottom_))) != (0)" (0x0, 0x0)
FAIL: c-c++-common/asan/global-overflow-1.c -Os output pattern test, is ==10862== AddressSanitizer CHECK failed: /home/stevenb/lra_powerpc64_autotester/lra-branch/libsanitizer/asan/asan_thread.cc:74 "((AddrIsInMem(stack_bottom_))) != (0)" (0x0, 0x0)
FAIL: c-c++-common/asan/global-overflow-1.c -O2 -flto -fno-use-linker-plugin -flto-partition=none output pattern test, is ==11529== AddressSanitizer CHECK failed: /home/stevenb/lra_powerpc64_autotester/lra-branch/libsanitizer/asan/asan_thread.cc:74 "((AddrIsInMem(stack_bottom_))) != (0)" (0x0, 0x0)
FAIL: c-c++-common/asan/global-overflow-1.c -O2 -flto -fuse-linker-plugin -fno-fat-lto-objects output pattern test, is ==12026== AddressSanitizer CHECK failed: /home/stevenb/lra_powerpc64_autotester/lra-branch/libsanitizer/asan/asan_thread.cc:74 "((AddrIsInMem(stack_bottom_))) != (0)" (0x0, 0x0)
FAIL: c-c++-common/asan/heap-overflow-1.c -O0 output pattern test, is ==12342== AddressSanitizer CHECK failed: /home/stevenb/lra_powerpc64_autotester/lra-branch/libsanitizer/asan/asan_thread.cc:74 "((AddrIsInMem(stack_bottom_))) != (0)" (0x0, 0x0)
FAIL: c-c++-common/asan/heap-overflow-1.c -O1 output pattern test, is ==12731== AddressSanitizer CHECK failed: /home/stevenb/lra_powerpc64_autotester/lra-branch/libsanitizer/asan/asan_thread.cc:74 "((AddrIsInMem(stack_bottom_))) != (0)" (0x0, 0x0)
FAIL: c-c++-common/asan/heap-overflow-1.c -O2 output pattern test, is ==13095== AddressSanitizer CHECK failed: /home/stevenb/lra_powerpc64_autotester/lra-branch/libsanitizer/asan/asan_thread.cc:74 "((AddrIsInMem(stack_bottom_))) != (0)" (0x0, 0x0)
FAIL: c-c++-common/asan/heap-overflow-1.c -O3 -fomit-frame-pointer output pattern test, is ==13503== AddressSanitizer CHECK failed: /home/stevenb/lra_powerpc64_autotester/lra-branch/libsanitizer/asan/asan_thread.cc:74 "((AddrIsInMem(stack_bottom_))) != (0)" (0x0, 0x0)
FAIL: c-c++-common/asan/heap-overflow-1.c -O3 -g output pattern test, is ==13928== AddressSanitizer CHECK failed: /home/stevenb/lra_powerpc64_autotester/lra-branch/libsanitizer/asan/asan_thread.cc:74 "((AddrIsInMem(stack_bottom_))) != (0)" (0x0, 0x0)
FAIL: c-c++-common/asan/heap-overflow-1.c -Os output pattern test, is ==14376== AddressSanitizer CHECK failed: /home/stevenb/lra_powerpc64_autotester/lra-branch/libsanitizer/asan/asan_thread.cc:74 "((AddrIsInMem(stack_bottom_))) != (0)" (0x0, 0x0)
FAIL: c-c++-common/asan/heap-overflow-1.c -O2 -flto -fno-use-linker-plugin -flto-partition=none output pattern test, is ==15933== AddressSanitizer CHECK failed: /home/stevenb/lra_powerpc64_autotester/lra-branch/libsanitizer/asan/asan_thread.cc:74 "((AddrIsInMem(stack_bottom_))) != (0)" (0x0, 0x0)
FAIL: c-c++-common/asan/heap-overflow-1.c -O2 -flto -fuse-linker-plugin -fno-fat-lto-objects output pattern test, is ==16781== AddressSanitizer CHECK failed: /home/stevenb/lra_powerpc64_autotester/lra-branch/libsanitizer/asan/asan_thread.cc:74 "((AddrIsInMem(stack_bottom_))) != (0)" (0x0, 0x0)
FAIL: c-c++-common/asan/memcmp-1.c -O0 output pattern test, is ==17119== AddressSanitizer CHECK failed: /home/stevenb/lra_powerpc64_autotester/lra-branch/libsanitizer/asan/asan_thread.cc:74 "((AddrIsInMem(stack_bottom_))) != (0)" (0x0, 0x0)
FAIL: c-c++-common/asan/memcmp-1.c -O1 output pattern test, is ==17287== AddressSanitizer CHECK failed: /home/stevenb/lra_powerpc64_autotester/lra-branch/libsanitizer/asan/asan_thread.cc:74 "((AddrIsInMem(stack_bottom_))) != (0)" (0x0, 0x0)
FAIL: c-c++-common/asan/memcmp-1.c -O2 output pattern test, is ==18246== AddressSanitizer CHECK failed: /home/stevenb/lra_powerpc64_autotester/lra-branch/libsanitizer/asan/asan_thread.cc:74 "((AddrIsInMem(stack_bottom_))) != (0)" (0x0, 0x0)
FAIL: c-c++-common/asan/memcmp-1.c -O3 -fomit-frame-pointer output pattern test, is ==18857== AddressSanitizer CHECK failed: /home/stevenb/lra_powerpc64_autotester/lra-branch/libsanitizer/asan/asan_thread.cc:74 "((AddrIsInMem(stack_bottom_))) != (0)" (0x0, 0x0)
FAIL: c-c++-common/asan/memcmp-1.c -O3 -g output pattern test, is ==19552== AddressSanitizer CHECK failed: /home/stevenb/lra_powerpc64_autotester/lra-branch/libsanitizer/asan/asan_thread.cc:74 "((AddrIsInMem(stack_bottom_))) != (0)" (0x0, 0x0)
FAIL: c-c++-common/asan/memcmp-1.c -Os output pattern test, is ==20110== AddressSanitizer CHECK failed: /home/stevenb/lra_powerpc64_autotester/lra-branch/libsanitizer/asan/asan_thread.cc:74 "((AddrIsInMem(stack_bottom_))) != (0)" (0x0, 0x0)
FAIL: c-c++-common/asan/memcmp-1.c -O2 -flto -fno-use-linker-plugin -flto-partition=none output pattern test, is ==21318== AddressSanitizer CHECK failed: /home/stevenb/lra_powerpc64_autotester/lra-branch/libsanitizer/asan/asan_thread.cc:74 "((AddrIsInMem(stack_bottom_))) != (0)" (0x0, 0x0)
FAIL: c-c++-common/asan/memcmp-1.c -O2 -flto -fuse-linker-plugin -fno-fat-lto-objects output pattern test, is ==22267== AddressSanitizer CHECK failed: /home/stevenb/lra_powerpc64_autotester/lra-branch/libsanitizer/asan/asan_thread.cc:74 "((AddrIsInMem(stack_bottom_))) != (0)" (0x0, 0x0)
FAIL: c-c++-common/asan/null-deref-1.c -O0 output pattern test, is ==26318== AddressSanitizer CHECK failed: /home/stevenb/lra_powerpc64_autotester/lra-branch/libsanitizer/asan/asan_thread.cc:74 "((AddrIsInMem(stack_bottom_))) != (0)" (0x0, 0x0)
FAIL: c-c++-common/asan/null-deref-1.c -O1 output pattern test, is ==26897== AddressSanitizer CHECK failed: /home/stevenb/lra_powerpc64_autotester/lra-branch/libsanitizer/asan/asan_thread.cc:74 "((AddrIsInMem(stack_bottom_))) != (0)" (0x0, 0x0)
FAIL: c-c++-common/asan/null-deref-1.c -O2 output pattern test, is ==27483== AddressSanitizer CHECK failed: /home/stevenb/lra_powerpc64_autotester/lra-branch/libsanitizer/asan/asan_thread.cc:74 "((AddrIsInMem(stack_bottom_))) != (0)" (0x0, 0x0)
FAIL: c-c++-common/asan/null-deref-1.c -O3 -fomit-frame-pointer output pattern test, is ==28048== AddressSanitizer CHECK failed: /home/stevenb/lra_powerpc64_autotester/lra-branch/libsanitizer/asan/asan_thread.cc:74 "((AddrIsInMem(stack_bottom_))) != (0)" (0x0, 0x0)
FAIL: c-c++-common/asan/null-deref-1.c -O3 -g output pattern test, is ==28550== AddressSanitizer CHECK failed: /home/stevenb/lra_powerpc64_autotester/lra-branch/libsanitizer/asan/asan_thread.cc:74 "((AddrIsInMem(stack_bottom_))) != (0)" (0x0, 0x0)
FAIL: c-c++-common/asan/null-deref-1.c -Os output pattern test, is ==29092== AddressSanitizer CHECK failed: /home/stevenb/lra_powerpc64_autotester/lra-branch/libsanitizer/asan/asan_thread.cc:74 "((AddrIsInMem(stack_bottom_))) != (0)" (0x0, 0x0)
FAIL: c-c++-common/asan/null-deref-1.c -O2 -flto -fno-use-linker-plugin -flto-partition=none output pattern test, is ==30355== AddressSanitizer CHECK failed: /home/stevenb/lra_powerpc64_autotester/lra-branch/libsanitizer/asan/asan_thread.cc:74 "((AddrIsInMem(stack_bottom_))) != (0)" (0x0, 0x0)
FAIL: c-c++-common/asan/null-deref-1.c -O2 -flto -fuse-linker-plugin -fno-fat-lto-objects output pattern test, is ==30679== AddressSanitizer CHECK failed: /home/stevenb/lra_powerpc64_autotester/lra-branch/libsanitizer/asan/asan_thread.cc:74 "((AddrIsInMem(stack_bottom_))) != (0)" (0x0, 0x0)
FAIL: c-c++-common/asan/rlimit-mmap-test-1.c -O0 output pattern test, is ==32399== AddressSanitizer CHECK failed: /home/stevenb/lra_powerpc64_autotester/lra-branch/libsanitizer/asan/asan_thread.cc:74 "((AddrIsInMem(stack_bottom_))) != (0)" (0x0, 0x0)
FAIL: c-c++-common/asan/sanity-check-pure-c-1.c -O0 output pattern test, is ==32761== AddressSanitizer CHECK failed: /home/stevenb/lra_powerpc64_autotester/lra-branch/libsanitizer/asan/asan_thread.cc:74 "((AddrIsInMem(stack_bottom_))) != (0)" (0x0, 0x0)
FAIL: c-c++-common/asan/sanity-check-pure-c-1.c -O1 output pattern test, is ==33089== AddressSanitizer CHECK failed: /home/stevenb/lra_powerpc64_autotester/lra-branch/libsanitizer/asan/asan_thread.cc:74 "((AddrIsInMem(stack_bottom_))) != (0)" (0x0, 0x0)
FAIL: c-c++-common/asan/sanity-check-pure-c-1.c -O2 output pattern test, is ==33465== AddressSanitizer CHECK failed: /home/stevenb/lra_powerpc64_autotester/lra-branch/libsanitizer/asan/asan_thread.cc:74 "((AddrIsInMem(stack_bottom_))) != (0)" (0x0, 0x0)
FAIL: c-c++-common/asan/sanity-check-pure-c-1.c -O3 -fomit-frame-pointer output pattern test, is ==33856== AddressSanitizer CHECK failed: /home/stevenb/lra_powerpc64_autotester/lra-branch/libsanitizer/asan/asan_thread.cc:74 "((AddrIsInMem(stack_bottom_))) != (0)" (0x0, 0x0)
FAIL: c-c++-common/asan/sanity-check-pure-c-1.c -O3 -g output pattern test, is ==34274== AddressSanitizer CHECK failed: /home/stevenb/lra_powerpc64_autotester/lra-branch/libsanitizer/asan/asan_thread.cc:74 "((AddrIsInMem(stack_bottom_))) != (0)" (0x0, 0x0)
FAIL: c-c++-common/asan/sanity-check-pure-c-1.c -Os output pattern test, is ==34640== AddressSanitizer CHECK failed: /home/stevenb/lra_powerpc64_autotester/lra-branch/libsanitizer/asan/asan_thread.cc:74 "((AddrIsInMem(stack_bottom_))) != (0)" (0x0, 0x0)
FAIL: c-c++-common/asan/sanity-check-pure-c-1.c -O2 -flto -fno-use-linker-plugin -flto-partition=none output pattern test, is ==35435== AddressSanitizer CHECK failed: /home/stevenb/lra_powerpc64_autotester/lra-branch/libsanitizer/asan/asan_thread.cc:74 "((AddrIsInMem(stack_bottom_))) != (0)" (0x0, 0x0)
FAIL: c-c++-common/asan/sanity-check-pure-c-1.c -O2 -flto -fuse-linker-plugin -fno-fat-lto-objects output pattern test, is ==35731== AddressSanitizer CHECK failed: /home/stevenb/lra_powerpc64_autotester/lra-branch/libsanitizer/asan/asan_thread.cc:74 "((AddrIsInMem(stack_bottom_))) != (0)" (0x0, 0x0)
FAIL: c-c++-common/asan/sleep-before-dying-1.c -O2 output pattern test, is ==35820== AddressSanitizer CHECK failed: /home/stevenb/lra_powerpc64_autotester/lra-branch/libsanitizer/asan/asan_thread.cc:74 "((AddrIsInMem(stack_bottom_))) != (0)" (0x0, 0x0)
FAIL: c-c++-common/asan/sleep-before-dying-1.c -O2 -flto -fno-use-linker-plugin -flto-partition=none output pattern test, is ==36154== AddressSanitizer CHECK failed: /home/stevenb/lra_powerpc64_autotester/lra-branch/libsanitizer/asan/asan_thread.cc:74 "((AddrIsInMem(stack_bottom_))) != (0)" (0x0, 0x0)
FAIL: c-c++-common/asan/sleep-before-dying-1.c -O2 -flto -fuse-linker-plugin -fno-fat-lto-objects output pattern test, is ==36368== AddressSanitizer CHECK failed: /home/stevenb/lra_powerpc64_autotester/lra-branch/libsanitizer/asan/asan_thread.cc:74 "((AddrIsInMem(stack_bottom_))) != (0)" (0x0, 0x0)
FAIL: c-c++-common/asan/stack-overflow-1.c -O0 output pattern test, is ==36439== AddressSanitizer CHECK failed: /home/stevenb/lra_powerpc64_autotester/lra-branch/libsanitizer/asan/asan_thread.cc:74 "((AddrIsInMem(stack_bottom_))) != (0)" (0x0, 0x0)
FAIL: c-c++-common/asan/stack-overflow-1.c -O1 output pattern test, is ==36527== AddressSanitizer CHECK failed: /home/stevenb/lra_powerpc64_autotester/lra-branch/libsanitizer/asan/asan_thread.cc:74 "((AddrIsInMem(stack_bottom_))) != (0)" (0x0, 0x0)
FAIL: c-c++-common/asan/stack-overflow-1.c -O2 output pattern test, is ==36593== AddressSanitizer CHECK failed: /home/stevenb/lra_powerpc64_autotester/lra-branch/libsanitizer/asan/asan_thread.cc:74 "((AddrIsInMem(stack_bottom_))) != (0)" (0x0, 0x0)
FAIL: c-c++-common/asan/stack-overflow-1.c -O3 -fomit-frame-pointer output pattern test, is ==36676== AddressSanitizer CHECK failed: /home/stevenb/lra_powerpc64_autotester/lra-branch/libsanitizer/asan/asan_thread.cc:74 "((AddrIsInMem(stack_bottom_))) != (0)" (0x0, 0x0)
FAIL: c-c++-common/asan/stack-overflow-1.c -O3 -g output pattern test, is ==36838== AddressSanitizer CHECK failed: /home/stevenb/lra_powerpc64_autotester/lra-branch/libsanitizer/asan/asan_thread.cc:74 "((AddrIsInMem(stack_bottom_))) != (0)" (0x0, 0x0)
FAIL: c-c++-common/asan/stack-overflow-1.c -Os output pattern test, is ==36909== AddressSanitizer CHECK failed: /home/stevenb/lra_powerpc64_autotester/lra-branch/libsanitizer/asan/asan_thread.cc:74 "((AddrIsInMem(stack_bottom_))) != (0)" (0x0, 0x0)
FAIL: c-c++-common/asan/stack-overflow-1.c -O2 -flto -fno-use-linker-plugin -flto-partition=none output pattern test, is ==37154== AddressSanitizer CHECK failed: /home/stevenb/lra_powerpc64_autotester/lra-branch/libsanitizer/asan/asan_thread.cc:74 "((AddrIsInMem(stack_bottom_))) != (0)" (0x0, 0x0)
FAIL: c-c++-common/asan/stack-overflow-1.c -O2 -flto -fuse-linker-plugin -fno-fat-lto-objects output pattern test, is ==37293== AddressSanitizer CHECK failed: /home/stevenb/lra_powerpc64_autotester/lra-branch/libsanitizer/asan/asan_thread.cc:74 "((AddrIsInMem(stack_bottom_))) != (0)" (0x0, 0x0)
FAIL: c-c++-common/asan/strip-path-prefix-1.c -O2 output pattern test, is ==37487== AddressSanitizer CHECK failed: /home/stevenb/lra_powerpc64_autotester/lra-branch/libsanitizer/asan/asan_thread.cc:74 "((AddrIsInMem(stack_bottom_))) != (0)" (0x0, 0x0)
FAIL: c-c++-common/asan/strip-path-prefix-1.c -O2 -flto -fno-use-linker-plugin -flto-partition=none output pattern test, is ==37740== AddressSanitizer CHECK failed: /home/stevenb/lra_powerpc64_autotester/lra-branch/libsanitizer/asan/asan_thread.cc:74 "((AddrIsInMem(stack_bottom_))) != (0)" (0x0, 0x0)
FAIL: c-c++-common/asan/strip-path-prefix-1.c -O2 -flto -fuse-linker-plugin -fno-fat-lto-objects output pattern test, is ==37963== AddressSanitizer CHECK failed: /home/stevenb/lra_powerpc64_autotester/lra-branch/libsanitizer/asan/asan_thread.cc:74 "((AddrIsInMem(stack_bottom_))) != (0)" (0x0, 0x0)
FAIL: c-c++-common/asan/strncpy-overflow-1.c -O0 output pattern test, is ==38079== AddressSanitizer CHECK failed: /home/stevenb/lra_powerpc64_autotester/lra-branch/libsanitizer/asan/asan_thread.cc:74 "((AddrIsInMem(stack_bottom_))) != (0)" (0x0, 0x0)
FAIL: c-c++-common/asan/strncpy-overflow-1.c -O1 output pattern test, is ==38253== AddressSanitizer CHECK failed: /home/stevenb/lra_powerpc64_autotester/lra-branch/libsanitizer/asan/asan_thread.cc:74 "((AddrIsInMem(stack_bottom_))) != (0)" (0x0, 0x0)
FAIL: c-c++-common/asan/strncpy-overflow-1.c -O2 output pattern test, is ==38451== AddressSanitizer CHECK failed: /home/stevenb/lra_powerpc64_autotester/lra-branch/libsanitizer/asan/asan_thread.cc:74 "((AddrIsInMem(stack_bottom_))) != (0)" (0x0, 0x0)
FAIL: c-c++-common/asan/strncpy-overflow-1.c -O3 -fomit-frame-pointer output pattern test, is ==38564== AddressSanitizer CHECK failed: /home/stevenb/lra_powerpc64_autotester/lra-branch/libsanitizer/asan/asan_thread.cc:74 "((AddrIsInMem(stack_bottom_))) != (0)" (0x0, 0x0)
FAIL: c-c++-common/asan/strncpy-overflow-1.c -O3 -g output pattern test, is ==38708== AddressSanitizer CHECK failed: /home/stevenb/lra_powerpc64_autotester/lra-branch/libsanitizer/asan/asan_thread.cc:74 "((AddrIsInMem(stack_bottom_))) != (0)" (0x0, 0x0)
FAIL: c-c++-common/asan/strncpy-overflow-1.c -Os output pattern test, is ==38877== AddressSanitizer CHECK failed: /home/stevenb/lra_powerpc64_autotester/lra-branch/libsanitizer/asan/asan_thread.cc:74 "((AddrIsInMem(stack_bottom_))) != (0)" (0x0, 0x0)
FAIL: c-c++-common/asan/strncpy-overflow-1.c -O2 -flto -fno-use-linker-plugin -flto-partition=none output pattern test, is ==39468== AddressSanitizer CHECK failed: /home/stevenb/lra_powerpc64_autotester/lra-branch/libsanitizer/asan/asan_thread.cc:74 "((AddrIsInMem(stack_bottom_))) != (0)" (0x0, 0x0)
FAIL: c-c++-common/asan/strncpy-overflow-1.c -O2 -flto -fuse-linker-plugin -fno-fat-lto-objects output pattern test, is ==40232== AddressSanitizer CHECK failed: /home/stevenb/lra_powerpc64_autotester/lra-branch/libsanitizer/asan/asan_thread.cc:74 "((AddrIsInMem(stack_bottom_))) != (0)" (0x0, 0x0)
FAIL: c-c++-common/asan/swapcontext-test-1.c -O0 execution test
FAIL: c-c++-common/asan/swapcontext-test-1.c -O1 execution test
FAIL: c-c++-common/asan/swapcontext-test-1.c -O2 execution test
FAIL: c-c++-common/asan/swapcontext-test-1.c -O3 -fomit-frame-pointer execution test
FAIL: c-c++-common/asan/swapcontext-test-1.c -O3 -fomit-frame-pointer -funroll-loops execution test
FAIL: c-c++-common/asan/swapcontext-test-1.c -O3 -fomit-frame-pointer -funroll-all-loops -finline-functions execution test
FAIL: c-c++-common/asan/swapcontext-test-1.c -O3 -g execution test
FAIL: c-c++-common/asan/swapcontext-test-1.c -Os execution test
FAIL: c-c++-common/asan/swapcontext-test-1.c -O2 -flto -fno-use-linker-plugin -flto-partition=none execution test
FAIL: c-c++-common/asan/swapcontext-test-1.c -O2 -flto -fuse-linker-plugin -fno-fat-lto-objects execution test
FAIL: c-c++-common/asan/use-after-free-1.c -O0 output pattern test, is ==44189== AddressSanitizer CHECK failed: /home/stevenb/lra_powerpc64_autotester/lra-branch/libsanitizer/asan/asan_thread.cc:74 "((AddrIsInMem(stack_bottom_))) != (0)" (0x0, 0x0)
FAIL: c-c++-common/asan/use-after-free-1.c -O1 output pattern test, is ==44351== AddressSanitizer CHECK failed: /home/stevenb/lra_powerpc64_autotester/lra-branch/libsanitizer/asan/asan_thread.cc:74 "((AddrIsInMem(stack_bottom_))) != (0)" (0x0, 0x0)
FAIL: c-c++-common/asan/use-after-free-1.c -O2 output pattern test, is ==44533== AddressSanitizer CHECK failed: /home/stevenb/lra_powerpc64_autotester/lra-branch/libsanitizer/asan/asan_thread.cc:74 "((AddrIsInMem(stack_bottom_))) != (0)" (0x0, 0x0)
FAIL: c-c++-common/asan/use-after-free-1.c -O3 -fomit-frame-pointer output pattern test, is ==44698== AddressSanitizer CHECK failed: /home/stevenb/lra_powerpc64_autotester/lra-branch/libsanitizer/asan/asan_thread.cc:74 "((AddrIsInMem(stack_bottom_))) != (0)" (0x0, 0x0)
FAIL: c-c++-common/asan/use-after-free-1.c -O3 -g output pattern test, is ==44900== AddressSanitizer CHECK failed: /home/stevenb/lra_powerpc64_autotester/lra-branch/libsanitizer/asan/asan_thread.cc:74 "((AddrIsInMem(stack_bottom_))) != (0)" (0x0, 0x0)
FAIL: c-c++-common/asan/use-after-free-1.c -Os output pattern test, is ==45090== AddressSanitizer CHECK failed: /home/stevenb/lra_powerpc64_autotester/lra-branch/libsanitizer/asan/asan_thread.cc:74 "((AddrIsInMem(stack_bottom_))) != (0)" (0x0, 0x0)
FAIL: c-c++-common/asan/use-after-free-1.c -O2 -flto -fno-use-linker-plugin -flto-partition=none output pattern test, is ==45481== AddressSanitizer CHECK failed: /home/stevenb/lra_powerpc64_autotester/lra-branch/libsanitizer/asan/asan_thread.cc:74 "((AddrIsInMem(stack_bottom_))) != (0)" (0x0, 0x0)
FAIL: c-c++-common/asan/use-after-free-1.c -O2 -flto -fuse-linker-plugin -fno-fat-lto-objects output pattern test, is ==45769== AddressSanitizer CHECK failed: /home/stevenb/lra_powerpc64_autotester/lra-branch/libsanitizer/asan/asan_thread.cc:74 "((AddrIsInMem(stack_bottom_))) != (0)" (0x0, 0x0)
FAIL: g++.dg/asan/deep-stack-uaf-1.C -O0 output pattern test, is ==46113== AddressSanitizer CHECK failed: /home/stevenb/lra_powerpc64_autotester/lra-branch/libsanitizer/asan/asan_thread.cc:74 "((AddrIsInMem(stack_bottom_))) != (0)" (0x0, 0x0)
FAIL: g++.dg/asan/deep-stack-uaf-1.C -O1 output pattern test, is ==46889== AddressSanitizer CHECK failed: /home/stevenb/lra_powerpc64_autotester/lra-branch/libsanitizer/asan/asan_thread.cc:74 "((AddrIsInMem(stack_bottom_))) != (0)" (0x0, 0x0)
FAIL: g++.dg/asan/deep-stack-uaf-1.C -O2 output pattern test, is ==47641== AddressSanitizer CHECK failed: /home/stevenb/lra_powerpc64_autotester/lra-branch/libsanitizer/asan/asan_thread.cc:74 "((AddrIsInMem(stack_bottom_))) != (0)" (0x0, 0x0)
FAIL: g++.dg/asan/deep-stack-uaf-1.C -O3 -fomit-frame-pointer output pattern test, is ==51689== AddressSanitizer CHECK failed: /home/stevenb/lra_powerpc64_autotester/lra-branch/libsanitizer/asan/asan_thread.cc:74 "((AddrIsInMem(stack_bottom_))) != (0)" (0x0, 0x0)
FAIL: g++.dg/asan/deep-stack-uaf-1.C -O3 -g output pattern test, is ==52255== AddressSanitizer CHECK failed: /home/stevenb/lra_powerpc64_autotester/lra-branch/libsanitizer/asan/asan_thread.cc:74 "((AddrIsInMem(stack_bottom_))) != (0)" (0x0, 0x0)
FAIL: g++.dg/asan/deep-stack-uaf-1.C -Os output pattern test, is ==52753== AddressSanitizer CHECK failed: /home/stevenb/lra_powerpc64_autotester/lra-branch/libsanitizer/asan/asan_thread.cc:74 "((AddrIsInMem(stack_bottom_))) != (0)" (0x0, 0x0)
FAIL: g++.dg/asan/deep-tail-call-1.C -O0 output pattern test, is ==52931== AddressSanitizer CHECK failed: /home/stevenb/lra_powerpc64_autotester/lra-branch/libsanitizer/asan/asan_thread.cc:74 "((AddrIsInMem(stack_bottom_))) != (0)" (0x0, 0x0)
FAIL: g++.dg/asan/deep-tail-call-1.C -O1 output pattern test, is ==53158== AddressSanitizer CHECK failed: /home/stevenb/lra_powerpc64_autotester/lra-branch/libsanitizer/asan/asan_thread.cc:74 "((AddrIsInMem(stack_bottom_))) != (0)" (0x0, 0x0)
FAIL: g++.dg/asan/deep-tail-call-1.C -O2 output pattern test, is ==53367== AddressSanitizer CHECK failed: /home/stevenb/lra_powerpc64_autotester/lra-branch/libsanitizer/asan/asan_thread.cc:74 "((AddrIsInMem(stack_bottom_))) != (0)" (0x0, 0x0)
FAIL: g++.dg/asan/deep-tail-call-1.C -O3 -fomit-frame-pointer output pattern test, is ==53617== AddressSanitizer CHECK failed: /home/stevenb/lra_powerpc64_autotester/lra-branch/libsanitizer/asan/asan_thread.cc:74 "((AddrIsInMem(stack_bottom_))) != (0)" (0x0, 0x0)
FAIL: g++.dg/asan/deep-tail-call-1.C -O3 -g output pattern test, is ==53838== AddressSanitizer CHECK failed: /home/stevenb/lra_powerpc64_autotester/lra-branch/libsanitizer/asan/asan_thread.cc:74 "((AddrIsInMem(stack_bottom_))) != (0)" (0x0, 0x0)
FAIL: g++.dg/asan/deep-tail-call-1.C -Os output pattern test, is ==54005== AddressSanitizer CHECK failed: /home/stevenb/lra_powerpc64_autotester/lra-branch/libsanitizer/asan/asan_thread.cc:74 "((AddrIsInMem(stack_bottom_))) != (0)" (0x0, 0x0)
FAIL: g++.dg/asan/deep-tail-call-1.C -O2 -flto -fno-use-linker-plugin -flto-partition=none output pattern test, is ==54419== AddressSanitizer CHECK failed: /home/stevenb/lra_powerpc64_autotester/lra-branch/libsanitizer/asan/asan_thread.cc:74 "((AddrIsInMem(stack_bottom_))) != (0)" (0x0, 0x0)
FAIL: g++.dg/asan/deep-tail-call-1.C -O2 -flto -fuse-linker-plugin -fno-fat-lto-objects output pattern test, is ==54673== AddressSanitizer CHECK failed: /home/stevenb/lra_powerpc64_autotester/lra-branch/libsanitizer/asan/asan_thread.cc:74 "((AddrIsInMem(stack_bottom_))) != (0)" (0x0, 0x0)
FAIL: g++.dg/asan/deep-thread-stack-1.C -O0 output pattern test, is ==54917== AddressSanitizer CHECK failed: /home/stevenb/lra_powerpc64_autotester/lra-branch/libsanitizer/asan/asan_thread.cc:74 "((AddrIsInMem(stack_bottom_))) != (0)" (0x0, 0x0)
FAIL: g++.dg/asan/deep-thread-stack-1.C -O1 output pattern test, is ==55115== AddressSanitizer CHECK failed: /home/stevenb/lra_powerpc64_autotester/lra-branch/libsanitizer/asan/asan_thread.cc:74 "((AddrIsInMem(stack_bottom_))) != (0)" (0x0, 0x0)
FAIL: g++.dg/asan/deep-thread-stack-1.C -O2 output pattern test, is ==55315== AddressSanitizer CHECK failed: /home/stevenb/lra_powerpc64_autotester/lra-branch/libsanitizer/asan/asan_thread.cc:74 "((AddrIsInMem(stack_bottom_))) != (0)" (0x0, 0x0)
FAIL: g++.dg/asan/deep-thread-stack-1.C -O3 -fomit-frame-pointer output pattern test, is ==55522== AddressSanitizer CHECK failed: /home/stevenb/lra_powerpc64_autotester/lra-branch/libsanitizer/asan/asan_thread.cc:74 "((AddrIsInMem(stack_bottom_))) != (0)" (0x0, 0x0)
FAIL: g++.dg/asan/deep-thread-stack-1.C -O3 -g output pattern test, is ==55717== AddressSanitizer CHECK failed: /home/stevenb/lra_powerpc64_autotester/lra-branch/libsanitizer/asan/asan_thread.cc:74 "((AddrIsInMem(stack_bottom_))) != (0)" (0x0, 0x0)
FAIL: g++.dg/asan/deep-thread-stack-1.C -Os output pattern test, is ==55880== AddressSanitizer CHECK failed: /home/stevenb/lra_powerpc64_autotester/lra-branch/libsanitizer/asan/asan_thread.cc:74 "((AddrIsInMem(stack_bottom_))) != (0)" (0x0, 0x0)
FAIL: g++.dg/asan/deep-thread-stack-1.C -O2 -flto -fno-use-linker-plugin -flto-partition=none output pattern test, is ==56288== AddressSanitizer CHECK failed: /home/stevenb/lra_powerpc64_autotester/lra-branch/libsanitizer/asan/asan_thread.cc:74 "((AddrIsInMem(stack_bottom_))) != (0)" (0x0, 0x0)
FAIL: g++.dg/asan/deep-thread-stack-1.C -O2 -flto -fuse-linker-plugin -fno-fat-lto-objects output pattern test, is ==56555== AddressSanitizer CHECK failed: /home/stevenb/lra_powerpc64_autotester/lra-branch/libsanitizer/asan/asan_thread.cc:74 "((AddrIsInMem(stack_bottom_))) != (0)" (0x0, 0x0)
FAIL: g++.dg/asan/default-options-1.C -O0 execution test
FAIL: g++.dg/asan/default-options-1.C -O1 execution test
FAIL: g++.dg/asan/default-options-1.C -O2 execution test
FAIL: g++.dg/asan/default-options-1.C -O3 -fomit-frame-pointer execution test
FAIL: g++.dg/asan/default-options-1.C -O3 -g execution test
FAIL: g++.dg/asan/default-options-1.C -Os execution test
FAIL: g++.dg/asan/default-options-1.C -O2 -flto -fno-use-linker-plugin -flto-partition=none execution test
FAIL: g++.dg/asan/default-options-1.C -O2 -flto -fuse-linker-plugin -fno-fat-lto-objects execution test
FAIL: g++.dg/asan/interception-failure-test-1.C -O0 execution test
FAIL: g++.dg/asan/interception-failure-test-1.C -O1 execution test
FAIL: g++.dg/asan/interception-failure-test-1.C -O2 execution test
FAIL: g++.dg/asan/interception-failure-test-1.C -O3 -fomit-frame-pointer execution test
FAIL: g++.dg/asan/interception-failure-test-1.C -O3 -g execution test
FAIL: g++.dg/asan/interception-failure-test-1.C -Os execution test
FAIL: g++.dg/asan/interception-failure-test-1.C -O2 -flto -fno-use-linker-plugin -flto-partition=none execution test
FAIL: g++.dg/asan/interception-failure-test-1.C -O2 -flto -fuse-linker-plugin -fno-fat-lto-objects execution test
FAIL: g++.dg/asan/interception-malloc-test-1.C -O0 output pattern test, is ==60209== AddressSanitizer CHECK failed: /home/stevenb/lra_powerpc64_autotester/lra-branch/libsanitizer/asan/asan_thread.cc:74 "((AddrIsInMem(stack_bottom_))) != (0)" (0x0, 0x0)
FAIL: g++.dg/asan/interception-malloc-test-1.C -O1 output pattern test, is ==60393== AddressSanitizer CHECK failed: /home/stevenb/lra_powerpc64_autotester/lra-branch/libsanitizer/asan/asan_thread.cc:74 "((AddrIsInMem(stack_bottom_))) != (0)" (0x0, 0x0)
FAIL: g++.dg/asan/interception-malloc-test-1.C -O2 output pattern test, is ==60575== AddressSanitizer CHECK failed: /home/stevenb/lra_powerpc64_autotester/lra-branch/libsanitizer/asan/asan_thread.cc:74 "((AddrIsInMem(stack_bottom_))) != (0)" (0x0, 0x0)
FAIL: g++.dg/asan/interception-malloc-test-1.C -O3 -fomit-frame-pointer output pattern test, is ==60759== AddressSanitizer CHECK failed: /home/stevenb/lra_powerpc64_autotester/lra-branch/libsanitizer/asan/asan_thread.cc:74 "((AddrIsInMem(stack_bottom_))) != (0)" (0x0, 0x0)
FAIL: g++.dg/asan/interception-malloc-test-1.C -O3 -g output pattern test, is ==60955== AddressSanitizer CHECK failed: /home/stevenb/lra_powerpc64_autotester/lra-branch/libsanitizer/asan/asan_thread.cc:74 "((AddrIsInMem(stack_bottom_))) != (0)" (0x0, 0x0)
FAIL: g++.dg/asan/interception-malloc-test-1.C -Os output pattern test, is ==61134== AddressSanitizer CHECK failed: /home/stevenb/lra_powerpc64_autotester/lra-branch/libsanitizer/asan/asan_thread.cc:74 "((AddrIsInMem(stack_bottom_))) != (0)" (0x0, 0x0)
FAIL: g++.dg/asan/interception-malloc-test-1.C -O2 -flto -fno-use-linker-plugin -flto-partition=none output pattern test, is ==61548== AddressSanitizer CHECK failed: /home/stevenb/lra_powerpc64_autotester/lra-branch/libsanitizer/asan/asan_thread.cc:74 "((AddrIsInMem(stack_bottom_))) != (0)" (0x0, 0x0)
FAIL: g++.dg/asan/interception-malloc-test-1.C -O2 -flto -fuse-linker-plugin -fno-fat-lto-objects output pattern test, is ==61832== AddressSanitizer CHECK failed: /home/stevenb/lra_powerpc64_autotester/lra-branch/libsanitizer/asan/asan_thread.cc:74 "((AddrIsInMem(stack_bottom_))) != (0)" (0x0, 0x0)
FAIL: g++.dg/asan/interception-test-1.C -O0 output pattern test, is ==62033== AddressSanitizer CHECK failed: /home/stevenb/lra_powerpc64_autotester/lra-branch/libsanitizer/asan/asan_thread.cc:74 "((AddrIsInMem(stack_bottom_))) != (0)" (0x0, 0x0)
FAIL: g++.dg/asan/interception-test-1.C -O1 output pattern test, is ==62219== AddressSanitizer CHECK failed: /home/stevenb/lra_powerpc64_autotester/lra-branch/libsanitizer/asan/asan_thread.cc:74 "((AddrIsInMem(stack_bottom_))) != (0)" (0x0, 0x0)
FAIL: g++.dg/asan/interception-test-1.C -O2 output pattern test, is ==62402== AddressSanitizer CHECK failed: /home/stevenb/lra_powerpc64_autotester/lra-branch/libsanitizer/asan/asan_thread.cc:74 "((AddrIsInMem(stack_bottom_))) != (0)" (0x0, 0x0)
FAIL: g++.dg/asan/interception-test-1.C -O3 -fomit-frame-pointer output pattern test, is ==62580== AddressSanitizer CHECK failed: /home/stevenb/lra_powerpc64_autotester/lra-branch/libsanitizer/asan/asan_thread.cc:74 "((AddrIsInMem(stack_bottom_))) != (0)" (0x0, 0x0)
FAIL: g++.dg/asan/interception-test-1.C -O3 -g output pattern test, is ==62773== AddressSanitizer CHECK failed: /home/stevenb/lra_powerpc64_autotester/lra-branch/libsanitizer/asan/asan_thread.cc:74 "((AddrIsInMem(stack_bottom_))) != (0)" (0x0, 0x0)
FAIL: g++.dg/asan/interception-test-1.C -Os output pattern test, is ==62962== AddressSanitizer CHECK failed: /home/stevenb/lra_powerpc64_autotester/lra-branch/libsanitizer/asan/asan_thread.cc:74 "((AddrIsInMem(stack_bottom_))) != (0)" (0x0, 0x0)
FAIL: g++.dg/asan/interception-test-1.C -O2 -flto -fno-use-linker-plugin -flto-partition=none output pattern test, is ==63494== AddressSanitizer CHECK failed: /home/stevenb/lra_powerpc64_autotester/lra-branch/libsanitizer/asan/asan_thread.cc:74 "((AddrIsInMem(stack_bottom_))) != (0)" (0x0, 0x0)
FAIL: g++.dg/asan/interception-test-1.C -O2 -flto -fuse-linker-plugin -fno-fat-lto-objects output pattern test, is ==63975== AddressSanitizer CHECK failed: /home/stevenb/lra_powerpc64_autotester/lra-branch/libsanitizer/asan/asan_thread.cc:74 "((AddrIsInMem(stack_bottom_))) != (0)" (0x0, 0x0)
FAIL: g++.dg/asan/large-func-test-1.C -O0 output pattern test, is ==64164== AddressSanitizer CHECK failed: /home/stevenb/lra_powerpc64_autotester/lra-branch/libsanitizer/asan/asan_thread.cc:74 "((AddrIsInMem(stack_bottom_))) != (0)" (0x0, 0x0)
FAIL: g++.dg/asan/large-func-test-1.C -O1 output pattern test, is ==64389== AddressSanitizer CHECK failed: /home/stevenb/lra_powerpc64_autotester/lra-branch/libsanitizer/asan/asan_thread.cc:74 "((AddrIsInMem(stack_bottom_))) != (0)" (0x0, 0x0)
FAIL: g++.dg/asan/large-func-test-1.C -O2 output pattern test, is ==64645== AddressSanitizer CHECK failed: /home/stevenb/lra_powerpc64_autotester/lra-branch/libsanitizer/asan/asan_thread.cc:74 "((AddrIsInMem(stack_bottom_))) != (0)" (0x0, 0x0)
FAIL: g++.dg/asan/large-func-test-1.C -O3 -fomit-frame-pointer output pattern test, is ==64900== AddressSanitizer CHECK failed: /home/stevenb/lra_powerpc64_autotester/lra-branch/libsanitizer/asan/asan_thread.cc:74 "((AddrIsInMem(stack_bottom_))) != (0)" (0x0, 0x0)
FAIL: g++.dg/asan/large-func-test-1.C -O3 -g output pattern test, is ==65175== AddressSanitizer CHECK failed: /home/stevenb/lra_powerpc64_autotester/lra-branch/libsanitizer/asan/asan_thread.cc:74 "((AddrIsInMem(stack_bottom_))) != (0)" (0x0, 0x0)
FAIL: g++.dg/asan/large-func-test-1.C -Os output pattern test, is ==65408== AddressSanitizer CHECK failed: /home/stevenb/lra_powerpc64_autotester/lra-branch/libsanitizer/asan/asan_thread.cc:74 "((AddrIsInMem(stack_bottom_))) != (0)" (0x0, 0x0)
FAIL: g++.dg/asan/large-func-test-1.C -O2 -flto -fno-use-linker-plugin -flto-partition=none output pattern test, is ==850== AddressSanitizer CHECK failed: /home/stevenb/lra_powerpc64_autotester/lra-branch/libsanitizer/asan/asan_thread.cc:74 "((AddrIsInMem(stack_bottom_))) != (0)" (0x0, 0x0)
FAIL: g++.dg/asan/large-func-test-1.C -O2 -flto -fuse-linker-plugin -fno-fat-lto-objects output pattern test, is ==1197== AddressSanitizer CHECK failed: /home/stevenb/lra_powerpc64_autotester/lra-branch/libsanitizer/asan/asan_thread.cc:74 "((AddrIsInMem(stack_bottom_))) != (0)" (0x0, 0x0)
FAIL: g++.dg/asan/pr55617.C -O0 execution test
FAIL: g++.dg/asan/pr55617.C -O1 execution test
FAIL: g++.dg/asan/pr55617.C -O2 execution test
FAIL: g++.dg/asan/pr55617.C -O3 -fomit-frame-pointer execution test
FAIL: g++.dg/asan/pr55617.C -O3 -g execution test
FAIL: g++.dg/asan/pr55617.C -Os execution test
FAIL: g++.dg/asan/pr55617.C -O2 -flto -fno-use-linker-plugin -flto-partition=none execution test
FAIL: g++.dg/asan/pr55617.C -O2 -flto -fuse-linker-plugin -fno-fat-lto-objects execution test
FAIL: g++.dg/asan/symbolize-callback-1.C -O2 output pattern test, is ==3056== AddressSanitizer CHECK failed: /home/stevenb/lra_powerpc64_autotester/lra-branch/libsanitizer/asan/asan_thread.cc:74 "((AddrIsInMem(stack_bottom_))) != (0)" (0x0, 0x0)
FAIL: g++.dg/asan/symbolize-callback-1.C -O2 -flto -fno-use-linker-plugin -flto-partition=none output pattern test, is ==3390== AddressSanitizer CHECK failed: /home/stevenb/lra_powerpc64_autotester/lra-branch/libsanitizer/asan/asan_thread.cc:74 "((AddrIsInMem(stack_bottom_))) != (0)" (0x0, 0x0)
FAIL: g++.dg/asan/symbolize-callback-1.C -O2 -flto -fuse-linker-plugin -fno-fat-lto-objects output pattern test, is ==3703== AddressSanitizer CHECK failed: /home/stevenb/lra_powerpc64_autotester/lra-branch/libsanitizer/asan/asan_thread.cc:74 "((AddrIsInMem(stack_bottom_))) != (0)" (0x0, 0x0)
=== g++ Summary ===
# of expected passes 52446
# of unexpected failures 164
# of expected failures 290
# of unsupported tests 915
/home/stevenb/lra_powerpc64_autotester/build-lra/gcc/testsuite/g++/../../xg++ version 4.8.0 20130308 (experimental) [lra revision 196564] (GCC)
=== libatomic tests ===
Running target unix
=== libatomic Summary ===
# of expected passes 44
# of unsupported tests 5
=== libgomp tests ===
Running target unix
=== libgomp Summary ===
# of expected passes 2996
# of unsupported tests 1
=== libitm tests ===
Running target unix
=== libitm Summary ===
# of expected passes 26
# of expected failures 3
# of unsupported tests 1
=== libmudflap tests ===
Running target unix
FAIL: libmudflap.c/fail37-frag.c (-O2) crash test
FAIL: libmudflap.c/fail37-frag.c (-O2) output pattern test
FAIL: libmudflap.c/fail37-frag.c (-O3) crash test
FAIL: libmudflap.c/fail37-frag.c (-O3) output pattern test
FAIL: libmudflap.c++/pass41-frag.cxx (-static) execution test
FAIL: libmudflap.c++/pass41-frag.cxx ( -O) execution test
FAIL: libmudflap.c++/pass41-frag.cxx (-O2) execution test
FAIL: libmudflap.c++/pass41-frag.cxx (-O3) execution test
=== libmudflap Summary ===
# of expected passes 1898
# of unexpected failures 8
=== libstdc++ tests ===
Running target unix
=== libstdc++ Summary ===
# of expected passes 9251
# of expected failures 45
# of unsupported tests 221
Compiler version: 4.8.0 20130308 (experimental) [lra revision 196564] (GCC)
Platform: powerpc64-unknown-linux-gnu
configure flags: --prefix=/home/stevenb/lra_powerpc64_autotester/install-lra --target=powerpc64-unknown-linux-gnu --enable-languages=c,c++,fortran --with-mpfr=/opt/cfarm/mpfr-latest --with-gmp=/opt/cfarm/gmp-latest --with-mpc=/opt/cfarm/mpc-latest --with-cloog=/opt/cfarm/cloog-latest --with-isl=/opt/cfarm/isl-latest