This is the mail archive of the
gcc-testresults@gcc.gnu.org
mailing list for the GCC project.
Results for 4.8.0 20130226 (experimental) [trunk revision 196292] (GCC) testsuite on hppa64-hp-hpux11.00
- From: John David Anglin <dave at hiauly2 dot hia dot nrc dot ca>
- To: dave at hiauly2 dot hia dot nrc dot ca, gcc-testresults at gcc dot gnu dot org
- Date: Mon, 4 Mar 2013 20:22:48 -0500 (EST)
- Subject: Results for 4.8.0 20130226 (experimental) [trunk revision 196292] (GCC) testsuite on hppa64-hp-hpux11.00
Native configuration is hppa64-hp-hpux11.00
=== g++ tests ===
Running target unix
FAIL: g++.dg/debug/dwarf2/non-virtual-thunk.C -std=gnu++98 scan-assembler thunk.C:30
FAIL: g++.dg/debug/dwarf2/non-virtual-thunk.C -std=gnu++11 scan-assembler thunk.C:30
FAIL: g++.dg/cpp0x/udlit-string-literal.C (test for excess errors)
WARNING: program timed out.
FAIL: g++.dg/simulate-thread/atomics-1.C -O0 -g thread simulation test
FAIL: g++.dg/simulate-thread/atomics-2.C -O0 -g thread simulation test
=== g++ Summary ===
# of expected passes 48147
# of unexpected failures 5
# of expected failures 294
# of unsupported tests 1105
/home/gnu/gcc/objdir/gcc/testsuite/g++/../../xg++ version 4.8.0 20130226 (experimental) [trunk revision 196292] (GCC)
=== gcc tests ===
Running target unix
WARNING: program timed out.
FAIL: gcc.c-torture/compile/limits-externdecl.c -O0 (test for excess errors)
WARNING: program timed out.
FAIL: gcc.c-torture/compile/limits-externdecl.c -O1 (test for excess errors)
WARNING: program timed out.
FAIL: gcc.c-torture/compile/limits-externdecl.c -O2 (test for excess errors)
WARNING: program timed out.
FAIL: gcc.c-torture/compile/limits-externdecl.c -O3 -fomit-frame-pointer (test for excess errors)
WARNING: program timed out.
FAIL: gcc.c-torture/compile/limits-externdecl.c -O3 -g (test for excess errors)
WARNING: program timed out.
FAIL: gcc.c-torture/compile/limits-externdecl.c -Os (test for excess errors)
WARNING: program timed out.
FAIL: gcc.c-torture/compile/limits-externdecl.c -O2 -flto -flto-partition=none (test for excess errors)
WARNING: program timed out.
FAIL: gcc.c-torture/compile/limits-externdecl.c -O2 -flto (test for excess errors)
WARNING: program timed out.
FAIL: gcc.c-torture/compile/limits-fndefn.c -O1 (test for excess errors)
WARNING: program timed out.
FAIL: gcc.c-torture/compile/limits-fndefn.c -O2 (test for excess errors)
WARNING: program timed out.
FAIL: gcc.c-torture/compile/limits-fndefn.c -O3 -fomit-frame-pointer (test for excess errors)
WARNING: program timed out.
FAIL: gcc.c-torture/compile/limits-fndefn.c -O3 -g (test for excess errors)
WARNING: program timed out.
FAIL: gcc.c-torture/compile/limits-fndefn.c -Os (test for excess errors)
WARNING: program timed out.
FAIL: gcc.c-torture/compile/limits-fndefn.c -O2 -flto -flto-partition=none (test for excess errors)
WARNING: program timed out.
FAIL: gcc.c-torture/compile/limits-fndefn.c -O2 -flto (test for excess errors)
WARNING: program timed out.
FAIL: gcc.c-torture/compile/limits-pointer.c -O3 -fomit-frame-pointer (test for excess errors)
WARNING: program timed out.
FAIL: gcc.c-torture/compile/limits-structnest.c -O2 (test for excess errors)
WARNING: program timed out.
FAIL: gcc.c-torture/compile/limits-structnest.c -O3 -fomit-frame-pointer (test for excess errors)
WARNING: program timed out.
FAIL: gcc.c-torture/compile/limits-structnest.c -O3 -g (test for excess errors)
WARNING: program timed out.
FAIL: gcc.c-torture/compile/limits-structnest.c -O2 -flto -flto-partition=none (test for excess errors)
WARNING: program timed out.
FAIL: gcc.c-torture/compile/limits-structnest.c -O2 -flto (test for excess errors)
FAIL: gcc.c-torture/compile/pr55921.c -O0 (internal compiler error)
FAIL: gcc.c-torture/compile/pr55921.c -O0 (test for excess errors)
FAIL: gcc.c-torture/compile/pr55921.c -O1 (internal compiler error)
FAIL: gcc.c-torture/compile/pr55921.c -O1 (test for excess errors)
FAIL: gcc.c-torture/compile/pr55921.c -O2 (internal compiler error)
FAIL: gcc.c-torture/compile/pr55921.c -O2 (test for excess errors)
FAIL: gcc.c-torture/compile/pr55921.c -O3 -fomit-frame-pointer (internal compiler error)
FAIL: gcc.c-torture/compile/pr55921.c -O3 -fomit-frame-pointer (test for excess errors)
FAIL: gcc.c-torture/compile/pr55921.c -O3 -g (internal compiler error)
FAIL: gcc.c-torture/compile/pr55921.c -O3 -g (test for excess errors)
FAIL: gcc.c-torture/compile/pr55921.c -Os (internal compiler error)
FAIL: gcc.c-torture/compile/pr55921.c -Os (test for excess errors)
FAIL: gcc.c-torture/compile/pr55921.c -O2 -flto -flto-partition=none (internal compiler error)
FAIL: gcc.c-torture/compile/pr55921.c -O2 -flto -flto-partition=none (test for excess errors)
FAIL: gcc.c-torture/compile/pr55921.c -O2 -flto (internal compiler error)
FAIL: gcc.c-torture/compile/pr55921.c -O2 -flto (test for excess errors)
FAIL: gcc.c-torture/execute/pr51447.c compilation, -O2 (internal compiler error)
UNRESOLVED: gcc.c-torture/execute/pr51447.c execution, -O2
FAIL: gcc.c-torture/execute/pr51447.c compilation, -O3 -fomit-frame-pointer (internal compiler error)
UNRESOLVED: gcc.c-torture/execute/pr51447.c execution, -O3 -fomit-frame-pointer
FAIL: gcc.c-torture/execute/pr51447.c compilation, -O3 -g (internal compiler error)
UNRESOLVED: gcc.c-torture/execute/pr51447.c execution, -O3 -g
FAIL: gcc.c-torture/execute/pr51447.c compilation, -O2 -flto -flto-partition=none (internal compiler error)
UNRESOLVED: gcc.c-torture/execute/pr51447.c execution, -O2 -flto -flto-partition=none
FAIL: gcc.c-torture/execute/pr51447.c compilation, -O2 -flto (internal compiler error)
UNRESOLVED: gcc.c-torture/execute/pr51447.c execution, -O2 -flto
FAIL: gcc.dg/20030711-1.c execution test
WARNING: program timed out.
WARNING: program timed out.
FAIL: gcc.dg/c99-intconst-1.c (test for excess errors)
FAIL: gcc.dg/pr44194-1.c scan-rtl-dump dse1 "global deletions = (2|3)"
FAIL: gcc.dg/pr44194-1.c scan-rtl-dump-not final "insn [^\\n]*set \\\\(mem"
WARNING: program timed out.
FAIL: gcc.dg/pr48141.c (test for excess errors)
WARNING: program timed out.
=== gcc Summary ===
# of expected passes 77263
# of unexpected failures 47
# of expected failures 123
# of unresolved testcases 5
# of unsupported tests 1544
/home/gnu/gcc/objdir/gcc/xgcc version 4.8.0 20130226 (experimental) [trunk revision 196292] (GCC)
=== gfortran tests ===
Running target unix
XPASS: gfortran.dg/do_1.f90 -O0 execution test
XPASS: gfortran.dg/do_1.f90 -O1 execution test
WARNING: program timed out.
FAIL: gfortran.dg/minlocval_3.f90 -O3 -fomit-frame-pointer (test for excess errors)
UNRESOLVED: gfortran.dg/minlocval_3.f90 -O3 -fomit-frame-pointer compilation failed to produce executable
WARNING: program timed out.
FAIL: gfortran.dg/minlocval_3.f90 -O3 -fomit-frame-pointer -funroll-loops (test for excess errors)
UNRESOLVED: gfortran.dg/minlocval_3.f90 -O3 -fomit-frame-pointer -funroll-loops compilation failed to produce executable
WARNING: program timed out.
FAIL: gfortran.dg/minlocval_3.f90 -O3 -fomit-frame-pointer -funroll-all-loops -finline-functions (test for excess errors)
UNRESOLVED: gfortran.dg/minlocval_3.f90 -O3 -fomit-frame-pointer -funroll-all-loops -finline-functions compilation failed to produce executable
WARNING: program timed out.
FAIL: gfortran.dg/minlocval_3.f90 -O3 -g (test for excess errors)
UNRESOLVED: gfortran.dg/minlocval_3.f90 -O3 -g compilation failed to produce executable
FAIL: gfortran.dg/lto/pr45586-2 f_lto_pr45586-2_0.o-f_lto_pr45586-2_0.o link, -O0 -flto -flto-partition=none (internal compiler error)
UNRESOLVED: gfortran.dg/lto/pr45586-2 f_lto_pr45586-2_0.o-f_lto_pr45586-2_0.o execute -O0 -flto -flto-partition=none
FAIL: gfortran.dg/lto/pr45586-2 f_lto_pr45586-2_0.o-f_lto_pr45586-2_0.o link, -O0 -flto -flto-partition=1to1 (internal compiler error)
UNRESOLVED: gfortran.dg/lto/pr45586-2 f_lto_pr45586-2_0.o-f_lto_pr45586-2_0.o execute -O0 -flto -flto-partition=1to1
FAIL: gfortran.dg/lto/pr45586-2 f_lto_pr45586-2_0.o-f_lto_pr45586-2_0.o link, -O0 -flto (internal compiler error)
UNRESOLVED: gfortran.dg/lto/pr45586-2 f_lto_pr45586-2_0.o-f_lto_pr45586-2_0.o execute -O0 -flto
FAIL: gfortran.dg/lto/pr45586 f_lto_pr45586_0.o-f_lto_pr45586_0.o link, -O0 -flto -flto-partition=none (internal compiler error)
UNRESOLVED: gfortran.dg/lto/pr45586 f_lto_pr45586_0.o-f_lto_pr45586_0.o execute -O0 -flto -flto-partition=none
FAIL: gfortran.dg/lto/pr45586 f_lto_pr45586_0.o-f_lto_pr45586_0.o link, -O0 -flto -flto-partition=1to1 (internal compiler error)
UNRESOLVED: gfortran.dg/lto/pr45586 f_lto_pr45586_0.o-f_lto_pr45586_0.o execute -O0 -flto -flto-partition=1to1
FAIL: gfortran.dg/lto/pr45586 f_lto_pr45586_0.o-f_lto_pr45586_0.o link, -O0 -flto (internal compiler error)
UNRESOLVED: gfortran.dg/lto/pr45586 f_lto_pr45586_0.o-f_lto_pr45586_0.o execute -O0 -flto
=== gfortran Summary ===
# of expected passes 41936
# of unexpected failures 10
# of unexpected successes 2
# of expected failures 48
# of unresolved testcases 10
# of unsupported tests 377
/home/gnu/gcc/objdir/gcc/testsuite/gfortran/../../gfortran version 4.8.0 20130226 (experimental) [trunk revision 196292] (GCC)
=== obj-c++ tests ===
Running target unix
=== obj-c++ Summary ===
# of expected passes 1442
# of expected failures 10
# of unsupported tests 86
/home/gnu/gcc/objdir/gcc/testsuite/obj-c++/../../xg++ version 4.8.0 20130226 (experimental) [trunk revision 196292] (GCC)
=== objc tests ===
Running target unix
=== objc Summary ===
# of expected passes 2992
# of unsupported tests 75
/home/gnu/gcc/objdir/gcc/xgcc version 4.8.0 20130226 (experimental) [trunk revision 196292] (GCC)
=== libatomic tests ===
Running target unix
=== libatomic Summary ===
# of expected passes 4
# of unsupported tests 25
=== libgomp tests ===
Running target unix
=== libgomp Summary ===
# of expected passes 2929
# of unsupported tests 10
=== libstdc++ tests ===
Running target unix
WARNING: program timed out.
FAIL: 20_util/scoped_allocator/2.cc (test for excess errors)
UNRESOLVED: 20_util/scoped_allocator/2.cc compilation failed to produce executable
FAIL: 23_containers/bitset/45713.cc (test for excess errors)
=== libstdc++ Summary ===
# of expected passes 6636
# of unexpected failures 2
# of expected failures 44
# of unresolved testcases 1
# of unsupported tests 723
Compiler version: 4.8.0 20130226 (experimental) [trunk revision 196292] (GCC)
Platform: hppa64-hp-hpux11.00
configure flags:Test Run By dave on Fri Mar 1 22:37:23 2013