This is the mail archive of the
gcc-testresults@gcc.gnu.org
mailing list for the GCC project.
Results for 4.8.0 20130222 (experimental) [lra revision 196227] (GCC) testsuite on powerpc64-unknown-linux-gnu
- From: stevenb at gcc1-power7 dot osuosl dot org
- To: gcc-testresults at gcc dot gnu dot org
- Date: Fri, 22 Feb 2013 13:36:20 -0800
- Subject: Results for 4.8.0 20130222 (experimental) [lra revision 196227] (GCC) testsuite on powerpc64-unknown-linux-gnu
LAST_UPDATED: Fri Feb 22 20:01:52 UTC 2013 (revision 196227)
Native configuration is powerpc64-unknown-linux-gnu
=== gcc tests ===
Running target unix
FAIL: c-c++-common/asan/clone-test-1.c -O0 execution test
FAIL: c-c++-common/asan/clone-test-1.c -O1 execution test
FAIL: c-c++-common/asan/clone-test-1.c -O2 execution test
FAIL: c-c++-common/asan/clone-test-1.c -O3 -fomit-frame-pointer execution test
FAIL: c-c++-common/asan/clone-test-1.c -O3 -fomit-frame-pointer -funroll-loops execution test
FAIL: c-c++-common/asan/clone-test-1.c -O3 -fomit-frame-pointer -funroll-all-loops -finline-functions execution test
FAIL: c-c++-common/asan/clone-test-1.c -O3 -g execution test
FAIL: c-c++-common/asan/clone-test-1.c -Os execution test
FAIL: c-c++-common/asan/clone-test-1.c -O2 -flto -fno-use-linker-plugin -flto-partition=none execution test
FAIL: c-c++-common/asan/clone-test-1.c -O2 -flto -fuse-linker-plugin -fno-fat-lto-objects execution test
FAIL: c-c++-common/asan/global-overflow-1.c -O0 output pattern test, is ==54548== AddressSanitizer CHECK failed: /home/stevenb/lra_powerpc64_autotester/lra-branch/libsanitizer/asan/asan_thread.cc:74 "((AddrIsInMem(stack_bottom_))) != (0)" (0x0, 0x0)
FAIL: c-c++-common/asan/global-overflow-1.c -O1 output pattern test, is ==54736== AddressSanitizer CHECK failed: /home/stevenb/lra_powerpc64_autotester/lra-branch/libsanitizer/asan/asan_thread.cc:74 "((AddrIsInMem(stack_bottom_))) != (0)" (0x0, 0x0)
FAIL: c-c++-common/asan/global-overflow-1.c -O2 output pattern test, is ==54894== AddressSanitizer CHECK failed: /home/stevenb/lra_powerpc64_autotester/lra-branch/libsanitizer/asan/asan_thread.cc:74 "((AddrIsInMem(stack_bottom_))) != (0)" (0x0, 0x0)
FAIL: c-c++-common/asan/global-overflow-1.c -O3 -fomit-frame-pointer output pattern test, is ==55164== AddressSanitizer CHECK failed: /home/stevenb/lra_powerpc64_autotester/lra-branch/libsanitizer/asan/asan_thread.cc:74 "((AddrIsInMem(stack_bottom_))) != (0)" (0x0, 0x0)
FAIL: c-c++-common/asan/global-overflow-1.c -O3 -g output pattern test, is ==55285== AddressSanitizer CHECK failed: /home/stevenb/lra_powerpc64_autotester/lra-branch/libsanitizer/asan/asan_thread.cc:74 "((AddrIsInMem(stack_bottom_))) != (0)" (0x0, 0x0)
FAIL: c-c++-common/asan/global-overflow-1.c -Os output pattern test, is ==55432== AddressSanitizer CHECK failed: /home/stevenb/lra_powerpc64_autotester/lra-branch/libsanitizer/asan/asan_thread.cc:74 "((AddrIsInMem(stack_bottom_))) != (0)" (0x0, 0x0)
FAIL: c-c++-common/asan/global-overflow-1.c -O2 -flto -fno-use-linker-plugin -flto-partition=none output pattern test, is ==55740== AddressSanitizer CHECK failed: /home/stevenb/lra_powerpc64_autotester/lra-branch/libsanitizer/asan/asan_thread.cc:74 "((AddrIsInMem(stack_bottom_))) != (0)" (0x0, 0x0)
FAIL: c-c++-common/asan/global-overflow-1.c -O2 -flto -fuse-linker-plugin -fno-fat-lto-objects output pattern test, is ==56100== AddressSanitizer CHECK failed: /home/stevenb/lra_powerpc64_autotester/lra-branch/libsanitizer/asan/asan_thread.cc:74 "((AddrIsInMem(stack_bottom_))) != (0)" (0x0, 0x0)
FAIL: c-c++-common/asan/heap-overflow-1.c -O0 output pattern test, is ==56196== AddressSanitizer CHECK failed: /home/stevenb/lra_powerpc64_autotester/lra-branch/libsanitizer/asan/asan_thread.cc:74 "((AddrIsInMem(stack_bottom_))) != (0)" (0x0, 0x0)
FAIL: c-c++-common/asan/heap-overflow-1.c -O1 output pattern test, is ==56335== AddressSanitizer CHECK failed: /home/stevenb/lra_powerpc64_autotester/lra-branch/libsanitizer/asan/asan_thread.cc:74 "((AddrIsInMem(stack_bottom_))) != (0)" (0x0, 0x0)
FAIL: c-c++-common/asan/heap-overflow-1.c -O2 output pattern test, is ==56478== AddressSanitizer CHECK failed: /home/stevenb/lra_powerpc64_autotester/lra-branch/libsanitizer/asan/asan_thread.cc:74 "((AddrIsInMem(stack_bottom_))) != (0)" (0x0, 0x0)
FAIL: c-c++-common/asan/heap-overflow-1.c -O3 -fomit-frame-pointer output pattern test, is ==56578== AddressSanitizer CHECK failed: /home/stevenb/lra_powerpc64_autotester/lra-branch/libsanitizer/asan/asan_thread.cc:74 "((AddrIsInMem(stack_bottom_))) != (0)" (0x0, 0x0)
FAIL: c-c++-common/asan/heap-overflow-1.c -O3 -g output pattern test, is ==56676== AddressSanitizer CHECK failed: /home/stevenb/lra_powerpc64_autotester/lra-branch/libsanitizer/asan/asan_thread.cc:74 "((AddrIsInMem(stack_bottom_))) != (0)" (0x0, 0x0)
FAIL: c-c++-common/asan/heap-overflow-1.c -Os output pattern test, is ==56755== AddressSanitizer CHECK failed: /home/stevenb/lra_powerpc64_autotester/lra-branch/libsanitizer/asan/asan_thread.cc:74 "((AddrIsInMem(stack_bottom_))) != (0)" (0x0, 0x0)
FAIL: c-c++-common/asan/heap-overflow-1.c -O2 -flto -fno-use-linker-plugin -flto-partition=none output pattern test, is ==57035== AddressSanitizer CHECK failed: /home/stevenb/lra_powerpc64_autotester/lra-branch/libsanitizer/asan/asan_thread.cc:74 "((AddrIsInMem(stack_bottom_))) != (0)" (0x0, 0x0)
FAIL: c-c++-common/asan/heap-overflow-1.c -O2 -flto -fuse-linker-plugin -fno-fat-lto-objects output pattern test, is ==57437== AddressSanitizer CHECK failed: /home/stevenb/lra_powerpc64_autotester/lra-branch/libsanitizer/asan/asan_thread.cc:74 "((AddrIsInMem(stack_bottom_))) != (0)" (0x0, 0x0)
FAIL: c-c++-common/asan/memcmp-1.c -O0 output pattern test, is ==57788== AddressSanitizer CHECK failed: /home/stevenb/lra_powerpc64_autotester/lra-branch/libsanitizer/asan/asan_thread.cc:74 "((AddrIsInMem(stack_bottom_))) != (0)" (0x0, 0x0)
FAIL: c-c++-common/asan/memcmp-1.c -O1 output pattern test, is ==58082== AddressSanitizer CHECK failed: /home/stevenb/lra_powerpc64_autotester/lra-branch/libsanitizer/asan/asan_thread.cc:74 "((AddrIsInMem(stack_bottom_))) != (0)" (0x0, 0x0)
FAIL: c-c++-common/asan/memcmp-1.c -O2 output pattern test, is ==58279== AddressSanitizer CHECK failed: /home/stevenb/lra_powerpc64_autotester/lra-branch/libsanitizer/asan/asan_thread.cc:74 "((AddrIsInMem(stack_bottom_))) != (0)" (0x0, 0x0)
FAIL: c-c++-common/asan/memcmp-1.c -O3 -fomit-frame-pointer output pattern test, is ==58557== AddressSanitizer CHECK failed: /home/stevenb/lra_powerpc64_autotester/lra-branch/libsanitizer/asan/asan_thread.cc:74 "((AddrIsInMem(stack_bottom_))) != (0)" (0x0, 0x0)
FAIL: c-c++-common/asan/memcmp-1.c -O3 -g output pattern test, is ==58696== AddressSanitizer CHECK failed: /home/stevenb/lra_powerpc64_autotester/lra-branch/libsanitizer/asan/asan_thread.cc:74 "((AddrIsInMem(stack_bottom_))) != (0)" (0x0, 0x0)
FAIL: c-c++-common/asan/memcmp-1.c -Os output pattern test, is ==58766== AddressSanitizer CHECK failed: /home/stevenb/lra_powerpc64_autotester/lra-branch/libsanitizer/asan/asan_thread.cc:74 "((AddrIsInMem(stack_bottom_))) != (0)" (0x0, 0x0)
FAIL: c-c++-common/asan/memcmp-1.c -O2 -flto -fno-use-linker-plugin -flto-partition=none output pattern test, is ==59036== AddressSanitizer CHECK failed: /home/stevenb/lra_powerpc64_autotester/lra-branch/libsanitizer/asan/asan_thread.cc:74 "((AddrIsInMem(stack_bottom_))) != (0)" (0x0, 0x0)
FAIL: c-c++-common/asan/memcmp-1.c -O2 -flto -fuse-linker-plugin -fno-fat-lto-objects output pattern test, is ==59240== AddressSanitizer CHECK failed: /home/stevenb/lra_powerpc64_autotester/lra-branch/libsanitizer/asan/asan_thread.cc:74 "((AddrIsInMem(stack_bottom_))) != (0)" (0x0, 0x0)
FAIL: c-c++-common/asan/null-deref-1.c -O0 output pattern test, is ==60371== AddressSanitizer CHECK failed: /home/stevenb/lra_powerpc64_autotester/lra-branch/libsanitizer/asan/asan_thread.cc:74 "((AddrIsInMem(stack_bottom_))) != (0)" (0x0, 0x0)
FAIL: c-c++-common/asan/null-deref-1.c -O1 output pattern test, is ==60454== AddressSanitizer CHECK failed: /home/stevenb/lra_powerpc64_autotester/lra-branch/libsanitizer/asan/asan_thread.cc:74 "((AddrIsInMem(stack_bottom_))) != (0)" (0x0, 0x0)
FAIL: c-c++-common/asan/null-deref-1.c -O2 output pattern test, is ==60587== AddressSanitizer CHECK failed: /home/stevenb/lra_powerpc64_autotester/lra-branch/libsanitizer/asan/asan_thread.cc:74 "((AddrIsInMem(stack_bottom_))) != (0)" (0x0, 0x0)
FAIL: c-c++-common/asan/null-deref-1.c -O3 -fomit-frame-pointer output pattern test, is ==60754== AddressSanitizer CHECK failed: /home/stevenb/lra_powerpc64_autotester/lra-branch/libsanitizer/asan/asan_thread.cc:74 "((AddrIsInMem(stack_bottom_))) != (0)" (0x0, 0x0)
FAIL: c-c++-common/asan/null-deref-1.c -O3 -g output pattern test, is ==60850== AddressSanitizer CHECK failed: /home/stevenb/lra_powerpc64_autotester/lra-branch/libsanitizer/asan/asan_thread.cc:74 "((AddrIsInMem(stack_bottom_))) != (0)" (0x0, 0x0)
FAIL: c-c++-common/asan/null-deref-1.c -Os output pattern test, is ==61032== AddressSanitizer CHECK failed: /home/stevenb/lra_powerpc64_autotester/lra-branch/libsanitizer/asan/asan_thread.cc:74 "((AddrIsInMem(stack_bottom_))) != (0)" (0x0, 0x0)
FAIL: c-c++-common/asan/null-deref-1.c -O2 -flto -fno-use-linker-plugin -flto-partition=none output pattern test, is ==61395== AddressSanitizer CHECK failed: /home/stevenb/lra_powerpc64_autotester/lra-branch/libsanitizer/asan/asan_thread.cc:74 "((AddrIsInMem(stack_bottom_))) != (0)" (0x0, 0x0)
FAIL: c-c++-common/asan/null-deref-1.c -O2 -flto -fuse-linker-plugin -fno-fat-lto-objects output pattern test, is ==61629== AddressSanitizer CHECK failed: /home/stevenb/lra_powerpc64_autotester/lra-branch/libsanitizer/asan/asan_thread.cc:74 "((AddrIsInMem(stack_bottom_))) != (0)" (0x0, 0x0)
FAIL: c-c++-common/asan/rlimit-mmap-test-1.c -O0 output pattern test, is ==62747== AddressSanitizer CHECK failed: /home/stevenb/lra_powerpc64_autotester/lra-branch/libsanitizer/asan/asan_thread.cc:74 "((AddrIsInMem(stack_bottom_))) != (0)" (0x0, 0x0)
FAIL: c-c++-common/asan/sanity-check-pure-c-1.c -O0 output pattern test, is ==62872== AddressSanitizer CHECK failed: /home/stevenb/lra_powerpc64_autotester/lra-branch/libsanitizer/asan/asan_thread.cc:74 "((AddrIsInMem(stack_bottom_))) != (0)" (0x0, 0x0)
FAIL: c-c++-common/asan/sanity-check-pure-c-1.c -O1 output pattern test, is ==63012== AddressSanitizer CHECK failed: /home/stevenb/lra_powerpc64_autotester/lra-branch/libsanitizer/asan/asan_thread.cc:74 "((AddrIsInMem(stack_bottom_))) != (0)" (0x0, 0x0)
FAIL: c-c++-common/asan/sanity-check-pure-c-1.c -O2 output pattern test, is ==63144== AddressSanitizer CHECK failed: /home/stevenb/lra_powerpc64_autotester/lra-branch/libsanitizer/asan/asan_thread.cc:74 "((AddrIsInMem(stack_bottom_))) != (0)" (0x0, 0x0)
FAIL: c-c++-common/asan/sanity-check-pure-c-1.c -O3 -fomit-frame-pointer output pattern test, is ==63338== AddressSanitizer CHECK failed: /home/stevenb/lra_powerpc64_autotester/lra-branch/libsanitizer/asan/asan_thread.cc:74 "((AddrIsInMem(stack_bottom_))) != (0)" (0x0, 0x0)
FAIL: c-c++-common/asan/sanity-check-pure-c-1.c -O3 -g output pattern test, is ==63538== AddressSanitizer CHECK failed: /home/stevenb/lra_powerpc64_autotester/lra-branch/libsanitizer/asan/asan_thread.cc:74 "((AddrIsInMem(stack_bottom_))) != (0)" (0x0, 0x0)
FAIL: c-c++-common/asan/sanity-check-pure-c-1.c -Os output pattern test, is ==63752== AddressSanitizer CHECK failed: /home/stevenb/lra_powerpc64_autotester/lra-branch/libsanitizer/asan/asan_thread.cc:74 "((AddrIsInMem(stack_bottom_))) != (0)" (0x0, 0x0)
FAIL: c-c++-common/asan/sanity-check-pure-c-1.c -O2 -flto -fno-use-linker-plugin -flto-partition=none output pattern test, is ==64200== AddressSanitizer CHECK failed: /home/stevenb/lra_powerpc64_autotester/lra-branch/libsanitizer/asan/asan_thread.cc:74 "((AddrIsInMem(stack_bottom_))) != (0)" (0x0, 0x0)
FAIL: c-c++-common/asan/sanity-check-pure-c-1.c -O2 -flto -fuse-linker-plugin -fno-fat-lto-objects output pattern test, is ==64502== AddressSanitizer CHECK failed: /home/stevenb/lra_powerpc64_autotester/lra-branch/libsanitizer/asan/asan_thread.cc:74 "((AddrIsInMem(stack_bottom_))) != (0)" (0x0, 0x0)
FAIL: c-c++-common/asan/sleep-before-dying-1.c -O2 output pattern test, is ==64632== AddressSanitizer CHECK failed: /home/stevenb/lra_powerpc64_autotester/lra-branch/libsanitizer/asan/asan_thread.cc:74 "((AddrIsInMem(stack_bottom_))) != (0)" (0x0, 0x0)
FAIL: c-c++-common/asan/sleep-before-dying-1.c -O2 -flto -fno-use-linker-plugin -flto-partition=none output pattern test, is ==64961== AddressSanitizer CHECK failed: /home/stevenb/lra_powerpc64_autotester/lra-branch/libsanitizer/asan/asan_thread.cc:74 "((AddrIsInMem(stack_bottom_))) != (0)" (0x0, 0x0)
FAIL: c-c++-common/asan/sleep-before-dying-1.c -O2 -flto -fuse-linker-plugin -fno-fat-lto-objects output pattern test, is ==65112== AddressSanitizer CHECK failed: /home/stevenb/lra_powerpc64_autotester/lra-branch/libsanitizer/asan/asan_thread.cc:74 "((AddrIsInMem(stack_bottom_))) != (0)" (0x0, 0x0)
FAIL: c-c++-common/asan/stack-overflow-1.c -O0 output pattern test, is ==65264== AddressSanitizer CHECK failed: /home/stevenb/lra_powerpc64_autotester/lra-branch/libsanitizer/asan/asan_thread.cc:74 "((AddrIsInMem(stack_bottom_))) != (0)" (0x0, 0x0)
FAIL: c-c++-common/asan/stack-overflow-1.c -O1 output pattern test, is ==65408== AddressSanitizer CHECK failed: /home/stevenb/lra_powerpc64_autotester/lra-branch/libsanitizer/asan/asan_thread.cc:74 "((AddrIsInMem(stack_bottom_))) != (0)" (0x0, 0x0)
FAIL: c-c++-common/asan/stack-overflow-1.c -O2 output pattern test, is ==478== AddressSanitizer CHECK failed: /home/stevenb/lra_powerpc64_autotester/lra-branch/libsanitizer/asan/asan_thread.cc:74 "((AddrIsInMem(stack_bottom_))) != (0)" (0x0, 0x0)
FAIL: c-c++-common/asan/stack-overflow-1.c -O3 -fomit-frame-pointer output pattern test, is ==824== AddressSanitizer CHECK failed: /home/stevenb/lra_powerpc64_autotester/lra-branch/libsanitizer/asan/asan_thread.cc:74 "((AddrIsInMem(stack_bottom_))) != (0)" (0x0, 0x0)
FAIL: c-c++-common/asan/stack-overflow-1.c -O3 -g output pattern test, is ==1005== AddressSanitizer CHECK failed: /home/stevenb/lra_powerpc64_autotester/lra-branch/libsanitizer/asan/asan_thread.cc:74 "((AddrIsInMem(stack_bottom_))) != (0)" (0x0, 0x0)
FAIL: c-c++-common/asan/stack-overflow-1.c -Os output pattern test, is ==1220== AddressSanitizer CHECK failed: /home/stevenb/lra_powerpc64_autotester/lra-branch/libsanitizer/asan/asan_thread.cc:74 "((AddrIsInMem(stack_bottom_))) != (0)" (0x0, 0x0)
FAIL: c-c++-common/asan/stack-overflow-1.c -O2 -flto -fno-use-linker-plugin -flto-partition=none output pattern test, is ==1806== AddressSanitizer CHECK failed: /home/stevenb/lra_powerpc64_autotester/lra-branch/libsanitizer/asan/asan_thread.cc:74 "((AddrIsInMem(stack_bottom_))) != (0)" (0x0, 0x0)
FAIL: c-c++-common/asan/stack-overflow-1.c -O2 -flto -fuse-linker-plugin -fno-fat-lto-objects output pattern test, is ==2831== AddressSanitizer CHECK failed: /home/stevenb/lra_powerpc64_autotester/lra-branch/libsanitizer/asan/asan_thread.cc:74 "((AddrIsInMem(stack_bottom_))) != (0)" (0x0, 0x0)
FAIL: c-c++-common/asan/strip-path-prefix-1.c -O2 output pattern test, is ==3163== AddressSanitizer CHECK failed: /home/stevenb/lra_powerpc64_autotester/lra-branch/libsanitizer/asan/asan_thread.cc:74 "((AddrIsInMem(stack_bottom_))) != (0)" (0x0, 0x0)
FAIL: c-c++-common/asan/strip-path-prefix-1.c -O2 -flto -fno-use-linker-plugin -flto-partition=none output pattern test, is ==3702== AddressSanitizer CHECK failed: /home/stevenb/lra_powerpc64_autotester/lra-branch/libsanitizer/asan/asan_thread.cc:74 "((AddrIsInMem(stack_bottom_))) != (0)" (0x0, 0x0)
FAIL: c-c++-common/asan/strip-path-prefix-1.c -O2 -flto -fuse-linker-plugin -fno-fat-lto-objects output pattern test, is ==3989== AddressSanitizer CHECK failed: /home/stevenb/lra_powerpc64_autotester/lra-branch/libsanitizer/asan/asan_thread.cc:74 "((AddrIsInMem(stack_bottom_))) != (0)" (0x0, 0x0)
FAIL: c-c++-common/asan/strncpy-overflow-1.c -O0 output pattern test, is ==4192== AddressSanitizer CHECK failed: /home/stevenb/lra_powerpc64_autotester/lra-branch/libsanitizer/asan/asan_thread.cc:74 "((AddrIsInMem(stack_bottom_))) != (0)" (0x0, 0x0)
FAIL: c-c++-common/asan/strncpy-overflow-1.c -O1 output pattern test, is ==4322== AddressSanitizer CHECK failed: /home/stevenb/lra_powerpc64_autotester/lra-branch/libsanitizer/asan/asan_thread.cc:74 "((AddrIsInMem(stack_bottom_))) != (0)" (0x0, 0x0)
FAIL: c-c++-common/asan/strncpy-overflow-1.c -O2 output pattern test, is ==4482== AddressSanitizer CHECK failed: /home/stevenb/lra_powerpc64_autotester/lra-branch/libsanitizer/asan/asan_thread.cc:74 "((AddrIsInMem(stack_bottom_))) != (0)" (0x0, 0x0)
FAIL: c-c++-common/asan/strncpy-overflow-1.c -O3 -fomit-frame-pointer output pattern test, is ==4612== AddressSanitizer CHECK failed: /home/stevenb/lra_powerpc64_autotester/lra-branch/libsanitizer/asan/asan_thread.cc:74 "((AddrIsInMem(stack_bottom_))) != (0)" (0x0, 0x0)
FAIL: c-c++-common/asan/strncpy-overflow-1.c -O3 -g output pattern test, is ==4728== AddressSanitizer CHECK failed: /home/stevenb/lra_powerpc64_autotester/lra-branch/libsanitizer/asan/asan_thread.cc:74 "((AddrIsInMem(stack_bottom_))) != (0)" (0x0, 0x0)
FAIL: c-c++-common/asan/strncpy-overflow-1.c -Os output pattern test, is ==4867== AddressSanitizer CHECK failed: /home/stevenb/lra_powerpc64_autotester/lra-branch/libsanitizer/asan/asan_thread.cc:74 "((AddrIsInMem(stack_bottom_))) != (0)" (0x0, 0x0)
FAIL: c-c++-common/asan/strncpy-overflow-1.c -O2 -flto -fno-use-linker-plugin -flto-partition=none output pattern test, is ==5201== AddressSanitizer CHECK failed: /home/stevenb/lra_powerpc64_autotester/lra-branch/libsanitizer/asan/asan_thread.cc:74 "((AddrIsInMem(stack_bottom_))) != (0)" (0x0, 0x0)
FAIL: c-c++-common/asan/strncpy-overflow-1.c -O2 -flto -fuse-linker-plugin -fno-fat-lto-objects output pattern test, is ==5510== AddressSanitizer CHECK failed: /home/stevenb/lra_powerpc64_autotester/lra-branch/libsanitizer/asan/asan_thread.cc:74 "((AddrIsInMem(stack_bottom_))) != (0)" (0x0, 0x0)
FAIL: c-c++-common/asan/swapcontext-test-1.c -O0 execution test
FAIL: c-c++-common/asan/swapcontext-test-1.c -O1 execution test
FAIL: c-c++-common/asan/swapcontext-test-1.c -O2 execution test
FAIL: c-c++-common/asan/swapcontext-test-1.c -O3 -fomit-frame-pointer execution test
FAIL: c-c++-common/asan/swapcontext-test-1.c -O3 -fomit-frame-pointer -funroll-loops execution test
FAIL: c-c++-common/asan/swapcontext-test-1.c -O3 -fomit-frame-pointer -funroll-all-loops -finline-functions execution test
FAIL: c-c++-common/asan/swapcontext-test-1.c -O3 -g execution test
FAIL: c-c++-common/asan/swapcontext-test-1.c -Os execution test
FAIL: c-c++-common/asan/swapcontext-test-1.c -O2 -flto -fno-use-linker-plugin -flto-partition=none execution test
FAIL: c-c++-common/asan/swapcontext-test-1.c -O2 -flto -fuse-linker-plugin -fno-fat-lto-objects execution test
FAIL: c-c++-common/asan/use-after-free-1.c -O0 output pattern test, is ==7670== AddressSanitizer CHECK failed: /home/stevenb/lra_powerpc64_autotester/lra-branch/libsanitizer/asan/asan_thread.cc:74 "((AddrIsInMem(stack_bottom_))) != (0)" (0x0, 0x0)
FAIL: c-c++-common/asan/use-after-free-1.c -O1 output pattern test, is ==7809== AddressSanitizer CHECK failed: /home/stevenb/lra_powerpc64_autotester/lra-branch/libsanitizer/asan/asan_thread.cc:74 "((AddrIsInMem(stack_bottom_))) != (0)" (0x0, 0x0)
FAIL: c-c++-common/asan/use-after-free-1.c -O2 output pattern test, is ==7953== AddressSanitizer CHECK failed: /home/stevenb/lra_powerpc64_autotester/lra-branch/libsanitizer/asan/asan_thread.cc:74 "((AddrIsInMem(stack_bottom_))) != (0)" (0x0, 0x0)
FAIL: c-c++-common/asan/use-after-free-1.c -O3 -fomit-frame-pointer output pattern test, is ==8039== AddressSanitizer CHECK failed: /home/stevenb/lra_powerpc64_autotester/lra-branch/libsanitizer/asan/asan_thread.cc:74 "((AddrIsInMem(stack_bottom_))) != (0)" (0x0, 0x0)
FAIL: c-c++-common/asan/use-after-free-1.c -O3 -g output pattern test, is ==8193== AddressSanitizer CHECK failed: /home/stevenb/lra_powerpc64_autotester/lra-branch/libsanitizer/asan/asan_thread.cc:74 "((AddrIsInMem(stack_bottom_))) != (0)" (0x0, 0x0)
FAIL: c-c++-common/asan/use-after-free-1.c -Os output pattern test, is ==8354== AddressSanitizer CHECK failed: /home/stevenb/lra_powerpc64_autotester/lra-branch/libsanitizer/asan/asan_thread.cc:74 "((AddrIsInMem(stack_bottom_))) != (0)" (0x0, 0x0)
FAIL: c-c++-common/asan/use-after-free-1.c -O2 -flto -fno-use-linker-plugin -flto-partition=none output pattern test, is ==8824== AddressSanitizer CHECK failed: /home/stevenb/lra_powerpc64_autotester/lra-branch/libsanitizer/asan/asan_thread.cc:74 "((AddrIsInMem(stack_bottom_))) != (0)" (0x0, 0x0)
FAIL: c-c++-common/asan/use-after-free-1.c -O2 -flto -fuse-linker-plugin -fno-fat-lto-objects output pattern test, is ==9039== AddressSanitizer CHECK failed: /home/stevenb/lra_powerpc64_autotester/lra-branch/libsanitizer/asan/asan_thread.cc:74 "((AddrIsInMem(stack_bottom_))) != (0)" (0x0, 0x0)
FAIL: gcc.dg/and-1.c scan-assembler-not nand
FAIL: gcc.dg/pr44194-1.c scan-rtl-dump dse1 "global deletions = (2|3)"
XPASS: gcc.dg/guality/example.c -O0 execution test
XPASS: gcc.dg/guality/example.c -O1 execution test
XPASS: gcc.dg/guality/guality.c -O0 execution test
XPASS: gcc.dg/guality/guality.c -O1 execution test
XPASS: gcc.dg/guality/guality.c -O2 execution test
XPASS: gcc.dg/guality/guality.c -O3 -fomit-frame-pointer execution test
XPASS: gcc.dg/guality/guality.c -O3 -g execution test
XPASS: gcc.dg/guality/guality.c -Os execution test
XPASS: gcc.dg/guality/guality.c -O2 -flto -fno-use-linker-plugin -flto-partition=none execution test
XPASS: gcc.dg/guality/guality.c -O2 -flto -fuse-linker-plugin -fno-fat-lto-objects execution test
XPASS: gcc.dg/guality/inline-params.c -O2 execution test
XPASS: gcc.dg/guality/inline-params.c -O3 -fomit-frame-pointer execution test
XPASS: gcc.dg/guality/inline-params.c -O3 -g execution test
XPASS: gcc.dg/guality/inline-params.c -Os execution test
XPASS: gcc.dg/guality/inline-params.c -O2 -flto -fno-use-linker-plugin -flto-partition=none execution test
FAIL: gcc.dg/guality/pr36728-1.c -O1 line 16 arg6 == 6
FAIL: gcc.dg/guality/pr36728-1.c -O1 line 16 arg7 == 30
FAIL: gcc.dg/guality/pr36728-1.c -O1 line 18 arg4 == 4
FAIL: gcc.dg/guality/pr36728-1.c -O1 line 18 arg5 == 5
FAIL: gcc.dg/guality/pr36728-1.c -O1 line 18 arg6 == 6
FAIL: gcc.dg/guality/pr36728-1.c -O1 line 18 arg7 == 30
FAIL: gcc.dg/guality/pr36728-1.c -O2 line 16 arg7 == 30
FAIL: gcc.dg/guality/pr36728-1.c -O2 line 18 arg3 == 3
FAIL: gcc.dg/guality/pr36728-1.c -O2 line 18 arg7 == 30
FAIL: gcc.dg/guality/pr36728-1.c -O3 -fomit-frame-pointer line 16 arg7 == 30
FAIL: gcc.dg/guality/pr36728-1.c -O3 -fomit-frame-pointer line 18 arg3 == 3
FAIL: gcc.dg/guality/pr36728-1.c -O3 -fomit-frame-pointer line 18 arg7 == 30
FAIL: gcc.dg/guality/pr36728-1.c -O3 -g line 16 arg7 == 30
FAIL: gcc.dg/guality/pr36728-1.c -O3 -g line 18 arg3 == 3
FAIL: gcc.dg/guality/pr36728-1.c -O3 -g line 18 arg7 == 30
FAIL: gcc.dg/guality/pr36728-1.c -Os line 16 arg5 == 5
FAIL: gcc.dg/guality/pr36728-1.c -Os line 16 arg7 == 30
FAIL: gcc.dg/guality/pr36728-1.c -Os line 16 y == 2
FAIL: gcc.dg/guality/pr36728-1.c -Os line 18 arg4 == 4
FAIL: gcc.dg/guality/pr36728-1.c -Os line 18 arg5 == 5
FAIL: gcc.dg/guality/pr36728-1.c -Os line 18 arg7 == 30
FAIL: gcc.dg/guality/pr36728-1.c -Os line 18 y == 2
FAIL: gcc.dg/guality/pr36728-1.c -O2 -flto -fno-use-linker-plugin -flto-partition=none line 16 arg7 == 30
FAIL: gcc.dg/guality/pr36728-1.c -O2 -flto -fno-use-linker-plugin -flto-partition=none line 18 arg3 == 3
FAIL: gcc.dg/guality/pr36728-1.c -O2 -flto -fno-use-linker-plugin -flto-partition=none line 18 arg7 == 30
FAIL: gcc.dg/guality/pr36728-1.c -O2 -flto -fuse-linker-plugin -fno-fat-lto-objects line 16 arg7 == 30
FAIL: gcc.dg/guality/pr36728-1.c -O2 -flto -fuse-linker-plugin -fno-fat-lto-objects line 18 arg5 == 5
FAIL: gcc.dg/guality/pr36728-1.c -O2 -flto -fuse-linker-plugin -fno-fat-lto-objects line 18 arg7 == 30
FAIL: gcc.dg/guality/pr36728-2.c -O1 line 16 arg7 == 30
FAIL: gcc.dg/guality/pr36728-2.c -O1 line 18 arg5 == 5
FAIL: gcc.dg/guality/pr36728-2.c -O1 line 18 arg6 == 6
FAIL: gcc.dg/guality/pr36728-2.c -O1 line 18 arg7 == 30
FAIL: gcc.dg/guality/pr36728-2.c -O2 line 16 arg5 == 5
FAIL: gcc.dg/guality/pr36728-2.c -O2 line 18 arg4 == 4
FAIL: gcc.dg/guality/pr36728-2.c -O2 line 18 arg5 == 5
FAIL: gcc.dg/guality/pr36728-2.c -O2 line 18 *x == (char) 25
FAIL: gcc.dg/guality/pr36728-2.c -O3 -fomit-frame-pointer line 16 arg5 == 5
FAIL: gcc.dg/guality/pr36728-2.c -O3 -fomit-frame-pointer line 18 arg4 == 4
FAIL: gcc.dg/guality/pr36728-2.c -O3 -fomit-frame-pointer line 18 arg5 == 5
FAIL: gcc.dg/guality/pr36728-2.c -O3 -fomit-frame-pointer line 18 *x == (char) 25
FAIL: gcc.dg/guality/pr36728-2.c -O3 -g line 16 arg5 == 5
FAIL: gcc.dg/guality/pr36728-2.c -O3 -g line 18 arg4 == 4
FAIL: gcc.dg/guality/pr36728-2.c -O3 -g line 18 arg5 == 5
FAIL: gcc.dg/guality/pr36728-2.c -O3 -g line 18 *x == (char) 25
FAIL: gcc.dg/guality/pr36728-2.c -Os line 16 arg6 == 6
FAIL: gcc.dg/guality/pr36728-2.c -Os line 18 arg5 == 5
FAIL: gcc.dg/guality/pr36728-2.c -Os line 18 arg6 == 6
FAIL: gcc.dg/guality/pr36728-2.c -Os line 18 *x == (char) 25
FAIL: gcc.dg/guality/pr36728-2.c -O2 -flto -fno-use-linker-plugin -flto-partition=none line 16 arg5 == 5
FAIL: gcc.dg/guality/pr36728-2.c -O2 -flto -fno-use-linker-plugin -flto-partition=none line 18 arg4 == 4
FAIL: gcc.dg/guality/pr36728-2.c -O2 -flto -fno-use-linker-plugin -flto-partition=none line 18 arg5 == 5
FAIL: gcc.dg/guality/pr36728-2.c -O2 -flto -fno-use-linker-plugin -flto-partition=none line 18 *x == (char) 25
FAIL: gcc.dg/guality/pr36728-2.c -O2 -flto -fuse-linker-plugin -fno-fat-lto-objects line 18 arg6 == 6
FAIL: gcc.dg/guality/pr36728-2.c -O2 -flto -fuse-linker-plugin -fno-fat-lto-objects line 18 *x == (char) 25
FAIL: gcc.dg/guality/pr36728-3.c -O1 line 14 arg6 == 6
FAIL: gcc.dg/guality/pr36728-3.c -O1 line 14 arg7 == 30
FAIL: gcc.dg/guality/pr36728-3.c -O1 line 16 arg6 == 6
FAIL: gcc.dg/guality/pr36728-3.c -O1 line 16 arg7 == 30
FAIL: gcc.dg/guality/pr36728-3.c -O2 line 14 arg6 == 6
FAIL: gcc.dg/guality/pr36728-3.c -O2 line 14 arg7 == 30
FAIL: gcc.dg/guality/pr36728-3.c -O2 line 16 arg6 == 6
FAIL: gcc.dg/guality/pr36728-3.c -O2 line 16 arg7 == 30
FAIL: gcc.dg/guality/pr36728-3.c -O3 -fomit-frame-pointer line 14 arg6 == 6
FAIL: gcc.dg/guality/pr36728-3.c -O3 -fomit-frame-pointer line 14 arg7 == 30
FAIL: gcc.dg/guality/pr36728-3.c -O3 -fomit-frame-pointer line 16 arg6 == 6
FAIL: gcc.dg/guality/pr36728-3.c -O3 -fomit-frame-pointer line 16 arg7 == 30
FAIL: gcc.dg/guality/pr36728-3.c -O3 -g line 14 arg6 == 6
FAIL: gcc.dg/guality/pr36728-3.c -O3 -g line 14 arg7 == 30
FAIL: gcc.dg/guality/pr36728-3.c -O3 -g line 16 arg6 == 6
FAIL: gcc.dg/guality/pr36728-3.c -O3 -g line 16 arg7 == 30
FAIL: gcc.dg/guality/pr36728-3.c -Os line 14 arg6 == 6
FAIL: gcc.dg/guality/pr36728-3.c -Os line 14 arg7 == 30
FAIL: gcc.dg/guality/pr36728-3.c -Os line 16 arg6 == 6
FAIL: gcc.dg/guality/pr36728-3.c -Os line 16 arg7 == 30
FAIL: gcc.dg/guality/pr36728-3.c -O2 -flto -fno-use-linker-plugin -flto-partition=none line 14 arg6 == 6
FAIL: gcc.dg/guality/pr36728-3.c -O2 -flto -fno-use-linker-plugin -flto-partition=none line 14 arg7 == 30
FAIL: gcc.dg/guality/pr36728-3.c -O2 -flto -fno-use-linker-plugin -flto-partition=none line 16 arg6 == 6
FAIL: gcc.dg/guality/pr36728-3.c -O2 -flto -fno-use-linker-plugin -flto-partition=none line 16 arg7 == 30
FAIL: gcc.dg/guality/pr36728-3.c -O2 -flto -fuse-linker-plugin -fno-fat-lto-objects line 14 arg6 == 6
FAIL: gcc.dg/guality/pr36728-3.c -O2 -flto -fuse-linker-plugin -fno-fat-lto-objects line 14 arg7 == 30
FAIL: gcc.dg/guality/pr36728-3.c -O2 -flto -fuse-linker-plugin -fno-fat-lto-objects line 16 arg6 == 6
FAIL: gcc.dg/guality/pr36728-3.c -O2 -flto -fuse-linker-plugin -fno-fat-lto-objects line 16 arg7 == 30
FAIL: gcc.dg/guality/pr36728-4.c -O1 line 14 arg7 == 30
FAIL: gcc.dg/guality/pr36728-4.c -O1 line 16 arg7 == 30
FAIL: gcc.dg/guality/pr36728-4.c -O2 line 14 arg7 == 30
FAIL: gcc.dg/guality/pr36728-4.c -O2 line 16 arg7 == 30
FAIL: gcc.dg/guality/pr36728-4.c -O3 -fomit-frame-pointer line 14 arg7 == 30
FAIL: gcc.dg/guality/pr36728-4.c -O3 -fomit-frame-pointer line 16 arg7 == 30
FAIL: gcc.dg/guality/pr36728-4.c -O3 -g line 14 arg7 == 30
FAIL: gcc.dg/guality/pr36728-4.c -O3 -g line 16 arg7 == 30
FAIL: gcc.dg/guality/pr36728-4.c -Os line 14 arg7 == 30
FAIL: gcc.dg/guality/pr36728-4.c -Os line 16 arg7 == 30
FAIL: gcc.dg/guality/pr36728-4.c -O2 -flto -fno-use-linker-plugin -flto-partition=none line 14 arg7 == 30
FAIL: gcc.dg/guality/pr36728-4.c -O2 -flto -fno-use-linker-plugin -flto-partition=none line 16 arg7 == 30
FAIL: gcc.dg/guality/pr36728-4.c -O2 -flto -fuse-linker-plugin -fno-fat-lto-objects line 14 arg7 == 30
FAIL: gcc.dg/guality/pr36728-4.c -O2 -flto -fuse-linker-plugin -fno-fat-lto-objects line 16 arg7 == 30
XPASS: gcc.dg/guality/pr41353-1.c -O0 line 28 j == 28 + 37
FAIL: gcc.dg/guality/pr41353-1.c -O1 line 28 i == 37
XPASS: gcc.dg/guality/pr41353-1.c -O1 line 28 j == 28 + 37
FAIL: gcc.dg/guality/pr41353-1.c -O1 line 28 i1 == 2 * 37
FAIL: gcc.dg/guality/pr41353-1.c -O1 line 28 i2 == 3 * 37
FAIL: gcc.dg/guality/pr41353-1.c -O2 line 28 i == 37
XPASS: gcc.dg/guality/pr41353-1.c -O2 line 28 j == 28 + 37
FAIL: gcc.dg/guality/pr41353-1.c -O2 line 28 i1 == 2 * 37
FAIL: gcc.dg/guality/pr41353-1.c -O2 line 28 i2 == 3 * 37
FAIL: gcc.dg/guality/pr41353-1.c -O3 -fomit-frame-pointer line 28 i == 37
XPASS: gcc.dg/guality/pr41353-1.c -O3 -fomit-frame-pointer line 28 j == 28 + 37
FAIL: gcc.dg/guality/pr41353-1.c -O3 -fomit-frame-pointer line 28 i1 == 2 * 37
FAIL: gcc.dg/guality/pr41353-1.c -O3 -fomit-frame-pointer line 28 i2 == 3 * 37
FAIL: gcc.dg/guality/pr41353-1.c -O3 -g line 28 i == 37
XPASS: gcc.dg/guality/pr41353-1.c -O3 -g line 28 j == 28 + 37
FAIL: gcc.dg/guality/pr41353-1.c -O3 -g line 28 i1 == 2 * 37
FAIL: gcc.dg/guality/pr41353-1.c -O3 -g line 28 i2 == 3 * 37
FAIL: gcc.dg/guality/pr41353-1.c -Os line 28 i == 37
XPASS: gcc.dg/guality/pr41353-1.c -Os line 28 j == 28 + 37
FAIL: gcc.dg/guality/pr41353-1.c -Os line 28 i1 == 2 * 37
FAIL: gcc.dg/guality/pr41353-1.c -Os line 28 i2 == 3 * 37
FAIL: gcc.dg/guality/pr41353-1.c -O2 -flto -fno-use-linker-plugin -flto-partition=none line 28 i == 37
XPASS: gcc.dg/guality/pr41353-1.c -O2 -flto -fno-use-linker-plugin -flto-partition=none line 28 j == 28 + 37
FAIL: gcc.dg/guality/pr41353-1.c -O2 -flto -fno-use-linker-plugin -flto-partition=none line 28 i1 == 2 * 37
FAIL: gcc.dg/guality/pr41353-1.c -O2 -flto -fno-use-linker-plugin -flto-partition=none line 28 i2 == 3 * 37
FAIL: gcc.dg/guality/pr41353-1.c -O2 -flto -fuse-linker-plugin -fno-fat-lto-objects line 28 i == 37
XPASS: gcc.dg/guality/pr41353-1.c -O2 -flto -fuse-linker-plugin -fno-fat-lto-objects line 28 j == 28 + 37
FAIL: gcc.dg/guality/pr41353-1.c -O2 -flto -fuse-linker-plugin -fno-fat-lto-objects line 28 i1 == 2 * 37
FAIL: gcc.dg/guality/pr41353-1.c -O2 -flto -fuse-linker-plugin -fno-fat-lto-objects line 28 i2 == 3 * 37
XPASS: gcc.dg/guality/pr41447-1.c -O0 execution test
XPASS: gcc.dg/guality/pr41447-1.c -O1 execution test
XPASS: gcc.dg/guality/pr41447-1.c -O2 execution test
XPASS: gcc.dg/guality/pr41447-1.c -O3 -fomit-frame-pointer execution test
XPASS: gcc.dg/guality/pr41447-1.c -O3 -g execution test
XPASS: gcc.dg/guality/pr41447-1.c -Os execution test
XPASS: gcc.dg/guality/pr41447-1.c -O2 -flto -fno-use-linker-plugin -flto-partition=none execution test
XPASS: gcc.dg/guality/pr41447-1.c -O2 -flto -fuse-linker-plugin -fno-fat-lto-objects execution test
XPASS: gcc.dg/guality/pr41616-1.c -O0 execution test
XPASS: gcc.dg/guality/pr41616-1.c -O1 execution test
XPASS: gcc.dg/guality/pr41616-1.c -O2 execution test
XPASS: gcc.dg/guality/pr41616-1.c -O3 -fomit-frame-pointer execution test
XPASS: gcc.dg/guality/pr41616-1.c -O3 -g execution test
XPASS: gcc.dg/guality/pr41616-1.c -Os execution test
XPASS: gcc.dg/guality/pr41616-1.c -O2 -flto -fno-use-linker-plugin -flto-partition=none execution test
FAIL: gcc.dg/guality/pr43051-1.c -O1 line 40 v == 1
FAIL: gcc.dg/guality/pr43051-1.c -O2 line 40 v == 1
FAIL: gcc.dg/guality/pr43051-1.c -O3 -fomit-frame-pointer line 35 v == 1
FAIL: gcc.dg/guality/pr43051-1.c -O3 -fomit-frame-pointer line 40 v == 1
FAIL: gcc.dg/guality/pr43051-1.c -O3 -fomit-frame-pointer -funroll-loops line 35 v == 1
FAIL: gcc.dg/guality/pr43051-1.c -O3 -fomit-frame-pointer -funroll-loops line 40 v == 1
FAIL: gcc.dg/guality/pr43051-1.c -O3 -fomit-frame-pointer -funroll-all-loops -finline-functions line 35 v == 1
FAIL: gcc.dg/guality/pr43051-1.c -O3 -fomit-frame-pointer -funroll-all-loops -finline-functions line 40 v == 1
FAIL: gcc.dg/guality/pr43051-1.c -O3 -g line 35 v == 1
FAIL: gcc.dg/guality/pr43051-1.c -O3 -g line 40 v == 1
FAIL: gcc.dg/guality/pr43051-1.c -Os line 40 v == 1
FAIL: gcc.dg/guality/pr43051-1.c -O2 -flto -fno-use-linker-plugin -flto-partition=none line 40 v == 1
FAIL: gcc.dg/guality/pr43051-1.c -O2 -flto -fuse-linker-plugin -fno-fat-lto-objects line 40 v == 1
FAIL: gcc.dg/guality/pr54200.c -O1 line 20 z == 3
FAIL: gcc.dg/guality/pr54200.c -O2 line 20 z == 3
FAIL: gcc.dg/guality/pr54200.c -O3 -fomit-frame-pointer line 20 z == 3
FAIL: gcc.dg/guality/pr54200.c -O3 -g line 20 z == 3
FAIL: gcc.dg/guality/pr54200.c -Os line 20 z == 3
FAIL: gcc.dg/guality/pr54200.c -O2 -flto -fno-use-linker-plugin -flto-partition=none line 20 z == 3
FAIL: gcc.dg/guality/pr54200.c -O2 -flto -fuse-linker-plugin -fno-fat-lto-objects line 20 z == 3
FAIL: gcc.dg/guality/pr54519-1.c -O1 line 20 x == 36
FAIL: gcc.dg/guality/pr54519-1.c -O1 line 20 y == 25
FAIL: gcc.dg/guality/pr54519-1.c -O1 line 23 x == 98
FAIL: gcc.dg/guality/pr54519-1.c -O1 line 23 y == 117
FAIL: gcc.dg/guality/pr54519-1.c -O2 line 20 x == 36
FAIL: gcc.dg/guality/pr54519-1.c -O2 line 23 x == 98
FAIL: gcc.dg/guality/pr54519-1.c -Os line 20 x == 36
FAIL: gcc.dg/guality/pr54519-1.c -Os line 23 x == 98
FAIL: gcc.dg/guality/pr54519-1.c -O2 -flto -fno-use-linker-plugin -flto-partition=none line 20 x == 36
FAIL: gcc.dg/guality/pr54519-1.c -O2 -flto -fno-use-linker-plugin -flto-partition=none line 20 y == 25
FAIL: gcc.dg/guality/pr54519-1.c -O2 -flto -fno-use-linker-plugin -flto-partition=none line 20 z == 6
FAIL: gcc.dg/guality/pr54519-1.c -O2 -flto -fno-use-linker-plugin -flto-partition=none line 23 x == 98
FAIL: gcc.dg/guality/pr54519-1.c -O2 -flto -fno-use-linker-plugin -flto-partition=none line 23 y == 117
FAIL: gcc.dg/guality/pr54519-1.c -O2 -flto -fno-use-linker-plugin -flto-partition=none line 23 z == 8
FAIL: gcc.dg/guality/pr54519-1.c -O2 -flto -fuse-linker-plugin -fno-fat-lto-objects line 20 y == 25
FAIL: gcc.dg/guality/pr54519-1.c -O2 -flto -fuse-linker-plugin -fno-fat-lto-objects line 20 z == 6
FAIL: gcc.dg/guality/pr54519-2.c -O1 line 17 x == 6
FAIL: gcc.dg/guality/pr54519-2.c -O2 -flto -fno-use-linker-plugin -flto-partition=none line 17 y == 25
FAIL: gcc.dg/guality/pr54519-2.c -O2 -flto -fuse-linker-plugin -fno-fat-lto-objects line 17 y == 25
FAIL: gcc.dg/guality/pr54519-3.c -O1 line 20 x == 36
FAIL: gcc.dg/guality/pr54519-3.c -O1 line 20 y == 25
FAIL: gcc.dg/guality/pr54519-3.c -O1 line 20 z == 6
FAIL: gcc.dg/guality/pr54519-3.c -O1 line 23 x == 98
FAIL: gcc.dg/guality/pr54519-3.c -O1 line 23 y == 117
FAIL: gcc.dg/guality/pr54519-3.c -O1 line 23 z == 8
FAIL: gcc.dg/guality/pr54519-3.c -O2 line 20 z == 6
FAIL: gcc.dg/guality/pr54519-3.c -O2 line 23 z == 8
FAIL: gcc.dg/guality/pr54519-3.c -O3 -fomit-frame-pointer line 20 z == 6
FAIL: gcc.dg/guality/pr54519-3.c -O3 -fomit-frame-pointer line 23 z == 8
FAIL: gcc.dg/guality/pr54519-3.c -O3 -g line 20 z == 6
FAIL: gcc.dg/guality/pr54519-3.c -O3 -g line 23 z == 8
FAIL: gcc.dg/guality/pr54519-3.c -Os line 20 z == 6
FAIL: gcc.dg/guality/pr54519-3.c -Os line 23 z == 8
FAIL: gcc.dg/guality/pr54519-3.c -O2 -flto -fno-use-linker-plugin -flto-partition=none line 20 y == 25
FAIL: gcc.dg/guality/pr54519-3.c -O2 -flto -fno-use-linker-plugin -flto-partition=none line 20 z == 6
FAIL: gcc.dg/guality/pr54519-3.c -O2 -flto -fno-use-linker-plugin -flto-partition=none line 23 y == 117
FAIL: gcc.dg/guality/pr54519-3.c -O2 -flto -fno-use-linker-plugin -flto-partition=none line 23 z == 8
FAIL: gcc.dg/guality/pr54519-3.c -O2 -flto -fuse-linker-plugin -fno-fat-lto-objects line 20 y == 25
FAIL: gcc.dg/guality/pr54519-3.c -O2 -flto -fuse-linker-plugin -fno-fat-lto-objects line 20 z == 6
FAIL: gcc.dg/guality/pr54519-3.c -O2 -flto -fuse-linker-plugin -fno-fat-lto-objects line 23 y == 117
FAIL: gcc.dg/guality/pr54519-3.c -O2 -flto -fuse-linker-plugin -fno-fat-lto-objects line 23 z == 8
FAIL: gcc.dg/guality/pr54519-4.c -O1 line 17 x == 6
FAIL: gcc.dg/guality/pr54519-4.c -O1 line 17 y == 25
FAIL: gcc.dg/guality/pr54519-4.c -O2 line 17 y == 25
FAIL: gcc.dg/guality/pr54519-4.c -O3 -fomit-frame-pointer line 17 y == 25
FAIL: gcc.dg/guality/pr54519-4.c -O3 -g line 17 y == 25
FAIL: gcc.dg/guality/pr54519-4.c -Os line 17 y == 25
FAIL: gcc.dg/guality/pr54519-4.c -O2 -flto -fno-use-linker-plugin -flto-partition=none line 17 y == 25
FAIL: gcc.dg/guality/pr54519-4.c -O2 -flto -fuse-linker-plugin -fno-fat-lto-objects line 17 y == 25
FAIL: gcc.dg/guality/pr54519-5.c -O1 line 17 x == 6
FAIL: gcc.dg/guality/pr54519-5.c -O1 line 17 y == 25
FAIL: gcc.dg/guality/pr54519-5.c -O2 line 17 y == 25
FAIL: gcc.dg/guality/pr54519-5.c -O3 -fomit-frame-pointer line 17 y == 25
FAIL: gcc.dg/guality/pr54519-5.c -O3 -g line 17 y == 25
FAIL: gcc.dg/guality/pr54519-5.c -Os line 17 y == 25
FAIL: gcc.dg/guality/pr54519-5.c -O2 -flto -fno-use-linker-plugin -flto-partition=none line 17 y == 25
FAIL: gcc.dg/guality/pr54519-5.c -O2 -flto -fuse-linker-plugin -fno-fat-lto-objects line 17 y == 25
FAIL: gcc.dg/guality/pr54551.c -O1 line 18 a == 4
FAIL: gcc.dg/guality/pr54551.c -O2 line 18 a == 4
FAIL: gcc.dg/guality/pr54551.c -O3 -fomit-frame-pointer line 18 a == 4
FAIL: gcc.dg/guality/pr54551.c -O3 -g line 18 a == 4
FAIL: gcc.dg/guality/pr54551.c -Os line 18 a == 4
FAIL: gcc.dg/guality/pr54551.c -O2 -flto -fno-use-linker-plugin -flto-partition=none line 18 a == 4
FAIL: gcc.dg/guality/pr54693-2.c -O1 line 21 x == 10 - i
FAIL: gcc.dg/guality/pr54693-2.c -O1 line 21 y == 20 - 2 * i
FAIL: gcc.dg/guality/pr54693-2.c -O2 line 21 x == 10 - i
FAIL: gcc.dg/guality/pr54693-2.c -O2 line 21 y == 20 - 2 * i
FAIL: gcc.dg/guality/pr54693-2.c -O3 -fomit-frame-pointer line 21 x == 10 - i
FAIL: gcc.dg/guality/pr54693-2.c -O3 -fomit-frame-pointer line 21 y == 20 - 2 * i
FAIL: gcc.dg/guality/pr54693-2.c -O3 -fomit-frame-pointer -funroll-loops line 21 x == 10 - i
FAIL: gcc.dg/guality/pr54693-2.c -O3 -fomit-frame-pointer -funroll-loops line 21 y == 20 - 2 * i
FAIL: gcc.dg/guality/pr54693-2.c -O3 -fomit-frame-pointer -funroll-all-loops -finline-functions line 21 x == 10 - i
FAIL: gcc.dg/guality/pr54693-2.c -O3 -fomit-frame-pointer -funroll-all-loops -finline-functions line 21 y == 20 - 2 * i
FAIL: gcc.dg/guality/pr54693-2.c -O3 -g line 21 x == 10 - i
FAIL: gcc.dg/guality/pr54693-2.c -O3 -g line 21 y == 20 - 2 * i
FAIL: gcc.dg/guality/pr54693-2.c -Os line 21 y == 20 - 2 * i
FAIL: gcc.dg/guality/pr54693-2.c -Os line 21 z == 30 - 3 * i
FAIL: gcc.dg/guality/pr54693-2.c -O2 -flto -fno-use-linker-plugin -flto-partition=none line 21 x == 10 - i
FAIL: gcc.dg/guality/pr54693-2.c -O2 -flto -fno-use-linker-plugin -flto-partition=none line 21 y == 20 - 2 * i
FAIL: gcc.dg/guality/pr54693-2.c -O2 -flto -fuse-linker-plugin -fno-fat-lto-objects line 21 x == 10 - i
FAIL: gcc.dg/guality/pr54693-2.c -O2 -flto -fuse-linker-plugin -fno-fat-lto-objects line 21 y == 20 - 2 * i
FAIL: gcc.dg/guality/pr54693.c -O1 line 22 i == c - 48
FAIL: gcc.dg/guality/pr54693.c -O2 line 22 i == c - 48
FAIL: gcc.dg/guality/pr54693.c -O3 -fomit-frame-pointer line 22 i == c - 48
FAIL: gcc.dg/guality/pr54693.c -O3 -fomit-frame-pointer -funroll-loops line 22 i == c - 48
FAIL: gcc.dg/guality/pr54693.c -O3 -fomit-frame-pointer -funroll-all-loops -finline-functions line 22 i == c - 48
FAIL: gcc.dg/guality/pr54693.c -O3 -g line 22 i == c - 48
FAIL: gcc.dg/guality/pr54693.c -O2 -flto -fno-use-linker-plugin -flto-partition=none line 22 i == c - 48
FAIL: gcc.dg/guality/pr54693.c -O2 -flto -fuse-linker-plugin -fno-fat-lto-objects line 22 i == c - 48
FAIL: gcc.dg/guality/pr54970.c -O1 line 15 a[0] == 1
FAIL: gcc.dg/guality/pr54970.c -O1 line 15 a[1] == 2
FAIL: gcc.dg/guality/pr54970.c -O1 line 15 a[2] == 3
FAIL: gcc.dg/guality/pr54970.c -O1 line 15 *p == 3
FAIL: gcc.dg/guality/pr54970.c -O1 line 15 *q == 2
FAIL: gcc.dg/guality/pr54970.c -O1 line 20 a[0] == 1
FAIL: gcc.dg/guality/pr54970.c -O1 line 20 a[1] == 2
FAIL: gcc.dg/guality/pr54970.c -O1 line 20 a[2] == 13
FAIL: gcc.dg/guality/pr54970.c -O1 line 20 *p == 13
FAIL: gcc.dg/guality/pr54970.c -O1 line 20 *q == 2
FAIL: gcc.dg/guality/pr54970.c -O1 line 25 a[0] == 1
FAIL: gcc.dg/guality/pr54970.c -O1 line 25 a[1] == 12
FAIL: gcc.dg/guality/pr54970.c -O1 line 25 a[2] == 13
FAIL: gcc.dg/guality/pr54970.c -O1 line 25 *p == 13
FAIL: gcc.dg/guality/pr54970.c -O1 line 25 *q == 12
FAIL: gcc.dg/guality/pr54970.c -O1 line 31 *p == 6
FAIL: gcc.dg/guality/pr54970.c -O1 line 31 *q == 5
FAIL: gcc.dg/guality/pr54970.c -O1 line 36 *p == 26
FAIL: gcc.dg/guality/pr54970.c -O1 line 36 *q == 5
FAIL: gcc.dg/guality/pr54970.c -O1 line 45 *p == 26
FAIL: gcc.dg/guality/pr54970.c -O1 line 45 p[-1] == 25
FAIL: gcc.dg/guality/pr54970.c -O1 line 45 p[-2] == 4
FAIL: gcc.dg/guality/pr54970.c -O1 line 45 q[-1] == 4
FAIL: gcc.dg/guality/pr54970.c -O1 line 45 q[1] == 26
FAIL: gcc.dg/guality/pr54970.c -O1 line 45 *q == 25
FAIL: gcc.dg/guality/pr54970.c -O2 line 15 a[0] == 1
FAIL: gcc.dg/guality/pr54970.c -O2 line 15 a[1] == 2
FAIL: gcc.dg/guality/pr54970.c -O2 line 15 a[2] == 3
FAIL: gcc.dg/guality/pr54970.c -O2 line 15 *p == 3
FAIL: gcc.dg/guality/pr54970.c -O2 line 15 *q == 2
FAIL: gcc.dg/guality/pr54970.c -O2 line 20 a[0] == 1
FAIL: gcc.dg/guality/pr54970.c -O2 line 20 a[1] == 2
FAIL: gcc.dg/guality/pr54970.c -O2 line 20 a[2] == 13
FAIL: gcc.dg/guality/pr54970.c -O2 line 20 *p == 13
FAIL: gcc.dg/guality/pr54970.c -O2 line 20 *q == 2
FAIL: gcc.dg/guality/pr54970.c -O2 line 25 a[0] == 1
FAIL: gcc.dg/guality/pr54970.c -O2 line 25 a[1] == 12
FAIL: gcc.dg/guality/pr54970.c -O2 line 25 a[2] == 13
FAIL: gcc.dg/guality/pr54970.c -O2 line 25 *p == 13
FAIL: gcc.dg/guality/pr54970.c -O2 line 25 *q == 12
FAIL: gcc.dg/guality/pr54970.c -O2 line 31 *p == 6
FAIL: gcc.dg/guality/pr54970.c -O2 line 31 *q == 5
FAIL: gcc.dg/guality/pr54970.c -O2 line 36 *p == 26
FAIL: gcc.dg/guality/pr54970.c -O2 line 36 *q == 5
FAIL: gcc.dg/guality/pr54970.c -O2 line 45 *p == 26
FAIL: gcc.dg/guality/pr54970.c -O2 line 45 p[-1] == 25
FAIL: gcc.dg/guality/pr54970.c -O2 line 45 p[-2] == 4
FAIL: gcc.dg/guality/pr54970.c -O2 line 45 q[-1] == 4
FAIL: gcc.dg/guality/pr54970.c -O2 line 45 q[1] == 26
FAIL: gcc.dg/guality/pr54970.c -O2 line 45 *q == 25
FAIL: gcc.dg/guality/pr54970.c -O3 -fomit-frame-pointer line 15 a[0] == 1
FAIL: gcc.dg/guality/pr54970.c -O3 -fomit-frame-pointer line 15 a[1] == 2
FAIL: gcc.dg/guality/pr54970.c -O3 -fomit-frame-pointer line 15 a[2] == 3
FAIL: gcc.dg/guality/pr54970.c -O3 -fomit-frame-pointer line 15 *p == 3
FAIL: gcc.dg/guality/pr54970.c -O3 -fomit-frame-pointer line 15 *q == 2
FAIL: gcc.dg/guality/pr54970.c -O3 -fomit-frame-pointer line 20 a[0] == 1
FAIL: gcc.dg/guality/pr54970.c -O3 -fomit-frame-pointer line 20 a[1] == 2
FAIL: gcc.dg/guality/pr54970.c -O3 -fomit-frame-pointer line 20 a[2] == 13
FAIL: gcc.dg/guality/pr54970.c -O3 -fomit-frame-pointer line 20 *p == 13
FAIL: gcc.dg/guality/pr54970.c -O3 -fomit-frame-pointer line 20 *q == 2
FAIL: gcc.dg/guality/pr54970.c -O3 -fomit-frame-pointer line 25 a[0] == 1
FAIL: gcc.dg/guality/pr54970.c -O3 -fomit-frame-pointer line 25 a[1] == 12
FAIL: gcc.dg/guality/pr54970.c -O3 -fomit-frame-pointer line 25 a[2] == 13
FAIL: gcc.dg/guality/pr54970.c -O3 -fomit-frame-pointer line 25 *p == 13
FAIL: gcc.dg/guality/pr54970.c -O3 -fomit-frame-pointer line 25 *q == 12
FAIL: gcc.dg/guality/pr54970.c -O3 -fomit-frame-pointer line 31 *p == 6
FAIL: gcc.dg/guality/pr54970.c -O3 -fomit-frame-pointer line 31 *q == 5
FAIL: gcc.dg/guality/pr54970.c -O3 -fomit-frame-pointer line 36 *p == 26
FAIL: gcc.dg/guality/pr54970.c -O3 -fomit-frame-pointer line 36 *q == 5
FAIL: gcc.dg/guality/pr54970.c -O3 -fomit-frame-pointer line 45 *p == 26
FAIL: gcc.dg/guality/pr54970.c -O3 -fomit-frame-pointer line 45 p[-1] == 25
FAIL: gcc.dg/guality/pr54970.c -O3 -fomit-frame-pointer line 45 p[-2] == 4
FAIL: gcc.dg/guality/pr54970.c -O3 -fomit-frame-pointer line 45 q[-1] == 4
FAIL: gcc.dg/guality/pr54970.c -O3 -fomit-frame-pointer line 45 q[1] == 26
FAIL: gcc.dg/guality/pr54970.c -O3 -fomit-frame-pointer line 45 *q == 25
FAIL: gcc.dg/guality/pr54970.c -O3 -g line 15 a[0] == 1
FAIL: gcc.dg/guality/pr54970.c -O3 -g line 15 a[1] == 2
FAIL: gcc.dg/guality/pr54970.c -O3 -g line 15 a[2] == 3
FAIL: gcc.dg/guality/pr54970.c -O3 -g line 15 *p == 3
FAIL: gcc.dg/guality/pr54970.c -O3 -g line 15 *q == 2
FAIL: gcc.dg/guality/pr54970.c -O3 -g line 20 a[0] == 1
FAIL: gcc.dg/guality/pr54970.c -O3 -g line 20 a[1] == 2
FAIL: gcc.dg/guality/pr54970.c -O3 -g line 20 a[2] == 13
FAIL: gcc.dg/guality/pr54970.c -O3 -g line 20 *p == 13
FAIL: gcc.dg/guality/pr54970.c -O3 -g line 20 *q == 2
FAIL: gcc.dg/guality/pr54970.c -O3 -g line 25 a[0] == 1
FAIL: gcc.dg/guality/pr54970.c -O3 -g line 25 a[1] == 12
FAIL: gcc.dg/guality/pr54970.c -O3 -g line 25 a[2] == 13
FAIL: gcc.dg/guality/pr54970.c -O3 -g line 25 *p == 13
FAIL: gcc.dg/guality/pr54970.c -O3 -g line 25 *q == 12
FAIL: gcc.dg/guality/pr54970.c -O3 -g line 31 *p == 6
FAIL: gcc.dg/guality/pr54970.c -O3 -g line 31 *q == 5
FAIL: gcc.dg/guality/pr54970.c -O3 -g line 36 *p == 26
FAIL: gcc.dg/guality/pr54970.c -O3 -g line 36 *q == 5
FAIL: gcc.dg/guality/pr54970.c -O3 -g line 45 *p == 26
FAIL: gcc.dg/guality/pr54970.c -O3 -g line 45 p[-1] == 25
FAIL: gcc.dg/guality/pr54970.c -O3 -g line 45 p[-2] == 4
FAIL: gcc.dg/guality/pr54970.c -O3 -g line 45 q[-1] == 4
FAIL: gcc.dg/guality/pr54970.c -O3 -g line 45 q[1] == 26
FAIL: gcc.dg/guality/pr54970.c -O3 -g line 45 *q == 25
FAIL: gcc.dg/guality/pr54970.c -Os line 15 a[0] == 1
FAIL: gcc.dg/guality/pr54970.c -Os line 15 a[1] == 2
FAIL: gcc.dg/guality/pr54970.c -Os line 15 a[2] == 3
FAIL: gcc.dg/guality/pr54970.c -Os line 15 *p == 3
FAIL: gcc.dg/guality/pr54970.c -Os line 15 *q == 2
FAIL: gcc.dg/guality/pr54970.c -Os line 20 a[0] == 1
FAIL: gcc.dg/guality/pr54970.c -Os line 20 a[1] == 2
FAIL: gcc.dg/guality/pr54970.c -Os line 20 a[2] == 13
FAIL: gcc.dg/guality/pr54970.c -Os line 20 *p == 13
FAIL: gcc.dg/guality/pr54970.c -Os line 20 *q == 2
FAIL: gcc.dg/guality/pr54970.c -Os line 25 a[0] == 1
FAIL: gcc.dg/guality/pr54970.c -Os line 25 a[1] == 12
FAIL: gcc.dg/guality/pr54970.c -Os line 25 a[2] == 13
FAIL: gcc.dg/guality/pr54970.c -Os line 25 *p == 13
FAIL: gcc.dg/guality/pr54970.c -Os line 25 *q == 12
FAIL: gcc.dg/guality/pr54970.c -Os line 31 *p == 6
FAIL: gcc.dg/guality/pr54970.c -Os line 31 *q == 5
FAIL: gcc.dg/guality/pr54970.c -Os line 36 *p == 26
FAIL: gcc.dg/guality/pr54970.c -Os line 36 *q == 5
FAIL: gcc.dg/guality/pr54970.c -Os line 45 *p == 26
FAIL: gcc.dg/guality/pr54970.c -Os line 45 p[-1] == 25
FAIL: gcc.dg/guality/pr54970.c -Os line 45 p[-2] == 4
FAIL: gcc.dg/guality/pr54970.c -Os line 45 q[-1] == 4
FAIL: gcc.dg/guality/pr54970.c -Os line 45 q[1] == 26
FAIL: gcc.dg/guality/pr54970.c -Os line 45 *q == 25
FAIL: gcc.dg/guality/pr54970.c -O2 -flto -fno-use-linker-plugin -flto-partition=none line 15 a[0] == 1
FAIL: gcc.dg/guality/pr54970.c -O2 -flto -fno-use-linker-plugin -flto-partition=none line 15 a[1] == 2
FAIL: gcc.dg/guality/pr54970.c -O2 -flto -fno-use-linker-plugin -flto-partition=none line 15 a[2] == 3
FAIL: gcc.dg/guality/pr54970.c -O2 -flto -fno-use-linker-plugin -flto-partition=none line 15 *p == 3
FAIL: gcc.dg/guality/pr54970.c -O2 -flto -fno-use-linker-plugin -flto-partition=none line 15 *q == 2
FAIL: gcc.dg/guality/pr54970.c -O2 -flto -fno-use-linker-plugin -flto-partition=none line 20 a[0] == 1
FAIL: gcc.dg/guality/pr54970.c -O2 -flto -fno-use-linker-plugin -flto-partition=none line 20 a[1] == 2
FAIL: gcc.dg/guality/pr54970.c -O2 -flto -fno-use-linker-plugin -flto-partition=none line 20 a[2] == 13
FAIL: gcc.dg/guality/pr54970.c -O2 -flto -fno-use-linker-plugin -flto-partition=none line 20 *p == 13
FAIL: gcc.dg/guality/pr54970.c -O2 -flto -fno-use-linker-plugin -flto-partition=none line 20 *q == 2
FAIL: gcc.dg/guality/pr54970.c -O2 -flto -fno-use-linker-plugin -flto-partition=none line 25 a[0] == 1
FAIL: gcc.dg/guality/pr54970.c -O2 -flto -fno-use-linker-plugin -flto-partition=none line 25 a[1] == 12
FAIL: gcc.dg/guality/pr54970.c -O2 -flto -fno-use-linker-plugin -flto-partition=none line 25 a[2] == 13
FAIL: gcc.dg/guality/pr54970.c -O2 -flto -fno-use-linker-plugin -flto-partition=none line 25 *p == 13
FAIL: gcc.dg/guality/pr54970.c -O2 -flto -fno-use-linker-plugin -flto-partition=none line 25 *q == 12
FAIL: gcc.dg/guality/pr54970.c -O2 -flto -fno-use-linker-plugin -flto-partition=none line 31 *p == 6
FAIL: gcc.dg/guality/pr54970.c -O2 -flto -fno-use-linker-plugin -flto-partition=none line 31 *q == 5
FAIL: gcc.dg/guality/pr54970.c -O2 -flto -fno-use-linker-plugin -flto-partition=none line 36 *p == 26
FAIL: gcc.dg/guality/pr54970.c -O2 -flto -fno-use-linker-plugin -flto-partition=none line 36 *q == 5
FAIL: gcc.dg/guality/pr54970.c -O2 -flto -fno-use-linker-plugin -flto-partition=none line 45 *p == 26
FAIL: gcc.dg/guality/pr54970.c -O2 -flto -fno-use-linker-plugin -flto-partition=none line 45 p[-1] == 25
FAIL: gcc.dg/guality/pr54970.c -O2 -flto -fno-use-linker-plugin -flto-partition=none line 45 p[-2] == 4
FAIL: gcc.dg/guality/pr54970.c -O2 -flto -fno-use-linker-plugin -flto-partition=none line 45 q[-1] == 4
FAIL: gcc.dg/guality/pr54970.c -O2 -flto -fno-use-linker-plugin -flto-partition=none line 45 q[1] == 26
FAIL: gcc.dg/guality/pr54970.c -O2 -flto -fno-use-linker-plugin -flto-partition=none line 45 *q == 25
FAIL: gcc.dg/guality/pr54970.c -O2 -flto -fuse-linker-plugin -fno-fat-lto-objects line 15 a[0] == 1
FAIL: gcc.dg/guality/pr54970.c -O2 -flto -fuse-linker-plugin -fno-fat-lto-objects line 15 a[1] == 2
FAIL: gcc.dg/guality/pr54970.c -O2 -flto -fuse-linker-plugin -fno-fat-lto-objects line 15 a[2] == 3
FAIL: gcc.dg/guality/pr54970.c -O2 -flto -fuse-linker-plugin -fno-fat-lto-objects line 15 *p == 3
FAIL: gcc.dg/guality/pr54970.c -O2 -flto -fuse-linker-plugin -fno-fat-lto-objects line 15 *q == 2
FAIL: gcc.dg/guality/pr54970.c -O2 -flto -fuse-linker-plugin -fno-fat-lto-objects line 20 a[0] == 1
FAIL: gcc.dg/guality/pr54970.c -O2 -flto -fuse-linker-plugin -fno-fat-lto-objects line 20 a[1] == 2
FAIL: gcc.dg/guality/pr54970.c -O2 -flto -fuse-linker-plugin -fno-fat-lto-objects line 20 a[2] == 13
FAIL: gcc.dg/guality/pr54970.c -O2 -flto -fuse-linker-plugin -fno-fat-lto-objects line 20 *p == 13
FAIL: gcc.dg/guality/pr54970.c -O2 -flto -fuse-linker-plugin -fno-fat-lto-objects line 20 *q == 2
FAIL: gcc.dg/guality/pr54970.c -O2 -flto -fuse-linker-plugin -fno-fat-lto-objects line 25 a[0] == 1
FAIL: gcc.dg/guality/pr54970.c -O2 -flto -fuse-linker-plugin -fno-fat-lto-objects line 25 a[1] == 12
FAIL: gcc.dg/guality/pr54970.c -O2 -flto -fuse-linker-plugin -fno-fat-lto-objects line 25 a[2] == 13
FAIL: gcc.dg/guality/pr54970.c -O2 -flto -fuse-linker-plugin -fno-fat-lto-objects line 25 *p == 13
FAIL: gcc.dg/guality/pr54970.c -O2 -flto -fuse-linker-plugin -fno-fat-lto-objects line 25 *q == 12
FAIL: gcc.dg/guality/pr54970.c -O2 -flto -fuse-linker-plugin -fno-fat-lto-objects line 31 *p == 6
FAIL: gcc.dg/guality/pr54970.c -O2 -flto -fuse-linker-plugin -fno-fat-lto-objects line 31 *q == 5
FAIL: gcc.dg/guality/pr54970.c -O2 -flto -fuse-linker-plugin -fno-fat-lto-objects line 36 *p == 26
FAIL: gcc.dg/guality/pr54970.c -O2 -flto -fuse-linker-plugin -fno-fat-lto-objects line 36 *q == 5
FAIL: gcc.dg/guality/pr54970.c -O2 -flto -fuse-linker-plugin -fno-fat-lto-objects line 45 *p == 26
FAIL: gcc.dg/guality/pr54970.c -O2 -flto -fuse-linker-plugin -fno-fat-lto-objects line 45 p[-1] == 25
FAIL: gcc.dg/guality/pr54970.c -O2 -flto -fuse-linker-plugin -fno-fat-lto-objects line 45 p[-2] == 4
FAIL: gcc.dg/guality/pr54970.c -O2 -flto -fuse-linker-plugin -fno-fat-lto-objects line 45 q[-1] == 4
FAIL: gcc.dg/guality/pr54970.c -O2 -flto -fuse-linker-plugin -fno-fat-lto-objects line 45 q[1] == 26
FAIL: gcc.dg/guality/pr54970.c -O2 -flto -fuse-linker-plugin -fno-fat-lto-objects line 45 *q == 25
FAIL: gcc.dg/guality/pr56154-1.c -O1 line pr56154-1.c:20 x.a == 6
FAIL: gcc.dg/guality/pr56154-1.c -Os line pr56154-1.c:20 x.a == 6
FAIL: gcc.dg/guality/pr56154-1.c -O2 -flto -fuse-linker-plugin -fno-fat-lto-objects line pr56154-1.c:20 x.a == 6
FAIL: gcc.dg/guality/sra-1.c -O1 line 43 a.j == 14
FAIL: gcc.dg/guality/sra-1.c -O2 line 43 a.j == 14
FAIL: gcc.dg/guality/sra-1.c -O3 -fomit-frame-pointer line 43 a.j == 14
FAIL: gcc.dg/guality/sra-1.c -O3 -g line 43 a.j == 14
FAIL: gcc.dg/guality/sra-1.c -Os line 43 a.j == 14
FAIL: gcc.dg/guality/sra-1.c -O2 -flto -fno-use-linker-plugin -flto-partition=none line 43 a.j == 14
FAIL: gcc.dg/guality/sra-1.c -O2 -flto -fuse-linker-plugin -fno-fat-lto-objects line 43 a.j == 14
FAIL: gcc.dg/guality/vla-2.c -O2 line 25 sizeof (a) == 6 * sizeof (int)
FAIL: gcc.dg/guality/vla-2.c -O3 -fomit-frame-pointer line 25 sizeof (a) == 6 * sizeof (int)
FAIL: gcc.dg/guality/vla-2.c -O3 -g line 25 sizeof (a) == 6 * sizeof (int)
FAIL: gcc.dg/guality/vla-2.c -O2 -flto -fno-use-linker-plugin -flto-partition=none line 25 sizeof (a) == 6 * sizeof (int)
FAIL: gcc.dg/guality/vla-2.c -O2 -flto -fuse-linker-plugin -fno-fat-lto-objects line 25 sizeof (a) == 6 * sizeof (int)
FAIL: gcc.dg/tree-ssa/ssa-dom-thread-4.c scan-tree-dump-times dom1 "Threaded" 3
FAIL: gcc.dg/tree-ssa/vrp47.c scan-tree-dump-times vrp1 "[xy][^ ]* !=" 0
FAIL: gcc.dg/tree-ssa/vrp47.c scan-tree-dump-times dom2 "x[^ ]* & y" 1
FAIL: gcc.dg/vect/slp-widen-mult-half.c execution test
FAIL: gcc.dg/vect/slp-widen-mult-half.c -flto execution test
FAIL: gcc.target/powerpc/ppc-vector-memcpy.c scan-assembler lvx
FAIL: gcc.target/powerpc/pr53199.c scan-assembler-times stwbrx 6
=== gcc Summary ===
# of expected passes 90369
# of unexpected failures 516
# of unexpected successes 38
# of expected failures 250
# of unsupported tests 1571
/home/stevenb/lra_powerpc64_autotester/build-lra/gcc/xgcc version 4.8.0 20130222 (experimental) [lra revision 196227] (GCC)
=== gfortran tests ===
Running target unix
FAIL: gfortran.dg/bessel_6.f90 -O0 execution test
FAIL: gfortran.dg/bessel_6.f90 -O1 execution test
FAIL: gfortran.dg/bessel_6.f90 -O2 execution test
FAIL: gfortran.dg/bessel_6.f90 -O3 -fomit-frame-pointer execution test
FAIL: gfortran.dg/bessel_6.f90 -O3 -fomit-frame-pointer -funroll-loops execution test
FAIL: gfortran.dg/bessel_6.f90 -O3 -fomit-frame-pointer -funroll-all-loops -finline-functions execution test
FAIL: gfortran.dg/bessel_6.f90 -O3 -g execution test
FAIL: gfortran.dg/bessel_6.f90 -Os execution test
XPASS: gfortran.dg/do_1.f90 -O0 execution test
XPASS: gfortran.dg/do_1.f90 -O1 execution test
XPASS: gfortran.dg/nint_2.f90 -O0 execution test
FAIL: gfortran.dg/lto/pr45586-2 f_lto_pr45586-2_0.o-f_lto_pr45586-2_0.o link, -O0 -flto -flto-partition=none -fuse-linker-plugin (internal compiler error)
UNRESOLVED: gfortran.dg/lto/pr45586-2 f_lto_pr45586-2_0.o-f_lto_pr45586-2_0.o execute -O0 -flto -flto-partition=none -fuse-linker-plugin
FAIL: gfortran.dg/lto/pr45586-2 f_lto_pr45586-2_0.o-f_lto_pr45586-2_0.o link, -O0 -flto -flto-partition=1to1 -fno-use-linker-plugin (internal compiler error)
UNRESOLVED: gfortran.dg/lto/pr45586-2 f_lto_pr45586-2_0.o-f_lto_pr45586-2_0.o execute -O0 -flto -flto-partition=1to1 -fno-use-linker-plugin
FAIL: gfortran.dg/lto/pr45586-2 f_lto_pr45586-2_0.o-f_lto_pr45586-2_0.o link, -O0 -flto -fuse-linker-plugin -fno-fat-lto-objects (internal compiler error)
UNRESOLVED: gfortran.dg/lto/pr45586-2 f_lto_pr45586-2_0.o-f_lto_pr45586-2_0.o execute -O0 -flto -fuse-linker-plugin -fno-fat-lto-objects
FAIL: gfortran.dg/lto/pr45586 f_lto_pr45586_0.o-f_lto_pr45586_0.o link, -O0 -flto -flto-partition=none -fuse-linker-plugin (internal compiler error)
UNRESOLVED: gfortran.dg/lto/pr45586 f_lto_pr45586_0.o-f_lto_pr45586_0.o execute -O0 -flto -flto-partition=none -fuse-linker-plugin
FAIL: gfortran.dg/lto/pr45586 f_lto_pr45586_0.o-f_lto_pr45586_0.o link, -O0 -flto -flto-partition=1to1 -fno-use-linker-plugin (internal compiler error)
UNRESOLVED: gfortran.dg/lto/pr45586 f_lto_pr45586_0.o-f_lto_pr45586_0.o execute -O0 -flto -flto-partition=1to1 -fno-use-linker-plugin
FAIL: gfortran.dg/lto/pr45586 f_lto_pr45586_0.o-f_lto_pr45586_0.o link, -O0 -flto -fuse-linker-plugin -fno-fat-lto-objects (internal compiler error)
UNRESOLVED: gfortran.dg/lto/pr45586 f_lto_pr45586_0.o-f_lto_pr45586_0.o execute -O0 -flto -fuse-linker-plugin -fno-fat-lto-objects
=== gfortran Summary ===
# of expected passes 43333
# of unexpected failures 14
# of unexpected successes 3
# of expected failures 87
# of unresolved testcases 6
# of unsupported tests 70
/home/stevenb/lra_powerpc64_autotester/build-lra/gcc/testsuite/gfortran/../../gfortran version 4.8.0 20130222 (experimental) [lra revision 196227] (GCC)
=== g++ tests ===
Running target unix
FAIL: c-c++-common/asan/clone-test-1.c -O0 execution test
FAIL: c-c++-common/asan/clone-test-1.c -O1 execution test
FAIL: c-c++-common/asan/clone-test-1.c -O2 execution test
FAIL: c-c++-common/asan/clone-test-1.c -O3 -fomit-frame-pointer execution test
FAIL: c-c++-common/asan/clone-test-1.c -O3 -fomit-frame-pointer -funroll-loops execution test
FAIL: c-c++-common/asan/clone-test-1.c -O3 -fomit-frame-pointer -funroll-all-loops -finline-functions execution test
FAIL: c-c++-common/asan/clone-test-1.c -O3 -g execution test
FAIL: c-c++-common/asan/clone-test-1.c -Os execution test
FAIL: c-c++-common/asan/clone-test-1.c -O2 -flto -fno-use-linker-plugin -flto-partition=none execution test
FAIL: c-c++-common/asan/clone-test-1.c -O2 -flto -fuse-linker-plugin -fno-fat-lto-objects execution test
FAIL: c-c++-common/asan/global-overflow-1.c -O0 output pattern test, is ==59575== AddressSanitizer CHECK failed: /home/stevenb/lra_powerpc64_autotester/lra-branch/libsanitizer/asan/asan_thread.cc:74 "((AddrIsInMem(stack_bottom_))) != (0)" (0x0, 0x0)
FAIL: c-c++-common/asan/global-overflow-1.c -O1 output pattern test, is ==59704== AddressSanitizer CHECK failed: /home/stevenb/lra_powerpc64_autotester/lra-branch/libsanitizer/asan/asan_thread.cc:74 "((AddrIsInMem(stack_bottom_))) != (0)" (0x0, 0x0)
FAIL: c-c++-common/asan/global-overflow-1.c -O2 output pattern test, is ==59850== AddressSanitizer CHECK failed: /home/stevenb/lra_powerpc64_autotester/lra-branch/libsanitizer/asan/asan_thread.cc:74 "((AddrIsInMem(stack_bottom_))) != (0)" (0x0, 0x0)
FAIL: c-c++-common/asan/global-overflow-1.c -O3 -fomit-frame-pointer output pattern test, is ==60003== AddressSanitizer CHECK failed: /home/stevenb/lra_powerpc64_autotester/lra-branch/libsanitizer/asan/asan_thread.cc:74 "((AddrIsInMem(stack_bottom_))) != (0)" (0x0, 0x0)
FAIL: c-c++-common/asan/global-overflow-1.c -O3 -g output pattern test, is ==60152== AddressSanitizer CHECK failed: /home/stevenb/lra_powerpc64_autotester/lra-branch/libsanitizer/asan/asan_thread.cc:74 "((AddrIsInMem(stack_bottom_))) != (0)" (0x0, 0x0)
FAIL: c-c++-common/asan/global-overflow-1.c -Os output pattern test, is ==60275== AddressSanitizer CHECK failed: /home/stevenb/lra_powerpc64_autotester/lra-branch/libsanitizer/asan/asan_thread.cc:74 "((AddrIsInMem(stack_bottom_))) != (0)" (0x0, 0x0)
FAIL: c-c++-common/asan/global-overflow-1.c -O2 -flto -fno-use-linker-plugin -flto-partition=none output pattern test, is ==60509== AddressSanitizer CHECK failed: /home/stevenb/lra_powerpc64_autotester/lra-branch/libsanitizer/asan/asan_thread.cc:74 "((AddrIsInMem(stack_bottom_))) != (0)" (0x0, 0x0)
FAIL: c-c++-common/asan/global-overflow-1.c -O2 -flto -fuse-linker-plugin -fno-fat-lto-objects output pattern test, is ==60790== AddressSanitizer CHECK failed: /home/stevenb/lra_powerpc64_autotester/lra-branch/libsanitizer/asan/asan_thread.cc:74 "((AddrIsInMem(stack_bottom_))) != (0)" (0x0, 0x0)
FAIL: c-c++-common/asan/heap-overflow-1.c -O0 output pattern test, is ==60964== AddressSanitizer CHECK failed: /home/stevenb/lra_powerpc64_autotester/lra-branch/libsanitizer/asan/asan_thread.cc:74 "((AddrIsInMem(stack_bottom_))) != (0)" (0x0, 0x0)
FAIL: c-c++-common/asan/heap-overflow-1.c -O1 output pattern test, is ==61045== AddressSanitizer CHECK failed: /home/stevenb/lra_powerpc64_autotester/lra-branch/libsanitizer/asan/asan_thread.cc:74 "((AddrIsInMem(stack_bottom_))) != (0)" (0x0, 0x0)
FAIL: c-c++-common/asan/heap-overflow-1.c -O2 output pattern test, is ==61119== AddressSanitizer CHECK failed: /home/stevenb/lra_powerpc64_autotester/lra-branch/libsanitizer/asan/asan_thread.cc:74 "((AddrIsInMem(stack_bottom_))) != (0)" (0x0, 0x0)
FAIL: c-c++-common/asan/heap-overflow-1.c -O3 -fomit-frame-pointer output pattern test, is ==61189== AddressSanitizer CHECK failed: /home/stevenb/lra_powerpc64_autotester/lra-branch/libsanitizer/asan/asan_thread.cc:74 "((AddrIsInMem(stack_bottom_))) != (0)" (0x0, 0x0)
FAIL: c-c++-common/asan/heap-overflow-1.c -O3 -g output pattern test, is ==61259== AddressSanitizer CHECK failed: /home/stevenb/lra_powerpc64_autotester/lra-branch/libsanitizer/asan/asan_thread.cc:74 "((AddrIsInMem(stack_bottom_))) != (0)" (0x0, 0x0)
FAIL: c-c++-common/asan/heap-overflow-1.c -Os output pattern test, is ==61349== AddressSanitizer CHECK failed: /home/stevenb/lra_powerpc64_autotester/lra-branch/libsanitizer/asan/asan_thread.cc:74 "((AddrIsInMem(stack_bottom_))) != (0)" (0x0, 0x0)
FAIL: c-c++-common/asan/heap-overflow-1.c -O2 -flto -fno-use-linker-plugin -flto-partition=none output pattern test, is ==61526== AddressSanitizer CHECK failed: /home/stevenb/lra_powerpc64_autotester/lra-branch/libsanitizer/asan/asan_thread.cc:74 "((AddrIsInMem(stack_bottom_))) != (0)" (0x0, 0x0)
FAIL: c-c++-common/asan/heap-overflow-1.c -O2 -flto -fuse-linker-plugin -fno-fat-lto-objects output pattern test, is ==61733== AddressSanitizer CHECK failed: /home/stevenb/lra_powerpc64_autotester/lra-branch/libsanitizer/asan/asan_thread.cc:74 "((AddrIsInMem(stack_bottom_))) != (0)" (0x0, 0x0)
FAIL: c-c++-common/asan/memcmp-1.c -O0 output pattern test, is ==61923== AddressSanitizer CHECK failed: /home/stevenb/lra_powerpc64_autotester/lra-branch/libsanitizer/asan/asan_thread.cc:74 "((AddrIsInMem(stack_bottom_))) != (0)" (0x0, 0x0)
FAIL: c-c++-common/asan/memcmp-1.c -O1 output pattern test, is ==62017== AddressSanitizer CHECK failed: /home/stevenb/lra_powerpc64_autotester/lra-branch/libsanitizer/asan/asan_thread.cc:74 "((AddrIsInMem(stack_bottom_))) != (0)" (0x0, 0x0)
FAIL: c-c++-common/asan/memcmp-1.c -O2 output pattern test, is ==62075== AddressSanitizer CHECK failed: /home/stevenb/lra_powerpc64_autotester/lra-branch/libsanitizer/asan/asan_thread.cc:74 "((AddrIsInMem(stack_bottom_))) != (0)" (0x0, 0x0)
FAIL: c-c++-common/asan/memcmp-1.c -O3 -fomit-frame-pointer output pattern test, is ==62298== AddressSanitizer CHECK failed: /home/stevenb/lra_powerpc64_autotester/lra-branch/libsanitizer/asan/asan_thread.cc:74 "((AddrIsInMem(stack_bottom_))) != (0)" (0x0, 0x0)
FAIL: c-c++-common/asan/memcmp-1.c -O3 -g output pattern test, is ==62403== AddressSanitizer CHECK failed: /home/stevenb/lra_powerpc64_autotester/lra-branch/libsanitizer/asan/asan_thread.cc:74 "((AddrIsInMem(stack_bottom_))) != (0)" (0x0, 0x0)
FAIL: c-c++-common/asan/memcmp-1.c -Os output pattern test, is ==62508== AddressSanitizer CHECK failed: /home/stevenb/lra_powerpc64_autotester/lra-branch/libsanitizer/asan/asan_thread.cc:74 "((AddrIsInMem(stack_bottom_))) != (0)" (0x0, 0x0)
FAIL: c-c++-common/asan/memcmp-1.c -O2 -flto -fno-use-linker-plugin -flto-partition=none output pattern test, is ==62828== AddressSanitizer CHECK failed: /home/stevenb/lra_powerpc64_autotester/lra-branch/libsanitizer/asan/asan_thread.cc:74 "((AddrIsInMem(stack_bottom_))) != (0)" (0x0, 0x0)
FAIL: c-c++-common/asan/memcmp-1.c -O2 -flto -fuse-linker-plugin -fno-fat-lto-objects output pattern test, is ==63037== AddressSanitizer CHECK failed: /home/stevenb/lra_powerpc64_autotester/lra-branch/libsanitizer/asan/asan_thread.cc:74 "((AddrIsInMem(stack_bottom_))) != (0)" (0x0, 0x0)
FAIL: c-c++-common/asan/null-deref-1.c -O0 output pattern test, is ==64164== AddressSanitizer CHECK failed: /home/stevenb/lra_powerpc64_autotester/lra-branch/libsanitizer/asan/asan_thread.cc:74 "((AddrIsInMem(stack_bottom_))) != (0)" (0x0, 0x0)
FAIL: c-c++-common/asan/null-deref-1.c -O1 output pattern test, is ==64312== AddressSanitizer CHECK failed: /home/stevenb/lra_powerpc64_autotester/lra-branch/libsanitizer/asan/asan_thread.cc:74 "((AddrIsInMem(stack_bottom_))) != (0)" (0x0, 0x0)
FAIL: c-c++-common/asan/null-deref-1.c -O2 output pattern test, is ==64486== AddressSanitizer CHECK failed: /home/stevenb/lra_powerpc64_autotester/lra-branch/libsanitizer/asan/asan_thread.cc:74 "((AddrIsInMem(stack_bottom_))) != (0)" (0x0, 0x0)
FAIL: c-c++-common/asan/null-deref-1.c -O3 -fomit-frame-pointer output pattern test, is ==64624== AddressSanitizer CHECK failed: /home/stevenb/lra_powerpc64_autotester/lra-branch/libsanitizer/asan/asan_thread.cc:74 "((AddrIsInMem(stack_bottom_))) != (0)" (0x0, 0x0)
FAIL: c-c++-common/asan/null-deref-1.c -O3 -g output pattern test, is ==64762== AddressSanitizer CHECK failed: /home/stevenb/lra_powerpc64_autotester/lra-branch/libsanitizer/asan/asan_thread.cc:74 "((AddrIsInMem(stack_bottom_))) != (0)" (0x0, 0x0)
FAIL: c-c++-common/asan/null-deref-1.c -Os output pattern test, is ==64964== AddressSanitizer CHECK failed: /home/stevenb/lra_powerpc64_autotester/lra-branch/libsanitizer/asan/asan_thread.cc:74 "((AddrIsInMem(stack_bottom_))) != (0)" (0x0, 0x0)
FAIL: c-c++-common/asan/null-deref-1.c -O2 -flto -fno-use-linker-plugin -flto-partition=none output pattern test, is ==65209== AddressSanitizer CHECK failed: /home/stevenb/lra_powerpc64_autotester/lra-branch/libsanitizer/asan/asan_thread.cc:74 "((AddrIsInMem(stack_bottom_))) != (0)" (0x0, 0x0)
FAIL: c-c++-common/asan/null-deref-1.c -O2 -flto -fuse-linker-plugin -fno-fat-lto-objects output pattern test, is ==65449== AddressSanitizer CHECK failed: /home/stevenb/lra_powerpc64_autotester/lra-branch/libsanitizer/asan/asan_thread.cc:74 "((AddrIsInMem(stack_bottom_))) != (0)" (0x0, 0x0)
FAIL: c-c++-common/asan/rlimit-mmap-test-1.c -O0 output pattern test, is ==1586== AddressSanitizer CHECK failed: /home/stevenb/lra_powerpc64_autotester/lra-branch/libsanitizer/asan/asan_thread.cc:74 "((AddrIsInMem(stack_bottom_))) != (0)" (0x0, 0x0)
FAIL: c-c++-common/asan/sanity-check-pure-c-1.c -O0 output pattern test, is ==1873== AddressSanitizer CHECK failed: /home/stevenb/lra_powerpc64_autotester/lra-branch/libsanitizer/asan/asan_thread.cc:74 "((AddrIsInMem(stack_bottom_))) != (0)" (0x0, 0x0)
FAIL: c-c++-common/asan/sanity-check-pure-c-1.c -O1 output pattern test, is ==2083== AddressSanitizer CHECK failed: /home/stevenb/lra_powerpc64_autotester/lra-branch/libsanitizer/asan/asan_thread.cc:74 "((AddrIsInMem(stack_bottom_))) != (0)" (0x0, 0x0)
FAIL: c-c++-common/asan/sanity-check-pure-c-1.c -O2 output pattern test, is ==2297== AddressSanitizer CHECK failed: /home/stevenb/lra_powerpc64_autotester/lra-branch/libsanitizer/asan/asan_thread.cc:74 "((AddrIsInMem(stack_bottom_))) != (0)" (0x0, 0x0)
FAIL: c-c++-common/asan/sanity-check-pure-c-1.c -O3 -fomit-frame-pointer output pattern test, is ==2513== AddressSanitizer CHECK failed: /home/stevenb/lra_powerpc64_autotester/lra-branch/libsanitizer/asan/asan_thread.cc:74 "((AddrIsInMem(stack_bottom_))) != (0)" (0x0, 0x0)
FAIL: c-c++-common/asan/sanity-check-pure-c-1.c -O3 -g output pattern test, is ==2803== AddressSanitizer CHECK failed: /home/stevenb/lra_powerpc64_autotester/lra-branch/libsanitizer/asan/asan_thread.cc:74 "((AddrIsInMem(stack_bottom_))) != (0)" (0x0, 0x0)
FAIL: c-c++-common/asan/sanity-check-pure-c-1.c -Os output pattern test, is ==2995== AddressSanitizer CHECK failed: /home/stevenb/lra_powerpc64_autotester/lra-branch/libsanitizer/asan/asan_thread.cc:74 "((AddrIsInMem(stack_bottom_))) != (0)" (0x0, 0x0)
FAIL: c-c++-common/asan/sanity-check-pure-c-1.c -O2 -flto -fno-use-linker-plugin -flto-partition=none output pattern test, is ==3455== AddressSanitizer CHECK failed: /home/stevenb/lra_powerpc64_autotester/lra-branch/libsanitizer/asan/asan_thread.cc:74 "((AddrIsInMem(stack_bottom_))) != (0)" (0x0, 0x0)
FAIL: c-c++-common/asan/sanity-check-pure-c-1.c -O2 -flto -fuse-linker-plugin -fno-fat-lto-objects output pattern test, is ==3678== AddressSanitizer CHECK failed: /home/stevenb/lra_powerpc64_autotester/lra-branch/libsanitizer/asan/asan_thread.cc:74 "((AddrIsInMem(stack_bottom_))) != (0)" (0x0, 0x0)
FAIL: c-c++-common/asan/sleep-before-dying-1.c -O2 output pattern test, is ==3816== AddressSanitizer CHECK failed: /home/stevenb/lra_powerpc64_autotester/lra-branch/libsanitizer/asan/asan_thread.cc:74 "((AddrIsInMem(stack_bottom_))) != (0)" (0x0, 0x0)
FAIL: c-c++-common/asan/sleep-before-dying-1.c -O2 -flto -fno-use-linker-plugin -flto-partition=none output pattern test, is ==4110== AddressSanitizer CHECK failed: /home/stevenb/lra_powerpc64_autotester/lra-branch/libsanitizer/asan/asan_thread.cc:74 "((AddrIsInMem(stack_bottom_))) != (0)" (0x0, 0x0)
FAIL: c-c++-common/asan/sleep-before-dying-1.c -O2 -flto -fuse-linker-plugin -fno-fat-lto-objects output pattern test, is ==4331== AddressSanitizer CHECK failed: /home/stevenb/lra_powerpc64_autotester/lra-branch/libsanitizer/asan/asan_thread.cc:74 "((AddrIsInMem(stack_bottom_))) != (0)" (0x0, 0x0)
FAIL: c-c++-common/asan/stack-overflow-1.c -O0 output pattern test, is ==4455== AddressSanitizer CHECK failed: /home/stevenb/lra_powerpc64_autotester/lra-branch/libsanitizer/asan/asan_thread.cc:74 "((AddrIsInMem(stack_bottom_))) != (0)" (0x0, 0x0)
FAIL: c-c++-common/asan/stack-overflow-1.c -O1 output pattern test, is ==4781== AddressSanitizer CHECK failed: /home/stevenb/lra_powerpc64_autotester/lra-branch/libsanitizer/asan/asan_thread.cc:74 "((AddrIsInMem(stack_bottom_))) != (0)" (0x0, 0x0)
FAIL: c-c++-common/asan/stack-overflow-1.c -O2 output pattern test, is ==4875== AddressSanitizer CHECK failed: /home/stevenb/lra_powerpc64_autotester/lra-branch/libsanitizer/asan/asan_thread.cc:74 "((AddrIsInMem(stack_bottom_))) != (0)" (0x0, 0x0)
FAIL: c-c++-common/asan/stack-overflow-1.c -O3 -fomit-frame-pointer output pattern test, is ==4920== AddressSanitizer CHECK failed: /home/stevenb/lra_powerpc64_autotester/lra-branch/libsanitizer/asan/asan_thread.cc:74 "((AddrIsInMem(stack_bottom_))) != (0)" (0x0, 0x0)
FAIL: c-c++-common/asan/stack-overflow-1.c -O3 -g output pattern test, is ==4993== AddressSanitizer CHECK failed: /home/stevenb/lra_powerpc64_autotester/lra-branch/libsanitizer/asan/asan_thread.cc:74 "((AddrIsInMem(stack_bottom_))) != (0)" (0x0, 0x0)
FAIL: c-c++-common/asan/stack-overflow-1.c -Os output pattern test, is ==5049== AddressSanitizer CHECK failed: /home/stevenb/lra_powerpc64_autotester/lra-branch/libsanitizer/asan/asan_thread.cc:74 "((AddrIsInMem(stack_bottom_))) != (0)" (0x0, 0x0)
FAIL: c-c++-common/asan/stack-overflow-1.c -O2 -flto -fno-use-linker-plugin -flto-partition=none output pattern test, is ==5193== AddressSanitizer CHECK failed: /home/stevenb/lra_powerpc64_autotester/lra-branch/libsanitizer/asan/asan_thread.cc:74 "((AddrIsInMem(stack_bottom_))) != (0)" (0x0, 0x0)
FAIL: c-c++-common/asan/stack-overflow-1.c -O2 -flto -fuse-linker-plugin -fno-fat-lto-objects output pattern test, is ==5391== AddressSanitizer CHECK failed: /home/stevenb/lra_powerpc64_autotester/lra-branch/libsanitizer/asan/asan_thread.cc:74 "((AddrIsInMem(stack_bottom_))) != (0)" (0x0, 0x0)
FAIL: c-c++-common/asan/strip-path-prefix-1.c -O2 output pattern test, is ==5618== AddressSanitizer CHECK failed: /home/stevenb/lra_powerpc64_autotester/lra-branch/libsanitizer/asan/asan_thread.cc:74 "((AddrIsInMem(stack_bottom_))) != (0)" (0x0, 0x0)
FAIL: c-c++-common/asan/strip-path-prefix-1.c -O2 -flto -fno-use-linker-plugin -flto-partition=none output pattern test, is ==5869== AddressSanitizer CHECK failed: /home/stevenb/lra_powerpc64_autotester/lra-branch/libsanitizer/asan/asan_thread.cc:74 "((AddrIsInMem(stack_bottom_))) != (0)" (0x0, 0x0)
FAIL: c-c++-common/asan/strip-path-prefix-1.c -O2 -flto -fuse-linker-plugin -fno-fat-lto-objects output pattern test, is ==5997== AddressSanitizer CHECK failed: /home/stevenb/lra_powerpc64_autotester/lra-branch/libsanitizer/asan/asan_thread.cc:74 "((AddrIsInMem(stack_bottom_))) != (0)" (0x0, 0x0)
FAIL: c-c++-common/asan/strncpy-overflow-1.c -O0 output pattern test, is ==6068== AddressSanitizer CHECK failed: /home/stevenb/lra_powerpc64_autotester/lra-branch/libsanitizer/asan/asan_thread.cc:74 "((AddrIsInMem(stack_bottom_))) != (0)" (0x0, 0x0)
FAIL: c-c++-common/asan/strncpy-overflow-1.c -O1 output pattern test, is ==6196== AddressSanitizer CHECK failed: /home/stevenb/lra_powerpc64_autotester/lra-branch/libsanitizer/asan/asan_thread.cc:74 "((AddrIsInMem(stack_bottom_))) != (0)" (0x0, 0x0)
FAIL: c-c++-common/asan/strncpy-overflow-1.c -O2 output pattern test, is ==6369== AddressSanitizer CHECK failed: /home/stevenb/lra_powerpc64_autotester/lra-branch/libsanitizer/asan/asan_thread.cc:74 "((AddrIsInMem(stack_bottom_))) != (0)" (0x0, 0x0)
FAIL: c-c++-common/asan/strncpy-overflow-1.c -O3 -fomit-frame-pointer output pattern test, is ==6431== AddressSanitizer CHECK failed: /home/stevenb/lra_powerpc64_autotester/lra-branch/libsanitizer/asan/asan_thread.cc:74 "((AddrIsInMem(stack_bottom_))) != (0)" (0x0, 0x0)
FAIL: c-c++-common/asan/strncpy-overflow-1.c -O3 -g output pattern test, is ==6499== AddressSanitizer CHECK failed: /home/stevenb/lra_powerpc64_autotester/lra-branch/libsanitizer/asan/asan_thread.cc:74 "((AddrIsInMem(stack_bottom_))) != (0)" (0x0, 0x0)
FAIL: c-c++-common/asan/strncpy-overflow-1.c -Os output pattern test, is ==6540== AddressSanitizer CHECK failed: /home/stevenb/lra_powerpc64_autotester/lra-branch/libsanitizer/asan/asan_thread.cc:74 "((AddrIsInMem(stack_bottom_))) != (0)" (0x0, 0x0)
FAIL: c-c++-common/asan/strncpy-overflow-1.c -O2 -flto -fno-use-linker-plugin -flto-partition=none output pattern test, is ==6781== AddressSanitizer CHECK failed: /home/stevenb/lra_powerpc64_autotester/lra-branch/libsanitizer/asan/asan_thread.cc:74 "((AddrIsInMem(stack_bottom_))) != (0)" (0x0, 0x0)
FAIL: c-c++-common/asan/strncpy-overflow-1.c -O2 -flto -fuse-linker-plugin -fno-fat-lto-objects output pattern test, is ==7002== AddressSanitizer CHECK failed: /home/stevenb/lra_powerpc64_autotester/lra-branch/libsanitizer/asan/asan_thread.cc:74 "((AddrIsInMem(stack_bottom_))) != (0)" (0x0, 0x0)
FAIL: c-c++-common/asan/swapcontext-test-1.c -O0 execution test
FAIL: c-c++-common/asan/swapcontext-test-1.c -O1 execution test
FAIL: c-c++-common/asan/swapcontext-test-1.c -O2 execution test
FAIL: c-c++-common/asan/swapcontext-test-1.c -O3 -fomit-frame-pointer execution test
FAIL: c-c++-common/asan/swapcontext-test-1.c -O3 -fomit-frame-pointer -funroll-loops execution test
FAIL: c-c++-common/asan/swapcontext-test-1.c -O3 -fomit-frame-pointer -funroll-all-loops -finline-functions execution test
FAIL: c-c++-common/asan/swapcontext-test-1.c -O3 -g execution test
FAIL: c-c++-common/asan/swapcontext-test-1.c -Os execution test
FAIL: c-c++-common/asan/swapcontext-test-1.c -O2 -flto -fno-use-linker-plugin -flto-partition=none execution test
FAIL: c-c++-common/asan/swapcontext-test-1.c -O2 -flto -fuse-linker-plugin -fno-fat-lto-objects execution test
FAIL: c-c++-common/asan/use-after-free-1.c -O0 output pattern test, is ==8839== AddressSanitizer CHECK failed: /home/stevenb/lra_powerpc64_autotester/lra-branch/libsanitizer/asan/asan_thread.cc:74 "((AddrIsInMem(stack_bottom_))) != (0)" (0x0, 0x0)
FAIL: c-c++-common/asan/use-after-free-1.c -O1 output pattern test, is ==8901== AddressSanitizer CHECK failed: /home/stevenb/lra_powerpc64_autotester/lra-branch/libsanitizer/asan/asan_thread.cc:74 "((AddrIsInMem(stack_bottom_))) != (0)" (0x0, 0x0)
FAIL: c-c++-common/asan/use-after-free-1.c -O2 output pattern test, is ==8964== AddressSanitizer CHECK failed: /home/stevenb/lra_powerpc64_autotester/lra-branch/libsanitizer/asan/asan_thread.cc:74 "((AddrIsInMem(stack_bottom_))) != (0)" (0x0, 0x0)
FAIL: c-c++-common/asan/use-after-free-1.c -O3 -fomit-frame-pointer output pattern test, is ==9026== AddressSanitizer CHECK failed: /home/stevenb/lra_powerpc64_autotester/lra-branch/libsanitizer/asan/asan_thread.cc:74 "((AddrIsInMem(stack_bottom_))) != (0)" (0x0, 0x0)
FAIL: c-c++-common/asan/use-after-free-1.c -O3 -g output pattern test, is ==9094== AddressSanitizer CHECK failed: /home/stevenb/lra_powerpc64_autotester/lra-branch/libsanitizer/asan/asan_thread.cc:74 "((AddrIsInMem(stack_bottom_))) != (0)" (0x0, 0x0)
FAIL: c-c++-common/asan/use-after-free-1.c -Os output pattern test, is ==9152== AddressSanitizer CHECK failed: /home/stevenb/lra_powerpc64_autotester/lra-branch/libsanitizer/asan/asan_thread.cc:74 "((AddrIsInMem(stack_bottom_))) != (0)" (0x0, 0x0)
FAIL: c-c++-common/asan/use-after-free-1.c -O2 -flto -fno-use-linker-plugin -flto-partition=none output pattern test, is ==9327== AddressSanitizer CHECK failed: /home/stevenb/lra_powerpc64_autotester/lra-branch/libsanitizer/asan/asan_thread.cc:74 "((AddrIsInMem(stack_bottom_))) != (0)" (0x0, 0x0)
FAIL: c-c++-common/asan/use-after-free-1.c -O2 -flto -fuse-linker-plugin -fno-fat-lto-objects output pattern test, is ==9440== AddressSanitizer CHECK failed: /home/stevenb/lra_powerpc64_autotester/lra-branch/libsanitizer/asan/asan_thread.cc:74 "((AddrIsInMem(stack_bottom_))) != (0)" (0x0, 0x0)
FAIL: g++.dg/asan/deep-stack-uaf-1.C -O0 output pattern test, is ==9606== AddressSanitizer CHECK failed: /home/stevenb/lra_powerpc64_autotester/lra-branch/libsanitizer/asan/asan_thread.cc:74 "((AddrIsInMem(stack_bottom_))) != (0)" (0x0, 0x0)
FAIL: g++.dg/asan/deep-stack-uaf-1.C -O1 output pattern test, is ==9777== AddressSanitizer CHECK failed: /home/stevenb/lra_powerpc64_autotester/lra-branch/libsanitizer/asan/asan_thread.cc:74 "((AddrIsInMem(stack_bottom_))) != (0)" (0x0, 0x0)
FAIL: g++.dg/asan/deep-stack-uaf-1.C -O2 output pattern test, is ==10227== AddressSanitizer CHECK failed: /home/stevenb/lra_powerpc64_autotester/lra-branch/libsanitizer/asan/asan_thread.cc:74 "((AddrIsInMem(stack_bottom_))) != (0)" (0x0, 0x0)
FAIL: g++.dg/asan/deep-stack-uaf-1.C -O3 -fomit-frame-pointer output pattern test, is ==11092== AddressSanitizer CHECK failed: /home/stevenb/lra_powerpc64_autotester/lra-branch/libsanitizer/asan/asan_thread.cc:74 "((AddrIsInMem(stack_bottom_))) != (0)" (0x0, 0x0)
FAIL: g++.dg/asan/deep-stack-uaf-1.C -O3 -g output pattern test, is ==11383== AddressSanitizer CHECK failed: /home/stevenb/lra_powerpc64_autotester/lra-branch/libsanitizer/asan/asan_thread.cc:74 "((AddrIsInMem(stack_bottom_))) != (0)" (0x0, 0x0)
FAIL: g++.dg/asan/deep-stack-uaf-1.C -Os output pattern test, is ==11667== AddressSanitizer CHECK failed: /home/stevenb/lra_powerpc64_autotester/lra-branch/libsanitizer/asan/asan_thread.cc:74 "((AddrIsInMem(stack_bottom_))) != (0)" (0x0, 0x0)
FAIL: g++.dg/asan/deep-tail-call-1.C -O0 output pattern test, is ==11773== AddressSanitizer CHECK failed: /home/stevenb/lra_powerpc64_autotester/lra-branch/libsanitizer/asan/asan_thread.cc:74 "((AddrIsInMem(stack_bottom_))) != (0)" (0x0, 0x0)
FAIL: g++.dg/asan/deep-tail-call-1.C -O1 output pattern test, is ==11835== AddressSanitizer CHECK failed: /home/stevenb/lra_powerpc64_autotester/lra-branch/libsanitizer/asan/asan_thread.cc:74 "((AddrIsInMem(stack_bottom_))) != (0)" (0x0, 0x0)
FAIL: g++.dg/asan/deep-tail-call-1.C -O2 output pattern test, is ==11899== AddressSanitizer CHECK failed: /home/stevenb/lra_powerpc64_autotester/lra-branch/libsanitizer/asan/asan_thread.cc:74 "((AddrIsInMem(stack_bottom_))) != (0)" (0x0, 0x0)
FAIL: g++.dg/asan/deep-tail-call-1.C -O3 -fomit-frame-pointer output pattern test, is ==11960== AddressSanitizer CHECK failed: /home/stevenb/lra_powerpc64_autotester/lra-branch/libsanitizer/asan/asan_thread.cc:74 "((AddrIsInMem(stack_bottom_))) != (0)" (0x0, 0x0)
FAIL: g++.dg/asan/deep-tail-call-1.C -O3 -g output pattern test, is ==12037== AddressSanitizer CHECK failed: /home/stevenb/lra_powerpc64_autotester/lra-branch/libsanitizer/asan/asan_thread.cc:74 "((AddrIsInMem(stack_bottom_))) != (0)" (0x0, 0x0)
FAIL: g++.dg/asan/deep-tail-call-1.C -Os output pattern test, is ==12109== AddressSanitizer CHECK failed: /home/stevenb/lra_powerpc64_autotester/lra-branch/libsanitizer/asan/asan_thread.cc:74 "((AddrIsInMem(stack_bottom_))) != (0)" (0x0, 0x0)
FAIL: g++.dg/asan/deep-tail-call-1.C -O2 -flto -fno-use-linker-plugin -flto-partition=none output pattern test, is ==12243== AddressSanitizer CHECK failed: /home/stevenb/lra_powerpc64_autotester/lra-branch/libsanitizer/asan/asan_thread.cc:74 "((AddrIsInMem(stack_bottom_))) != (0)" (0x0, 0x0)
FAIL: g++.dg/asan/deep-tail-call-1.C -O2 -flto -fuse-linker-plugin -fno-fat-lto-objects output pattern test, is ==12366== AddressSanitizer CHECK failed: /home/stevenb/lra_powerpc64_autotester/lra-branch/libsanitizer/asan/asan_thread.cc:74 "((AddrIsInMem(stack_bottom_))) != (0)" (0x0, 0x0)
FAIL: g++.dg/asan/deep-thread-stack-1.C -O0 output pattern test, is ==12632== AddressSanitizer CHECK failed: /home/stevenb/lra_powerpc64_autotester/lra-branch/libsanitizer/asan/asan_thread.cc:74 "((AddrIsInMem(stack_bottom_))) != (0)" (0x0, 0x0)
FAIL: g++.dg/asan/deep-thread-stack-1.C -O1 output pattern test, is ==12759== AddressSanitizer CHECK failed: /home/stevenb/lra_powerpc64_autotester/lra-branch/libsanitizer/asan/asan_thread.cc:74 "((AddrIsInMem(stack_bottom_))) != (0)" (0x0, 0x0)
FAIL: g++.dg/asan/deep-thread-stack-1.C -O2 output pattern test, is ==12837== AddressSanitizer CHECK failed: /home/stevenb/lra_powerpc64_autotester/lra-branch/libsanitizer/asan/asan_thread.cc:74 "((AddrIsInMem(stack_bottom_))) != (0)" (0x0, 0x0)
FAIL: g++.dg/asan/deep-thread-stack-1.C -O3 -fomit-frame-pointer output pattern test, is ==12932== AddressSanitizer CHECK failed: /home/stevenb/lra_powerpc64_autotester/lra-branch/libsanitizer/asan/asan_thread.cc:74 "((AddrIsInMem(stack_bottom_))) != (0)" (0x0, 0x0)
FAIL: g++.dg/asan/deep-thread-stack-1.C -O3 -g output pattern test, is ==13014== AddressSanitizer CHECK failed: /home/stevenb/lra_powerpc64_autotester/lra-branch/libsanitizer/asan/asan_thread.cc:74 "((AddrIsInMem(stack_bottom_))) != (0)" (0x0, 0x0)
FAIL: g++.dg/asan/deep-thread-stack-1.C -Os output pattern test, is ==13117== AddressSanitizer CHECK failed: /home/stevenb/lra_powerpc64_autotester/lra-branch/libsanitizer/asan/asan_thread.cc:74 "((AddrIsInMem(stack_bottom_))) != (0)" (0x0, 0x0)
FAIL: g++.dg/asan/deep-thread-stack-1.C -O2 -flto -fno-use-linker-plugin -flto-partition=none output pattern test, is ==13530== AddressSanitizer CHECK failed: /home/stevenb/lra_powerpc64_autotester/lra-branch/libsanitizer/asan/asan_thread.cc:74 "((AddrIsInMem(stack_bottom_))) != (0)" (0x0, 0x0)
FAIL: g++.dg/asan/deep-thread-stack-1.C -O2 -flto -fuse-linker-plugin -fno-fat-lto-objects output pattern test, is ==13680== AddressSanitizer CHECK failed: /home/stevenb/lra_powerpc64_autotester/lra-branch/libsanitizer/asan/asan_thread.cc:74 "((AddrIsInMem(stack_bottom_))) != (0)" (0x0, 0x0)
FAIL: g++.dg/asan/default-options-1.C -O0 execution test
FAIL: g++.dg/asan/default-options-1.C -O1 execution test
FAIL: g++.dg/asan/default-options-1.C -O2 execution test
FAIL: g++.dg/asan/default-options-1.C -O3 -fomit-frame-pointer execution test
FAIL: g++.dg/asan/default-options-1.C -O3 -g execution test
FAIL: g++.dg/asan/default-options-1.C -Os execution test
FAIL: g++.dg/asan/default-options-1.C -O2 -flto -fno-use-linker-plugin -flto-partition=none execution test
FAIL: g++.dg/asan/default-options-1.C -O2 -flto -fuse-linker-plugin -fno-fat-lto-objects execution test
FAIL: g++.dg/asan/interception-failure-test-1.C -O0 execution test
FAIL: g++.dg/asan/interception-failure-test-1.C -O1 execution test
FAIL: g++.dg/asan/interception-failure-test-1.C -O2 execution test
FAIL: g++.dg/asan/interception-failure-test-1.C -O3 -fomit-frame-pointer execution test
FAIL: g++.dg/asan/interception-failure-test-1.C -O3 -g execution test
FAIL: g++.dg/asan/interception-failure-test-1.C -Os execution test
FAIL: g++.dg/asan/interception-failure-test-1.C -O2 -flto -fno-use-linker-plugin -flto-partition=none execution test
FAIL: g++.dg/asan/interception-failure-test-1.C -O2 -flto -fuse-linker-plugin -fno-fat-lto-objects execution test
FAIL: g++.dg/asan/interception-malloc-test-1.C -O0 output pattern test, is ==15883== AddressSanitizer CHECK failed: /home/stevenb/lra_powerpc64_autotester/lra-branch/libsanitizer/asan/asan_thread.cc:74 "((AddrIsInMem(stack_bottom_))) != (0)" (0x0, 0x0)
FAIL: g++.dg/asan/interception-malloc-test-1.C -O1 output pattern test, is ==16006== AddressSanitizer CHECK failed: /home/stevenb/lra_powerpc64_autotester/lra-branch/libsanitizer/asan/asan_thread.cc:74 "((AddrIsInMem(stack_bottom_))) != (0)" (0x0, 0x0)
FAIL: g++.dg/asan/interception-malloc-test-1.C -O2 output pattern test, is ==16150== AddressSanitizer CHECK failed: /home/stevenb/lra_powerpc64_autotester/lra-branch/libsanitizer/asan/asan_thread.cc:74 "((AddrIsInMem(stack_bottom_))) != (0)" (0x0, 0x0)
FAIL: g++.dg/asan/interception-malloc-test-1.C -O3 -fomit-frame-pointer output pattern test, is ==16268== AddressSanitizer CHECK failed: /home/stevenb/lra_powerpc64_autotester/lra-branch/libsanitizer/asan/asan_thread.cc:74 "((AddrIsInMem(stack_bottom_))) != (0)" (0x0, 0x0)
FAIL: g++.dg/asan/interception-malloc-test-1.C -O3 -g output pattern test, is ==16394== AddressSanitizer CHECK failed: /home/stevenb/lra_powerpc64_autotester/lra-branch/libsanitizer/asan/asan_thread.cc:74 "((AddrIsInMem(stack_bottom_))) != (0)" (0x0, 0x0)
FAIL: g++.dg/asan/interception-malloc-test-1.C -Os output pattern test, is ==16521== AddressSanitizer CHECK failed: /home/stevenb/lra_powerpc64_autotester/lra-branch/libsanitizer/asan/asan_thread.cc:74 "((AddrIsInMem(stack_bottom_))) != (0)" (0x0, 0x0)
FAIL: g++.dg/asan/interception-malloc-test-1.C -O2 -flto -fno-use-linker-plugin -flto-partition=none output pattern test, is ==17046== AddressSanitizer CHECK failed: /home/stevenb/lra_powerpc64_autotester/lra-branch/libsanitizer/asan/asan_thread.cc:74 "((AddrIsInMem(stack_bottom_))) != (0)" (0x0, 0x0)
FAIL: g++.dg/asan/interception-malloc-test-1.C -O2 -flto -fuse-linker-plugin -fno-fat-lto-objects output pattern test, is ==17445== AddressSanitizer CHECK failed: /home/stevenb/lra_powerpc64_autotester/lra-branch/libsanitizer/asan/asan_thread.cc:74 "((AddrIsInMem(stack_bottom_))) != (0)" (0x0, 0x0)
FAIL: g++.dg/asan/interception-test-1.C -O0 output pattern test, is ==17638== AddressSanitizer CHECK failed: /home/stevenb/lra_powerpc64_autotester/lra-branch/libsanitizer/asan/asan_thread.cc:74 "((AddrIsInMem(stack_bottom_))) != (0)" (0x0, 0x0)
FAIL: g++.dg/asan/interception-test-1.C -O1 output pattern test, is ==17858== AddressSanitizer CHECK failed: /home/stevenb/lra_powerpc64_autotester/lra-branch/libsanitizer/asan/asan_thread.cc:74 "((AddrIsInMem(stack_bottom_))) != (0)" (0x0, 0x0)
FAIL: g++.dg/asan/interception-test-1.C -O2 output pattern test, is ==18133== AddressSanitizer CHECK failed: /home/stevenb/lra_powerpc64_autotester/lra-branch/libsanitizer/asan/asan_thread.cc:74 "((AddrIsInMem(stack_bottom_))) != (0)" (0x0, 0x0)
FAIL: g++.dg/asan/interception-test-1.C -O3 -fomit-frame-pointer output pattern test, is ==18422== AddressSanitizer CHECK failed: /home/stevenb/lra_powerpc64_autotester/lra-branch/libsanitizer/asan/asan_thread.cc:74 "((AddrIsInMem(stack_bottom_))) != (0)" (0x0, 0x0)
FAIL: g++.dg/asan/interception-test-1.C -O3 -g output pattern test, is ==18525== AddressSanitizer CHECK failed: /home/stevenb/lra_powerpc64_autotester/lra-branch/libsanitizer/asan/asan_thread.cc:74 "((AddrIsInMem(stack_bottom_))) != (0)" (0x0, 0x0)
FAIL: g++.dg/asan/interception-test-1.C -Os output pattern test, is ==18733== AddressSanitizer CHECK failed: /home/stevenb/lra_powerpc64_autotester/lra-branch/libsanitizer/asan/asan_thread.cc:74 "((AddrIsInMem(stack_bottom_))) != (0)" (0x0, 0x0)
FAIL: g++.dg/asan/interception-test-1.C -O2 -flto -fno-use-linker-plugin -flto-partition=none output pattern test, is ==19437== AddressSanitizer CHECK failed: /home/stevenb/lra_powerpc64_autotester/lra-branch/libsanitizer/asan/asan_thread.cc:74 "((AddrIsInMem(stack_bottom_))) != (0)" (0x0, 0x0)
FAIL: g++.dg/asan/interception-test-1.C -O2 -flto -fuse-linker-plugin -fno-fat-lto-objects output pattern test, is ==20313== AddressSanitizer CHECK failed: /home/stevenb/lra_powerpc64_autotester/lra-branch/libsanitizer/asan/asan_thread.cc:74 "((AddrIsInMem(stack_bottom_))) != (0)" (0x0, 0x0)
FAIL: g++.dg/asan/large-func-test-1.C -O0 output pattern test, is ==20582== AddressSanitizer CHECK failed: /home/stevenb/lra_powerpc64_autotester/lra-branch/libsanitizer/asan/asan_thread.cc:74 "((AddrIsInMem(stack_bottom_))) != (0)" (0x0, 0x0)
FAIL: g++.dg/asan/large-func-test-1.C -O1 output pattern test, is ==20997== AddressSanitizer CHECK failed: /home/stevenb/lra_powerpc64_autotester/lra-branch/libsanitizer/asan/asan_thread.cc:74 "((AddrIsInMem(stack_bottom_))) != (0)" (0x0, 0x0)
FAIL: g++.dg/asan/large-func-test-1.C -O2 output pattern test, is ==21220== AddressSanitizer CHECK failed: /home/stevenb/lra_powerpc64_autotester/lra-branch/libsanitizer/asan/asan_thread.cc:74 "((AddrIsInMem(stack_bottom_))) != (0)" (0x0, 0x0)
FAIL: g++.dg/asan/large-func-test-1.C -O3 -fomit-frame-pointer output pattern test, is ==21362== AddressSanitizer CHECK failed: /home/stevenb/lra_powerpc64_autotester/lra-branch/libsanitizer/asan/asan_thread.cc:74 "((AddrIsInMem(stack_bottom_))) != (0)" (0x0, 0x0)
FAIL: g++.dg/asan/large-func-test-1.C -O3 -g output pattern test, is ==21520== AddressSanitizer CHECK failed: /home/stevenb/lra_powerpc64_autotester/lra-branch/libsanitizer/asan/asan_thread.cc:74 "((AddrIsInMem(stack_bottom_))) != (0)" (0x0, 0x0)
FAIL: g++.dg/asan/large-func-test-1.C -Os output pattern test, is ==21672== AddressSanitizer CHECK failed: /home/stevenb/lra_powerpc64_autotester/lra-branch/libsanitizer/asan/asan_thread.cc:74 "((AddrIsInMem(stack_bottom_))) != (0)" (0x0, 0x0)
FAIL: g++.dg/asan/large-func-test-1.C -O2 -flto -fno-use-linker-plugin -flto-partition=none output pattern test, is ==22126== AddressSanitizer CHECK failed: /home/stevenb/lra_powerpc64_autotester/lra-branch/libsanitizer/asan/asan_thread.cc:74 "((AddrIsInMem(stack_bottom_))) != (0)" (0x0, 0x0)
FAIL: g++.dg/asan/large-func-test-1.C -O2 -flto -fuse-linker-plugin -fno-fat-lto-objects output pattern test, is ==22357== AddressSanitizer CHECK failed: /home/stevenb/lra_powerpc64_autotester/lra-branch/libsanitizer/asan/asan_thread.cc:74 "((AddrIsInMem(stack_bottom_))) != (0)" (0x0, 0x0)
FAIL: g++.dg/asan/pr55617.C -O0 execution test
FAIL: g++.dg/asan/pr55617.C -O1 execution test
FAIL: g++.dg/asan/pr55617.C -O2 execution test
FAIL: g++.dg/asan/pr55617.C -O3 -fomit-frame-pointer execution test
FAIL: g++.dg/asan/pr55617.C -O3 -g execution test
FAIL: g++.dg/asan/pr55617.C -Os execution test
FAIL: g++.dg/asan/pr55617.C -O2 -flto -fno-use-linker-plugin -flto-partition=none execution test
FAIL: g++.dg/asan/pr55617.C -O2 -flto -fuse-linker-plugin -fno-fat-lto-objects execution test
FAIL: g++.dg/asan/symbolize-callback-1.C -O2 output pattern test, is ==23608== AddressSanitizer CHECK failed: /home/stevenb/lra_powerpc64_autotester/lra-branch/libsanitizer/asan/asan_thread.cc:74 "((AddrIsInMem(stack_bottom_))) != (0)" (0x0, 0x0)
FAIL: g++.dg/asan/symbolize-callback-1.C -O2 -flto -fno-use-linker-plugin -flto-partition=none output pattern test, is ==23912== AddressSanitizer CHECK failed: /home/stevenb/lra_powerpc64_autotester/lra-branch/libsanitizer/asan/asan_thread.cc:74 "((AddrIsInMem(stack_bottom_))) != (0)" (0x0, 0x0)
FAIL: g++.dg/asan/symbolize-callback-1.C -O2 -flto -fuse-linker-plugin -fno-fat-lto-objects output pattern test, is ==24147== AddressSanitizer CHECK failed: /home/stevenb/lra_powerpc64_autotester/lra-branch/libsanitizer/asan/asan_thread.cc:74 "((AddrIsInMem(stack_bottom_))) != (0)" (0x0, 0x0)
=== g++ Summary ===
# of expected passes 52358
# of unexpected failures 164
# of expected failures 290
# of unsupported tests 908
/home/stevenb/lra_powerpc64_autotester/build-lra/gcc/testsuite/g++/../../xg++ version 4.8.0 20130222 (experimental) [lra revision 196227] (GCC)
=== libatomic tests ===
Running target unix
=== libatomic Summary ===
# of expected passes 44
# of unsupported tests 5
=== libgomp tests ===
Running target unix
=== libgomp Summary ===
# of expected passes 2996
# of unsupported tests 1
=== libitm tests ===
Running target unix
=== libitm Summary ===
# of expected passes 26
# of expected failures 3
# of unsupported tests 1
=== libmudflap tests ===
Running target unix
FAIL: libmudflap.c/fail37-frag.c (-O2) crash test
FAIL: libmudflap.c/fail37-frag.c (-O2) output pattern test
FAIL: libmudflap.c/fail37-frag.c (-O3) crash test
FAIL: libmudflap.c/fail37-frag.c (-O3) output pattern test
FAIL: libmudflap.c++/pass41-frag.cxx (-static) execution test
FAIL: libmudflap.c++/pass41-frag.cxx ( -O) execution test
FAIL: libmudflap.c++/pass41-frag.cxx (-O2) execution test
FAIL: libmudflap.c++/pass41-frag.cxx (-O3) execution test
=== libmudflap Summary ===
# of expected passes 1898
# of unexpected failures 8
=== libstdc++ tests ===
Running target unix
=== libstdc++ Summary ===
# of expected passes 9225
# of expected failures 45
# of unsupported tests 221
Compiler version: 4.8.0 20130222 (experimental) [lra revision 196227] (GCC)
Platform: powerpc64-unknown-linux-gnu
configure flags: --prefix=/home/stevenb/lra_powerpc64_autotester/install-lra --target=powerpc64-unknown-linux-gnu --enable-languages=c,c++,fortran --with-mpfr=/opt/cfarm/mpfr-latest --with-gmp=/opt/cfarm/gmp-latest --with-mpc=/opt/cfarm/mpc-latest --with-cloog=/opt/cfarm/cloog-latest --with-isl=/opt/cfarm/isl-latest