This is the mail archive of the
gcc-testresults@gcc.gnu.org
mailing list for the GCC project.
Results for 4.7.3 20130210 (prerelease) [gcc-4_7-branch revision 195931] (GCC) testsuite on hppa64-hp-hpux11.11
- From: John David Anglin <dave at hiauly3 dot hia dot nrc dot ca>
- To: dave at hiauly3 dot hia dot nrc dot ca, gcc-testresults at gcc dot gnu dot org
- Date: Tue, 12 Feb 2013 09:03:34 -0500 (EST)
- Subject: Results for 4.7.3 20130210 (prerelease) [gcc-4_7-branch revision 195931] (GCC) testsuite on hppa64-hp-hpux11.11
Native configuration is hppa64-hp-hpux11.11
=== g++ tests ===
Running target unix
WARNING: program timed out.
=== g++ Summary ===
# of expected passes 45071
# of expected failures 291
# of unsupported tests 899
/mnt/gnu/gcc/objdir-test/gcc/testsuite/g++/../../g++ version 4.7.3 20130210 (prerelease) [gcc-4_7-branch revision 195931] (GCC)
=== gcc tests ===
Running target unix
WARNING: program timed out.
=== gcc Summary ===
# of expected passes 71368
# of expected failures 121
# of unsupported tests 1510
/mnt/gnu/gcc/objdir-test/gcc/xgcc version 4.7.3 20130210 (prerelease) [gcc-4_7-branch revision 195931] (GCC)
=== gfortran tests ===
Running target unix
FAIL: gfortran.dg/intrinsic_size_3.f90 -O scan-tree-dump-times original "iszs = \\\\(integer\\\\(kind=2\\\\)\\\\) MAX_EXPR <\\\\(D.....->dim.0..ubound - D.....->dim.0..lbound\\\\) \\\\+ 1, 0>;" 1
=== gfortran Summary ===
# of expected passes 39759
# of unexpected failures 1
# of expected failures 42
# of unsupported tests 375
/mnt/gnu/gcc/objdir-test/gcc/testsuite/gfortran/../../gfortran version 4.7.3 20130210 (prerelease) [gcc-4_7-branch revision 195931] (GCC)
=== obj-c++ tests ===
Running target unix
=== obj-c++ Summary ===
# of expected passes 1442
# of expected failures 10
# of unsupported tests 86
/mnt/gnu/gcc/objdir-test/gcc/testsuite/obj-c++/../../g++ version 4.7.3 20130210 (prerelease) [gcc-4_7-branch revision 195931] (GCC)
=== objc tests ===
Running target unix
=== objc Summary ===
# of expected passes 2992
# of unsupported tests 75
/mnt/gnu/gcc/objdir-test/gcc/xgcc version 4.7.3 20130210 (prerelease) [gcc-4_7-branch revision 195931] (GCC)
=== libgomp tests ===
Running target unix
=== libgomp Summary ===
# of expected passes 2910
# of unsupported tests 10
=== libstdc++ tests ===
Running target unix
=== libstdc++ Summary ===
# of expected passes 7356
# of expected failures 43
# of unsupported tests 805
Compiler version: 4.7.3 20130210 (prerelease) [gcc-4_7-branch revision 195931] (GCC)
Platform: hppa64-hp-hpux11.11
configure flags:Test Run By dave on Mon Feb 11 09:57:15 2013