This is the mail archive of the
gcc-testresults@gcc.gnu.org
mailing list for the GCC project.
Results for 4.7.2 (GCC) testsuite on x86_64-unknown-linux-gnu
- From: "Armin K." <krejzi at email dot com>
- To: gcc-testresults at gcc dot gnu dot org
- Date: Sun, 10 Feb 2013 21:31:35 +0100
- Subject: Results for 4.7.2 (GCC) testsuite on x86_64-unknown-linux-gnu
LAST_UPDATED: Obtained from SVN: tags/gcc_4_7_2_release revision 191558
=== acats tests ===
=== acats Summary ===
# of expected passes 2320
# of unexpected failures 0
Native configuration is x86_64-unknown-linux-gnu
=== gcc tests ===
Running target unix
XPASS: gcc.dg/inline_3.c (test for excess errors)
XPASS: gcc.dg/inline_4.c (test for excess errors)
XPASS: gcc.dg/unroll_2.c (test for excess errors)
XPASS: gcc.dg/unroll_3.c (test for excess errors)
XPASS: gcc.dg/unroll_4.c (test for excess errors)
XPASS: gcc.dg/guality/example.c -O0 execution test
XPASS: gcc.dg/guality/example.c -O1 execution test
XPASS: gcc.dg/guality/example.c -O2 execution test
XPASS: gcc.dg/guality/example.c -Os execution test
XPASS: gcc.dg/guality/example.c -O2 -flto -fno-use-linker-plugin
-flto-partition=none execution test
XPASS: gcc.dg/guality/guality.c -O0 execution test
XPASS: gcc.dg/guality/guality.c -O1 execution test
XPASS: gcc.dg/guality/guality.c -O2 execution test
XPASS: gcc.dg/guality/guality.c -O3 -fomit-frame-pointer execution test
XPASS: gcc.dg/guality/guality.c -O3 -g execution test
XPASS: gcc.dg/guality/guality.c -Os execution test
XPASS: gcc.dg/guality/guality.c -O2 -flto -fno-use-linker-plugin
-flto-partition=none execution test
XPASS: gcc.dg/guality/guality.c -O2 -flto -fuse-linker-plugin
-fno-fat-lto-objects execution test
XPASS: gcc.dg/guality/inline-params.c -O2 execution test
XPASS: gcc.dg/guality/inline-params.c -O3 -fomit-frame-pointer
execution test
XPASS: gcc.dg/guality/inline-params.c -O3 -g execution test
XPASS: gcc.dg/guality/inline-params.c -Os execution test
XPASS: gcc.dg/guality/inline-params.c -O2 -flto -fno-use-linker-plugin
-flto-partition=none execution test
XPASS: gcc.dg/guality/inline-params.c -O2 -flto -fuse-linker-plugin
-fno-fat-lto-objects execution test
XPASS: gcc.dg/guality/pr41353-1.c -O0 line 28 j == 28 + 37
XPASS: gcc.dg/guality/pr41353-1.c -O1 line 28 j == 28 + 37
XPASS: gcc.dg/guality/pr41353-1.c -O2 line 28 j == 28 + 37
XPASS: gcc.dg/guality/pr41353-1.c -O3 -fomit-frame-pointer line 28 j
== 28 + 37
XPASS: gcc.dg/guality/pr41353-1.c -O3 -g line 28 j == 28 + 37
XPASS: gcc.dg/guality/pr41353-1.c -Os line 28 j == 28 + 37
XPASS: gcc.dg/guality/pr41353-1.c -O2 -flto -fno-use-linker-plugin
-flto-partition=none line 28 j == 28 + 37
XPASS: gcc.dg/guality/pr41353-1.c -O2 -flto -fuse-linker-plugin
-fno-fat-lto-objects line 28 j == 28 + 37
XPASS: gcc.dg/guality/pr41447-1.c -O0 execution test
XPASS: gcc.dg/guality/pr41447-1.c -O1 execution test
XPASS: gcc.dg/guality/pr41447-1.c -O2 execution test
XPASS: gcc.dg/guality/pr41447-1.c -O3 -fomit-frame-pointer execution test
XPASS: gcc.dg/guality/pr41447-1.c -O3 -g execution test
XPASS: gcc.dg/guality/pr41447-1.c -Os execution test
XPASS: gcc.dg/guality/pr41447-1.c -O2 -flto -fno-use-linker-plugin
-flto-partition=none execution test
XPASS: gcc.dg/guality/pr41447-1.c -O2 -flto -fuse-linker-plugin
-fno-fat-lto-objects execution test
XPASS: gcc.dg/guality/pr41616-1.c -O0 execution test
XPASS: gcc.dg/guality/pr41616-1.c -O1 execution test
XPASS: gcc.dg/guality/pr41616-1.c -O2 execution test
XPASS: gcc.dg/guality/pr41616-1.c -O3 -fomit-frame-pointer execution test
XPASS: gcc.dg/guality/pr41616-1.c -O3 -g execution test
XPASS: gcc.dg/guality/pr41616-1.c -Os execution test
XPASS: gcc.dg/guality/pr41616-1.c -O2 -flto -fno-use-linker-plugin
-flto-partition=none execution test
FAIL: gcc.dg/guality/vla-1.c -O0 line 17 sizeof (a) == 6
FAIL: gcc.dg/guality/vla-1.c -O0 line 24 sizeof (a) == 17 * sizeof (short)
FAIL: gcc.dg/guality/vla-1.c -O1 line 17 sizeof (a) == 6
FAIL: gcc.dg/guality/vla-1.c -O1 line 24 sizeof (a) == 17 * sizeof (short)
FAIL: gcc.dg/guality/vla-1.c -O2 line 17 sizeof (a) == 6
FAIL: gcc.dg/guality/vla-1.c -O2 line 24 sizeof (a) == 17 * sizeof (short)
FAIL: gcc.dg/guality/vla-1.c -O3 -fomit-frame-pointer line 17 sizeof
(a) == 6
FAIL: gcc.dg/guality/vla-1.c -O3 -fomit-frame-pointer line 24 sizeof
(a) == 17 * sizeof (short)
FAIL: gcc.dg/guality/vla-1.c -O3 -g line 17 sizeof (a) == 6
FAIL: gcc.dg/guality/vla-1.c -O3 -g line 24 sizeof (a) == 17 * sizeof
(short)
FAIL: gcc.dg/guality/vla-1.c -Os line 17 sizeof (a) == 6
FAIL: gcc.dg/guality/vla-1.c -Os line 24 sizeof (a) == 17 * sizeof (short)
FAIL: gcc.dg/guality/vla-1.c -O2 -flto -fno-use-linker-plugin
-flto-partition=none line 17 sizeof (a) == 6
FAIL: gcc.dg/guality/vla-1.c -O2 -flto -fno-use-linker-plugin
-flto-partition=none line 24 sizeof (a) == 17 * sizeof (short)
FAIL: gcc.dg/guality/vla-1.c -O2 -flto -fuse-linker-plugin
-fno-fat-lto-objects line 17 sizeof (a) == 6
FAIL: gcc.dg/guality/vla-1.c -O2 -flto -fuse-linker-plugin
-fno-fat-lto-objects line 24 sizeof (a) == 17 * sizeof (short)
FAIL: gcc.dg/guality/vla-2.c -O0 line 16 sizeof (a) == 5 * sizeof (int)
FAIL: gcc.dg/guality/vla-2.c -O0 line 25 sizeof (a) == 6 * sizeof (int)
FAIL: gcc.dg/guality/vla-2.c -O1 line 16 sizeof (a) == 5 * sizeof (int)
FAIL: gcc.dg/guality/vla-2.c -O1 line 25 sizeof (a) == 6 * sizeof (int)
FAIL: gcc.dg/guality/vla-2.c -O2 line 16 sizeof (a) == 5 * sizeof (int)
FAIL: gcc.dg/guality/vla-2.c -O2 line 25 sizeof (a) == 6 * sizeof (int)
FAIL: gcc.dg/guality/vla-2.c -O3 -fomit-frame-pointer line 16 sizeof
(a) == 5 * sizeof (int)
FAIL: gcc.dg/guality/vla-2.c -O3 -fomit-frame-pointer line 25 sizeof
(a) == 6 * sizeof (int)
FAIL: gcc.dg/guality/vla-2.c -O3 -g line 16 sizeof (a) == 5 * sizeof (int)
FAIL: gcc.dg/guality/vla-2.c -O3 -g line 25 sizeof (a) == 6 * sizeof (int)
FAIL: gcc.dg/guality/vla-2.c -Os line 16 sizeof (a) == 5 * sizeof (int)
FAIL: gcc.dg/guality/vla-2.c -Os line 25 sizeof (a) == 6 * sizeof (int)
FAIL: gcc.dg/guality/vla-2.c -O2 -flto -fno-use-linker-plugin
-flto-partition=none line 16 sizeof (a) == 5 * sizeof (int)
FAIL: gcc.dg/guality/vla-2.c -O2 -flto -fno-use-linker-plugin
-flto-partition=none line 25 sizeof (a) == 6 * sizeof (int)
FAIL: gcc.dg/guality/vla-2.c -O2 -flto -fuse-linker-plugin
-fno-fat-lto-objects line 16 sizeof (a) == 5 * sizeof (int)
FAIL: gcc.dg/guality/vla-2.c -O2 -flto -fuse-linker-plugin
-fno-fat-lto-objects line 25 sizeof (a) == 6 * sizeof (int)
=== gcc Summary ===
# of expected passes 87496
# of unexpected failures 32
# of unexpected successes 47
# of expected failures 264
# of unsupported tests 1309
/home/armin/src/gcc-build/gcc/xgcc version 4.7.2 (GCC)
=== gfortran tests ===
Running target unix
ERROR: tcl error sourcing
/home/armin/src/gcc-4.7.2/gcc/testsuite/gfortran.dg/dg.exp.
ERROR: couldn't compile regular expression pattern: out of memory
ERROR: tcl error sourcing
/home/armin/src/gcc-4.7.2/gcc/testsuite/gfortran.dg/gomp/gomp.exp.
ERROR: torture-init: torture_without_loops is not empty as expected
ERROR: tcl error sourcing
/home/armin/src/gcc-4.7.2/gcc/testsuite/gfortran.dg/guality/guality.exp.
ERROR: torture-init: torture_without_loops is not empty as expected
ERROR: tcl error sourcing
/home/armin/src/gcc-4.7.2/gcc/testsuite/gfortran.dg/vect/vect.exp.
ERROR: torture-init: torture_without_loops is not empty as expected
ERROR: tcl error sourcing
/home/armin/src/gcc-4.7.2/gcc/testsuite/gfortran.fortran-torture/compile/compile.exp.
ERROR: torture-init: torture_without_loops is not empty as expected
ERROR: tcl error sourcing
/home/armin/src/gcc-4.7.2/gcc/testsuite/gfortran.fortran-torture/execute/execute.exp.
ERROR: torture-init: torture_without_loops is not empty as expected
=== gfortran Summary ===
# of expected passes 14226
# of expected failures 33
# of unsupported tests 23
/home/armin/src/gcc-build/gcc/testsuite/gfortran/../../gfortran version
4.7.2 (GCC)
=== g++ tests ===
Running target unix
ERROR: g++.dg/abi/mangle33.C -std=c++98: error executing dg-final:
couldn't compile regular expression pattern: out of memory
UNRESOLVED: g++.dg/abi/mangle33.C -std=c++98: error executing dg-final:
couldn't compile regular expression pattern: out of memory
ERROR: g++.dg/abi/mangle33.C -std=c++11: error executing dg-final:
couldn't compile regular expression pattern: out of memory
UNRESOLVED: g++.dg/abi/mangle33.C -std=c++11: error executing dg-final:
couldn't compile regular expression pattern: out of memory
=== g++ Summary ===
# of expected passes 48599
# of expected failures 286
# of unresolved testcases 2
# of unsupported tests 578
/home/armin/src/gcc-build/gcc/testsuite/g++/../../g++ version 4.7.2 (GCC)
=== gnat tests ===
Running target unix
=== gnat Summary ===
# of expected passes 1113
# of expected failures 14
# of unsupported tests 2
/home/armin/src/gcc-build/gcc/gnatmake version 4.7.2
=== go tests ===
Running target unix
FAIL: go.test/test/stack.go execution, -O2 -g
=== go Summary ===
# of expected passes 3293
# of unexpected failures 1
# of expected failures 4
# of untested testcases 4
/home/armin/src/gcc-build/gcc/testsuite/go/../../gccgo version 4.7.2 (GCC)
=== obj-c++ tests ===
Running target unix
=== obj-c++ Summary ===
# of expected passes 1442
# of expected failures 10
# of unsupported tests 86
/home/armin/src/gcc-build/gcc/testsuite/obj-c++/../../g++ version 4.7.2
(GCC)
=== objc tests ===
Running target unix
=== objc Summary ===
# of expected passes 2988
# of expected failures 6
# of unsupported tests 74
/home/armin/src/gcc-build/gcc/xgcc version 4.7.2 (GCC)
=== boehm-gc tests ===
Running target unix
=== boehm-gc Summary ===
# of expected passes 12
# of unsupported tests 1
=== libffi tests ===
Running target unix
ERROR: tcl error sourcing
/home/armin/src/gcc-4.7.2/libffi/testsuite/libffi.call/call.exp.
ERROR: couldn't compile regular expression pattern: out of memory
=== libffi Summary ===
# of expected passes 233
# of expected failures 2
# of unsupported tests 5
=== libgo tests ===
Running target unix
=== libgo Summary ===
# of expected passes 124
/home/armin/src/gcc-build/./gcc/gccgo version 4.7.2 (GCC)
=== libgomp tests ===
Running target unix
=== libgomp Summary ===
# of expected passes 2930
=== libitm tests ===
Running target unix
=== libitm Summary ===
# of expected passes 26
# of expected failures 3
# of unsupported tests 1
=== libjava tests ===
Running target unix
=== libjava Summary ===
# of expected passes 2574
=== libmudflap tests ===
Running target unix
FAIL: libmudflap.c++/pass55-frag.cxx ( -O) execution test
ERROR: tcl error sourcing
/home/armin/src/gcc-4.7.2/libmudflap/testsuite/libmudflap.cth/cthfrags.exp.
ERROR: couldn't compile regular expression pattern: out of memory
=== libmudflap Summary ===
# of expected passes 1255
# of unexpected failures 1
=== libstdc++ tests ===
Running target unix
=== libstdc++ Summary ===
# of expected passes 8334
# of expected failures 43
# of unsupported tests 431
Compiler version: 4.7.2 (GCC)
Platform: x86_64-unknown-linux-gnu
configure flags: --prefix=/usr --libexecdir=/usr/lib --with-system-zlib
--enable-shared --enable-threads=posix --enable-__cxa_atexit
--disable-multilib --enable-clocale=gnu --enable-lto
--enable-languages=c,c++,fortran,java,objc,obj-c++,ada,go