This is the mail archive of the
gcc-testresults@gcc.gnu.org
mailing list for the GCC project.
Results for 4.8.0 20130128 (experimental) [trunk revision 195503] testsuite on hppa-unknown-linux-gnu
- From: Dave Anglin <dave dot anglin at bell dot net>
- To: dave at mx3210 dot localdomain, gcc-testresults at gcc dot gnu dot org
- Date: Mon, 28 Jan 2013 21:33:24 -0500
- Subject: Results for 4.8.0 20130128 (experimental) [trunk revision 195503] testsuite on hppa-unknown-linux-gnu
LAST_UPDATED: Mon Jan 28 13:15:12 UTC 2013 (revision 195503)
=== acats tests ===
=== acats Summary ===
# of expected passes 2320
# of unexpected failures 0
Native configuration is hppa-unknown-linux-gnu
=== gcc tests ===
Running target unix
FAIL: gcc.c-torture/compile/pr55921.c -O0 (internal compiler error)
FAIL: gcc.c-torture/compile/pr55921.c -O0 (test for excess errors)
FAIL: gcc.c-torture/compile/pr55921.c -O1 (internal compiler error)
FAIL: gcc.c-torture/compile/pr55921.c -O1 (test for excess errors)
FAIL: gcc.c-torture/compile/pr55921.c -O2 (internal compiler error)
FAIL: gcc.c-torture/compile/pr55921.c -O2 (test for excess errors)
FAIL: gcc.c-torture/compile/pr55921.c -O3 -fomit-frame-pointer (internal compiler error)
FAIL: gcc.c-torture/compile/pr55921.c -O3 -fomit-frame-pointer (test for excess errors)
FAIL: gcc.c-torture/compile/pr55921.c -O3 -g (internal compiler error)
FAIL: gcc.c-torture/compile/pr55921.c -O3 -g (test for excess errors)
FAIL: gcc.c-torture/compile/pr55921.c -Os (internal compiler error)
FAIL: gcc.c-torture/compile/pr55921.c -Os (test for excess errors)
FAIL: gcc.c-torture/compile/pr55921.c -O2 -flto -fno-use-linker-plugin -flto-partition=none (internal compiler error)
FAIL: gcc.c-torture/compile/pr55921.c -O2 -flto -fno-use-linker-plugin -flto-partition=none (test for excess errors)
=== gnat tests ===
Running target unix
=== gnat Summary ===
# of expected passes 1147
# of expected failures 17
# of unsupported tests 9
/home/dave/gnu/gcc/objdir/gcc/gnatmake version 4.8.0 20130128 (experimental) [trunk revision 195503]
Compiler version: 4.8.0 20130128 (experimental) [trunk revision 195503]
Platform: hppa-unknown-linux-gnu
configure flags: --with-arch=2.0 --with-gnu-as --with-gnu-ld --enable-shared --enable-multiarch --with-multiarch-defaults=hppa-linux-gnu --enable-linker-build-id --build=hppa-linux-gnu --host=hppa-linux-gnu --target=hppa-linux-gnu --prefix=/home/dave/opt/gnu/gcc/gcc-4.8 --with-local-prefix=/home/dave/opt/gnu --enable-threads=posix --enable-__cxa_atexit --build=hppa-linux-gnu --enable-clocale=gnu --enable-java-gc=boehm --without-cloog --without-ppl --enable-languages=c,c++,objc,fortran,obj-c++,java,ada,lto