This is the mail archive of the
gcc-testresults@gcc.gnu.org
mailing list for the GCC project.
Results for 4.8.0 20130127 (experimental) [trunk revision 195497] (Debian 4.8-20130127-1) testsuite on i486-pc-linux-gnu
- From: Matthias Klose <doko at debian dot org>
- To: gcc-testresults at gcc dot gnu dot org
- Cc: debian-gcc at lists dot debian dot org
- Date: Mon, 28 Jan 2013 17:54:08 +0000
- Subject: Results for 4.8.0 20130127 (experimental) [trunk revision 195497] (Debian 4.8-20130127-1) testsuite on i486-pc-linux-gnu
- Reply-to: Matthias Klose <doko at debian dot org>
LAST_UPDATED: Sun Jan 27 19:59:55 UTC 2013 (revision 195497)
Target: i486-linux-gnu
gcc version 4.8.0 20130127 (experimental) [trunk revision 195497] (Debian 4.8-20130127-1)
Native configuration is i486-pc-linux-gnu
=== g++ tests ===
Running target unix
FAIL: g++.dg/plugin/attribute_plugin.c compilation
FAIL: g++.dg/plugin/pragma_plugin.c compilation
FAIL: g++.dg/plugin/selfassign.c compilation
FAIL: g++.dg/plugin/dumb_plugin.c compilation
FAIL: g++.dg/plugin/header_plugin.c compilation
FAIL: g++.dg/plugin/decl_plugin.c compilation
=== g++ Summary for unix ===
# of expected passes 52656
# of unexpected failures 6
# of expected failures 289
# of unsupported tests 490
Running target unix/-fstack-protector
FAIL: g++.dg/asan/asan_test.C -O2 AddressSanitizer_SimpleStackTest A[kSize + 31] = 0 execution test
FAIL: g++.dg/asan/asan_test.C -O2 AddressSanitizer_SimpleStackTest A[kSize + 10] = 0 execution test
FAIL: g++.dg/asan/asan_test.C -O2 AddressSanitizer_SimpleStackTest A[kSize + 31] = 0 execution test
FAIL: g++.dg/asan/asan_test.C -O2 AddressSanitizer_SimpleStackTest A[kSize + 31] = 0 execution test
FAIL: g++.dg/asan/asan_test.C -O2 AddressSanitizer_SimpleStackTest A[kSize + 31] = 0 execution test
FAIL: g++.dg/asan/asan_test.C -O2 AddressSanitizer_SimpleStackTest A[kSize + 31] = 0 execution test
FAIL: g++.dg/plugin/attribute_plugin.c compilation
FAIL: g++.dg/plugin/pragma_plugin.c compilation
FAIL: g++.dg/plugin/selfassign.c compilation
FAIL: g++.dg/plugin/dumb_plugin.c compilation
FAIL: g++.dg/plugin/header_plugin.c compilation
FAIL: g++.dg/plugin/decl_plugin.c compilation
=== g++ Summary for unix/-fstack-protector ===
# of expected passes 52644
# of unexpected failures 12
# of expected failures 289
# of unsupported tests 490
Running target unix/-m64
FAIL: g++.dg/debug/dwarf2/thunk1.C -std=gnu++98 scan-assembler-times LFB3 1
FAIL: g++.dg/debug/dwarf2/thunk1.C -std=gnu++11 scan-assembler-times LFB3 1
FAIL: g++.dg/plugin/attribute_plugin.c compilation
FAIL: g++.dg/plugin/pragma_plugin.c compilation
FAIL: g++.dg/plugin/selfassign.c compilation
FAIL: g++.dg/plugin/dumb_plugin.c compilation
FAIL: g++.dg/plugin/header_plugin.c compilation
FAIL: g++.dg/plugin/decl_plugin.c compilation
=== g++ Summary for unix/-m64 ===
# of expected passes 53389
# of unexpected failures 8
# of expected failures 289
# of unsupported tests 748
=== g++ Summary ===
# of expected passes 158689
# of unexpected failures 26
# of expected failures 867
# of unsupported tests 1728
/build/buildd-gcc-4.8_4.8-20130127-1-i386-QUYNrZ/gcc-4.8-4.8-20130127/build/gcc/testsuite/g++/../../xg++ version 4.8.0 20130127 (experimental) [trunk revision 195497] (Debian 4.8-20130127-1)
=== gcc tests ===
Running target unix
XPASS: gcc.dg/inline_3.c (test for excess errors)
XPASS: gcc.dg/inline_4.c (test for excess errors)
XPASS: gcc.dg/unroll_2.c (test for excess errors)
XPASS: gcc.dg/unroll_3.c (test for excess errors)
XPASS: gcc.dg/unroll_4.c (test for excess errors)
FAIL: gcc.dg/plugin/selfassign.c compilation
FAIL: gcc.dg/plugin/ggcplug.c compilation
FAIL: gcc.dg/plugin/one_time_plugin.c compilation
FAIL: gcc.dg/plugin/start_unit_plugin.c compilation
FAIL: gcc.dg/plugin/finish_unit_plugin.c compilation
=== gcc Summary for unix ===
# of expected passes 92285
# of unexpected failures 5
# of unexpected successes 5
# of expected failures 259
# of unsupported tests 1026
Running target unix/-fstack-protector
XPASS: gcc.dg/inline_3.c (test for excess errors)
XPASS: gcc.dg/inline_4.c (test for excess errors)
FAIL: gcc.dg/stack-usage-1.c scan-file foo\\t(256|264)\\tstatic
FAIL: gcc.dg/superblock.c scan-rtl-dump-times sched2 "ADVANCING TO" 2
XPASS: gcc.dg/unroll_2.c (test for excess errors)
XPASS: gcc.dg/unroll_3.c (test for excess errors)
XPASS: gcc.dg/unroll_4.c (test for excess errors)
FAIL: gcc.dg/plugin/selfassign.c compilation
FAIL: gcc.dg/plugin/ggcplug.c compilation
FAIL: gcc.dg/plugin/one_time_plugin.c compilation
FAIL: gcc.dg/plugin/start_unit_plugin.c compilation
FAIL: gcc.dg/plugin/finish_unit_plugin.c compilation
=== gcc Summary for unix/-fstack-protector ===
# of expected passes 92283
# of unexpected failures 7
# of unexpected successes 5
# of expected failures 259
# of unsupported tests 1026
Running target unix/-m64
XPASS: gcc.dg/inline_3.c (test for excess errors)
XPASS: gcc.dg/inline_4.c (test for excess errors)
XPASS: gcc.dg/unroll_2.c (test for excess errors)
XPASS: gcc.dg/unroll_3.c (test for excess errors)
XPASS: gcc.dg/unroll_4.c (test for excess errors)
FAIL: gcc.dg/plugin/selfassign.c compilation
FAIL: gcc.dg/plugin/ggcplug.c compilation
FAIL: gcc.dg/plugin/one_time_plugin.c compilation
FAIL: gcc.dg/plugin/start_unit_plugin.c compilation
FAIL: gcc.dg/plugin/finish_unit_plugin.c compilation
=== gcc Summary for unix/-m64 ===
# of expected passes 92656
# of unexpected failures 5
# of unexpected successes 5
# of expected failures 261
# of unsupported tests 1339
=== gcc Summary ===
# of expected passes 277224
# of unexpected failures 17
# of unexpected successes 15
# of expected failures 779
# of unsupported tests 3391
/build/buildd-gcc-4.8_4.8-20130127-1-i386-QUYNrZ/gcc-4.8-4.8-20130127/build/gcc/xgcc version 4.8.0 20130127 (experimental) [trunk revision 195497] (Debian 4.8-20130127-1)
=== gfortran tests ===
Running target unix
FAIL: gfortran.dg/class_optional_2.f90 -O2 execution test
FAIL: gfortran.dg/class_optional_2.f90 -O3 -fomit-frame-pointer execution test
FAIL: gfortran.dg/class_optional_2.f90 -O3 -fomit-frame-pointer -funroll-loops execution test
FAIL: gfortran.dg/class_optional_2.f90 -O3 -fomit-frame-pointer -funroll-all-loops -finline-functions execution test
FAIL: gfortran.dg/class_optional_2.f90 -O3 -g execution test
XPASS: gfortran.dg/do_1.f90 -O0 execution test
XPASS: gfortran.dg/do_1.f90 -O1 execution test
=== gfortran Summary for unix ===
# of expected passes 42952
# of unexpected failures 5
# of unexpected successes 2
# of expected failures 62
# of unsupported tests 229
Running target unix/-fstack-protector
FAIL: gfortran.dg/class_optional_2.f90 -O2 execution test
FAIL: gfortran.dg/class_optional_2.f90 -O3 -fomit-frame-pointer execution test
FAIL: gfortran.dg/class_optional_2.f90 -O3 -fomit-frame-pointer -funroll-loops execution test
FAIL: gfortran.dg/class_optional_2.f90 -O3 -fomit-frame-pointer -funroll-all-loops -finline-functions execution test
FAIL: gfortran.dg/class_optional_2.f90 -O3 -g execution test
XPASS: gfortran.dg/do_1.f90 -O0 execution test
XPASS: gfortran.dg/do_1.f90 -O1 execution test
=== gfortran Summary for unix/-fstack-protector ===
# of expected passes 42952
# of unexpected failures 5
# of unexpected successes 2
# of expected failures 62
# of unsupported tests 229
Running target unix/-m64
FAIL: gfortran.dg/class_optional_2.f90 -Os execution test
XPASS: gfortran.dg/do_1.f90 -O0 execution test
XPASS: gfortran.dg/do_1.f90 -O1 execution test
=== gfortran Summary for unix/-m64 ===
# of expected passes 43259
# of unexpected failures 1
# of unexpected successes 2
# of expected failures 62
# of unsupported tests 83
=== gfortran Summary ===
# of expected passes 129163
# of unexpected failures 11
# of unexpected successes 6
# of expected failures 186
# of unsupported tests 541
/build/buildd-gcc-4.8_4.8-20130127-1-i386-QUYNrZ/gcc-4.8-4.8-20130127/build/gcc/testsuite/gfortran/../../gfortran version 4.8.0 20130127 (experimental) [trunk revision 195497] (Debian 4.8-20130127-1)
=== go tests ===
Running target unix
=== go Summary for unix ===
# of expected passes 5087
# of expected failures 1
# of untested testcases 3
Running target unix/-fstack-protector
=== go Summary for unix/-fstack-protector ===
# of expected passes 5087
# of expected failures 1
# of untested testcases 3
Running target unix/-m64
=== go Summary for unix/-m64 ===
# of expected passes 4967
# of expected failures 1
# of untested testcases 3
=== go Summary ===
# of expected passes 15141
# of expected failures 3
# of untested testcases 9
/build/buildd-gcc-4.8_4.8-20130127-1-i386-QUYNrZ/gcc-4.8-4.8-20130127/build/gcc/testsuite/go/../../gccgo version 4.8.0 20130127 (experimental) [trunk revision 195497] (Debian 4.8-20130127-1)
=== obj-c++ tests ===
Running target unix
=== obj-c++ Summary for unix ===
# of expected passes 1450
# of expected failures 2
# of unsupported tests 86
Running target unix/-fstack-protector
=== obj-c++ Summary for unix/-fstack-protector ===
# of expected passes 1450
# of expected failures 2
# of unsupported tests 86
Running target unix/-m64
=== obj-c++ Summary for unix/-m64 ===
# of expected passes 1442
# of expected failures 10
# of unsupported tests 86
=== obj-c++ Summary ===
# of expected passes 4342
# of expected failures 14
# of unsupported tests 258
/build/buildd-gcc-4.8_4.8-20130127-1-i386-QUYNrZ/gcc-4.8-4.8-20130127/build/gcc/testsuite/obj-c++/../../xg++ version 4.8.0 20130127 (experimental) [trunk revision 195497] (Debian 4.8-20130127-1)
=== objc tests ===
Running target unix
=== objc Summary for unix ===
# of expected passes 2988
# of expected failures 6
# of unsupported tests 74
Running target unix/-fstack-protector
=== objc Summary for unix/-fstack-protector ===
# of expected passes 2988
# of expected failures 6
# of unsupported tests 74
Running target unix/-m64
=== objc Summary for unix/-m64 ===
# of expected passes 2988
# of expected failures 6
# of unsupported tests 74
=== objc Summary ===
# of expected passes 8964
# of expected failures 18
# of unsupported tests 222
/build/buildd-gcc-4.8_4.8-20130127-1-i386-QUYNrZ/gcc-4.8-4.8-20130127/build/gcc/xgcc version 4.8.0 20130127 (experimental) [trunk revision 195497] (Debian 4.8-20130127-1)
=== boehm-gc tests ===
Running target unix
=== boehm-gc Summary for unix ===
# of expected passes 12
# of unsupported tests 1
Running target unix/-fstack-protector
=== boehm-gc Summary for unix/-fstack-protector ===
# of expected passes 12
# of unsupported tests 1
Running target unix/-m64
=== boehm-gc Summary for unix/-m64 ===
# of expected passes 12
# of unsupported tests 1
=== boehm-gc Summary ===
# of expected passes 36
# of unsupported tests 3
=== libatomic tests ===
Running target unix
=== libatomic Summary for unix ===
# of expected passes 44
# of unsupported tests 5
Running target unix/-fstack-protector
=== libatomic Summary for unix/-fstack-protector ===
# of expected passes 44
# of unsupported tests 5
Running target unix/-m64
=== libatomic Summary for unix/-m64 ===
# of expected passes 54
=== libatomic Summary ===
# of expected passes 142
# of unsupported tests 10
=== libffi tests ===
Running target unix
=== libffi Summary for unix ===
# of expected passes 1819
# of unsupported tests 55
Running target unix/-fstack-protector
=== libffi Summary for unix/-fstack-protector ===
# of expected passes 1819
# of unsupported tests 55
Running target unix/-m64
=== libffi Summary for unix/-m64 ===
# of expected passes 1819
# of unsupported tests 55
=== libffi Summary ===
# of expected passes 5457
# of unsupported tests 165
=== libgo tests ===
Running target unix
=== libgo Summary for unix ===
# of expected passes 131
Running target unix/-m64
=== libgo Summary for unix/-m64 ===
# of expected passes 131
Running target unix/-mx32
FAIL: bufio
FAIL: bytes
FAIL: errors
FAIL: expvar
FAIL: flag
FAIL: fmt
FAIL: html
FAIL: image
FAIL: io
FAIL: log
FAIL: math
FAIL: mime
FAIL: net
FAIL: os
FAIL: path
FAIL: reflect
FAIL: regexp
FAIL: runtime
FAIL: sort
FAIL: strconv
FAIL: strings
FAIL: sync
FAIL: syscall
FAIL: time
FAIL: unicode
FAIL: archive/tar
FAIL: archive/zip
FAIL: compress/bzip2
FAIL: compress/flate
FAIL: compress/gzip
FAIL: compress/lzw
FAIL: compress/zlib
FAIL: container/heap
FAIL: container/list
FAIL: container/ring
FAIL: crypto/aes
FAIL: crypto/cipher
FAIL: crypto/des
FAIL: crypto/dsa
FAIL: crypto/ecdsa
FAIL: crypto/elliptic
FAIL: crypto/hmac
FAIL: crypto/md5
FAIL: crypto/rand
FAIL: crypto/rc4
FAIL: crypto/rsa
FAIL: crypto/sha1
FAIL: crypto/sha256
FAIL: crypto/sha512
FAIL: crypto/subtle
FAIL: crypto/tls
FAIL: crypto/x509
FAIL: database/sql
FAIL: database/sql/driver
FAIL: debug/dwarf
FAIL: debug/elf
FAIL: debug/macho
FAIL: debug/pe
FAIL: encoding/ascii85
FAIL: encoding/asn1
FAIL: encoding/base32
FAIL: encoding/base64
FAIL: encoding/binary
FAIL: encoding/csv
FAIL: encoding/gob
FAIL: encoding/hex
FAIL: encoding/json
FAIL: encoding/pem
FAIL: encoding/xml
FAIL: exp/cookiejar
FAIL: exp/ebnf
FAIL: exp/html
FAIL: exp/html/atom
FAIL: exp/locale/collate
FAIL: exp/locale/collate/build
FAIL: exp/norm
FAIL: exp/proxy
FAIL: exp/terminal
FAIL: exp/types
FAIL: exp/utf8string
FAIL: html/template
FAIL: go/ast
FAIL: go/doc
FAIL: go/format
FAIL: go/parser
FAIL: go/printer
FAIL: go/scanner
FAIL: go/token
FAIL: hash/adler32
FAIL: hash/crc32
FAIL: hash/crc64
FAIL: hash/fnv
FAIL: image/color
FAIL: image/draw
FAIL: image/jpeg
FAIL: image/png
FAIL: index/suffixarray
FAIL: io/ioutil
FAIL: log/syslog
FAIL: math/big
FAIL: math/cmplx
FAIL: math/rand
FAIL: mime/multipart
FAIL: net/http
FAIL: net/http/cgi
FAIL: net/http/fcgi
FAIL: net/http/httptest
FAIL: net/http/httputil
FAIL: net/mail
FAIL: net/rpc
FAIL: net/smtp
FAIL: net/textproto
FAIL: net/url
FAIL: net/rpc/jsonrpc
FAIL: old/netchan
FAIL: old/regexp
FAIL: old/template
FAIL: os/exec
FAIL: os/signal
FAIL: os/user
FAIL: path/filepath
FAIL: regexp/syntax
FAIL: runtime/pprof
FAIL: sync/atomic
FAIL: text/scanner
FAIL: text/tabwriter
FAIL: text/template
FAIL: text/template/parse
FAIL: testing/quick
FAIL: unicode/utf16
FAIL: unicode/utf8
=== libgo Summary for unix/-mx32 ===
# of unexpected failures 131
=== libgo Summary ===
# of expected passes 262
# of unexpected failures 131
/build/buildd-gcc-4.8_4.8-20130127-1-i386-QUYNrZ/gcc-4.8-4.8-20130127/build/./gcc/gccgo version 4.8.0 20130127 (experimental) [trunk revision 195497] (Debian 4.8-20130127-1)
=== libgomp tests ===
Running target unix
=== libgomp Summary for unix ===
# of expected passes 2982
Running target unix/-fstack-protector
=== libgomp Summary for unix/-fstack-protector ===
# of expected passes 2982
Running target unix/-m64
=== libgomp Summary for unix/-m64 ===
# of expected passes 2982
=== libgomp Summary ===
# of expected passes 8946
=== libitm tests ===
Running target unix
=== libitm Summary for unix ===
# of expected passes 26
# of expected failures 3
# of unsupported tests 1
Running target unix/-fstack-protector
=== libitm Summary for unix/-fstack-protector ===
# of expected passes 26
# of expected failures 3
# of unsupported tests 1
Running target unix/-m64
=== libitm Summary for unix/-m64 ===
# of expected passes 26
# of expected failures 3
# of unsupported tests 1
=== libitm Summary ===
# of expected passes 78
# of expected failures 9
# of unsupported tests 3
=== libmudflap tests ===
Running target unix
FAIL: libmudflap.c/fail37-frag.c (-O2) crash test
FAIL: libmudflap.c/fail37-frag.c (-O2) output pattern test
FAIL: libmudflap.c/fail37-frag.c (-O3) crash test
FAIL: libmudflap.c/fail37-frag.c (-O3) output pattern test
FAIL: libmudflap.c++/pass41-frag.cxx (-static) execution test
FAIL: libmudflap.c++/pass41-frag.cxx ( -O) execution test
FAIL: libmudflap.c++/pass41-frag.cxx (-O2) execution test
FAIL: libmudflap.c++/pass41-frag.cxx (-O3) execution test
=== libmudflap Summary for unix ===
# of expected passes 1898
# of unexpected failures 8
Running target unix/-fstack-protector
FAIL: libmudflap.c/fail37-frag.c (-O2) crash test
FAIL: libmudflap.c/fail37-frag.c (-O2) output pattern test
FAIL: libmudflap.c/fail37-frag.c (-O3) crash test
FAIL: libmudflap.c/fail37-frag.c (-O3) output pattern test
FAIL: libmudflap.c++/pass41-frag.cxx (-static) execution test
FAIL: libmudflap.c++/pass41-frag.cxx ( -O) execution test
FAIL: libmudflap.c++/pass41-frag.cxx (-O2) execution test
FAIL: libmudflap.c++/pass41-frag.cxx (-O3) execution test
=== libmudflap Summary for unix/-fstack-protector ===
# of expected passes 1898
# of unexpected failures 8
Running target unix/-m64
FAIL: libmudflap.c/fail37-frag.c (-O2) crash test
FAIL: libmudflap.c/fail37-frag.c (-O2) output pattern test
FAIL: libmudflap.c/fail37-frag.c (-O3) crash test
FAIL: libmudflap.c/fail37-frag.c (-O3) output pattern test
FAIL: libmudflap.c++/pass41-frag.cxx ( -O) execution test
FAIL: libmudflap.c++/pass41-frag.cxx (-O2) execution test
FAIL: libmudflap.c++/pass41-frag.cxx (-O3) execution test
=== libmudflap Summary for unix/-m64 ===
# of expected passes 1429
# of unexpected failures 7
=== libmudflap Summary ===
# of expected passes 5225
# of unexpected failures 23
=== libstdc++ tests ===
Running target unix
FAIL: 22_locale/time_get/get_date/wchar_t/4.cc execution test
=== libstdc++ Summary for unix ===
# of expected passes 9189
# of unexpected failures 1
# of expected failures 45
# of unsupported tests 209
Running target unix/-fstack-protector
FAIL: 22_locale/time_get/get_date/wchar_t/4.cc execution test
=== libstdc++ Summary for unix/-fstack-protector ===
# of expected passes 9189
# of unexpected failures 1
# of expected failures 45
# of unsupported tests 209
Running target unix/-m64
FAIL: libstdc++-abi/abi_check
FAIL: 22_locale/time_get/get_date/wchar_t/4.cc execution test
=== libstdc++ Summary for unix/-m64 ===
# of expected passes 9188
# of unexpected failures 2
# of expected failures 45
# of unsupported tests 209
=== libstdc++ Summary ===
# of expected passes 27566
# of unexpected failures 4
# of expected failures 135
# of unsupported tests 627
Compiler version: 4.8.0 20130127 (experimental) [trunk revision 195497] (Debian 4.8-20130127-1)
Platform: i486-pc-linux-gnu
configure flags: -v --with-pkgversion='Debian 4.8-20130127-1' --with-bugurl=file:///usr/share/doc/gcc-4.8/README.Bugs --enable-languages=c,c++,go,fortran,objc,obj-c++ --prefix=/usr --program-suffix=-4.8 --enable-shared --enable-linker-build-id --libexecdir=/usr/lib --without-included-gettext --enable-threads=posix --with-gxx-include-dir=/usr/include/c++/4.8 --libdir=/usr/lib --enable-nls --with-sysroot=/ --enable-clocale=gnu --enable-libstdcxx-debug --enable-libstdcxx-time=yes --enable-gnu-unique-object --enable-plugin --with-system-zlib --enable-objc-gc --enable-targets=all --enable-multiarch --with-arch-32=i586 --with-multilib-list=m32,m64,mx32 --with-tune=generic --enable-checking=release --build=i486-linux-gnu --host=i486-linux-gnu --target=i486-linux-gnu
BOOT_CFLAGS=
Build Dependencies:
Desired=Unknown/Install/Remove/Purge/Hold
| Status=Not/Inst/Conf-files/Unpacked/halF-conf/Half-inst/trig-aWait/Trig-pend
|/ Err?=(none)/Reinst-required (Status,Err: uppercase=bad)
||/ Name Version Architecture Description
+++-==================================-======================-============-===============================================================================
ii binutils 2.22-7.1 i386 GNU assembler, linker and binary utilities
ii g++-4.7 4.7.2-5 i386 GNU C++ compiler
ii g++-4.7-multilib 4.7.2-5 i386 GNU C++ compiler (multilib files)
ii g++-multilib 4:4.7.2-1 i386 GNU C++ compiler (multilib files)
ii libc6:i386 2.16-0experimental1 i386 Embedded GNU C Library: Shared libraries
ii libcloog-isl-dev:i386 0.18.0-1 i386 Chunky Loop Generator (development files)
ii libgmp-dev:i386 2:5.0.5+dfsg-2 i386 Multiprecision arithmetic library developers tools
ii libisl-dev:i386 0.11.1-1 i386 manipulating sets and relations of integer points bounded by linear constraints
ii libmpc-dev:i386 0.9-4 i386 multiple precision complex floating-point library development package
ii libmpfr-dev:i386 3.1.0-5 i386 multiple precision floating-point computation developers tools
gcc-gfdl-build:
Build a dummy s-tm-texi without access to the texinfo sources
gcc-textdomain:
Set gettext's domain and textdomain to the versioned package name.
gcc-driver-extra-langs:
Add options and specs for languages that are not built from a source
(but built from separate sources).
gcc-hash-style-both:
Link using --hash-style=both (alpha, amd64, armel, armhf, ia64, i386, powerpc, ppc64, s390, sparc)
libstdc++-pic:
Build and install libstdc++_pic.a library.
libstdc++-doclink:
adjust hrefs to point to the local documentation
libstdc++-man-3cxx:
Install libstdc++ man pages with suffix .3cxx instead of .3
libstdc++-test-installed:
Add support to run the libstdc++-v3 testsuite using the
installed shared libraries.
libjava-stacktrace:
libgcj: Lookup source file name and line number in separated
debug files found in /usr/lib/debug
libjava-jnipath:
- Add /usr/lib/jni and /usr/lib/<multiarch>/jni to java.library.path.
- When running the i386 binaries on amd64, look in
- /usr/lib32/gcj-x.y and /usr/lib32/jni instead.
libjava-sjlj:
Don't try to use _Unwind_Backtrace on SJLJ targets.
See bug #387875, #388505, GCC PR 29206.
libjava-disable-plugin:
Don't build the gcjwebplugin, even when configured with --enable-plugin
alpha-no-ev4-directive:
never emit .ev4 directive.
boehm-gc-getnprocs:
boehm-gc/pthread_support.c (GC_get_nprocs): Use sysconf as fallback.
note-gnu-stack:
Add .note.GNU-stack sections for gcc's crt files, libffi and boehm-gc
Taken from FC.
libgomp-omp_h-multilib:
Fix up omp.h for multilibs.
sparc-force-cpu:
On sparc default to ultrasparc (v9a) in 32bit mode
pr24619:
Proposed patch for PR mudflap/24619 (instrumentation of dlopen)
gccgo-version:
Omit the subminor number from the go libdir
pr45078:
Proposed patch for PR plugin/45078
pr47818:
Fix PR ada/47818: Pragma Assert is rejected with No_Implementation_Pragmas restriction.
pr49940:
Apply proposed patch for PR ada/49940.
pr49944:
apply proposed patch for PR ada/49444.
gcc-base-version:
Set base version to 4.8, introduce full version 4.8.x.
mudflapth-link:
Link libmudflapth.so with -lpthread
libmudflap-x32:
Fix libmudflap build failure for x32 multilibs
libgo-testsuite:
Only run the libgo testsuite for flags configured in RUNTESTFLAGS
gcc-target-include-asm:
Search \$(builddir)/sys-include for the asm header files
gcc-sysroot:
Allow building --with-sysroot=/
ada-kfreebsd:
Fix gnat build failure on kfreebsd.
arm-multilib-soft:
ARM hard/soft float multilib support
arm-multilib-defaults:
Set MULTILIB_DEFAULTS for ARM multilib builds
gcc-ice-hack:
Retry the build on an ice, save the calling options and preprocessed
source when the ice is reproducible.
gcc-ice-apport:
Report an ICE to apport (if apport is available
and the environment variable GCC_NOAPPORT is not set)
libjava-fixed-symlinks:
Remove unneed '..' elements from symlinks in JAVA_HOME
libstdc++-arm-wno-abi:
Temporary work around:
On arm-linux-gnueabi run the libstdc++v3 testsuite with -Wno-abi
ada-mips:
Improve support for mips.
libffi-ro-eh_frame_sect:
PR libffi/47248, force a read only eh frame section.
gcc-multiarch:
- Remaining multiarch patches, not yet submitted upstream.
- Add MULTIARCH_DIRNAME definitions for multilib configurations,
which are used for the non-multilib builds.
libjava-multiarch:
Install libjava libraries to multiarch location
libjava-nobiarch-check:
For biarch builds, disable the testsuite for the non-default architecture
for runtime libraries, which are not built by default (libjava).
config-ml:
- Disable some biarch libraries for biarch builds.
- Fix multilib builds on kernels which don't support all multilibs.
g++-multiarch-incdir:
Use /usr/include/<multiarch>/c++/4.x as the include directory
for host dependent c++ header files.
gcc-multilib-multiarch:
Don't auto-detect multilib osdirnames.
mips-fix-loongson2f-nop:
On mips, pass -mfix-loongson2f-nop to as, if -mno-fix-loongson2f-nop
is not passed.
libgomp-kfreebsd-testsuite:
Disable lock-2.c test on kfreebsd-*
Counting all warnings,
there are 0 warnings in stage3 of this bootstrap.
Number of warnings per file:
Number of warning types: