This is the mail archive of the
gcc-testresults@gcc.gnu.org
mailing list for the GCC project.
Results for 4.7.3 20130125 (prerelease) [gcc-4_7-branch revision 195458] (GCC) testsuite on sparc-sun-solaris2.8
- From: Rainer Orth <ro at CeBiTec dot Uni-Bielefeld dot DE>
- To: gcc-testresults at gcc dot gnu dot org
- Date: Mon, 28 Jan 2013 10:24:12 +0100 (MET)
- Subject: Results for 4.7.3 20130125 (prerelease) [gcc-4_7-branch revision 195458] (GCC) testsuite on sparc-sun-solaris2.8
LAST_UPDATED: Fri Jan 25 13:03:50 UTC 2013 (revision 195458)
=== acats tests ===
=== acats Summary ===
# of expected passes 2320
# of unexpected failures 0
Native configuration is sparc-sun-solaris2.8
=== g++ tests ===
Running target unix
WARNING: program timed out.
FAIL: g++.dg/torture/pr31863.C -O2 -flto (test for excess errors)
=== g++ Summary for unix ===
# of expected passes 46331
# of unexpected failures 1
# of expected failures 290
# of unsupported tests 847
Running target unix/-m64
FAIL: g++.dg/cpp0x/nullptr28.C -std=c++11 execution test
WARNING: program timed out.
FAIL: g++.dg/torture/pr31863.C -O2 -flto (test for excess errors)
=== g++ Summary for unix/-m64 ===
# of expected passes 47567
# of unexpected failures 2
# of expected failures 290
# of unsupported tests 840
=== g++ Summary ===
# of expected passes 93898
# of unexpected failures 3
# of expected failures 580
# of unsupported tests 1687
/var/gcc/regression/gcc-4.7-branch/8-gcc/build/gcc/testsuite/g++/../../g++ version 4.7.3 20130125 (prerelease) [gcc-4_7-branch revision 195458] (GCC)
=== gcc tests ===
Running target unix
WARNING: program timed out.
FAIL: gcc.dg/simulate-thread/atomic-other-int.c -O2 -g thread simulation test
FAIL: gcc.dg/simulate-thread/atomic-other-int.c -O3 -g thread simulation test
FAIL: gcc.dg/simulate-thread/atomic-other-short.c -O2 -g thread simulation test
FAIL: gcc.dg/simulate-thread/atomic-other-short.c -O3 -g thread simulation test
FAIL: gcc.dg/simulate-thread/speculative-store.c -O0 -g thread simulation test
=== gcc Summary for unix ===
# of expected passes 75692
# of unexpected failures 5
# of expected failures 318
# of unsupported tests 1647
Running target unix/-m64
=== gcc Summary for unix/-m64 ===
# of expected passes 76372
# of expected failures 305
# of unsupported tests 1631
=== gcc Summary ===
# of expected passes 152064
# of unexpected failures 5
# of expected failures 623
# of unsupported tests 3278
/var/gcc/regression/gcc-4.7-branch/8-gcc/build/gcc/xgcc version 4.7.3 20130125 (prerelease) [gcc-4_7-branch revision 195458] (GCC)
=== gfortran tests ===
Running target unix
FAIL: gfortran.dg/intrinsic_size_3.f90 -O scan-tree-dump-times original "iszs = \\\\(integer\\\\(kind=2\\\\)\\\\) MAX_EXPR <\\\\(D.....->dim.0..ubound - D.....->dim.0..lbound\\\\) \\\\+ 1, 0>;" 1
=== gfortran Summary for unix ===
# of expected passes 40331
# of unexpected failures 1
# of expected failures 44
# of unsupported tests 406
Running target unix/-m64
FAIL: gfortran.dg/intrinsic_size_3.f90 -O scan-tree-dump-times original "iszs = \\\\(integer\\\\(kind=2\\\\)\\\\) MAX_EXPR <\\\\(D.....->dim.0..ubound - D.....->dim.0..lbound\\\\) \\\\+ 1, 0>;" 1
=== gfortran Summary for unix/-m64 ===
# of expected passes 40610
# of unexpected failures 1
# of expected failures 44
# of unsupported tests 269
=== gfortran Summary ===
# of expected passes 80941
# of unexpected failures 2
# of expected failures 88
# of unsupported tests 675
/var/gcc/regression/gcc-4.7-branch/8-gcc/build/gcc/testsuite/gfortran/../../gfortran version 4.7.3 20130125 (prerelease) [gcc-4_7-branch revision 195458] (GCC)
=== gnat tests ===
Running target unix
=== gnat Summary for unix ===
# of expected passes 1100
# of expected failures 14
# of unsupported tests 13
Running target unix/-m64
=== gnat Summary for unix/-m64 ===
# of expected passes 1100
# of expected failures 14
# of unsupported tests 13
=== gnat Summary ===
# of expected passes 2200
# of expected failures 28
# of unsupported tests 26
/var/gcc/regression/gcc-4.7-branch/8-gcc/build/gcc/gnatmake version 4.7.3 20130125 (prerelease) [gcc-4_7-branch revision 195458]
=== go tests ===
Running target unix
FAIL: ./64bit-out.go compilation, -O0 -g
WARNING: program timed out.
=== go Summary for unix ===
# of expected passes 3286
# of unexpected failures 1
# of expected failures 4
# of untested testcases 8
Running target unix/-m64
=== go Summary for unix/-m64 ===
# of expected passes 3288
# of expected failures 4
# of untested testcases 7
=== go Summary ===
# of expected passes 6574
# of unexpected failures 1
# of expected failures 8
# of untested testcases 15
/var/gcc/regression/gcc-4.7-branch/8-gcc/build/gcc/testsuite/go/../../gccgo version 4.7.3 20130125 (prerelease) [gcc-4_7-branch revision 195458] (GCC)
=== obj-c++ tests ===
Running target unix
=== obj-c++ Summary for unix ===
# of expected passes 1450
# of expected failures 2
# of unsupported tests 86
Running target unix/-m64
=== obj-c++ Summary for unix/-m64 ===
# of expected passes 1442
# of expected failures 10
# of unsupported tests 86
=== obj-c++ Summary ===
# of expected passes 2892
# of expected failures 12
# of unsupported tests 172
/var/gcc/regression/gcc-4.7-branch/8-gcc/build/gcc/testsuite/obj-c++/../../g++ version 4.7.3 20130125 (prerelease) [gcc-4_7-branch revision 195458] (GCC)
=== objc tests ===
Running target unix
=== objc Summary for unix ===
# of expected passes 2994
# of unsupported tests 74
Running target unix/-m64
=== objc Summary for unix/-m64 ===
# of expected passes 2994
# of unsupported tests 74
=== objc Summary ===
# of expected passes 5988
# of unsupported tests 148
/var/gcc/regression/gcc-4.7-branch/8-gcc/build/gcc/xgcc version 4.7.3 20130125 (prerelease) [gcc-4_7-branch revision 195458] (GCC)
=== boehm-gc tests ===
Running target unix
=== boehm-gc Summary for unix ===
# of expected passes 12
# of unsupported tests 1
Running target unix/-m64
=== boehm-gc Summary for unix/-m64 ===
# of expected passes 12
# of unsupported tests 1
=== boehm-gc Summary ===
# of expected passes 24
# of unsupported tests 2
=== libffi tests ===
Running target unix
=== libffi Summary for unix ===
# of expected passes 1634
# of expected failures 10
# of unsupported tests 55
Running target unix/-m64
=== libffi Summary for unix/-m64 ===
# of expected passes 1634
# of expected failures 10
# of unsupported tests 55
=== libffi Summary ===
# of expected passes 3268
# of expected failures 20
# of unsupported tests 110
=== libgo tests ===
Running target unix
FAIL: log/syslog
FAIL: runtime/pprof
=== libgo Summary for unix ===
# of expected passes 122
# of unexpected failures 2
Running target unix/-m64
FAIL: runtime/pprof
=== libgo Summary for unix/-m64 ===
# of expected passes 123
# of unexpected failures 1
=== libgo Summary ===
# of expected passes 245
# of unexpected failures 3
=== libgomp tests ===
Running target unix
=== libgomp Summary for unix ===
# of expected passes 2924
# of unsupported tests 3
Running target unix/-m64
=== libgomp Summary for unix/-m64 ===
# of expected passes 2924
# of unsupported tests 3
=== libgomp Summary ===
# of expected passes 5848
# of unsupported tests 6
=== libitm tests ===
Running target unix
=== libitm Summary for unix ===
# of expected passes 26
# of expected failures 3
# of unsupported tests 1
Running target unix/-m64
=== libitm Summary for unix/-m64 ===
# of expected passes 26
# of expected failures 3
# of unsupported tests 1
=== libitm Summary ===
# of expected passes 52
# of expected failures 6
# of unsupported tests 2
=== libjava tests ===
Running target unix
FAIL: InvokeInterface execution - source compiled test
FAIL: InvokeInterface -O3 execution - source compiled test
=== libjava Summary for unix ===
# of expected passes 2570
# of unexpected failures 2
# of untested testcases 2
Running target unix/-m64
FAIL: InvokeInterface execution - source compiled test
FAIL: InvokeInterface -O3 execution - source compiled test
=== libjava Summary for unix/-m64 ===
# of expected passes 2570
# of unexpected failures 2
# of untested testcases 2
=== libjava Summary ===
# of expected passes 5140
# of unexpected failures 4
# of untested testcases 4
=== libstdc++ tests ===
Running target unix
=== libstdc++ Summary for unix ===
# of expected passes 7374
# of expected failures 45
# of unsupported tests 813
Running target unix/-m64
=== libstdc++ Summary for unix/-m64 ===
# of expected passes 7374
# of expected failures 45
# of unsupported tests 813
=== libstdc++ Summary ===
# of expected passes 14748
# of expected failures 90
# of unsupported tests 1626
Compiler version: 4.7.3 20130125 (prerelease) [gcc-4_7-branch revision 195458] (GCC)
Platform: sparc-sun-solaris2.8
configure flags: --prefix=/vol/gcc --target=sparc-sun-solaris2.8 --enable-obsolete --enable-objc-gc --with-gmp-include=/vol/gcc/include --with-gmp-lib=/vol/gcc/lib --with-mpfr-include=/vol/gcc/include --with-mpfr-lib=/vol/gcc/lib --with-mpc-include=/vol/gcc/include --with-mpc-lib=/vol/gcc/lib --enable-languages=all,ada,obj-c++,go --without-ppl --without-isl --without-cloog
BOOT_CFLAGS=-g -O2