This is the mail archive of the
gcc-testresults@gcc.gnu.org
mailing list for the GCC project.
FW: Results for 4.7.0 (GCC) testsuite on x86_64-unknown-linux-gnu
- From: "Pinski, Andrew" <Andrew dot Pinski at caviumnetworks dot com>
- To: "gcc-testresults at gcc dot gnu dot org" <gcc-testresults at gcc dot gnu dot org>
- Date: Wed, 23 Jan 2013 02:32:45 +0000
- Subject: FW: Results for 4.7.0 (GCC) testsuite on x86_64-unknown-linux-gnu
- References: <201301230236.r0N2a861023970@toolchainslave1.caveonetworks.com>
________________________________________
From: Jenkins
Sent: Tuesday, January 22, 2013 6:36:08 PM (UTC-08:00) Pacific Time (US & Canada)
To: apinski@cavium.com
Subject: Results for 4.7.0 (GCC) testsuite on x86_64-unknown-linux-gnu
Native configuration is x86_64-unknown-linux-gnu
=== gcc tests ===
Running target unix//-m32
FAIL: gcc.c-torture/execute/scal-to-vec1.c compilation, -O3 -fomit-frame-pointer (internal compiler error)
UNRESOLVED: gcc.c-torture/execute/scal-to-vec1.c execution, -O3 -fomit-frame-pointer
FAIL: gcc.c-torture/execute/scal-to-vec1.c compilation, -O3 -fomit-frame-pointer -funroll-loops (internal compiler error)
UNRESOLVED: gcc.c-torture/execute/scal-to-vec1.c execution, -O3 -fomit-frame-pointer -funroll-loops
FAIL: gcc.c-torture/execute/scal-to-vec1.c compilation, -O3 -fomit-frame-pointer -funroll-all-loops -finline-functions (internal compiler error)
UNRESOLVED: gcc.c-torture/execute/scal-to-vec1.c execution, -O3 -fomit-frame-pointer -funroll-all-loops -finline-functions
FAIL: gcc.c-torture/execute/scal-to-vec1.c compilation, -O3 -g (internal compiler error)
UNRESOLVED: gcc.c-torture/execute/scal-to-vec1.c execution, -O3 -g
FAIL: gcc.dg/builtin-object-size-10.c (test for excess errors)
UNRESOLVED: gcc.dg/builtin-object-size-10.c scan-tree-dump objsz1 "maximum object size 21"
UNRESOLVED: gcc.dg/builtin-object-size-10.c scan-tree-dump objsz1 "maximum subobject size 16"
FAIL: gcc.dg/builtin-unreachable-5.c (test for excess errors)
UNRESOLVED: gcc.dg/builtin-unreachable-5.c scan-tree-dump-times fab1 "if \\(" 0
UNRESOLVED: gcc.dg/builtin-unreachable-5.c scan-tree-dump-times fab1 "goto" 0
UNRESOLVED: gcc.dg/builtin-unreachable-5.c scan-tree-dump-times fab1 "L1:" 0
UNRESOLVED: gcc.dg/builtin-unreachable-5.c scan-tree-dump-times fab1 "__builtin_unreachable" 0
FAIL: gcc.dg/cproj-fails-with-broken-glibc.c execution test
XPASS: gcc.dg/inline_3.c (test for excess errors)
XPASS: gcc.dg/inline_4.c (test for excess errors)
XPASS: gcc.dg/unroll_2.c (test for excess errors)
XPASS: gcc.dg/unroll_3.c (test for excess errors)
XPASS: gcc.dg/unroll_4.c (test for excess errors)
XPASS: gcc.dg/guality/example.c -O0 execution test
XPASS: gcc.dg/guality/example.c -O1 execution test
XPASS: gcc.dg/guality/guality.c -O0 execution test
XPASS: gcc.dg/guality/guality.c -O1 execution test
XPASS: gcc.dg/guality/guality.c -O2 execution test
XPASS: gcc.dg/guality/guality.c -O3 -fomit-frame-pointer execution test
XPASS: gcc.dg/guality/guality.c -O3 -g execution test
XPASS: gcc.dg/guality/guality.c -Os execution test
XPASS: gcc.dg/guality/guality.c -O2 -flto -flto-partition=none execution test
XPASS: gcc.dg/guality/guality.c -O2 -flto execution test
XPASS: gcc.dg/guality/inline-params.c -O2 execution test
XPASS: gcc.dg/guality/inline-params.c -O3 -fomit-frame-pointer execution test
XPASS: gcc.dg/guality/inline-params.c -O3 -g execution test
XPASS: gcc.dg/guality/inline-params.c -Os execution test
XPASS: gcc.dg/guality/inline-params.c -O2 -flto -flto-partition=none execution test
XPASS: gcc.dg/guality/inline-params.c -O2 -flto execution test
XPASS: gcc.dg/guality/pr41353-1.c -O0 line 28 j == 28 + 37
XPASS: gcc.dg/guality/pr41353-1.c -O1 line 28 j == 28 + 37
XPASS: gcc.dg/guality/pr41353-1.c -O2 line 28 j == 28 + 37
XPASS: gcc.dg/guality/pr41353-1.c -O3 -fomit-frame-pointer line 28 j == 28 + 37
XPASS: gcc.dg/guality/pr41353-1.c -O3 -g line 28 j == 28 + 37
XPASS: gcc.dg/guality/pr41353-1.c -Os line 28 j == 28 + 37
XPASS: gcc.dg/guality/pr41353-1.c -O2 -flto -flto-partition=none line 28 j == 28 + 37
XPASS: gcc.dg/guality/pr41353-1.c -O2 -flto line 28 j == 28 + 37
XPASS: gcc.dg/guality/pr41447-1.c -O0 execution test
XPASS: gcc.dg/guality/pr41447-1.c -O1 execution test
XPASS: gcc.dg/guality/pr41447-1.c -Os execution test
XPASS: gcc.dg/guality/pr41616-1.c -O0 execution test
XPASS: gcc.dg/guality/pr41616-1.c -O1 execution test
XPASS: gcc.dg/guality/pr41616-1.c -O2 execution test
XPASS: gcc.dg/guality/pr41616-1.c -O3 -fomit-frame-pointer execution test
XPASS: gcc.dg/guality/pr41616-1.c -O3 -g execution test
XPASS: gcc.dg/guality/pr41616-1.c -Os execution test
XPASS: gcc.dg/guality/pr41616-1.c -O2 -flto -flto-partition=none execution test
XPASS: gcc.dg/guality/pr41616-1.c -O2 -flto execution test
FAIL: gcc.dg/guality/sra-1.c -O1 line 21 a.j == 14
FAIL: gcc.dg/guality/sra-1.c -O2 line 21 a.j == 14
FAIL: gcc.dg/guality/sra-1.c -O3 -fomit-frame-pointer line 21 a.j == 14
FAIL: gcc.dg/guality/sra-1.c -O3 -g line 21 a.j == 14
FAIL: gcc.dg/guality/sra-1.c -Os line 21 a.j == 14
FAIL: gcc.dg/guality/sra-1.c -O2 -flto -flto-partition=none line 21 a.j == 14
FAIL: gcc.dg/guality/sra-1.c -O2 -flto line 21 a.j == 14
FAIL: gcc.dg/guality/vla-1.c -O0 line 17 sizeof (a) == 6
FAIL: gcc.dg/guality/vla-1.c -O0 line 24 sizeof (a) == 17 * sizeof (short)
FAIL: gcc.dg/guality/vla-1.c -O1 line 17 sizeof (a) == 6
FAIL: gcc.dg/guality/vla-1.c -O1 line 24 sizeof (a) == 17 * sizeof (short)
FAIL: gcc.dg/guality/vla-1.c -O2 line 17 sizeof (a) == 6
FAIL: gcc.dg/guality/vla-1.c -O2 line 24 sizeof (a) == 17 * sizeof (short)
FAIL: gcc.dg/guality/vla-1.c -O3 -fomit-frame-pointer line 17 sizeof (a) == 6
FAIL: gcc.dg/guality/vla-1.c -O3 -fomit-frame-pointer line 24 sizeof (a) == 17 * sizeof (short)
FAIL: gcc.dg/guality/vla-1.c -O3 -g line 17 sizeof (a) == 6
FAIL: gcc.dg/guality/vla-1.c -O3 -g line 24 sizeof (a) == 17 * sizeof (short)
FAIL: gcc.dg/guality/vla-1.c -Os line 17 sizeof (a) == 6
FAIL: gcc.dg/guality/vla-1.c -Os line 24 sizeof (a) == 17 * sizeof (short)
FAIL: gcc.dg/guality/vla-1.c -O2 -flto -flto-partition=none line 17 sizeof (a) == 6
FAIL: gcc.dg/guality/vla-1.c -O2 -flto -flto-partition=none line 24 sizeof (a) == 17 * sizeof (short)
FAIL: gcc.dg/guality/vla-1.c -O2 -flto line 17 sizeof (a) == 6
FAIL: gcc.dg/guality/vla-1.c -O2 -flto line 24 sizeof (a) == 17 * sizeof (short)
FAIL: gcc.dg/guality/vla-2.c -O0 line 16 sizeof (a) == 5 * sizeof (int)
FAIL: gcc.dg/guality/vla-2.c -O0 line 25 sizeof (a) == 6 * sizeof (int)
FAIL: gcc.dg/guality/vla-2.c -O1 line 16 sizeof (a) == 5 * sizeof (int)
FAIL: gcc.dg/guality/vla-2.c -O1 line 25 sizeof (a) == 6 * sizeof (int)
FAIL: gcc.dg/guality/vla-2.c -O2 line 16 sizeof (a) == 5 * sizeof (int)
FAIL: gcc.dg/guality/vla-2.c -O2 line 25 sizeof (a) == 6 * sizeof (int)
FAIL: gcc.dg/guality/vla-2.c -O3 -fomit-frame-pointer line 16 sizeof (a) == 5 * sizeof (int)
FAIL: gcc.dg/guality/vla-2.c -O3 -fomit-frame-pointer line 25 sizeof (a) == 6 * sizeof (int)
FAIL: gcc.dg/guality/vla-2.c -O3 -g line 16 sizeof (a) == 5 * sizeof (int)
FAIL: gcc.dg/guality/vla-2.c -O3 -g line 25 sizeof (a) == 6 * sizeof (int)
FAIL: gcc.dg/guality/vla-2.c -Os line 16 sizeof (a) == 5 * sizeof (int)
FAIL: gcc.dg/guality/vla-2.c -Os line 25 sizeof (a) == 6 * sizeof (int)
FAIL: gcc.dg/guality/vla-2.c -O2 -flto -flto-partition=none line 16 sizeof (a) == 5 * sizeof (int)
FAIL: gcc.dg/guality/vla-2.c -O2 -flto -flto-partition=none line 25 sizeof (a) == 6 * sizeof (int)
FAIL: gcc.dg/guality/vla-2.c -O2 -flto line 16 sizeof (a) == 5 * sizeof (int)
FAIL: gcc.dg/guality/vla-2.c -O2 -flto line 25 sizeof (a) == 6 * sizeof (int)
FAIL: gcc.dg/torture/tls/run-ld.c -O1 -pie -fpie execution test
FAIL: gcc.dg/torture/tls/run-ld.c -O2 -pie -fpie execution test
FAIL: gcc.dg/torture/tls/run-ld.c -O3 -fomit-frame-pointer -pie -fpie execution test
FAIL: gcc.dg/torture/tls/run-ld.c -O3 -g -pie -fpie execution test
FAIL: gcc.dg/torture/tls/run-ld.c -Os -pie -fpie execution test
FAIL: gcc.dg/torture/tls/run-ld.c -O1 -pie -fPIE execution test
FAIL: gcc.dg/torture/tls/run-ld.c -O2 -pie -fPIE execution test
FAIL: gcc.dg/torture/tls/run-ld.c -O3 -fomit-frame-pointer -pie -fPIE execution test
FAIL: gcc.dg/torture/tls/run-ld.c -O3 -g -pie -fPIE execution test
FAIL: gcc.dg/torture/tls/run-ld.c -Os -pie -fPIE execution test
FAIL: gcc.dg/tree-ssa/builtin-fprintf-1.c (test for excess errors)
UNRESOLVED: gcc.dg/tree-ssa/builtin-fprintf-1.c scan-tree-dump fab1 "vi0.*fwrite.*"hello".*1, 5, fp.*vi1"
UNRESOLVED: gcc.dg/tree-ssa/builtin-fprintf-1.c scan-tree-dump fab1 "vi1.*fwrite.*"hello\\\\n".*1, 6, fp.*vi2"
UNRESOLVED: gcc.dg/tree-ssa/builtin-fprintf-1.c scan-tree-dump fab1 "vi2.*fputc.*fp.*vi3"
UNRESOLVED: gcc.dg/tree-ssa/builtin-fprintf-1.c scan-tree-dump fab1 "vi3 ={v} 0[^()]*vi4 ={v} 0"
UNRESOLVED: gcc.dg/tree-ssa/builtin-fprintf-1.c scan-tree-dump fab1 "vi4.*fwrite.*"hello".*1, 5, fp.*vi5"
UNRESOLVED: gcc.dg/tree-ssa/builtin-fprintf-1.c scan-tree-dump fab1 "vi5.*fwrite.*"hello\\\\n".*1, 6, fp.*vi6"
UNRESOLVED: gcc.dg/tree-ssa/builtin-fprintf-1.c scan-tree-dump fab1 "vi6.*fputc.*fp.*vi7"
UNRESOLVED: gcc.dg/tree-ssa/builtin-fprintf-1.c scan-tree-dump fab1 "vi7.*fputc.*fp.*vi8"
UNRESOLVED: gcc.dg/tree-ssa/builtin-fprintf-1.c scan-tree-dump fab1 "vi8.*fprintf.*fp.*"%d%d".*vi9"
FAIL: gcc.dg/tree-ssa/builtin-fprintf-chk-1.c (test for excess errors)
UNRESOLVED: gcc.dg/tree-ssa/builtin-fprintf-chk-1.c scan-tree-dump fab1 "vi0.*fwrite.*"hello".*1, 5, fp.*vi1"
UNRESOLVED: gcc.dg/tree-ssa/builtin-fprintf-chk-1.c scan-tree-dump fab1 "vi1.*fwrite.*"hello\\\\n".*1, 6, fp.*vi2"
UNRESOLVED: gcc.dg/tree-ssa/builtin-fprintf-chk-1.c scan-tree-dump fab1 "vi2.*fputc.*fp.*vi3"
UNRESOLVED: gcc.dg/tree-ssa/builtin-fprintf-chk-1.c scan-tree-dump fab1 "vi3 ={v} 0[^()]*vi4 ={v} 0"
UNRESOLVED: gcc.dg/tree-ssa/builtin-fprintf-chk-1.c scan-tree-dump fab1 "vi4.*fwrite.*"hello".*1, 5, fp.*vi5"
UNRESOLVED: gcc.dg/tree-ssa/builtin-fprintf-chk-1.c scan-tree-dump fab1 "vi5.*fwrite.*"hello\\\\n".*1, 6, fp.*vi6"
UNRESOLVED: gcc.dg/tree-ssa/builtin-fprintf-chk-1.c scan-tree-dump fab1 "vi6.*fputc.*fp.*vi7"
UNRESOLVED: gcc.dg/tree-ssa/builtin-fprintf-chk-1.c scan-tree-dump fab1 "vi7.*fputc.*fp.*vi8"
UNRESOLVED: gcc.dg/tree-ssa/builtin-fprintf-chk-1.c scan-tree-dump fab1 "vi8.*__fprintf_chk.*fp.*1.*"%d%d".*vi9"
FAIL: gcc.dg/tree-ssa/builtin-printf-1.c (test for excess errors)
UNRESOLVED: gcc.dg/tree-ssa/builtin-printf-1.c scan-tree-dump fab1 "vi0.*printf.*"hello".*vi1"
UNRESOLVED: gcc.dg/tree-ssa/builtin-printf-1.c scan-tree-dump fab1 "vi1.*puts.*"hello".*vi2"
UNRESOLVED: gcc.dg/tree-ssa/builtin-printf-1.c scan-tree-dump fab1 "vi2.*putchar.*vi3"
UNRESOLVED: gcc.dg/tree-ssa/builtin-printf-1.c scan-tree-dump fab1 "vi3 ={v} 0[^()]*vi4 ={v} 0"
UNRESOLVED: gcc.dg/tree-ssa/builtin-printf-1.c scan-tree-dump fab1 "vi4.*printf.*"hello".*vi5"
UNRESOLVED: gcc.dg/tree-ssa/builtin-printf-1.c scan-tree-dump fab1 "vi5.*puts.*"hello".*vi6"
UNRESOLVED: gcc.dg/tree-ssa/builtin-printf-1.c scan-tree-dump fab1 "vi6.*putchar.*vi7"
UNRESOLVED: gcc.dg/tree-ssa/builtin-printf-1.c scan-tree-dump fab1 "vi7 ={v} 0[^()]*vi8 ={v} 0"
UNRESOLVED: gcc.dg/tree-ssa/builtin-printf-1.c scan-tree-dump fab1 "vi8.*putchar.*vi9"
UNRESOLVED: gcc.dg/tree-ssa/builtin-printf-1.c scan-tree-dump fab1 "vi9.*puts.*"hello\\\\n".*via"
FAIL: gcc.dg/tree-ssa/builtin-printf-chk-1.c (test for excess errors)
UNRESOLVED: gcc.dg/tree-ssa/builtin-printf-chk-1.c scan-tree-dump fab1 "vi0.*__printf_chk.*1.*"hello".*vi1"
UNRESOLVED: gcc.dg/tree-ssa/builtin-printf-chk-1.c scan-tree-dump fab1 "vi1.*puts.*"hello".*vi2"
UNRESOLVED: gcc.dg/tree-ssa/builtin-printf-chk-1.c scan-tree-dump fab1 "vi2.*putchar.*vi3"
UNRESOLVED: gcc.dg/tree-ssa/builtin-printf-chk-1.c scan-tree-dump fab1 "vi3 ={v} 0[^()]*vi4 ={v} 0"
UNRESOLVED: gcc.dg/tree-ssa/builtin-printf-chk-1.c scan-tree-dump fab1 "vi4.*__printf_chk.*1.*"hello".*vi5"
UNRESOLVED: gcc.dg/tree-ssa/builtin-printf-chk-1.c scan-tree-dump fab1 "vi5.*puts.*"hello".*vi6"
UNRESOLVED: gcc.dg/tree-ssa/builtin-printf-chk-1.c scan-tree-dump fab1 "vi6.*putchar.*vi7"
UNRESOLVED: gcc.dg/tree-ssa/builtin-printf-chk-1.c scan-tree-dump fab1 "vi7 ={v} 0[^()]*vi8 ={v} 0"
UNRESOLVED: gcc.dg/tree-ssa/builtin-printf-chk-1.c scan-tree-dump fab1 "vi8.*putchar.*vi9"
UNRESOLVED: gcc.dg/tree-ssa/builtin-printf-chk-1.c scan-tree-dump fab1 "vi9.*puts.*"hello\\\\n".*via"
FAIL: gcc.dg/tree-ssa/builtin-vfprintf-1.c (test for excess errors)
UNRESOLVED: gcc.dg/tree-ssa/builtin-vfprintf-1.c scan-tree-dump fab1 "vi0.*fwrite.*"hello".*1, 5, fp.*vi1"
UNRESOLVED: gcc.dg/tree-ssa/builtin-vfprintf-1.c scan-tree-dump fab1 "vi1.*fwrite.*"hello\\\\n".*1, 6, fp.*vi2"
UNRESOLVED: gcc.dg/tree-ssa/builtin-vfprintf-1.c scan-tree-dump fab1 "vi2.*fputc.*fp.*vi3"
UNRESOLVED: gcc.dg/tree-ssa/builtin-vfprintf-1.c scan-tree-dump fab1 "vi3 ={v} 0[^()]*vi4 ={v} 0"
UNRESOLVED: gcc.dg/tree-ssa/builtin-vfprintf-1.c scan-tree-dump fab1 "vi4.*vfprintf.*"%s".*vi5"
UNRESOLVED: gcc.dg/tree-ssa/builtin-vfprintf-1.c scan-tree-dump fab1 "vi5.*vfprintf.*"%c".*vi6"
UNRESOLVED: gcc.dg/tree-ssa/builtin-vfprintf-1.c scan-tree-dump fab1 "vi6.*vfprintf.*"%s\\\\n".*vi7"
FAIL: gcc.dg/tree-ssa/builtin-vfprintf-chk-1.c (test for excess errors)
UNRESOLVED: gcc.dg/tree-ssa/builtin-vfprintf-chk-1.c scan-tree-dump fab1 "vi0.*fwrite.*"hello".*1, 5, fp.*vi1"
UNRESOLVED: gcc.dg/tree-ssa/builtin-vfprintf-chk-1.c scan-tree-dump fab1 "vi1.*fwrite.*"hello\\\\n".*1, 6, fp.*vi2"
UNRESOLVED: gcc.dg/tree-ssa/builtin-vfprintf-chk-1.c scan-tree-dump fab1 "vi2.*fputc.*fp.*vi3"
UNRESOLVED: gcc.dg/tree-ssa/builtin-vfprintf-chk-1.c scan-tree-dump fab1 "vi3 ={v} 0[^()]*vi4 ={v} 0"
UNRESOLVED: gcc.dg/tree-ssa/builtin-vfprintf-chk-1.c scan-tree-dump fab1 "vi4.*__vfprintf_chk.*fp.*1.*"%s".*vi5"
UNRESOLVED: gcc.dg/tree-ssa/builtin-vfprintf-chk-1.c scan-tree-dump fab1 "vi5.*__vfprintf_chk.*fp.*1.*"%c".*vi6"
UNRESOLVED: gcc.dg/tree-ssa/builtin-vfprintf-chk-1.c scan-tree-dump fab1 "vi6.*__vfprintf_chk.*fp.*1.*"%s\\\\n".*vi7"
FAIL: gcc.dg/tree-ssa/builtin-vprintf-1.c (test for excess errors)
UNRESOLVED: gcc.dg/tree-ssa/builtin-vprintf-1.c scan-tree-dump fab1 "vi0.*vprintf.*"hello".*vi1"
UNRESOLVED: gcc.dg/tree-ssa/builtin-vprintf-1.c scan-tree-dump fab1 "vi1.*puts.*"hello".*vi2"
UNRESOLVED: gcc.dg/tree-ssa/builtin-vprintf-1.c scan-tree-dump fab1 "vi2.*putchar.*vi3"
UNRESOLVED: gcc.dg/tree-ssa/builtin-vprintf-1.c scan-tree-dump fab1 "vi3 ={v} 0[^()]*vi4 ={v} 0"
UNRESOLVED: gcc.dg/tree-ssa/builtin-vprintf-1.c scan-tree-dump fab1 "vi4.*vprintf.*"%s".*vi5"
UNRESOLVED: gcc.dg/tree-ssa/builtin-vprintf-1.c scan-tree-dump fab1 "vi5.*vprintf.*"%c".*vi6"
UNRESOLVED: gcc.dg/tree-ssa/builtin-vprintf-1.c scan-tree-dump fab1 "vi6.*vprintf.*"%s\\\\n".*vi7"
FAIL: gcc.dg/tree-ssa/builtin-vprintf-chk-1.c (test for excess errors)
UNRESOLVED: gcc.dg/tree-ssa/builtin-vprintf-chk-1.c scan-tree-dump fab1 "vi0.*__vprintf_chk.*1.*"hello".*vi1"
UNRESOLVED: gcc.dg/tree-ssa/builtin-vprintf-chk-1.c scan-tree-dump fab1 "vi1.*puts.*"hello".*vi2"
UNRESOLVED: gcc.dg/tree-ssa/builtin-vprintf-chk-1.c scan-tree-dump fab1 "vi2.*putchar.*vi3"
UNRESOLVED: gcc.dg/tree-ssa/builtin-vprintf-chk-1.c scan-tree-dump fab1 "vi3 ={v} 0[^()]*vi4 ={v} 0"
UNRESOLVED: gcc.dg/tree-ssa/builtin-vprintf-chk-1.c scan-tree-dump fab1 "vi4.*__vprintf_chk.*1.*"%s".*vi5"
UNRESOLVED: gcc.dg/tree-ssa/builtin-vprintf-chk-1.c scan-tree-dump fab1 "vi5.*__vprintf_chk.*1.*"%c".*vi6"
UNRESOLVED: gcc.dg/tree-ssa/builtin-vprintf-chk-1.c scan-tree-dump fab1 "vi6.*__vprintf_chk.*1.*"%s\\\\n".*vi7"
FAIL: gcc.dg/tree-ssa/loop-38.c scan-tree-dump-times ch "3 loops found" 1
FAIL: gcc.dg/tree-ssa/ssa-ccp-10.c (test for excess errors)
UNRESOLVED: gcc.dg/tree-ssa/ssa-ccp-10.c scan-tree-dump-times fab1 "strlen" 0
UNRESOLVED: gcc.dg/vect/vec-scal-opt.c scan-tree-dump-times veclower21 ">> k.[0-9_]*" 1
UNRESOLVED: gcc.dg/vect/vec-scal-opt1.c scan-tree-dump-times veclower21 ">> 2" 1
UNRESOLVED: gcc.dg/vect/vec-scal-opt2.c scan-tree-dump-times veclower21 ">> 2" 1
=== gcc Summary for unix//-m32 ===
# of expected passes 85833
# of unexpected failures 66
# of unexpected successes 40
# of expected failures 268
# of unresolved testcases 80
# of unsupported tests 1247
Running target unix//-m64
FAIL: gcc.c-torture/execute/pr52979-1.c execution, -O3 -fomit-frame-pointer
FAIL: gcc.c-torture/execute/pr52979-1.c execution, -O3 -g
FAIL: gcc.c-torture/execute/pr52979-2.c execution, -O3 -fomit-frame-pointer
FAIL: gcc.c-torture/execute/pr52979-2.c execution, -O3 -g
FAIL: gcc.c-torture/execute/scal-to-vec1.c compilation, -O3 -fomit-frame-pointer (internal compiler error)
UNRESOLVED: gcc.c-torture/execute/scal-to-vec1.c execution, -O3 -fomit-frame-pointer
FAIL: gcc.c-torture/execute/scal-to-vec1.c compilation, -O3 -fomit-frame-pointer -funroll-loops (internal compiler error)
UNRESOLVED: gcc.c-torture/execute/scal-to-vec1.c execution, -O3 -fomit-frame-pointer -funroll-loops
FAIL: gcc.c-torture/execute/scal-to-vec1.c compilation, -O3 -fomit-frame-pointer -funroll-all-loops -finline-functions (internal compiler error)
UNRESOLVED: gcc.c-torture/execute/scal-to-vec1.c execution, -O3 -fomit-frame-pointer -funroll-all-loops -finline-functions
FAIL: gcc.c-torture/execute/scal-to-vec1.c compilation, -O3 -g (internal compiler error)
UNRESOLVED: gcc.c-torture/execute/scal-to-vec1.c execution, -O3 -g
FAIL: gcc.dg/builtin-object-size-10.c (test for excess errors)
UNRESOLVED: gcc.dg/builtin-object-size-10.c scan-tree-dump objsz1 "maximum object size 21"
UNRESOLVED: gcc.dg/builtin-object-size-10.c scan-tree-dump objsz1 "maximum subobject size 16"
FAIL: gcc.dg/builtin-unreachable-5.c (test for excess errors)
UNRESOLVED: gcc.dg/builtin-unreachable-5.c scan-tree-dump-times fab1 "if \\(" 0
UNRESOLVED: gcc.dg/builtin-unreachable-5.c scan-tree-dump-times fab1 "goto" 0
UNRESOLVED: gcc.dg/builtin-unreachable-5.c scan-tree-dump-times fab1 "L1:" 0
UNRESOLVED: gcc.dg/builtin-unreachable-5.c scan-tree-dump-times fab1 "__builtin_unreachable" 0
FAIL: gcc.dg/cproj-fails-with-broken-glibc.c execution test
XPASS: gcc.dg/inline_3.c (test for excess errors)
XPASS: gcc.dg/inline_4.c (test for excess errors)
XPASS: gcc.dg/unroll_2.c (test for excess errors)
XPASS: gcc.dg/unroll_3.c (test for excess errors)
XPASS: gcc.dg/unroll_4.c (test for excess errors)
XPASS: gcc.dg/guality/example.c -O0 execution test
XPASS: gcc.dg/guality/example.c -O1 execution test
XPASS: gcc.dg/guality/example.c -O2 execution test
XPASS: gcc.dg/guality/example.c -Os execution test
XPASS: gcc.dg/guality/example.c -O2 -flto -flto-partition=none execution test
XPASS: gcc.dg/guality/example.c -O2 -flto execution test
XPASS: gcc.dg/guality/guality.c -O0 execution test
XPASS: gcc.dg/guality/guality.c -O1 execution test
XPASS: gcc.dg/guality/guality.c -O2 execution test
XPASS: gcc.dg/guality/guality.c -O3 -fomit-frame-pointer execution test
XPASS: gcc.dg/guality/guality.c -O3 -g execution test
XPASS: gcc.dg/guality/guality.c -Os execution test
XPASS: gcc.dg/guality/guality.c -O2 -flto -flto-partition=none execution test
XPASS: gcc.dg/guality/guality.c -O2 -flto execution test
XPASS: gcc.dg/guality/inline-params.c -O2 execution test
XPASS: gcc.dg/guality/inline-params.c -O3 -fomit-frame-pointer execution test
XPASS: gcc.dg/guality/inline-params.c -O3 -g execution test
XPASS: gcc.dg/guality/inline-params.c -Os execution test
XPASS: gcc.dg/guality/inline-params.c -O2 -flto -flto-partition=none execution test
XPASS: gcc.dg/guality/inline-params.c -O2 -flto execution test
XPASS: gcc.dg/guality/pr41353-1.c -O0 line 28 j == 28 + 37
XPASS: gcc.dg/guality/pr41353-1.c -O1 line 28 j == 28 + 37
XPASS: gcc.dg/guality/pr41353-1.c -O2 line 28 j == 28 + 37
XPASS: gcc.dg/guality/pr41353-1.c -O3 -fomit-frame-pointer line 28 j == 28 + 37
XPASS: gcc.dg/guality/pr41353-1.c -O3 -g line 28 j == 28 + 37
XPASS: gcc.dg/guality/pr41353-1.c -Os line 28 j == 28 + 37
XPASS: gcc.dg/guality/pr41353-1.c -O2 -flto -flto-partition=none line 28 j == 28 + 37
XPASS: gcc.dg/guality/pr41353-1.c -O2 -flto line 28 j == 28 + 37
XPASS: gcc.dg/guality/pr41447-1.c -O0 execution test
XPASS: gcc.dg/guality/pr41447-1.c -O1 execution test
XPASS: gcc.dg/guality/pr41447-1.c -O2 execution test
XPASS: gcc.dg/guality/pr41447-1.c -O3 -fomit-frame-pointer execution test
XPASS: gcc.dg/guality/pr41447-1.c -O3 -g execution test
XPASS: gcc.dg/guality/pr41447-1.c -Os execution test
XPASS: gcc.dg/guality/pr41447-1.c -O2 -flto -flto-partition=none execution test
XPASS: gcc.dg/guality/pr41447-1.c -O2 -flto execution test
XPASS: gcc.dg/guality/pr41616-1.c -O0 execution test
XPASS: gcc.dg/guality/pr41616-1.c -O1 execution test
XPASS: gcc.dg/guality/pr41616-1.c -O2 execution test
XPASS: gcc.dg/guality/pr41616-1.c -O3 -fomit-frame-pointer execution test
XPASS: gcc.dg/guality/pr41616-1.c -O3 -g execution test
XPASS: gcc.dg/guality/pr41616-1.c -Os execution test
XPASS: gcc.dg/guality/pr41616-1.c -O2 -flto -flto-partition=none execution test
XPASS: gcc.dg/guality/pr41616-1.c -O2 -flto execution test
FAIL: gcc.dg/guality/sra-1.c -O1 line 21 a.j == 14
FAIL: gcc.dg/guality/sra-1.c -O2 line 21 a.j == 14
FAIL: gcc.dg/guality/sra-1.c -O3 -fomit-frame-pointer line 21 a.j == 14
FAIL: gcc.dg/guality/sra-1.c -O3 -g line 21 a.j == 14
FAIL: gcc.dg/guality/sra-1.c -Os line 21 a.j == 14
FAIL: gcc.dg/guality/sra-1.c -O2 -flto -flto-partition=none line 21 a.j == 14
FAIL: gcc.dg/guality/sra-1.c -O2 -flto line 21 a.j == 14
FAIL: gcc.dg/guality/vla-1.c -O0 line 17 sizeof (a) == 6
FAIL: gcc.dg/guality/vla-1.c -O0 line 24 sizeof (a) == 17 * sizeof (short)
FAIL: gcc.dg/guality/vla-1.c -O1 line 17 sizeof (a) == 6
FAIL: gcc.dg/guality/vla-1.c -O1 line 24 sizeof (a) == 17 * sizeof (short)
FAIL: gcc.dg/guality/vla-1.c -O2 line 17 sizeof (a) == 6
FAIL: gcc.dg/guality/vla-1.c -O2 line 24 sizeof (a) == 17 * sizeof (short)
FAIL: gcc.dg/guality/vla-1.c -O3 -fomit-frame-pointer line 17 sizeof (a) == 6
FAIL: gcc.dg/guality/vla-1.c -O3 -fomit-frame-pointer line 24 sizeof (a) == 17 * sizeof (short)
FAIL: gcc.dg/guality/vla-1.c -O3 -g line 17 sizeof (a) == 6
FAIL: gcc.dg/guality/vla-1.c -O3 -g line 24 sizeof (a) == 17 * sizeof (short)
FAIL: gcc.dg/guality/vla-1.c -Os line 17 sizeof (a) == 6
FAIL: gcc.dg/guality/vla-1.c -Os line 24 sizeof (a) == 17 * sizeof (short)
FAIL: gcc.dg/guality/vla-1.c -O2 -flto -flto-partition=none line 17 sizeof (a) == 6
FAIL: gcc.dg/guality/vla-1.c -O2 -flto -flto-partition=none line 24 sizeof (a) == 17 * sizeof (short)
FAIL: gcc.dg/guality/vla-1.c -O2 -flto line 17 sizeof (a) == 6
FAIL: gcc.dg/guality/vla-1.c -O2 -flto line 24 sizeof (a) == 17 * sizeof (short)
FAIL: gcc.dg/guality/vla-2.c -O0 line 16 sizeof (a) == 5 * sizeof (int)
FAIL: gcc.dg/guality/vla-2.c -O0 line 25 sizeof (a) == 6 * sizeof (int)
FAIL: gcc.dg/guality/vla-2.c -O1 line 16 sizeof (a) == 5 * sizeof (int)
FAIL: gcc.dg/guality/vla-2.c -O1 line 25 sizeof (a) == 6 * sizeof (int)
FAIL: gcc.dg/guality/vla-2.c -O2 line 16 sizeof (a) == 5 * sizeof (int)
FAIL: gcc.dg/guality/vla-2.c -O2 line 25 sizeof (a) == 6 * sizeof (int)
FAIL: gcc.dg/guality/vla-2.c -O3 -fomit-frame-pointer line 16 sizeof (a) == 5 * sizeof (int)
FAIL: gcc.dg/guality/vla-2.c -O3 -fomit-frame-pointer line 25 sizeof (a) == 6 * sizeof (int)
FAIL: gcc.dg/guality/vla-2.c -O3 -g line 16 sizeof (a) == 5 * sizeof (int)
FAIL: gcc.dg/guality/vla-2.c -O3 -g line 25 sizeof (a) == 6 * sizeof (int)
FAIL: gcc.dg/guality/vla-2.c -Os line 16 sizeof (a) == 5 * sizeof (int)
FAIL: gcc.dg/guality/vla-2.c -Os line 25 sizeof (a) == 6 * sizeof (int)
FAIL: gcc.dg/guality/vla-2.c -O2 -flto -flto-partition=none line 16 sizeof (a) == 5 * sizeof (int)
FAIL: gcc.dg/guality/vla-2.c -O2 -flto -flto-partition=none line 25 sizeof (a) == 6 * sizeof (int)
FAIL: gcc.dg/guality/vla-2.c -O2 -flto line 16 sizeof (a) == 5 * sizeof (int)
FAIL: gcc.dg/guality/vla-2.c -O2 -flto line 25 sizeof (a) == 6 * sizeof (int)
WARNING: program timed out.
FAIL: gcc.dg/tree-prof/val-prof-7.c compilation, -fprofile-use -D_PROFILE_USE
UNRESOLVED: gcc.dg/tree-prof/val-prof-7.c execution, -fprofile-use -D_PROFILE_USE
FAIL: gcc.dg/tree-ssa/builtin-fprintf-1.c (test for excess errors)
UNRESOLVED: gcc.dg/tree-ssa/builtin-fprintf-1.c scan-tree-dump fab1 "vi0.*fwrite.*"hello".*1, 5, fp.*vi1"
UNRESOLVED: gcc.dg/tree-ssa/builtin-fprintf-1.c scan-tree-dump fab1 "vi1.*fwrite.*"hello\\\\n".*1, 6, fp.*vi2"
UNRESOLVED: gcc.dg/tree-ssa/builtin-fprintf-1.c scan-tree-dump fab1 "vi2.*fputc.*fp.*vi3"
UNRESOLVED: gcc.dg/tree-ssa/builtin-fprintf-1.c scan-tree-dump fab1 "vi3 ={v} 0[^()]*vi4 ={v} 0"
UNRESOLVED: gcc.dg/tree-ssa/builtin-fprintf-1.c scan-tree-dump fab1 "vi4.*fwrite.*"hello".*1, 5, fp.*vi5"
UNRESOLVED: gcc.dg/tree-ssa/builtin-fprintf-1.c scan-tree-dump fab1 "vi5.*fwrite.*"hello\\\\n".*1, 6, fp.*vi6"
UNRESOLVED: gcc.dg/tree-ssa/builtin-fprintf-1.c scan-tree-dump fab1 "vi6.*fputc.*fp.*vi7"
UNRESOLVED: gcc.dg/tree-ssa/builtin-fprintf-1.c scan-tree-dump fab1 "vi7.*fputc.*fp.*vi8"
UNRESOLVED: gcc.dg/tree-ssa/builtin-fprintf-1.c scan-tree-dump fab1 "vi8.*fprintf.*fp.*"%d%d".*vi9"
FAIL: gcc.dg/tree-ssa/builtin-fprintf-chk-1.c (test for excess errors)
UNRESOLVED: gcc.dg/tree-ssa/builtin-fprintf-chk-1.c scan-tree-dump fab1 "vi0.*fwrite.*"hello".*1, 5, fp.*vi1"
UNRESOLVED: gcc.dg/tree-ssa/builtin-fprintf-chk-1.c scan-tree-dump fab1 "vi1.*fwrite.*"hello\\\\n".*1, 6, fp.*vi2"
UNRESOLVED: gcc.dg/tree-ssa/builtin-fprintf-chk-1.c scan-tree-dump fab1 "vi2.*fputc.*fp.*vi3"
UNRESOLVED: gcc.dg/tree-ssa/builtin-fprintf-chk-1.c scan-tree-dump fab1 "vi3 ={v} 0[^()]*vi4 ={v} 0"
UNRESOLVED: gcc.dg/tree-ssa/builtin-fprintf-chk-1.c scan-tree-dump fab1 "vi4.*fwrite.*"hello".*1, 5, fp.*vi5"
UNRESOLVED: gcc.dg/tree-ssa/builtin-fprintf-chk-1.c scan-tree-dump fab1 "vi5.*fwrite.*"hello\\\\n".*1, 6, fp.*vi6"
UNRESOLVED: gcc.dg/tree-ssa/builtin-fprintf-chk-1.c scan-tree-dump fab1 "vi6.*fputc.*fp.*vi7"
UNRESOLVED: gcc.dg/tree-ssa/builtin-fprintf-chk-1.c scan-tree-dump fab1 "vi7.*fputc.*fp.*vi8"
UNRESOLVED: gcc.dg/tree-ssa/builtin-fprintf-chk-1.c scan-tree-dump fab1 "vi8.*__fprintf_chk.*fp.*1.*"%d%d".*vi9"
FAIL: gcc.dg/tree-ssa/builtin-printf-1.c (test for excess errors)
UNRESOLVED: gcc.dg/tree-ssa/builtin-printf-1.c scan-tree-dump fab1 "vi0.*printf.*"hello".*vi1"
UNRESOLVED: gcc.dg/tree-ssa/builtin-printf-1.c scan-tree-dump fab1 "vi1.*puts.*"hello".*vi2"
UNRESOLVED: gcc.dg/tree-ssa/builtin-printf-1.c scan-tree-dump fab1 "vi2.*putchar.*vi3"
UNRESOLVED: gcc.dg/tree-ssa/builtin-printf-1.c scan-tree-dump fab1 "vi3 ={v} 0[^()]*vi4 ={v} 0"
UNRESOLVED: gcc.dg/tree-ssa/builtin-printf-1.c scan-tree-dump fab1 "vi4.*printf.*"hello".*vi5"
UNRESOLVED: gcc.dg/tree-ssa/builtin-printf-1.c scan-tree-dump fab1 "vi5.*puts.*"hello".*vi6"
UNRESOLVED: gcc.dg/tree-ssa/builtin-printf-1.c scan-tree-dump fab1 "vi6.*putchar.*vi7"
UNRESOLVED: gcc.dg/tree-ssa/builtin-printf-1.c scan-tree-dump fab1 "vi7 ={v} 0[^()]*vi8 ={v} 0"
UNRESOLVED: gcc.dg/tree-ssa/builtin-printf-1.c scan-tree-dump fab1 "vi8.*putchar.*vi9"
UNRESOLVED: gcc.dg/tree-ssa/builtin-printf-1.c scan-tree-dump fab1 "vi9.*puts.*"hello\\\\n".*via"
FAIL: gcc.dg/tree-ssa/builtin-printf-chk-1.c (test for excess errors)
UNRESOLVED: gcc.dg/tree-ssa/builtin-printf-chk-1.c scan-tree-dump fab1 "vi0.*__printf_chk.*1.*"hello".*vi1"
UNRESOLVED: gcc.dg/tree-ssa/builtin-printf-chk-1.c scan-tree-dump fab1 "vi1.*puts.*"hello".*vi2"
UNRESOLVED: gcc.dg/tree-ssa/builtin-printf-chk-1.c scan-tree-dump fab1 "vi2.*putchar.*vi3"
UNRESOLVED: gcc.dg/tree-ssa/builtin-printf-chk-1.c scan-tree-dump fab1 "vi3 ={v} 0[^()]*vi4 ={v} 0"
UNRESOLVED: gcc.dg/tree-ssa/builtin-printf-chk-1.c scan-tree-dump fab1 "vi4.*__printf_chk.*1.*"hello".*vi5"
UNRESOLVED: gcc.dg/tree-ssa/builtin-printf-chk-1.c scan-tree-dump fab1 "vi5.*puts.*"hello".*vi6"
UNRESOLVED: gcc.dg/tree-ssa/builtin-printf-chk-1.c scan-tree-dump fab1 "vi6.*putchar.*vi7"
UNRESOLVED: gcc.dg/tree-ssa/builtin-printf-chk-1.c scan-tree-dump fab1 "vi7 ={v} 0[^()]*vi8 ={v} 0"
UNRESOLVED: gcc.dg/tree-ssa/builtin-printf-chk-1.c scan-tree-dump fab1 "vi8.*putchar.*vi9"
UNRESOLVED: gcc.dg/tree-ssa/builtin-printf-chk-1.c scan-tree-dump fab1 "vi9.*puts.*"hello\\\\n".*via"
FAIL: gcc.dg/tree-ssa/builtin-vfprintf-1.c (test for excess errors)
UNRESOLVED: gcc.dg/tree-ssa/builtin-vfprintf-1.c scan-tree-dump fab1 "vi0.*fwrite.*"hello".*1, 5, fp.*vi1"
UNRESOLVED: gcc.dg/tree-ssa/builtin-vfprintf-1.c scan-tree-dump fab1 "vi1.*fwrite.*"hello\\\\n".*1, 6, fp.*vi2"
UNRESOLVED: gcc.dg/tree-ssa/builtin-vfprintf-1.c scan-tree-dump fab1 "vi2.*fputc.*fp.*vi3"
UNRESOLVED: gcc.dg/tree-ssa/builtin-vfprintf-1.c scan-tree-dump fab1 "vi3 ={v} 0[^()]*vi4 ={v} 0"
UNRESOLVED: gcc.dg/tree-ssa/builtin-vfprintf-1.c scan-tree-dump fab1 "vi4.*vfprintf.*"%s".*vi5"
UNRESOLVED: gcc.dg/tree-ssa/builtin-vfprintf-1.c scan-tree-dump fab1 "vi5.*vfprintf.*"%c".*vi6"
UNRESOLVED: gcc.dg/tree-ssa/builtin-vfprintf-1.c scan-tree-dump fab1 "vi6.*vfprintf.*"%s\\\\n".*vi7"
FAIL: gcc.dg/tree-ssa/builtin-vfprintf-chk-1.c (test for excess errors)
UNRESOLVED: gcc.dg/tree-ssa/builtin-vfprintf-chk-1.c scan-tree-dump fab1 "vi0.*fwrite.*"hello".*1, 5, fp.*vi1"
UNRESOLVED: gcc.dg/tree-ssa/builtin-vfprintf-chk-1.c scan-tree-dump fab1 "vi1.*fwrite.*"hello\\\\n".*1, 6, fp.*vi2"
UNRESOLVED: gcc.dg/tree-ssa/builtin-vfprintf-chk-1.c scan-tree-dump fab1 "vi2.*fputc.*fp.*vi3"
UNRESOLVED: gcc.dg/tree-ssa/builtin-vfprintf-chk-1.c scan-tree-dump fab1 "vi3 ={v} 0[^()]*vi4 ={v} 0"
UNRESOLVED: gcc.dg/tree-ssa/builtin-vfprintf-chk-1.c scan-tree-dump fab1 "vi4.*__vfprintf_chk.*fp.*1.*"%s".*vi5"
UNRESOLVED: gcc.dg/tree-ssa/builtin-vfprintf-chk-1.c scan-tree-dump fab1 "vi5.*__vfprintf_chk.*fp.*1.*"%c".*vi6"
UNRESOLVED: gcc.dg/tree-ssa/builtin-vfprintf-chk-1.c scan-tree-dump fab1 "vi6.*__vfprintf_chk.*fp.*1.*"%s\\\\n".*vi7"
FAIL: gcc.dg/tree-ssa/builtin-vprintf-1.c (test for excess errors)
UNRESOLVED: gcc.dg/tree-ssa/builtin-vprintf-1.c scan-tree-dump fab1 "vi0.*vprintf.*"hello".*vi1"
UNRESOLVED: gcc.dg/tree-ssa/builtin-vprintf-1.c scan-tree-dump fab1 "vi1.*puts.*"hello".*vi2"
UNRESOLVED: gcc.dg/tree-ssa/builtin-vprintf-1.c scan-tree-dump fab1 "vi2.*putchar.*vi3"
UNRESOLVED: gcc.dg/tree-ssa/builtin-vprintf-1.c scan-tree-dump fab1 "vi3 ={v} 0[^()]*vi4 ={v} 0"
UNRESOLVED: gcc.dg/tree-ssa/builtin-vprintf-1.c scan-tree-dump fab1 "vi4.*vprintf.*"%s".*vi5"
UNRESOLVED: gcc.dg/tree-ssa/builtin-vprintf-1.c scan-tree-dump fab1 "vi5.*vprintf.*"%c".*vi6"
UNRESOLVED: gcc.dg/tree-ssa/builtin-vprintf-1.c scan-tree-dump fab1 "vi6.*vprintf.*"%s\\\\n".*vi7"
FAIL: gcc.dg/tree-ssa/builtin-vprintf-chk-1.c (test for excess errors)
UNRESOLVED: gcc.dg/tree-ssa/builtin-vprintf-chk-1.c scan-tree-dump fab1 "vi0.*__vprintf_chk.*1.*"hello".*vi1"
UNRESOLVED: gcc.dg/tree-ssa/builtin-vprintf-chk-1.c scan-tree-dump fab1 "vi1.*puts.*"hello".*vi2"
UNRESOLVED: gcc.dg/tree-ssa/builtin-vprintf-chk-1.c scan-tree-dump fab1 "vi2.*putchar.*vi3"
UNRESOLVED: gcc.dg/tree-ssa/builtin-vprintf-chk-1.c scan-tree-dump fab1 "vi3 ={v} 0[^()]*vi4 ={v} 0"
UNRESOLVED: gcc.dg/tree-ssa/builtin-vprintf-chk-1.c scan-tree-dump fab1 "vi4.*__vprintf_chk.*1.*"%s".*vi5"
UNRESOLVED: gcc.dg/tree-ssa/builtin-vprintf-chk-1.c scan-tree-dump fab1 "vi5.*__vprintf_chk.*1.*"%c".*vi6"
UNRESOLVED: gcc.dg/tree-ssa/builtin-vprintf-chk-1.c scan-tree-dump fab1 "vi6.*__vprintf_chk.*1.*"%s\\\\n".*vi7"
FAIL: gcc.dg/tree-ssa/loop-38.c scan-tree-dump-times ch "3 loops found" 1
FAIL: gcc.dg/tree-ssa/ssa-ccp-10.c (test for excess errors)
UNRESOLVED: gcc.dg/tree-ssa/ssa-ccp-10.c scan-tree-dump-times fab1 "strlen" 0
UNRESOLVED: gcc.dg/vect/vec-scal-opt.c scan-tree-dump-times veclower21 ">> k.[0-9_]*" 1
UNRESOLVED: gcc.dg/vect/vec-scal-opt1.c scan-tree-dump-times veclower21 ">> 2" 1
UNRESOLVED: gcc.dg/vect/vec-scal-opt2.c scan-tree-dump-times veclower21 ">> 2" 1
=== gcc Summary for unix//-m64 ===
# of expected passes 86521
# of unexpected failures 61
# of unexpected successes 49
# of expected failures 259
# of unresolved testcases 81
# of unsupported tests 1653
=== gcc Summary ===
# of expected passes 172354
# of unexpected failures 127
# of unexpected successes 89
# of expected failures 527
# of unresolved testcases 161
# of unsupported tests 2900
/home/jenkins/workspace/GCC-native/objdir/gcc/xgcc version 4.7.0 (GCC)
=== gfortran tests ===
Running target unix//-m32
=== gfortran Summary for unix//-m32 ===
# of expected passes 40524
# of expected failures 42
# of unsupported tests 208
Running target unix//-m64
=== gfortran Summary for unix//-m64 ===
# of expected passes 40813
# of expected failures 42
# of unsupported tests 68
=== gfortran Summary ===
# of expected passes 81337
# of expected failures 84
# of unsupported tests 276
/home/jenkins/workspace/GCC-native/objdir/gcc/testsuite/gfortran/../../gfortran version 4.7.0 (GCC)
=== g++ tests ===
Running target unix//-m32
FAIL: g++.dg/guality/redeclaration1.C -O0 line 17 i == 24
FAIL: g++.dg/guality/redeclaration1.C -O1 line 17 i == 24
FAIL: g++.dg/guality/redeclaration1.C -O2 line 17 i == 24
FAIL: g++.dg/guality/redeclaration1.C -O3 -fomit-frame-pointer line 17 i == 24
FAIL: g++.dg/guality/redeclaration1.C -O3 -g line 17 i == 24
FAIL: g++.dg/guality/redeclaration1.C -Os line 17 i == 24
=== g++ Summary for unix//-m32 ===
# of expected passes 48119
# of unexpected failures 6
# of expected failures 313
# of unsupported tests 306
Running target unix//-m64
FAIL: g++.dg/guality/redeclaration1.C -O0 line 17 i == 24
FAIL: g++.dg/guality/redeclaration1.C -O1 line 17 i == 24
FAIL: g++.dg/guality/redeclaration1.C -O2 line 17 i == 24
FAIL: g++.dg/guality/redeclaration1.C -O3 -fomit-frame-pointer line 17 i == 24
FAIL: g++.dg/guality/redeclaration1.C -O3 -g line 17 i == 24
FAIL: g++.dg/guality/redeclaration1.C -Os line 17 i == 24
=== g++ Summary for unix//-m64 ===
# of expected passes 48876
# of unexpected failures 6
# of expected failures 313
# of unsupported tests 552
=== g++ Summary ===
# of expected passes 96995
# of unexpected failures 12
# of expected failures 626
# of unsupported tests 858
/home/jenkins/workspace/GCC-native/objdir/gcc/testsuite/g++/../../g++ version 4.7.0 (GCC)
=== objc tests ===
Running target unix//-m32
=== objc Summary for unix//-m32 ===
# of expected passes 2988
# of expected failures 6
# of unsupported tests 74
Running target unix//-m64
=== objc Summary for unix//-m64 ===
# of expected passes 2988
# of expected failures 6
# of unsupported tests 74
=== objc Summary ===
# of expected passes 5976
# of expected failures 12
# of unsupported tests 148
/home/jenkins/workspace/GCC-native/objdir/gcc/xgcc version 4.7.0 (GCC)
=== boehm-gc tests ===
Running target unix//-m32
=== boehm-gc Summary for unix//-m32 ===
# of expected passes 12
# of unsupported tests 1
Running target unix//-m64
=== boehm-gc Summary for unix//-m64 ===
# of expected passes 12
# of unsupported tests 1
=== boehm-gc Summary ===
# of expected passes 24
# of unsupported tests 2
=== libffi tests ===
Running target unix//-m32
=== libffi Summary for unix//-m32 ===
# of expected passes 1634
# of expected failures 10
# of unsupported tests 55
Running target unix//-m64
=== libffi Summary for unix//-m64 ===
# of expected passes 1634
# of expected failures 10
# of unsupported tests 55
=== libffi Summary ===
# of expected passes 3268
# of expected failures 20
# of unsupported tests 110
=== libgomp tests ===
Running target unix//-m32
=== libgomp Summary for unix//-m32 ===
# of expected passes 2952
Running target unix//-m64
=== libgomp Summary for unix//-m64 ===
# of expected passes 2952
=== libgomp Summary ===
# of expected passes 5904
=== libitm tests ===
Running target unix//-m32
=== libitm Summary for unix//-m32 ===
# of expected passes 26
# of expected failures 3
# of unsupported tests 1
Running target unix//-m64
=== libitm Summary for unix//-m64 ===
# of expected passes 26
# of expected failures 3
# of unsupported tests 1
=== libitm Summary ===
# of expected passes 52
# of expected failures 6
# of unsupported tests 2
=== libjava tests ===
Running target unix//-m32
=== libjava Summary for unix//-m32 ===
# of expected passes 2574
Running target unix//-m64
=== libjava Summary for unix//-m64 ===
# of expected passes 2574
=== libjava Summary ===
# of expected passes 5148
=== libmudflap tests ===
Running target unix//-m32
=== libmudflap Summary for unix//-m32 ===
# of expected passes 1906
Running target unix//-m64
FAIL: libmudflap.c++/pass55-frag.cxx ( -O) execution test
=== libmudflap Summary for unix//-m64 ===
# of expected passes 1435
# of unexpected failures 1
=== libmudflap Summary ===
# of expected passes 3341
# of unexpected failures 1
=== libstdc++ tests ===
Running target unix//-m32
=== libstdc++ Summary for unix//-m32 ===
# of expected passes 8237
# of expected failures 43
# of unsupported tests 451
Running target unix//-m64
=== libstdc++ Summary for unix//-m64 ===
# of expected passes 8235
# of expected failures 43
# of unsupported tests 452
=== libstdc++ Summary ===
# of expected passes 16472
# of expected failures 86
# of unsupported tests 903
Compiler version: 4.7.0 (GCC)
Platform: x86_64-unknown-linux-gnu
configure flags: --prefix=/home/jenkins/workspace/GCC-native/objdir/install