This is the mail archive of the
gcc-testresults@gcc.gnu.org
mailing list for the GCC project.
Results for 4.8.0 20130113 (experimental) testsuite on powerpc64-unknown-linux-gnu
- From: Mikael Pettersson <mikpe at it dot uu dot se>
- To: gcc-testresults at gcc dot gnu dot org
- Date: Wed, 16 Jan 2013 11:57:21 +0100
- Subject: Results for 4.8.0 20130113 (experimental) testsuite on powerpc64-unknown-linux-gnu
LAST_UPDATED: Obtained from SVN: trunk revision 195137
=== acats tests ===
=== acats Summary ===
# of expected passes 2320
# of unexpected failures 0
Native configuration is powerpc64-unknown-linux-gnu
=== g++ tests ===
Running target unix
FAIL: g++.dg/cpp0x/constexpr-53094-2.C (test for excess errors)
FAIL: g++.dg/cpp0x/constexpr-53094-3.C (test for excess errors)
FAIL: g++.dg/cpp0x/constexpr-55573.C (test for excess errors)
=== g++ Summary ===
# of expected passes 49055
# of unexpected failures 3
# of expected failures 287
# of unsupported tests 787
/mnt/archive/objdir48/gcc/testsuite/g++/../../xg++ version 4.8.0 20130113 (experimental) (GCC)
=== gcc tests ===
Running target unix
FAIL: c-c++-common/asan/null-deref-1.c -O0 output pattern test, is ASAN:SIGSEGV
FAIL: c-c++-common/asan/null-deref-1.c -O1 output pattern test, is ASAN:SIGSEGV
FAIL: c-c++-common/asan/null-deref-1.c -O2 output pattern test, is ASAN:SIGSEGV
FAIL: c-c++-common/asan/null-deref-1.c -O3 -fomit-frame-pointer output pattern test, is ASAN:SIGSEGV
FAIL: c-c++-common/asan/null-deref-1.c -O3 -g output pattern test, is ASAN:SIGSEGV
FAIL: c-c++-common/asan/null-deref-1.c -Os output pattern test, is ASAN:SIGSEGV
FAIL: gcc.dg/and-1.c scan-assembler-not nand
FAIL: gcc.dg/tree-ssa/sra-12.c scan-tree-dump-times release_ssa "l;" 0
FAIL: gcc.dg/tree-ssa/ssa-dom-thread-4.c scan-tree-dump-times dom1 "Threaded" 3
FAIL: gcc.dg/tree-ssa/vrp47.c scan-tree-dump-times vrp1 "[xy][^ ]* !=" 0
FAIL: gcc.dg/tree-ssa/vrp47.c scan-tree-dump-times dom2 "x[^ ]* & y" 1
FAIL: gcc.dg/vect/slp-widen-mult-half.c execution test
FAIL: gcc.dg/vect/aligned-section-anchors-nest-1.c scan-ipa-dump-times increase_alignment "Increasing alignment of decl" 3
FAIL: gcc.target/powerpc/405-dlmzb-strlen-1.c scan-assembler dlmzb\\\\.
FAIL: gcc.target/powerpc/440-dlmzb-strlen-1.c scan-assembler dlmzb\\\\.
FAIL: gcc.target/powerpc/ppc-vector-memcpy.c scan-assembler lvx
=== gcc Summary ===
# of expected passes 72616
# of unexpected failures 16
# of expected failures 175
# of unsupported tests 1130
/mnt/archive/objdir48/gcc/xgcc version 4.8.0 20130113 (experimental) (GCC)
=== gfortran tests ===
Running target unix
FAIL: gfortran.dg/class_optional_2.f90 -O0 execution test
XPASS: gfortran.dg/do_1.f90 -O0 execution test
XPASS: gfortran.dg/do_1.f90 -O1 execution test
XPASS: gfortran.dg/nint_2.f90 -O0 execution test
=== gfortran Summary ===
# of expected passes 42222
# of unexpected failures 1
# of unexpected successes 3
# of expected failures 73
# of unsupported tests 252
/mnt/archive/objdir48/gcc/testsuite/gfortran/../../gfortran version 4.8.0 20130113 (experimental) (GCC)
=== gnat tests ===
Running target unix
=== gnat Summary ===
# of expected passes 1143
# of expected failures 17
# of unsupported tests 10
/mnt/archive/objdir48/gcc/gnatmake version 4.8.0 20130113 (experimental)
=== libatomic tests ===
Running target unix
=== libatomic Summary ===
# of expected passes 34
# of unsupported tests 10
=== libgomp tests ===
Running target unix
=== libgomp Summary ===
# of expected passes 2931
# of unsupported tests 1
=== libitm tests ===
Running target unix
=== libitm Summary ===
# of expected passes 26
# of expected failures 3
# of unsupported tests 1
=== libstdc++ tests ===
Running target unix
FAIL: libstdc++-abi/abi_check
=== libstdc++ Summary ===
# of expected passes 9170
# of unexpected failures 1
# of expected failures 43
# of unsupported tests 224
Compiler version: 4.8.0 20130113 (experimental)
Platform: powerpc64-unknown-linux-gnu
configure flags: --prefix=/mnt/archive/install48 --with-gmp=/home/mikpe/pkgs/linux-ppc64/gmp-5.0.5 --with-mpfr=/home/mikpe/pkgs/linux-ppc64/mpfr-3.1.1 --with-mpc=/home/mikpe/pkgs/linux-ppc64/mpc-1.0.1 --disable-plugin --disable-lto --disable-nls --enable-threads=posix --with-cpu=default32 --enable-checking=release --disable-libmudflap --enable-languages=c,c++,fortran,ada
BOOT_CFLAGS=-g -O2